Jun 28 21:42:23.224928 dv-cinder-798384-1-iscsi devstack@n-api.service[103871]: /usr/local/lib/python3.8/dist-packages/oslo_policy/policy.py:1064: UserWarning: Policy os_compute_api:os-flavor-manage:create failed scope check. The token used to make the request was project scoped but the policy requires ['system'] scope. This behavior may change in the future where using the intended scope is required
Jun 28 21:42:23.224928 dv-cinder-798384-1-iscsi devstack@n-api.service[103871]: warnings.warn(msg)
Jun 28 21:42:23.255786 dv-cinder-798384-1-iscsi devstack@n-api.service[103871]: INFO nova.api.openstack.requestlog [None req-a1f91254-264a-42be-8c44-178eec8ea081 admin admin] 10.222.0.37 "POST /compute/v2.1/flavors" status: 200 len: 407 microversion: 2.61 time: 0.105455
Jun 28 21:42:23.256961 dv-cinder-798384-1-iscsi devstack@n-api.service[103871]: [pid: 103871|app: 0|req: 2/5] 10.222.0.37 () {64 vars in 1282 bytes} [Mon Jun 28 21:42:23 2021] POST /compute/v2.1/flavors => generated 407 bytes in 107 msecs (HTTP/1.1 200) 9 headers in 359 bytes (2 switches on core 0)
Jun 28 21:42:23.480918 dv-cinder-798384-1-iscsi devstack@n-api.service[103872]: DEBUG nova.api.openstack.wsgi [None req-b84573fe-5276-42c0-ba7f-55eab5588a41 admin admin] Action: 'create', calling method: >, body: {"extra_specs": {"hw_rng:allowed": "True"}} {{(pid=103872) _process_stack /opt/stack/nova/nova/api/openstack/wsgi.py:511}}
Jun 28 21:42:23.483935 dv-cinder-798384-1-iscsi devstack@n-api.service[103872]: /usr/local/lib/python3.8/dist-packages/oslo_policy/policy.py:1064: UserWarning: Policy os_compute_api:os-flavor-extra-specs:create failed scope check. The token used to make the request was project scoped but the policy requires ['system'] scope. This behavior may change in the future where using the intended scope is required
Jun 28 21:42:23.483935 dv-cinder-798384-1-iscsi devstack@n-api.service[103872]: warnings.warn(msg)
Jun 28 21:42:23.536858 dv-cinder-798384-1-iscsi devstack@n-api.service[103872]: INFO nova.api.openstack.requestlog [None req-b84573fe-5276-42c0-ba7f-55eab5588a41 admin admin] 10.222.0.37 "POST /compute/v2.1/flavors/c1/os-extra_specs" status: 200 len: 43 microversion: 2.61 time: 0.272016
Jun 28 21:42:23.550699 dv-cinder-798384-1-iscsi devstack@n-api.service[103872]: [pid: 103872|app: 0|req: 4/6] 10.222.0.37 () {64 vars in 1335 bytes} [Mon Jun 28 21:42:23 2021] POST /compute/v2.1/flavors/c1/os-extra_specs => generated 43 bytes in 274 msecs (HTTP/1.1 200) 9 headers in 358 bytes (1 switches on core 0)
Jun 28 21:42:25.659247 dv-cinder-798384-1-iscsi devstack@n-api.service[103871]: DEBUG nova.api.openstack.wsgi [None req-a1f91254-264a-42be-8c44-178eec8ea081 admin admin] Calling method '>' {{(pid=103871) _process_stack /opt/stack/nova/nova/api/openstack/wsgi.py:513}}
Jun 28 21:42:25.660162 dv-cinder-798384-1-iscsi devstack@n-api.service[103871]: INFO nova.api.openstack.requestlog [None req-a1f91254-264a-42be-8c44-178eec8ea081 admin admin] 10.222.0.37 "GET /compute/v2.1" status: 200 len: 388 microversion: 2.1 time: 0.002128
Jun 28 21:42:25.660571 dv-cinder-798384-1-iscsi devstack@n-api.service[103871]: [pid: 103871|app: 0|req: 3/7] 10.222.0.37 () {54 vars in 930 bytes} [Mon Jun 28 21:42:25 2021] GET /compute/v2.1 => generated 388 bytes in 3 msecs (HTTP/1.1 200) 9 headers in 357 bytes (1 switches on core 0)
Jun 28 21:42:25.773133 dv-cinder-798384-1-iscsi devstack@n-api.service[103872]: DEBUG nova.api.openstack.wsgi [None req-ff89caf2-ed39-4c3c-95d7-3d528b6b6adc admin admin] Action: 'create', calling method: >, body: {"flavor": {"name": "ds512M", "id": "d1", "OS-FLV-EXT-DATA:ephemeral": 0, "swap": 0, "ram": 512, "rxtx_factor": 1.0, "disk": 5, "vcpus": 1, "os-flavor-access:is_public": true}} {{(pid=103872) _process_stack /opt/stack/nova/nova/api/openstack/wsgi.py:511}}
Jun 28 21:42:25.791495 dv-cinder-798384-1-iscsi devstack@n-api.service[103872]: /usr/local/lib/python3.8/dist-packages/oslo_policy/policy.py:1064: UserWarning: Policy os_compute_api:os-flavor-manage:create failed scope check. The token used to make the request was project scoped but the policy requires ['system'] scope. This behavior may change in the future where using the intended scope is required
Jun 28 21:42:25.791495 dv-cinder-798384-1-iscsi devstack@n-api.service[103872]: warnings.warn(msg)
Jun 28 21:42:25.814549 dv-cinder-798384-1-iscsi devstack@n-api.service[103872]: INFO nova.api.openstack.requestlog [None req-ff89caf2-ed39-4c3c-95d7-3d528b6b6adc admin admin] 10.222.0.37 "POST /compute/v2.1/flavors" status: 200 len: 404 microversion: 2.61 time: 0.147778
Jun 28 21:42:25.815679 dv-cinder-798384-1-iscsi devstack@n-api.service[103872]: [pid: 103872|app: 0|req: 5/8] 10.222.0.37 () {64 vars in 1282 bytes} [Mon Jun 28 21:42:25 2021] POST /compute/v2.1/flavors => generated 404 bytes in 150 msecs (HTTP/1.1 200) 9 headers in 359 bytes (1 switches on core 0)
Jun 28 21:42:25.828357 dv-cinder-798384-1-iscsi devstack@n-api.service[103871]: DEBUG nova.api.openstack.wsgi [None req-e00d05db-e3ca-41a9-b2a5-7d9ed6dac7f0 admin admin] Action: 'create', calling method: >, body: {"extra_specs": {"hw_rng:allowed": "True"}} {{(pid=103871) _process_stack /opt/stack/nova/nova/api/openstack/wsgi.py:511}}
Jun 28 21:42:25.829850 dv-cinder-798384-1-iscsi devstack@n-api.service[103871]: /usr/local/lib/python3.8/dist-packages/oslo_policy/policy.py:1064: UserWarning: Policy os_compute_api:os-flavor-extra-specs:create failed scope check. The token used to make the request was project scoped but the policy requires ['system'] scope. This behavior may change in the future where using the intended scope is required
Jun 28 21:42:25.829850 dv-cinder-798384-1-iscsi devstack@n-api.service[103871]: warnings.warn(msg)
Jun 28 21:42:25.873379 dv-cinder-798384-1-iscsi devstack@n-api.service[103871]: INFO nova.api.openstack.requestlog [None req-e00d05db-e3ca-41a9-b2a5-7d9ed6dac7f0 admin admin] 10.222.0.37 "POST /compute/v2.1/flavors/d1/os-extra_specs" status: 200 len: 43 microversion: 2.61 time: 0.049627
Jun 28 21:42:25.873894 dv-cinder-798384-1-iscsi devstack@n-api.service[103871]: [pid: 103871|app: 0|req: 4/9] 10.222.0.37 () {64 vars in 1335 bytes} [Mon Jun 28 21:42:25 2021] POST /compute/v2.1/flavors/d1/os-extra_specs => generated 43 bytes in 51 msecs (HTTP/1.1 200) 9 headers in 358 bytes (2 switches on core 0)
Jun 28 21:42:28.005058 dv-cinder-798384-1-iscsi devstack@n-api.service[103872]: DEBUG nova.api.openstack.wsgi [None req-ff89caf2-ed39-4c3c-95d7-3d528b6b6adc admin admin] Calling method '>' {{(pid=103872) _process_stack /opt/stack/nova/nova/api/openstack/wsgi.py:513}}
Jun 28 21:42:28.006103 dv-cinder-798384-1-iscsi devstack@n-api.service[103872]: INFO nova.api.openstack.requestlog [None req-ff89caf2-ed39-4c3c-95d7-3d528b6b6adc admin admin] 10.222.0.37 "GET /compute/v2.1" status: 200 len: 388 microversion: 2.1 time: 0.001470
Jun 28 21:42:28.006735 dv-cinder-798384-1-iscsi devstack@n-api.service[103872]: [pid: 103872|app: 0|req: 6/10] 10.222.0.37 () {54 vars in 930 bytes} [Mon Jun 28 21:42:28 2021] GET /compute/v2.1 => generated 388 bytes in 3 msecs (HTTP/1.1 200) 9 headers in 357 bytes (1 switches on core 0)
Jun 28 21:42:28.064609 dv-cinder-798384-1-iscsi devstack@n-api.service[103871]: DEBUG nova.api.openstack.wsgi [None req-a5428b47-507e-40ed-af41-8a40fe466514 admin admin] Action: 'create', calling method: >, body: {"flavor": {"rxtx_factor": 1.0, "OS-FLV-EXT-DATA:ephemeral": 0, "disk": 10, "swap": 0, "name": "ds1G", "id": "d2", "os-flavor-access:is_public": true, "vcpus": 1, "ram": 1024}} {{(pid=103871) _process_stack /opt/stack/nova/nova/api/openstack/wsgi.py:511}}
Jun 28 21:42:28.083570 dv-cinder-798384-1-iscsi devstack@n-api.service[103871]: INFO nova.api.openstack.requestlog [None req-a5428b47-507e-40ed-af41-8a40fe466514 admin admin] 10.222.0.37 "POST /compute/v2.1/flavors" status: 200 len: 404 microversion: 2.61 time: 0.070905
Jun 28 21:42:28.085870 dv-cinder-798384-1-iscsi devstack@n-api.service[103871]: [pid: 103871|app: 0|req: 5/11] 10.222.0.37 () {64 vars in 1282 bytes} [Mon Jun 28 21:42:28 2021] POST /compute/v2.1/flavors => generated 404 bytes in 72 msecs (HTTP/1.1 200) 9 headers in 359 bytes (2 switches on core 0)
Jun 28 21:42:28.096175 dv-cinder-798384-1-iscsi devstack@n-api.service[103872]: DEBUG nova.api.openstack.wsgi [None req-01bb9033-d927-492e-811a-c4e808b3f4fe admin admin] Action: 'create', calling method: >, body: {"extra_specs": {"hw_rng:allowed": "True"}} {{(pid=103872) _process_stack /opt/stack/nova/nova/api/openstack/wsgi.py:511}}
Jun 28 21:42:28.119487 dv-cinder-798384-1-iscsi devstack@n-api.service[103872]: INFO nova.api.openstack.requestlog [None req-01bb9033-d927-492e-811a-c4e808b3f4fe admin admin] 10.222.0.37 "POST /compute/v2.1/flavors/d2/os-extra_specs" status: 200 len: 43 microversion: 2.61 time: 0.026920
Jun 28 21:42:28.125961 dv-cinder-798384-1-iscsi devstack@n-api.service[103872]: [pid: 103872|app: 0|req: 7/12] 10.222.0.37 () {64 vars in 1335 bytes} [Mon Jun 28 21:42:28 2021] POST /compute/v2.1/flavors/d2/os-extra_specs => generated 43 bytes in 34 msecs (HTTP/1.1 200) 9 headers in 358 bytes (2 switches on core 0)
Jun 28 21:42:30.272201 dv-cinder-798384-1-iscsi devstack@n-api.service[103871]: DEBUG nova.api.openstack.wsgi [None req-a5428b47-507e-40ed-af41-8a40fe466514 admin admin] Calling method '>' {{(pid=103871) _process_stack /opt/stack/nova/nova/api/openstack/wsgi.py:513}}
Jun 28 21:42:30.273253 dv-cinder-798384-1-iscsi devstack@n-api.service[103871]: INFO nova.api.openstack.requestlog [None req-a5428b47-507e-40ed-af41-8a40fe466514 admin admin] 10.222.0.37 "GET /compute/v2.1" status: 200 len: 388 microversion: 2.1 time: 0.001570
Jun 28 21:42:30.273746 dv-cinder-798384-1-iscsi devstack@n-api.service[103871]: [pid: 103871|app: 0|req: 6/13] 10.222.0.37 () {54 vars in 930 bytes} [Mon Jun 28 21:42:30 2021] GET /compute/v2.1 => generated 388 bytes in 3 msecs (HTTP/1.1 200) 9 headers in 357 bytes (1 switches on core 0)
Jun 28 21:42:30.352916 dv-cinder-798384-1-iscsi devstack@n-api.service[103872]: DEBUG nova.api.openstack.wsgi [None req-284fb243-26e0-4298-be9a-6fa7e7f7d44c admin admin] Action: 'create', calling method: >, body: {"flavor": {"disk": 10, "ram": 2048, "os-flavor-access:is_public": true, "vcpus": 2, "rxtx_factor": 1.0, "swap": 0, "name": "ds2G", "OS-FLV-EXT-DATA:ephemeral": 0, "id": "d3"}} {{(pid=103872) _process_stack /opt/stack/nova/nova/api/openstack/wsgi.py:511}}
Jun 28 21:42:30.379056 dv-cinder-798384-1-iscsi devstack@n-api.service[103872]: INFO nova.api.openstack.requestlog [None req-284fb243-26e0-4298-be9a-6fa7e7f7d44c admin admin] 10.222.0.37 "POST /compute/v2.1/flavors" status: 200 len: 404 microversion: 2.61 time: 0.097180
Jun 28 21:42:30.380150 dv-cinder-798384-1-iscsi devstack@n-api.service[103872]: [pid: 103872|app: 0|req: 8/14] 10.222.0.37 () {64 vars in 1282 bytes} [Mon Jun 28 21:42:30 2021] POST /compute/v2.1/flavors => generated 404 bytes in 100 msecs (HTTP/1.1 200) 9 headers in 359 bytes (1 switches on core 0)
Jun 28 21:42:30.391626 dv-cinder-798384-1-iscsi devstack@n-api.service[103871]: DEBUG nova.api.openstack.wsgi [None req-cba699ce-bf0a-445d-9b4e-c87939cb643a admin admin] Action: 'create', calling method: >, body: {"extra_specs": {"hw_rng:allowed": "True"}} {{(pid=103871) _process_stack /opt/stack/nova/nova/api/openstack/wsgi.py:511}}
Jun 28 21:42:30.424187 dv-cinder-798384-1-iscsi devstack@n-api.service[103871]: INFO nova.api.openstack.requestlog [None req-cba699ce-bf0a-445d-9b4e-c87939cb643a admin admin] 10.222.0.37 "POST /compute/v2.1/flavors/d3/os-extra_specs" status: 200 len: 43 microversion: 2.61 time: 0.035829
Jun 28 21:42:30.424187 dv-cinder-798384-1-iscsi devstack@n-api.service[103871]: [pid: 103871|app: 0|req: 7/15] 10.222.0.37 () {64 vars in 1335 bytes} [Mon Jun 28 21:42:30 2021] POST /compute/v2.1/flavors/d3/os-extra_specs => generated 43 bytes in 37 msecs (HTTP/1.1 200) 9 headers in 358 bytes (2 switches on core 0)
Jun 28 21:42:32.576769 dv-cinder-798384-1-iscsi devstack@n-api.service[103872]: DEBUG nova.api.openstack.wsgi [None req-284fb243-26e0-4298-be9a-6fa7e7f7d44c admin admin] Calling method '>' {{(pid=103872) _process_stack /opt/stack/nova/nova/api/openstack/wsgi.py:513}}
Jun 28 21:42:32.577778 dv-cinder-798384-1-iscsi devstack@n-api.service[103872]: INFO nova.api.openstack.requestlog [None req-284fb243-26e0-4298-be9a-6fa7e7f7d44c admin admin] 10.222.0.37 "GET /compute/v2.1" status: 200 len: 388 microversion: 2.1 time: 0.001434
Jun 28 21:42:32.578378 dv-cinder-798384-1-iscsi devstack@n-api.service[103872]: [pid: 103872|app: 0|req: 9/16] 10.222.0.37 () {54 vars in 930 bytes} [Mon Jun 28 21:42:32 2021] GET /compute/v2.1 => generated 388 bytes in 2 msecs (HTTP/1.1 200) 9 headers in 357 bytes (2 switches on core 0)
Jun 28 21:42:32.633566 dv-cinder-798384-1-iscsi devstack@n-api.service[103871]: DEBUG nova.api.openstack.wsgi [None req-d7c28e13-1d3c-41c4-9379-b85349ee5b2d admin admin] Action: 'create', calling method: >, body: {"flavor": {"id": "d4", "vcpus": 4, "rxtx_factor": 1.0, "ram": 4096, "disk": 20, "os-flavor-access:is_public": true, "name": "ds4G", "swap": 0, "OS-FLV-EXT-DATA:ephemeral": 0}} {{(pid=103871) _process_stack /opt/stack/nova/nova/api/openstack/wsgi.py:511}}
Jun 28 21:42:32.653762 dv-cinder-798384-1-iscsi devstack@n-api.service[103871]: INFO nova.api.openstack.requestlog [None req-d7c28e13-1d3c-41c4-9379-b85349ee5b2d admin admin] 10.222.0.37 "POST /compute/v2.1/flavors" status: 200 len: 404 microversion: 2.61 time: 0.069331
Jun 28 21:42:32.654399 dv-cinder-798384-1-iscsi devstack@n-api.service[103871]: [pid: 103871|app: 0|req: 8/17] 10.222.0.37 () {64 vars in 1282 bytes} [Mon Jun 28 21:42:32 2021] POST /compute/v2.1/flavors => generated 404 bytes in 71 msecs (HTTP/1.1 200) 9 headers in 359 bytes (2 switches on core 0)
Jun 28 21:42:32.666037 dv-cinder-798384-1-iscsi devstack@n-api.service[103872]: DEBUG nova.api.openstack.wsgi [None req-3334693a-6529-4eb1-85c1-bcf1f52860f6 admin admin] Action: 'create', calling method: >, body: {"extra_specs": {"hw_rng:allowed": "True"}} {{(pid=103872) _process_stack /opt/stack/nova/nova/api/openstack/wsgi.py:511}}
Jun 28 21:42:32.689973 dv-cinder-798384-1-iscsi devstack@n-api.service[103872]: INFO nova.api.openstack.requestlog [None req-3334693a-6529-4eb1-85c1-bcf1f52860f6 admin admin] 10.222.0.37 "POST /compute/v2.1/flavors/d4/os-extra_specs" status: 200 len: 43 microversion: 2.61 time: 0.027484
Jun 28 21:42:32.691128 dv-cinder-798384-1-iscsi devstack@n-api.service[103872]: [pid: 103872|app: 0|req: 10/18] 10.222.0.37 () {64 vars in 1335 bytes} [Mon Jun 28 21:42:32 2021] POST /compute/v2.1/flavors/d4/os-extra_specs => generated 43 bytes in 29 msecs (HTTP/1.1 200) 9 headers in 358 bytes (1 switches on core 0)
Jun 28 21:42:34.807562 dv-cinder-798384-1-iscsi devstack@n-api.service[103871]: DEBUG nova.api.openstack.wsgi [None req-d7c28e13-1d3c-41c4-9379-b85349ee5b2d admin admin] Calling method '>' {{(pid=103871) _process_stack /opt/stack/nova/nova/api/openstack/wsgi.py:513}}
Jun 28 21:42:34.809120 dv-cinder-798384-1-iscsi devstack@n-api.service[103871]: INFO nova.api.openstack.requestlog [None req-d7c28e13-1d3c-41c4-9379-b85349ee5b2d admin admin] 10.222.0.37 "GET /compute/v2.1" status: 200 len: 388 microversion: 2.1 time: 0.001977
Jun 28 21:42:34.809693 dv-cinder-798384-1-iscsi devstack@n-api.service[103871]: [pid: 103871|app: 0|req: 9/19] 10.222.0.37 () {54 vars in 930 bytes} [Mon Jun 28 21:42:34 2021] GET /compute/v2.1 => generated 388 bytes in 3 msecs (HTTP/1.1 200) 9 headers in 357 bytes (1 switches on core 0)
Jun 28 21:42:34.867285 dv-cinder-798384-1-iscsi devstack@n-api.service[103872]: DEBUG nova.api.openstack.wsgi [None req-297dfd5c-9f72-4f76-8a47-3f96514a6d3d admin admin] Calling method '>' {{(pid=103872) _process_stack /opt/stack/nova/nova/api/openstack/wsgi.py:513}}
Jun 28 21:42:34.891498 dv-cinder-798384-1-iscsi devstack@n-api.service[103872]: INFO nova.api.openstack.requestlog [None req-297dfd5c-9f72-4f76-8a47-3f96514a6d3d admin admin] 10.222.0.37 "GET /compute/v2.1/flavors/detail?is_public=True" status: 200 len: 2106 microversion: 2.61 time: 0.075718
Jun 28 21:42:34.892041 dv-cinder-798384-1-iscsi devstack@n-api.service[103872]: [pid: 103872|app: 0|req: 11/20] 10.222.0.37 () {60 vars in 1291 bytes} [Mon Jun 28 21:42:34 2021] GET /compute/v2.1/flavors/detail?is_public=True => generated 2106 bytes in 77 msecs (HTTP/1.1 200) 9 headers in 360 bytes (1 switches on core 0)
Jun 28 21:42:37.030937 dv-cinder-798384-1-iscsi devstack@n-api.service[103871]: DEBUG nova.api.openstack.wsgi [None req-d7c28e13-1d3c-41c4-9379-b85349ee5b2d admin admin] Calling method '>' {{(pid=103871) _process_stack /opt/stack/nova/nova/api/openstack/wsgi.py:513}}
Jun 28 21:42:37.031969 dv-cinder-798384-1-iscsi devstack@n-api.service[103871]: INFO nova.api.openstack.requestlog [None req-d7c28e13-1d3c-41c4-9379-b85349ee5b2d admin admin] 10.222.0.37 "GET /compute/v2.1" status: 200 len: 388 microversion: 2.1 time: 0.001444
Jun 28 21:42:37.032372 dv-cinder-798384-1-iscsi devstack@n-api.service[103871]: [pid: 103871|app: 0|req: 10/21] 10.222.0.37 () {54 vars in 930 bytes} [Mon Jun 28 21:42:37 2021] GET /compute/v2.1 => generated 388 bytes in 2 msecs (HTTP/1.1 200) 9 headers in 357 bytes (1 switches on core 0)
Jun 28 21:42:37.087927 dv-cinder-798384-1-iscsi devstack@n-api.service[103872]: DEBUG nova.api.openstack.wsgi [None req-f1622bf9-5b66-4cee-84d7-0cb391638e47 admin admin] Action: 'create', calling method: >, body: {"flavor": {"swap": 0, "disk": 1, "rxtx_factor": 1.0, "os-flavor-access:is_public": true, "ram": 512, "vcpus": 1, "OS-FLV-EXT-DATA:ephemeral": 0, "name": "m1.tiny", "id": "1"}} {{(pid=103872) _process_stack /opt/stack/nova/nova/api/openstack/wsgi.py:511}}
Jun 28 21:42:37.108461 dv-cinder-798384-1-iscsi devstack@n-api.service[103872]: INFO nova.api.openstack.requestlog [None req-f1622bf9-5b66-4cee-84d7-0cb391638e47 admin admin] 10.222.0.37 "POST /compute/v2.1/flavors" status: 200 len: 402 microversion: 2.61 time: 0.070146
Jun 28 21:42:37.109048 dv-cinder-798384-1-iscsi devstack@n-api.service[103872]: [pid: 103872|app: 0|req: 12/22] 10.222.0.37 () {64 vars in 1282 bytes} [Mon Jun 28 21:42:37 2021] POST /compute/v2.1/flavors => generated 402 bytes in 71 msecs (HTTP/1.1 200) 9 headers in 359 bytes (1 switches on core 0)
Jun 28 21:42:37.120809 dv-cinder-798384-1-iscsi devstack@n-api.service[103871]: DEBUG nova.api.openstack.wsgi [None req-fccaa176-20a9-4ee6-9a60-80cead0ee55f admin admin] Action: 'create', calling method: >, body: {"extra_specs": {"hw_rng:allowed": "True"}} {{(pid=103871) _process_stack /opt/stack/nova/nova/api/openstack/wsgi.py:511}}
Jun 28 21:42:37.143984 dv-cinder-798384-1-iscsi devstack@n-api.service[103871]: INFO nova.api.openstack.requestlog [None req-fccaa176-20a9-4ee6-9a60-80cead0ee55f admin admin] 10.222.0.37 "POST /compute/v2.1/flavors/1/os-extra_specs" status: 200 len: 43 microversion: 2.61 time: 0.026661
Jun 28 21:42:37.144572 dv-cinder-798384-1-iscsi devstack@n-api.service[103871]: [pid: 103871|app: 0|req: 11/23] 10.222.0.37 () {64 vars in 1332 bytes} [Mon Jun 28 21:42:37 2021] POST /compute/v2.1/flavors/1/os-extra_specs => generated 43 bytes in 28 msecs (HTTP/1.1 200) 9 headers in 358 bytes (1 switches on core 0)
Jun 28 21:42:39.322466 dv-cinder-798384-1-iscsi devstack@n-api.service[103872]: DEBUG nova.api.openstack.wsgi [None req-f1622bf9-5b66-4cee-84d7-0cb391638e47 admin admin] Calling method '>' {{(pid=103872) _process_stack /opt/stack/nova/nova/api/openstack/wsgi.py:513}}
Jun 28 21:42:39.323538 dv-cinder-798384-1-iscsi devstack@n-api.service[103872]: INFO nova.api.openstack.requestlog [None req-f1622bf9-5b66-4cee-84d7-0cb391638e47 admin admin] 10.222.0.37 "GET /compute/v2.1" status: 200 len: 388 microversion: 2.1 time: 0.001535
Jun 28 21:42:39.323949 dv-cinder-798384-1-iscsi devstack@n-api.service[103872]: [pid: 103872|app: 0|req: 13/24] 10.222.0.37 () {54 vars in 930 bytes} [Mon Jun 28 21:42:39 2021] GET /compute/v2.1 => generated 388 bytes in 2 msecs (HTTP/1.1 200) 9 headers in 357 bytes (1 switches on core 0)
Jun 28 21:42:39.379546 dv-cinder-798384-1-iscsi devstack@n-api.service[103871]: DEBUG nova.api.openstack.wsgi [None req-59981492-ceed-452e-8695-f75185ecd0ef admin admin] Action: 'create', calling method: >, body: {"flavor": {"vcpus": 1, "OS-FLV-EXT-DATA:ephemeral": 0, "os-flavor-access:is_public": true, "disk": 20, "rxtx_factor": 1.0, "name": "m1.small", "id": "2", "swap": 0, "ram": 2048}} {{(pid=103871) _process_stack /opt/stack/nova/nova/api/openstack/wsgi.py:511}}
Jun 28 21:42:39.397029 dv-cinder-798384-1-iscsi devstack@n-api.service[103871]: INFO nova.api.openstack.requestlog [None req-59981492-ceed-452e-8695-f75185ecd0ef admin admin] 10.222.0.37 "POST /compute/v2.1/flavors" status: 200 len: 405 microversion: 2.61 time: 0.067206
Jun 28 21:42:39.397584 dv-cinder-798384-1-iscsi devstack@n-api.service[103871]: [pid: 103871|app: 0|req: 12/25] 10.222.0.37 () {64 vars in 1282 bytes} [Mon Jun 28 21:42:39 2021] POST /compute/v2.1/flavors => generated 405 bytes in 68 msecs (HTTP/1.1 200) 9 headers in 359 bytes (1 switches on core 0)
Jun 28 21:42:39.409349 dv-cinder-798384-1-iscsi devstack@n-api.service[103872]: DEBUG nova.api.openstack.wsgi [None req-e13f4b7e-44a6-4389-ac66-aab3574f6afb admin admin] Action: 'create', calling method: >, body: {"extra_specs": {"hw_rng:allowed": "True"}} {{(pid=103872) _process_stack /opt/stack/nova/nova/api/openstack/wsgi.py:511}}
Jun 28 21:42:39.433190 dv-cinder-798384-1-iscsi devstack@n-api.service[103872]: INFO nova.api.openstack.requestlog [None req-e13f4b7e-44a6-4389-ac66-aab3574f6afb admin admin] 10.222.0.37 "POST /compute/v2.1/flavors/2/os-extra_specs" status: 200 len: 43 microversion: 2.61 time: 0.027441
Jun 28 21:42:39.433770 dv-cinder-798384-1-iscsi devstack@n-api.service[103872]: [pid: 103872|app: 0|req: 14/26] 10.222.0.37 () {64 vars in 1332 bytes} [Mon Jun 28 21:42:39 2021] POST /compute/v2.1/flavors/2/os-extra_specs => generated 43 bytes in 29 msecs (HTTP/1.1 200) 9 headers in 358 bytes (1 switches on core 0)
Jun 28 21:42:41.540601 dv-cinder-798384-1-iscsi devstack@n-api.service[103871]: DEBUG nova.api.openstack.wsgi [None req-59981492-ceed-452e-8695-f75185ecd0ef admin admin] Calling method '>' {{(pid=103871) _process_stack /opt/stack/nova/nova/api/openstack/wsgi.py:513}}
Jun 28 21:42:41.541538 dv-cinder-798384-1-iscsi devstack@n-api.service[103871]: INFO nova.api.openstack.requestlog [None req-59981492-ceed-452e-8695-f75185ecd0ef admin admin] 10.222.0.37 "GET /compute/v2.1" status: 200 len: 388 microversion: 2.1 time: 0.001445
Jun 28 21:42:41.541973 dv-cinder-798384-1-iscsi devstack@n-api.service[103871]: [pid: 103871|app: 0|req: 13/27] 10.222.0.37 () {54 vars in 930 bytes} [Mon Jun 28 21:42:41 2021] GET /compute/v2.1 => generated 388 bytes in 2 msecs (HTTP/1.1 200) 9 headers in 357 bytes (1 switches on core 0)
Jun 28 21:42:41.597137 dv-cinder-798384-1-iscsi devstack@n-api.service[103872]: DEBUG nova.api.openstack.wsgi [None req-900d97ec-2fcb-4f41-91fe-4033766200de admin admin] Action: 'create', calling method: >, body: {"flavor": {"name": "m1.medium", "disk": 40, "rxtx_factor": 1.0, "id": "3", "OS-FLV-EXT-DATA:ephemeral": 0, "vcpus": 2, "swap": 0, "ram": 4096, "os-flavor-access:is_public": true}} {{(pid=103872) _process_stack /opt/stack/nova/nova/api/openstack/wsgi.py:511}}
Jun 28 21:42:41.615315 dv-cinder-798384-1-iscsi devstack@n-api.service[103872]: INFO nova.api.openstack.requestlog [None req-900d97ec-2fcb-4f41-91fe-4033766200de admin admin] 10.222.0.37 "POST /compute/v2.1/flavors" status: 200 len: 406 microversion: 2.61 time: 0.067538
Jun 28 21:42:41.615869 dv-cinder-798384-1-iscsi devstack@n-api.service[103872]: [pid: 103872|app: 0|req: 15/28] 10.222.0.37 () {64 vars in 1282 bytes} [Mon Jun 28 21:42:41 2021] POST /compute/v2.1/flavors => generated 406 bytes in 69 msecs (HTTP/1.1 200) 9 headers in 359 bytes (2 switches on core 0)
Jun 28 21:42:41.627937 dv-cinder-798384-1-iscsi devstack@n-api.service[103871]: DEBUG nova.api.openstack.wsgi [None req-24fb5314-ff61-4961-9908-e79db1ce4b7f admin admin] Action: 'create', calling method: >, body: {"extra_specs": {"hw_rng:allowed": "True"}} {{(pid=103871) _process_stack /opt/stack/nova/nova/api/openstack/wsgi.py:511}}
Jun 28 21:42:41.650626 dv-cinder-798384-1-iscsi devstack@n-api.service[103871]: INFO nova.api.openstack.requestlog [None req-24fb5314-ff61-4961-9908-e79db1ce4b7f admin admin] 10.222.0.37 "POST /compute/v2.1/flavors/3/os-extra_specs" status: 200 len: 43 microversion: 2.61 time: 0.026930
Jun 28 21:42:41.651374 dv-cinder-798384-1-iscsi devstack@n-api.service[103871]: [pid: 103871|app: 0|req: 14/29] 10.222.0.37 () {64 vars in 1332 bytes} [Mon Jun 28 21:42:41 2021] POST /compute/v2.1/flavors/3/os-extra_specs => generated 43 bytes in 28 msecs (HTTP/1.1 200) 9 headers in 358 bytes (1 switches on core 0)
Jun 28 21:42:43.846676 dv-cinder-798384-1-iscsi devstack@n-api.service[103872]: DEBUG nova.api.openstack.wsgi [None req-900d97ec-2fcb-4f41-91fe-4033766200de admin admin] Calling method '>' {{(pid=103872) _process_stack /opt/stack/nova/nova/api/openstack/wsgi.py:513}}
Jun 28 21:42:43.847690 dv-cinder-798384-1-iscsi devstack@n-api.service[103872]: INFO nova.api.openstack.requestlog [None req-900d97ec-2fcb-4f41-91fe-4033766200de admin admin] 10.222.0.37 "GET /compute/v2.1" status: 200 len: 388 microversion: 2.1 time: 0.002016
Jun 28 21:42:43.848093 dv-cinder-798384-1-iscsi devstack@n-api.service[103872]: [pid: 103872|app: 0|req: 16/30] 10.222.0.37 () {54 vars in 930 bytes} [Mon Jun 28 21:42:43 2021] GET /compute/v2.1 => generated 388 bytes in 3 msecs (HTTP/1.1 200) 9 headers in 357 bytes (1 switches on core 0)
Jun 28 21:42:43.903481 dv-cinder-798384-1-iscsi devstack@n-api.service[103871]: DEBUG nova.api.openstack.wsgi [None req-12ac7974-6d4d-41cb-b789-88dfd32a6106 admin admin] Action: 'create', calling method: >, body: {"flavor": {"disk": 80, "rxtx_factor": 1.0, "id": "4", "vcpus": 4, "name": "m1.large", "OS-FLV-EXT-DATA:ephemeral": 0, "swap": 0, "ram": 8192, "os-flavor-access:is_public": true}} {{(pid=103871) _process_stack /opt/stack/nova/nova/api/openstack/wsgi.py:511}}
Jun 28 21:42:43.921794 dv-cinder-798384-1-iscsi devstack@n-api.service[103871]: INFO nova.api.openstack.requestlog [None req-12ac7974-6d4d-41cb-b789-88dfd32a6106 admin admin] 10.222.0.37 "POST /compute/v2.1/flavors" status: 200 len: 405 microversion: 2.61 time: 0.067605
Jun 28 21:42:43.922451 dv-cinder-798384-1-iscsi devstack@n-api.service[103871]: [pid: 103871|app: 0|req: 15/31] 10.222.0.37 () {64 vars in 1282 bytes} [Mon Jun 28 21:42:43 2021] POST /compute/v2.1/flavors => generated 405 bytes in 69 msecs (HTTP/1.1 200) 9 headers in 359 bytes (2 switches on core 0)
Jun 28 21:42:43.934452 dv-cinder-798384-1-iscsi devstack@n-api.service[103872]: DEBUG nova.api.openstack.wsgi [None req-13f0db49-0d9c-498d-8568-d71ef3965fce admin admin] Action: 'create', calling method: >, body: {"extra_specs": {"hw_rng:allowed": "True"}} {{(pid=103872) _process_stack /opt/stack/nova/nova/api/openstack/wsgi.py:511}}
Jun 28 21:42:43.957775 dv-cinder-798384-1-iscsi devstack@n-api.service[103872]: INFO nova.api.openstack.requestlog [None req-13f0db49-0d9c-498d-8568-d71ef3965fce admin admin] 10.222.0.37 "POST /compute/v2.1/flavors/4/os-extra_specs" status: 200 len: 43 microversion: 2.61 time: 0.026978
Jun 28 21:42:43.958631 dv-cinder-798384-1-iscsi devstack@n-api.service[103872]: [pid: 103872|app: 0|req: 17/32] 10.222.0.37 () {64 vars in 1332 bytes} [Mon Jun 28 21:42:43 2021] POST /compute/v2.1/flavors/4/os-extra_specs => generated 43 bytes in 28 msecs (HTTP/1.1 200) 9 headers in 358 bytes (2 switches on core 0)
Jun 28 21:42:46.116225 dv-cinder-798384-1-iscsi devstack@n-api.service[103871]: DEBUG nova.api.openstack.wsgi [None req-12ac7974-6d4d-41cb-b789-88dfd32a6106 admin admin] Calling method '>' {{(pid=103871) _process_stack /opt/stack/nova/nova/api/openstack/wsgi.py:513}}
Jun 28 21:42:46.117243 dv-cinder-798384-1-iscsi devstack@n-api.service[103871]: INFO nova.api.openstack.requestlog [None req-12ac7974-6d4d-41cb-b789-88dfd32a6106 admin admin] 10.222.0.37 "GET /compute/v2.1" status: 200 len: 388 microversion: 2.1 time: 0.001486
Jun 28 21:42:46.117646 dv-cinder-798384-1-iscsi devstack@n-api.service[103871]: [pid: 103871|app: 0|req: 16/33] 10.222.0.37 () {54 vars in 930 bytes} [Mon Jun 28 21:42:46 2021] GET /compute/v2.1 => generated 388 bytes in 2 msecs (HTTP/1.1 200) 9 headers in 357 bytes (1 switches on core 0)
Jun 28 21:42:46.174651 dv-cinder-798384-1-iscsi devstack@n-api.service[103872]: DEBUG nova.api.openstack.wsgi [None req-6049e6da-ead5-4d45-8567-5a1f547f8770 admin admin] Action: 'create', calling method: >, body: {"flavor": {"disk": 160, "rxtx_factor": 1.0, "name": "m1.xlarge", "id": "5", "OS-FLV-EXT-DATA:ephemeral": 0, "os-flavor-access:is_public": true, "vcpus": 8, "ram": 16384, "swap": 0}} {{(pid=103872) _process_stack /opt/stack/nova/nova/api/openstack/wsgi.py:511}}
Jun 28 21:42:46.193460 dv-cinder-798384-1-iscsi devstack@n-api.service[103872]: INFO nova.api.openstack.requestlog [None req-6049e6da-ead5-4d45-8567-5a1f547f8770 admin admin] 10.222.0.37 "POST /compute/v2.1/flavors" status: 200 len: 408 microversion: 2.61 time: 0.069815
Jun 28 21:42:46.194269 dv-cinder-798384-1-iscsi devstack@n-api.service[103872]: [pid: 103872|app: 0|req: 18/34] 10.222.0.37 () {64 vars in 1282 bytes} [Mon Jun 28 21:42:46 2021] POST /compute/v2.1/flavors => generated 408 bytes in 71 msecs (HTTP/1.1 200) 9 headers in 359 bytes (2 switches on core 0)
Jun 28 21:42:46.205615 dv-cinder-798384-1-iscsi devstack@n-api.service[103871]: DEBUG nova.api.openstack.wsgi [None req-03e96790-2e9a-41d2-8244-25bae28feb85 admin admin] Action: 'create', calling method: >, body: {"extra_specs": {"hw_rng:allowed": "True"}} {{(pid=103871) _process_stack /opt/stack/nova/nova/api/openstack/wsgi.py:511}}
Jun 28 21:42:46.228746 dv-cinder-798384-1-iscsi devstack@n-api.service[103871]: INFO nova.api.openstack.requestlog [None req-03e96790-2e9a-41d2-8244-25bae28feb85 admin admin] 10.222.0.37 "POST /compute/v2.1/flavors/5/os-extra_specs" status: 200 len: 43 microversion: 2.61 time: 0.026753
Jun 28 21:42:46.242098 dv-cinder-798384-1-iscsi devstack@n-api.service[103871]: [pid: 103871|app: 0|req: 17/35] 10.222.0.37 () {64 vars in 1332 bytes} [Mon Jun 28 21:42:46 2021] POST /compute/v2.1/flavors/5/os-extra_specs => generated 43 bytes in 41 msecs (HTTP/1.1 200) 9 headers in 358 bytes (1 switches on core 0)
Jun 28 21:43:25.439169 dv-cinder-798384-1-iscsi devstack@n-api.service[103872]: DEBUG nova.api.openstack.wsgi [None req-6049e6da-ead5-4d45-8567-5a1f547f8770 admin admin] Calling method '>' {{(pid=103872) _process_stack /opt/stack/nova/nova/api/openstack/wsgi.py:513}}
Jun 28 21:43:25.440166 dv-cinder-798384-1-iscsi devstack@n-api.service[103872]: INFO nova.api.openstack.requestlog [None req-6049e6da-ead5-4d45-8567-5a1f547f8770 admin admin] 10.222.0.37 "GET /compute/v2.1" status: 200 len: 388 microversion: 2.1 time: 0.001450
Jun 28 21:43:25.440585 dv-cinder-798384-1-iscsi devstack@n-api.service[103872]: [pid: 103872|app: 0|req: 19/36] 10.222.0.37 () {54 vars in 930 bytes} [Mon Jun 28 21:43:25 2021] GET /compute/v2.1 => generated 388 bytes in 2 msecs (HTTP/1.1 200) 9 headers in 357 bytes (1 switches on core 0)
Jun 28 21:43:25.494176 dv-cinder-798384-1-iscsi devstack@n-api.service[103871]: DEBUG nova.api.openstack.wsgi [None req-cc7ef243-e996-4da9-bfae-015496995dfa admin admin] Calling method '>' {{(pid=103871) _process_stack /opt/stack/nova/nova/api/openstack/wsgi.py:513}}
Jun 28 21:43:25.511745 dv-cinder-798384-1-iscsi devstack@n-api.service[103871]: INFO nova.api.openstack.requestlog [None req-cc7ef243-e996-4da9-bfae-015496995dfa admin admin] 10.222.0.37 "GET /compute/v2.1/flavors/detail?is_public=True" status: 200 len: 4202 microversion: 2.61 time: 0.065298
Jun 28 21:43:25.512290 dv-cinder-798384-1-iscsi devstack@n-api.service[103871]: [pid: 103871|app: 0|req: 18/37] 10.222.0.37 () {60 vars in 1291 bytes} [Mon Jun 28 21:43:25 2021] GET /compute/v2.1/flavors/detail?is_public=True => generated 4202 bytes in 66 msecs (HTTP/1.1 200) 9 headers in 360 bytes (2 switches on core 0)
Jun 28 21:43:26.887722 dv-cinder-798384-1-iscsi devstack@n-api.service[103872]: DEBUG nova.api.openstack.wsgi [None req-6049e6da-ead5-4d45-8567-5a1f547f8770 admin admin] Calling method '>' {{(pid=103872) _process_stack /opt/stack/nova/nova/api/openstack/wsgi.py:513}}
Jun 28 21:43:26.888719 dv-cinder-798384-1-iscsi devstack@n-api.service[103872]: INFO nova.api.openstack.requestlog [None req-6049e6da-ead5-4d45-8567-5a1f547f8770 admin admin] 10.222.0.37 "GET /compute/v2.1" status: 200 len: 388 microversion: 2.1 time: 0.001443
Jun 28 21:43:26.889110 dv-cinder-798384-1-iscsi devstack@n-api.service[103872]: [pid: 103872|app: 0|req: 20/38] 10.222.0.37 () {56 vars in 1075 bytes} [Mon Jun 28 21:43:26 2021] GET /compute/v2.1 => generated 388 bytes in 2 msecs (HTTP/1.1 200) 9 headers in 357 bytes (1 switches on core 0)
Jun 28 21:43:27.071924 dv-cinder-798384-1-iscsi devstack@n-api.service[103871]: DEBUG nova.api.openstack.wsgi [None req-9be20c91-a1d6-4b27-8fd8-42121c07e1d4 admin admin] Calling method '>' {{(pid=103871) _process_stack /opt/stack/nova/nova/api/openstack/wsgi.py:513}}
Jun 28 21:43:27.077171 dv-cinder-798384-1-iscsi devstack@n-api.service[103871]: INFO nova.api.openstack.wsgi [None req-9be20c91-a1d6-4b27-8fd8-42121c07e1d4 admin admin] HTTP exception thrown: Flavor 42 could not be found.
Jun 28 21:43:27.077732 dv-cinder-798384-1-iscsi devstack@n-api.service[103871]: DEBUG nova.api.openstack.wsgi [None req-9be20c91-a1d6-4b27-8fd8-42121c07e1d4 admin admin] Returning 404 to user: Flavor 42 could not be found. {{(pid=103871) __call__ /opt/stack/nova/nova/api/openstack/wsgi.py:927}}
Jun 28 21:43:27.078552 dv-cinder-798384-1-iscsi devstack@n-api.service[103871]: INFO nova.api.openstack.requestlog [None req-9be20c91-a1d6-4b27-8fd8-42121c07e1d4 admin admin] 10.222.0.37 "GET /compute/v2.1/flavors/42" status: 404 len: 75 microversion: 2.88 time: 0.055271
Jun 28 21:43:27.079043 dv-cinder-798384-1-iscsi devstack@n-api.service[103871]: [pid: 103871|app: 0|req: 19/39] 10.222.0.37 () {60 vars in 1191 bytes} [Mon Jun 28 21:43:27 2021] GET /compute/v2.1/flavors/42 => generated 75 bytes in 56 msecs (HTTP/1.1 404) 9 headers in 380 bytes (1 switches on core 0)
Jun 28 21:43:27.088170 dv-cinder-798384-1-iscsi devstack@n-api.service[103872]: DEBUG nova.api.openstack.wsgi [None req-c27cf680-074b-453a-b7e6-e6cecb095758 admin admin] Calling method '>' {{(pid=103872) _process_stack /opt/stack/nova/nova/api/openstack/wsgi.py:513}}
Jun 28 21:43:27.108577 dv-cinder-798384-1-iscsi devstack@n-api.service[103872]: INFO nova.api.openstack.requestlog [None req-c27cf680-074b-453a-b7e6-e6cecb095758 admin admin] 10.222.0.37 "GET /compute/v2.1/flavors?is_public=None" status: 200 len: 2056 microversion: 2.88 time: 0.023948
Jun 28 21:43:27.109031 dv-cinder-798384-1-iscsi devstack@n-api.service[103872]: [pid: 103872|app: 0|req: 21/40] 10.222.0.37 () {60 vars in 1211 bytes} [Mon Jun 28 21:43:27 2021] GET /compute/v2.1/flavors?is_public=None => generated 2056 bytes in 25 msecs (HTTP/1.1 200) 9 headers in 360 bytes (1 switches on core 0)
Jun 28 21:43:27.118725 dv-cinder-798384-1-iscsi devstack@n-api.service[103871]: DEBUG nova.api.openstack.wsgi [None req-e2491816-0ec8-47d5-96ec-1428839eae42 admin admin] Calling method '>' {{(pid=103871) _process_stack /opt/stack/nova/nova/api/openstack/wsgi.py:513}}
Jun 28 21:43:27.138737 dv-cinder-798384-1-iscsi devstack@n-api.service[103871]: INFO nova.api.openstack.requestlog [None req-e2491816-0ec8-47d5-96ec-1428839eae42 admin admin] 10.222.0.37 "GET /compute/v2.1/flavors?is_public=None" status: 200 len: 2056 microversion: 2.88 time: 0.023497
Jun 28 21:43:27.139270 dv-cinder-798384-1-iscsi devstack@n-api.service[103871]: [pid: 103871|app: 0|req: 20/41] 10.222.0.37 () {60 vars in 1211 bytes} [Mon Jun 28 21:43:27 2021] GET /compute/v2.1/flavors?is_public=None => generated 2056 bytes in 25 msecs (HTTP/1.1 200) 9 headers in 360 bytes (2 switches on core 0)
Jun 28 21:43:27.148027 dv-cinder-798384-1-iscsi devstack@n-api.service[103872]: DEBUG nova.api.openstack.wsgi [None req-806a15de-5e56-4f85-9148-30153f74d6bf admin admin] Calling method '>' {{(pid=103872) _process_stack /opt/stack/nova/nova/api/openstack/wsgi.py:513}}
Jun 28 21:43:27.153438 dv-cinder-798384-1-iscsi devstack@n-api.service[103872]: INFO nova.api.openstack.wsgi [None req-806a15de-5e56-4f85-9148-30153f74d6bf admin admin] HTTP exception thrown: Flavor 42 could not be found.
Jun 28 21:43:27.154055 dv-cinder-798384-1-iscsi devstack@n-api.service[103872]: DEBUG nova.api.openstack.wsgi [None req-806a15de-5e56-4f85-9148-30153f74d6bf admin admin] Returning 404 to user: Flavor 42 could not be found. {{(pid=103872) __call__ /opt/stack/nova/nova/api/openstack/wsgi.py:927}}
Jun 28 21:43:27.154837 dv-cinder-798384-1-iscsi devstack@n-api.service[103872]: INFO nova.api.openstack.requestlog [None req-806a15de-5e56-4f85-9148-30153f74d6bf admin admin] 10.222.0.37 "GET /compute/v2.1/flavors/42" status: 404 len: 75 microversion: 2.88 time: 0.010264
Jun 28 21:43:27.155321 dv-cinder-798384-1-iscsi devstack@n-api.service[103872]: [pid: 103872|app: 0|req: 22/42] 10.222.0.37 () {60 vars in 1191 bytes} [Mon Jun 28 21:43:27 2021] GET /compute/v2.1/flavors/42 => generated 75 bytes in 11 msecs (HTTP/1.1 404) 9 headers in 380 bytes (1 switches on core 0)
Jun 28 21:43:28.453114 dv-cinder-798384-1-iscsi devstack@n-api.service[103871]: DEBUG nova.api.openstack.wsgi [None req-e2491816-0ec8-47d5-96ec-1428839eae42 admin admin] Calling method '>' {{(pid=103871) _process_stack /opt/stack/nova/nova/api/openstack/wsgi.py:513}}
Jun 28 21:43:28.454160 dv-cinder-798384-1-iscsi devstack@n-api.service[103871]: INFO nova.api.openstack.requestlog [None req-e2491816-0ec8-47d5-96ec-1428839eae42 admin admin] 10.222.0.37 "GET /compute/v2.1" status: 200 len: 388 microversion: 2.1 time: 0.001425
Jun 28 21:43:28.454553 dv-cinder-798384-1-iscsi devstack@n-api.service[103871]: [pid: 103871|app: 0|req: 21/43] 10.222.0.37 () {56 vars in 1075 bytes} [Mon Jun 28 21:43:28 2021] GET /compute/v2.1 => generated 388 bytes in 2 msecs (HTTP/1.1 200) 9 headers in 357 bytes (1 switches on core 0)
Jun 28 21:43:28.636367 dv-cinder-798384-1-iscsi devstack@n-api.service[103872]: DEBUG nova.api.openstack.wsgi [None req-ed222799-30c4-431b-8f5a-4219e55f9d38 admin admin] Calling method '>' {{(pid=103872) _process_stack /opt/stack/nova/nova/api/openstack/wsgi.py:513}}
Jun 28 21:43:28.641981 dv-cinder-798384-1-iscsi devstack@n-api.service[103872]: INFO nova.api.openstack.wsgi [None req-ed222799-30c4-431b-8f5a-4219e55f9d38 admin admin] HTTP exception thrown: Flavor 84 could not be found.
Jun 28 21:43:28.642549 dv-cinder-798384-1-iscsi devstack@n-api.service[103872]: DEBUG nova.api.openstack.wsgi [None req-ed222799-30c4-431b-8f5a-4219e55f9d38 admin admin] Returning 404 to user: Flavor 84 could not be found. {{(pid=103872) __call__ /opt/stack/nova/nova/api/openstack/wsgi.py:927}}
Jun 28 21:43:28.643338 dv-cinder-798384-1-iscsi devstack@n-api.service[103872]: INFO nova.api.openstack.requestlog [None req-ed222799-30c4-431b-8f5a-4219e55f9d38 admin admin] 10.222.0.37 "GET /compute/v2.1/flavors/84" status: 404 len: 75 microversion: 2.88 time: 0.054804
Jun 28 21:43:28.643837 dv-cinder-798384-1-iscsi devstack@n-api.service[103872]: [pid: 103872|app: 0|req: 23/44] 10.222.0.37 () {60 vars in 1191 bytes} [Mon Jun 28 21:43:28 2021] GET /compute/v2.1/flavors/84 => generated 75 bytes in 56 msecs (HTTP/1.1 404) 9 headers in 380 bytes (1 switches on core 0)
Jun 28 21:43:28.653084 dv-cinder-798384-1-iscsi devstack@n-api.service[103871]: DEBUG nova.api.openstack.wsgi [None req-d7523799-de94-4835-a521-f98901e9278d admin admin] Calling method '>' {{(pid=103871) _process_stack /opt/stack/nova/nova/api/openstack/wsgi.py:513}}
Jun 28 21:43:28.667020 dv-cinder-798384-1-iscsi devstack@n-api.service[103871]: INFO nova.api.openstack.requestlog [None req-d7523799-de94-4835-a521-f98901e9278d admin admin] 10.222.0.37 "GET /compute/v2.1/flavors?is_public=None" status: 200 len: 2056 microversion: 2.88 time: 0.017763
Jun 28 21:43:28.667540 dv-cinder-798384-1-iscsi devstack@n-api.service[103871]: [pid: 103871|app: 0|req: 22/45] 10.222.0.37 () {60 vars in 1211 bytes} [Mon Jun 28 21:43:28 2021] GET /compute/v2.1/flavors?is_public=None => generated 2056 bytes in 19 msecs (HTTP/1.1 200) 9 headers in 360 bytes (2 switches on core 0)
Jun 28 21:43:28.676939 dv-cinder-798384-1-iscsi devstack@n-api.service[103872]: DEBUG nova.api.openstack.wsgi [None req-e5642c41-728d-48e7-9a16-b14eed87b07a admin admin] Calling method '>' {{(pid=103872) _process_stack /opt/stack/nova/nova/api/openstack/wsgi.py:513}}
Jun 28 21:43:28.690064 dv-cinder-798384-1-iscsi devstack@n-api.service[103872]: INFO nova.api.openstack.requestlog [None req-e5642c41-728d-48e7-9a16-b14eed87b07a admin admin] 10.222.0.37 "GET /compute/v2.1/flavors?is_public=None" status: 200 len: 2056 microversion: 2.88 time: 0.017013
Jun 28 21:43:28.690580 dv-cinder-798384-1-iscsi devstack@n-api.service[103872]: [pid: 103872|app: 0|req: 24/46] 10.222.0.37 () {60 vars in 1211 bytes} [Mon Jun 28 21:43:28 2021] GET /compute/v2.1/flavors?is_public=None => generated 2056 bytes in 18 msecs (HTTP/1.1 200) 9 headers in 360 bytes (1 switches on core 0)
Jun 28 21:43:28.699234 dv-cinder-798384-1-iscsi devstack@n-api.service[103871]: DEBUG nova.api.openstack.wsgi [None req-88b8dc93-6e46-48f2-8ca0-256a58b91a42 admin admin] Calling method '>' {{(pid=103871) _process_stack /opt/stack/nova/nova/api/openstack/wsgi.py:513}}
Jun 28 21:43:28.704202 dv-cinder-798384-1-iscsi devstack@n-api.service[103871]: INFO nova.api.openstack.wsgi [None req-88b8dc93-6e46-48f2-8ca0-256a58b91a42 admin admin] HTTP exception thrown: Flavor 84 could not be found.
Jun 28 21:43:28.704756 dv-cinder-798384-1-iscsi devstack@n-api.service[103871]: DEBUG nova.api.openstack.wsgi [None req-88b8dc93-6e46-48f2-8ca0-256a58b91a42 admin admin] Returning 404 to user: Flavor 84 could not be found. {{(pid=103871) __call__ /opt/stack/nova/nova/api/openstack/wsgi.py:927}}
Jun 28 21:43:28.705533 dv-cinder-798384-1-iscsi devstack@n-api.service[103871]: INFO nova.api.openstack.requestlog [None req-88b8dc93-6e46-48f2-8ca0-256a58b91a42 admin admin] 10.222.0.37 "GET /compute/v2.1/flavors/84" status: 404 len: 75 microversion: 2.88 time: 0.009779
Jun 28 21:43:28.706049 dv-cinder-798384-1-iscsi devstack@n-api.service[103871]: [pid: 103871|app: 0|req: 23/47] 10.222.0.37 () {60 vars in 1191 bytes} [Mon Jun 28 21:43:28 2021] GET /compute/v2.1/flavors/84 => generated 75 bytes in 11 msecs (HTTP/1.1 404) 9 headers in 380 bytes (1 switches on core 0)
Jun 28 21:43:30.001965 dv-cinder-798384-1-iscsi devstack@n-api.service[103872]: DEBUG nova.api.openstack.wsgi [None req-e5642c41-728d-48e7-9a16-b14eed87b07a admin admin] Calling method '>' {{(pid=103872) _process_stack /opt/stack/nova/nova/api/openstack/wsgi.py:513}}
Jun 28 21:43:30.002967 dv-cinder-798384-1-iscsi devstack@n-api.service[103872]: INFO nova.api.openstack.requestlog [None req-e5642c41-728d-48e7-9a16-b14eed87b07a admin admin] 10.222.0.37 "GET /compute/v2.1" status: 200 len: 388 microversion: 2.1 time: 0.001955
Jun 28 21:43:30.003351 dv-cinder-798384-1-iscsi devstack@n-api.service[103872]: [pid: 103872|app: 0|req: 25/48] 10.222.0.37 () {56 vars in 1075 bytes} [Mon Jun 28 21:43:30 2021] GET /compute/v2.1 => generated 388 bytes in 3 msecs (HTTP/1.1 200) 9 headers in 357 bytes (1 switches on core 0)
Jun 28 21:43:30.205854 dv-cinder-798384-1-iscsi devstack@n-api.service[103871]: DEBUG nova.api.openstack.wsgi [None req-1086c5a8-dc97-4e56-80af-0df21f2fccef admin admin] Calling method '>' {{(pid=103871) _process_stack /opt/stack/nova/nova/api/openstack/wsgi.py:513}}
Jun 28 21:43:30.210948 dv-cinder-798384-1-iscsi devstack@n-api.service[103871]: INFO nova.api.openstack.wsgi [None req-1086c5a8-dc97-4e56-80af-0df21f2fccef admin admin] HTTP exception thrown: Flavor 451 could not be found.
Jun 28 21:43:30.211507 dv-cinder-798384-1-iscsi devstack@n-api.service[103871]: DEBUG nova.api.openstack.wsgi [None req-1086c5a8-dc97-4e56-80af-0df21f2fccef admin admin] Returning 404 to user: Flavor 451 could not be found. {{(pid=103871) __call__ /opt/stack/nova/nova/api/openstack/wsgi.py:927}}
Jun 28 21:43:30.212293 dv-cinder-798384-1-iscsi devstack@n-api.service[103871]: INFO nova.api.openstack.requestlog [None req-1086c5a8-dc97-4e56-80af-0df21f2fccef admin admin] 10.222.0.37 "GET /compute/v2.1/flavors/451" status: 404 len: 76 microversion: 2.88 time: 0.055278
Jun 28 21:43:30.212839 dv-cinder-798384-1-iscsi devstack@n-api.service[103871]: [pid: 103871|app: 0|req: 24/49] 10.222.0.37 () {60 vars in 1194 bytes} [Mon Jun 28 21:43:30 2021] GET /compute/v2.1/flavors/451 => generated 76 bytes in 56 msecs (HTTP/1.1 404) 9 headers in 380 bytes (2 switches on core 0)
Jun 28 21:43:30.221856 dv-cinder-798384-1-iscsi devstack@n-api.service[103872]: DEBUG nova.api.openstack.wsgi [None req-4ef72941-cc6e-4cf8-9ce6-f3ac1ebb03e6 admin admin] Calling method '>' {{(pid=103872) _process_stack /opt/stack/nova/nova/api/openstack/wsgi.py:513}}
Jun 28 21:43:30.234979 dv-cinder-798384-1-iscsi devstack@n-api.service[103872]: INFO nova.api.openstack.requestlog [None req-4ef72941-cc6e-4cf8-9ce6-f3ac1ebb03e6 admin admin] 10.222.0.37 "GET /compute/v2.1/flavors?is_public=None" status: 200 len: 2056 microversion: 2.88 time: 0.016711
Jun 28 21:43:30.235525 dv-cinder-798384-1-iscsi devstack@n-api.service[103872]: [pid: 103872|app: 0|req: 26/50] 10.222.0.37 () {60 vars in 1211 bytes} [Mon Jun 28 21:43:30 2021] GET /compute/v2.1/flavors?is_public=None => generated 2056 bytes in 18 msecs (HTTP/1.1 200) 9 headers in 360 bytes (1 switches on core 0)
Jun 28 21:43:30.244626 dv-cinder-798384-1-iscsi devstack@n-api.service[103871]: DEBUG nova.api.openstack.wsgi [None req-834f2654-3722-46ca-9323-8684c6186416 admin admin] Calling method '>' {{(pid=103871) _process_stack /opt/stack/nova/nova/api/openstack/wsgi.py:513}}
Jun 28 21:43:30.257869 dv-cinder-798384-1-iscsi devstack@n-api.service[103871]: INFO nova.api.openstack.requestlog [None req-834f2654-3722-46ca-9323-8684c6186416 admin admin] 10.222.0.37 "GET /compute/v2.1/flavors?is_public=None" status: 200 len: 2056 microversion: 2.88 time: 0.016929
Jun 28 21:43:30.258384 dv-cinder-798384-1-iscsi devstack@n-api.service[103871]: [pid: 103871|app: 0|req: 25/51] 10.222.0.37 () {60 vars in 1211 bytes} [Mon Jun 28 21:43:30 2021] GET /compute/v2.1/flavors?is_public=None => generated 2056 bytes in 18 msecs (HTTP/1.1 200) 9 headers in 360 bytes (1 switches on core 0)
Jun 28 21:43:30.267730 dv-cinder-798384-1-iscsi devstack@n-api.service[103872]: DEBUG nova.api.openstack.wsgi [None req-9e5f4a0b-84a4-47db-9477-55c6595bd248 admin admin] Calling method '>' {{(pid=103872) _process_stack /opt/stack/nova/nova/api/openstack/wsgi.py:513}}
Jun 28 21:43:30.272682 dv-cinder-798384-1-iscsi devstack@n-api.service[103872]: INFO nova.api.openstack.wsgi [None req-9e5f4a0b-84a4-47db-9477-55c6595bd248 admin admin] HTTP exception thrown: Flavor 451 could not be found.
Jun 28 21:43:30.273248 dv-cinder-798384-1-iscsi devstack@n-api.service[103872]: DEBUG nova.api.openstack.wsgi [None req-9e5f4a0b-84a4-47db-9477-55c6595bd248 admin admin] Returning 404 to user: Flavor 451 could not be found. {{(pid=103872) __call__ /opt/stack/nova/nova/api/openstack/wsgi.py:927}}
Jun 28 21:43:30.274066 dv-cinder-798384-1-iscsi devstack@n-api.service[103872]: INFO nova.api.openstack.requestlog [None req-9e5f4a0b-84a4-47db-9477-55c6595bd248 admin admin] 10.222.0.37 "GET /compute/v2.1/flavors/451" status: 404 len: 76 microversion: 2.88 time: 0.010397
Jun 28 21:43:30.274552 dv-cinder-798384-1-iscsi devstack@n-api.service[103872]: [pid: 103872|app: 0|req: 27/52] 10.222.0.37 () {60 vars in 1194 bytes} [Mon Jun 28 21:43:30 2021] GET /compute/v2.1/flavors/451 => generated 76 bytes in 11 msecs (HTTP/1.1 404) 9 headers in 380 bytes (1 switches on core 0)
Jun 28 21:43:31.567208 dv-cinder-798384-1-iscsi devstack@n-api.service[103871]: DEBUG nova.api.openstack.wsgi [None req-834f2654-3722-46ca-9323-8684c6186416 admin admin] Calling method '>' {{(pid=103871) _process_stack /opt/stack/nova/nova/api/openstack/wsgi.py:513}}
Jun 28 21:43:31.568218 dv-cinder-798384-1-iscsi devstack@n-api.service[103871]: INFO nova.api.openstack.requestlog [None req-834f2654-3722-46ca-9323-8684c6186416 admin admin] 10.222.0.37 "GET /compute/v2.1" status: 200 len: 388 microversion: 2.1 time: 0.001414
Jun 28 21:43:31.568610 dv-cinder-798384-1-iscsi devstack@n-api.service[103871]: [pid: 103871|app: 0|req: 26/53] 10.222.0.37 () {56 vars in 1075 bytes} [Mon Jun 28 21:43:31 2021] GET /compute/v2.1 => generated 388 bytes in 2 msecs (HTTP/1.1 200) 9 headers in 357 bytes (1 switches on core 0)
Jun 28 21:43:31.758622 dv-cinder-798384-1-iscsi devstack@n-api.service[103872]: DEBUG nova.api.openstack.wsgi [None req-10a68e96-b111-4ab1-98a9-cd16ce903fed admin admin] Action: 'create', calling method: >, body: {"flavor": {"name": "m1.nano", "ram": 256, "vcpus": 1, "disk": 1, "id": "42", "swap": 0, "OS-FLV-EXT-DATA:ephemeral": 0, "rxtx_factor": 1.0, "os-flavor-access:is_public": true}} {{(pid=103872) _process_stack /opt/stack/nova/nova/api/openstack/wsgi.py:511}}
Jun 28 21:43:31.776567 dv-cinder-798384-1-iscsi devstack@n-api.service[103872]: INFO nova.api.openstack.requestlog [None req-10a68e96-b111-4ab1-98a9-cd16ce903fed admin admin] 10.222.0.37 "POST /compute/v2.1/flavors" status: 200 len: 404 microversion: 2.88 time: 0.071398
Jun 28 21:43:31.777377 dv-cinder-798384-1-iscsi devstack@n-api.service[103872]: [pid: 103872|app: 0|req: 28/54] 10.222.0.37 () {64 vars in 1236 bytes} [Mon Jun 28 21:43:31 2021] POST /compute/v2.1/flavors => generated 404 bytes in 73 msecs (HTTP/1.1 200) 9 headers in 359 bytes (2 switches on core 0)
