Jun 28 21:49:43.291956 dv-cinder-798384-1-iscsi devstack@c-api.service[111391]: DEBUG cinder.volume.flows.api.create_volume [None req-513ccc3a-8fc7-4495-a3a7-f38120c0a14e tempest-VolumesImageMetadata-1000087342 tempest-VolumesImageMetadata-1000087342-project] Validating volume size '1' using validate_int {{(pid=111391) _extract_size /opt/stack/cinder/cinder/volume/flows/api/create_volume.py:201}}
Jun 28 21:49:43.360346 dv-cinder-798384-1-iscsi devstack@c-api.service[111392]: INFO cinder.api.openstack.wsgi [None req-14161093-5c9b-4394-ba3e-0a2e02551fdc tempest-VolumesActionsTest-2029264420 tempest-VolumesActionsTest-2029264420-project] GET http://10.222.0.37/volume/v3/2cc04bc622ff42cc9bc60dc97cfc881b/volumes/d1053bd0-6e3e-49bc-a0f0-f9a7d80492c1
Jun 28 21:49:43.361005 dv-cinder-798384-1-iscsi devstack@c-api.service[111392]: DEBUG cinder.api.openstack.wsgi [None req-14161093-5c9b-4394-ba3e-0a2e02551fdc tempest-VolumesActionsTest-2029264420 tempest-VolumesActionsTest-2029264420-project] Empty body provided in request {{(pid=111392) get_body /opt/stack/cinder/cinder/api/openstack/wsgi.py:713}}
Jun 28 21:49:43.361195 dv-cinder-798384-1-iscsi devstack@c-api.service[111392]: /usr/local/lib/python3.8/dist-packages/webob/acceptparse.py:1047: DeprecationWarning: The behavior of AcceptValidHeader.best_match is currently being maintained for backward compatibility, but it will be deprecated in the future, as it does not conform to the RFC.
Jun 28 21:49:43.361195 dv-cinder-798384-1-iscsi devstack@c-api.service[111392]: warnings.warn(
Jun 28 21:49:43.361655 dv-cinder-798384-1-iscsi devstack@c-api.service[111392]: DEBUG cinder.api.openstack.wsgi [None req-14161093-5c9b-4394-ba3e-0a2e02551fdc tempest-VolumesActionsTest-2029264420 tempest-VolumesActionsTest-2029264420-project] Calling method 'show' {{(pid=111392) _process_stack /opt/stack/cinder/cinder/api/openstack/wsgi.py:866}}
Jun 28 21:49:43.386853 dv-cinder-798384-1-iscsi devstack@c-api.service[111392]: /usr/local/lib/python3.8/dist-packages/oslo_context/context.py:105: DeprecationWarning: Policy enforcement is depending on the value of is_admin. This key is deprecated. Please update your policy file to use the standard policy values.
Jun 28 21:49:43.386853 dv-cinder-798384-1-iscsi devstack@c-api.service[111392]: warnings.warn('Policy enforcement is depending on the value of '
Jun 28 21:49:43.399346 dv-cinder-798384-1-iscsi devstack@c-api.service[111392]: INFO cinder.volume.api [None req-14161093-5c9b-4394-ba3e-0a2e02551fdc tempest-VolumesActionsTest-2029264420 tempest-VolumesActionsTest-2029264420-project] Volume info retrieved successfully.
Jun 28 21:49:43.417024 dv-cinder-798384-1-iscsi devstack@c-api.service[111392]: INFO cinder.api.openstack.wsgi [None req-14161093-5c9b-4394-ba3e-0a2e02551fdc tempest-VolumesActionsTest-2029264420 tempest-VolumesActionsTest-2029264420-project] http://10.222.0.37/volume/v3/2cc04bc622ff42cc9bc60dc97cfc881b/volumes/d1053bd0-6e3e-49bc-a0f0-f9a7d80492c1 returned with HTTP 200
Jun 28 21:49:43.417782 dv-cinder-798384-1-iscsi devstack@c-api.service[111392]: [pid: 111392|app: 0|req: 143/298] 10.222.0.37 () {58 vars in 1325 bytes} [Mon Jun 28 21:49:43 2021] GET /volume/v3/2cc04bc622ff42cc9bc60dc97cfc881b/volumes/d1053bd0-6e3e-49bc-a0f0-f9a7d80492c1 => generated 910 bytes in 62 msecs (HTTP/1.1 200) 7 headers in 285 bytes (2 switches on core 0)
Jun 28 21:49:43.424697 dv-cinder-798384-1-iscsi devstack@c-api.service[111391]: DEBUG cinder.volume.api [None req-513ccc3a-8fc7-4495-a3a7-f38120c0a14e tempest-VolumesImageMetadata-1000087342 tempest-VolumesImageMetadata-1000087342-project] Task 'cinder.volume.flows.api.create_volume.ExtractVolumeRequestTask;volume:create' (57243eae-3d59-43c2-8cb3-3a406ee8c858) transitioned into state 'SUCCESS' from state 'RUNNING' with result '{'size': 1, 'snapshot_id': None, 'source_volid': None, 'volume_type': VolumeType(created_at=2021-06-28T21:39:56Z,deleted=False,deleted_at=None,description='Default Volume Type',extra_specs={},id=2b6ac729-a8cc-40b2-aa97-27ef4b048a87,is_public=True,name='__DEFAULT__',projects=[],qos_specs=,qos_specs_id=None,updated_at=2021-06-28T21:39:56Z), 'volume_type_id': '2b6ac729-a8cc-40b2-aa97-27ef4b048a87', 'encryption_key_id': None, 'qos_specs': None, 'consistencygroup_id': None, 'cgsnapshot_id': None, 'group_id': None, 'replication_status': 'disabled', 'refresh_az': False, 'backup_id': None, 'multiattach': False, 'availability_zones': ['nova']}' {{(pid=111391) _task_receiver /usr/local/lib/python3.8/dist-packages/taskflow/listeners/logging.py:178}}
Jun 28 21:49:43.428185 dv-cinder-798384-1-iscsi devstack@c-api.service[111391]: DEBUG cinder.volume.api [None req-513ccc3a-8fc7-4495-a3a7-f38120c0a14e tempest-VolumesImageMetadata-1000087342 tempest-VolumesImageMetadata-1000087342-project] Task 'cinder.volume.flows.api.create_volume.QuotaReserveTask;volume:create' (3d7156ff-f460-40b3-9a82-2f2bd723a10e) transitioned into state 'RUNNING' from state 'PENDING' {{(pid=111391) _task_receiver /usr/local/lib/python3.8/dist-packages/taskflow/listeners/logging.py:190}}
Jun 28 21:49:43.554332 dv-cinder-798384-1-iscsi devstack@c-api.service[111391]: DEBUG cinder.quota [None req-513ccc3a-8fc7-4495-a3a7-f38120c0a14e tempest-VolumesImageMetadata-1000087342 tempest-VolumesImageMetadata-1000087342-project] Created reservations ['a910eb3a-5111-4ed6-bdea-f95ee0ace629', '34f37df6-734f-4ea9-814e-ce79bb00241e', 'aea71eb7-9779-4088-86d8-9562bdb4ae0d', '5b1cd5ec-df35-4d57-928a-6b6e8207765c'] {{(pid=111391) reserve /opt/stack/cinder/cinder/quota.py:755}}
Jun 28 21:49:43.556922 dv-cinder-798384-1-iscsi devstack@c-api.service[111391]: DEBUG cinder.volume.api [None req-513ccc3a-8fc7-4495-a3a7-f38120c0a14e tempest-VolumesImageMetadata-1000087342 tempest-VolumesImageMetadata-1000087342-project] Task 'cinder.volume.flows.api.create_volume.QuotaReserveTask;volume:create' (3d7156ff-f460-40b3-9a82-2f2bd723a10e) transitioned into state 'SUCCESS' from state 'RUNNING' with result '{'reservations': ['a910eb3a-5111-4ed6-bdea-f95ee0ace629', '34f37df6-734f-4ea9-814e-ce79bb00241e', 'aea71eb7-9779-4088-86d8-9562bdb4ae0d', '5b1cd5ec-df35-4d57-928a-6b6e8207765c']}' {{(pid=111391) _task_receiver /usr/local/lib/python3.8/dist-packages/taskflow/listeners/logging.py:178}}
Jun 28 21:49:43.560558 dv-cinder-798384-1-iscsi devstack@c-api.service[111391]: DEBUG cinder.volume.api [None req-513ccc3a-8fc7-4495-a3a7-f38120c0a14e tempest-VolumesImageMetadata-1000087342 tempest-VolumesImageMetadata-1000087342-project] Task 'cinder.volume.flows.api.create_volume.EntryCreateTask;volume:create' (3e418ac6-219b-4e7f-ac45-06e570c44d47) transitioned into state 'RUNNING' from state 'PENDING' {{(pid=111391) _task_receiver /usr/local/lib/python3.8/dist-packages/taskflow/listeners/logging.py:190}}
Jun 28 21:49:43.601418 dv-cinder-798384-1-iscsi devstack@c-api.service[111391]: DEBUG cinder.volume.api [None req-513ccc3a-8fc7-4495-a3a7-f38120c0a14e tempest-VolumesImageMetadata-1000087342 tempest-VolumesImageMetadata-1000087342-project] Task 'cinder.volume.flows.api.create_volume.EntryCreateTask;volume:create' (3e418ac6-219b-4e7f-ac45-06e570c44d47) transitioned into state 'SUCCESS' from state 'RUNNING' with result '{'volume_id': '72d21051-99a5-45f9-8be7-31f6cae18c63', 'volume_properties': VolumeProperties(attach_status='detached',availability_zone='nova',cgsnapshot_id=None,consistencygroup_id=None,display_description=None,display_name='tempest-VolumesImageMetadata-Volume-712797664',encryption_key_id=None,group_id=None,group_type_id=,metadata={},multiattach=False,project_id='22f3e910a4434d379833c3a1cbafe6ef',qos_specs=None,replication_status=,reservations=['a910eb3a-5111-4ed6-bdea-f95ee0ace629','34f37df6-734f-4ea9-814e-ce79bb00241e','aea71eb7-9779-4088-86d8-9562bdb4ae0d','5b1cd5ec-df35-4d57-928a-6b6e8207765c'],size=1,snapshot_id=None,source_replicaid=,source_volid=None,status='creating',user_id='8fd0266bf344447583d72cc53d52db28',volume_type_id=2b6ac729-a8cc-40b2-aa97-27ef4b048a87), 'volume': Volume(_name_id=None,admin_metadata=,attach_status='detached',availability_zone='nova',bootable=False,cluster=,cluster_name=None,consistencygroup=,consistencygroup_id=None,created_at=2021-06-28T21:49:43Z,deleted=False,deleted_at=None,display_description=None,display_name='tempest-VolumesImageMetadata-Volume-712797664',ec2_id=None,encryption_key_id=None,glance_metadata=,group=,group_id=None,host=None,id=72d21051-99a5-45f9-8be7-31f6cae18c63,launched_at=None,metadata={},migration_status=None,multiattach=False,previous_status=None,project_id='22f3e910a4434d379833c3a1cbafe6ef',provider_auth=None,provider_geometry=None,provider_id=None,provider_location=None,replication_driver_data=None,replication_extended_status=None,replication_status=None,scheduled_at=None,service_uuid=None,shared_targets=True,size=1,snapshot_id=None,snapshots=,source_volid=None,status='creating',terminated_at=None,updated_at=None,user_id='8fd0266bf344447583d72cc53d52db28',volume_attachment=,volume_type=VolumeType(2b6ac729-a8cc-40b2-aa97-27ef4b048a87),volume_type_id=2b6ac729-a8cc-40b2-aa97-27ef4b048a87)}' {{(pid=111391) _task_receiver /usr/local/lib/python3.8/dist-packages/taskflow/listeners/logging.py:178}}
Jun 28 21:49:43.603955 dv-cinder-798384-1-iscsi devstack@c-api.service[111391]: DEBUG cinder.volume.api [None req-513ccc3a-8fc7-4495-a3a7-f38120c0a14e tempest-VolumesImageMetadata-1000087342 tempest-VolumesImageMetadata-1000087342-project] Task 'cinder.volume.flows.api.create_volume.QuotaCommitTask;volume:create' (fe5d7b6b-9175-4be3-95db-ffff4b500350) transitioned into state 'RUNNING' from state 'PENDING' {{(pid=111391) _task_receiver /usr/local/lib/python3.8/dist-packages/taskflow/listeners/logging.py:190}}
Jun 28 21:49:43.640010 dv-cinder-798384-1-iscsi devstack@c-api.service[111391]: DEBUG cinder.volume.api [None req-513ccc3a-8fc7-4495-a3a7-f38120c0a14e tempest-VolumesImageMetadata-1000087342 tempest-VolumesImageMetadata-1000087342-project] Task 'cinder.volume.flows.api.create_volume.QuotaCommitTask;volume:create' (fe5d7b6b-9175-4be3-95db-ffff4b500350) transitioned into state 'SUCCESS' from state 'RUNNING' with result '{'volume_properties': VolumeProperties(attach_status='detached',availability_zone='nova',cgsnapshot_id=None,consistencygroup_id=None,display_description=None,display_name='tempest-VolumesImageMetadata-Volume-712797664',encryption_key_id=None,group_id=None,group_type_id=,metadata={},multiattach=False,project_id='22f3e910a4434d379833c3a1cbafe6ef',qos_specs=None,replication_status=,reservations=['a910eb3a-5111-4ed6-bdea-f95ee0ace629','34f37df6-734f-4ea9-814e-ce79bb00241e','aea71eb7-9779-4088-86d8-9562bdb4ae0d','5b1cd5ec-df35-4d57-928a-6b6e8207765c'],size=1,snapshot_id=None,source_replicaid=,source_volid=None,status='creating',user_id='8fd0266bf344447583d72cc53d52db28',volume_type_id=2b6ac729-a8cc-40b2-aa97-27ef4b048a87)}' {{(pid=111391) _task_receiver /usr/local/lib/python3.8/dist-packages/taskflow/listeners/logging.py:178}}
Jun 28 21:49:43.643754 dv-cinder-798384-1-iscsi devstack@c-api.service[111391]: DEBUG cinder.volume.api [None req-513ccc3a-8fc7-4495-a3a7-f38120c0a14e tempest-VolumesImageMetadata-1000087342 tempest-VolumesImageMetadata-1000087342-project] Task 'cinder.volume.flows.api.create_volume.VolumeCastTask;volume:create' (840eabb7-7e05-40b4-97c0-ea87972b5ecd) transitioned into state 'RUNNING' from state 'PENDING' {{(pid=111391) _task_receiver /usr/local/lib/python3.8/dist-packages/taskflow/listeners/logging.py:190}}
Jun 28 21:49:43.644418 dv-cinder-798384-1-iscsi devstack@c-api.service[111392]: INFO cinder.api.openstack.wsgi [None req-1d6a9208-2448-49b8-8691-3254b3e50f77 tempest-VolumesActionsTest-1989714191 tempest-VolumesActionsTest-1989714191-project-admin] POST http://10.222.0.37/volume/v3/a0be55064ad742a98bb3fcce165d2203/volumes/d1053bd0-6e3e-49bc-a0f0-f9a7d80492c1/action
Jun 28 21:49:43.645037 dv-cinder-798384-1-iscsi devstack@c-api.service[111392]: /usr/local/lib/python3.8/dist-packages/webob/acceptparse.py:1047: DeprecationWarning: The behavior of AcceptValidHeader.best_match is currently being maintained for backward compatibility, but it will be deprecated in the future, as it does not conform to the RFC.
Jun 28 21:49:43.645037 dv-cinder-798384-1-iscsi devstack@c-api.service[111392]: warnings.warn(
Jun 28 21:49:43.645702 dv-cinder-798384-1-iscsi devstack@c-api.service[111392]: DEBUG cinder.api.openstack.wsgi [None req-1d6a9208-2448-49b8-8691-3254b3e50f77 tempest-VolumesActionsTest-1989714191 tempest-VolumesActionsTest-1989714191-project-admin] Action body: b'{"os-reset_status": {"status": "attaching"}}' {{(pid=111392) get_method /opt/stack/cinder/cinder/api/openstack/wsgi.py:981}}
Jun 28 21:49:43.646300 dv-cinder-798384-1-iscsi devstack@c-api.service[111392]: DEBUG cinder.api.openstack.wsgi [None req-1d6a9208-2448-49b8-8691-3254b3e50f77 tempest-VolumesActionsTest-1989714191 tempest-VolumesActionsTest-1989714191-project-admin] Action: 'action', calling method: _reset_status, body: {"os-reset_status": {"status": "attaching"}} {{(pid=111392) _process_stack /opt/stack/cinder/cinder/api/openstack/wsgi.py:864}}
Jun 28 21:49:43.647374 dv-cinder-798384-1-iscsi devstack@c-api.service[111392]: DEBUG cinder.api.contrib.admin_actions [None req-1d6a9208-2448-49b8-8691-3254b3e50f77 tempest-VolumesActionsTest-1989714191 tempest-VolumesActionsTest-1989714191-project-admin] Updating volume 'd1053bd0-6e3e-49bc-a0f0-f9a7d80492c1' with '{'status': 'attaching'}' {{(pid=111392) _reset_status /opt/stack/cinder/cinder/api/contrib/admin_actions.py:100}}
Jun 28 21:49:43.694038 dv-cinder-798384-1-iscsi devstack@c-api.service[111391]: DEBUG cinder.volume.api [None req-513ccc3a-8fc7-4495-a3a7-f38120c0a14e tempest-VolumesImageMetadata-1000087342 tempest-VolumesImageMetadata-1000087342-project] Task 'cinder.volume.flows.api.create_volume.VolumeCastTask;volume:create' (840eabb7-7e05-40b4-97c0-ea87972b5ecd) transitioned into state 'SUCCESS' from state 'RUNNING' with result 'None' {{(pid=111391) _task_receiver /usr/local/lib/python3.8/dist-packages/taskflow/listeners/logging.py:178}}
Jun 28 21:49:43.694038 dv-cinder-798384-1-iscsi devstack@c-api.service[111391]: DEBUG cinder.volume.api [None req-513ccc3a-8fc7-4495-a3a7-f38120c0a14e tempest-VolumesImageMetadata-1000087342 tempest-VolumesImageMetadata-1000087342-project] Flow 'volume_create_api' (31f4f822-198f-4bd8-910b-3291adc65ac5) transitioned into state 'SUCCESS' from state 'RUNNING' {{(pid=111391) _flow_receiver /usr/local/lib/python3.8/dist-packages/taskflow/listeners/logging.py:141}}
Jun 28 21:49:43.694338 dv-cinder-798384-1-iscsi devstack@c-api.service[111391]: INFO cinder.volume.api [None req-513ccc3a-8fc7-4495-a3a7-f38120c0a14e tempest-VolumesImageMetadata-1000087342 tempest-VolumesImageMetadata-1000087342-project] Create volume request issued successfully.
Jun 28 21:49:43.704930 dv-cinder-798384-1-iscsi devstack@c-api.service[111392]: /usr/local/lib/python3.8/dist-packages/oslo_context/context.py:105: DeprecationWarning: Policy enforcement is depending on the value of is_admin. This key is deprecated. Please update your policy file to use the standard policy values.
Jun 28 21:49:43.704930 dv-cinder-798384-1-iscsi devstack@c-api.service[111392]: warnings.warn('Policy enforcement is depending on the value of '
Jun 28 21:49:43.710417 dv-cinder-798384-1-iscsi devstack@c-api.service[111391]: INFO cinder.api.openstack.wsgi [None req-513ccc3a-8fc7-4495-a3a7-f38120c0a14e tempest-VolumesImageMetadata-1000087342 tempest-VolumesImageMetadata-1000087342-project] http://10.222.0.37/volume/v3/22f3e910a4434d379833c3a1cbafe6ef/volumes returned with HTTP 202
Jun 28 21:49:43.714015 dv-cinder-798384-1-iscsi devstack@c-api.service[111391]: [pid: 111391|app: 0|req: 156/299] 10.222.0.37 () {60 vars in 1236 bytes} [Mon Jun 28 21:49:43 2021] POST /volume/v3/22f3e910a4434d379833c3a1cbafe6ef/volumes => generated 819 bytes in 697 msecs (HTTP/1.1 202) 7 headers in 291 bytes (1 switches on core 0)
Jun 28 21:49:43.725284 dv-cinder-798384-1-iscsi devstack@c-api.service[111391]: INFO cinder.api.openstack.wsgi [None req-ee9ddce8-47fa-49c1-919e-dd1c357492f8 tempest-DeleteServersTestJSON-120713493 tempest-DeleteServersTestJSON-120713493-project] GET http://10.222.0.37/volume/v3/a941585ad4894eff97520336313feeb2/volumes/157ae2f5-c27a-4be0-92f3-dd370a60dea9
Jun 28 21:49:43.726261 dv-cinder-798384-1-iscsi devstack@c-api.service[111391]: DEBUG cinder.api.openstack.wsgi [None req-ee9ddce8-47fa-49c1-919e-dd1c357492f8 tempest-DeleteServersTestJSON-120713493 tempest-DeleteServersTestJSON-120713493-project] Empty body provided in request {{(pid=111391) get_body /opt/stack/cinder/cinder/api/openstack/wsgi.py:713}}
Jun 28 21:49:43.726261 dv-cinder-798384-1-iscsi devstack@c-api.service[111391]: /usr/local/lib/python3.8/dist-packages/webob/acceptparse.py:1047: DeprecationWarning: The behavior of AcceptValidHeader.best_match is currently being maintained for backward compatibility, but it will be deprecated in the future, as it does not conform to the RFC.
Jun 28 21:49:43.726261 dv-cinder-798384-1-iscsi devstack@c-api.service[111391]: warnings.warn(
Jun 28 21:49:43.726939 dv-cinder-798384-1-iscsi devstack@c-api.service[111391]: DEBUG cinder.api.openstack.wsgi [None req-ee9ddce8-47fa-49c1-919e-dd1c357492f8 tempest-DeleteServersTestJSON-120713493 tempest-DeleteServersTestJSON-120713493-project] Calling method 'show' {{(pid=111391) _process_stack /opt/stack/cinder/cinder/api/openstack/wsgi.py:866}}
Jun 28 21:49:43.741334 dv-cinder-798384-1-iscsi devstack@c-api.service[111392]: INFO cinder.api.openstack.wsgi [None req-1d6a9208-2448-49b8-8691-3254b3e50f77 tempest-VolumesActionsTest-1989714191 tempest-VolumesActionsTest-1989714191-project-admin] http://10.222.0.37/volume/v3/a0be55064ad742a98bb3fcce165d2203/volumes/d1053bd0-6e3e-49bc-a0f0-f9a7d80492c1/action returned with HTTP 202
Jun 28 21:49:43.742514 dv-cinder-798384-1-iscsi devstack@c-api.service[111392]: [pid: 111392|app: 0|req: 144/300] 10.222.0.37 () {60 vars in 1367 bytes} [Mon Jun 28 21:49:43 2021] POST /volume/v3/a0be55064ad742a98bb3fcce165d2203/volumes/d1053bd0-6e3e-49bc-a0f0-f9a7d80492c1/action => generated 0 bytes in 314 msecs (HTTP/1.1 202) 7 headers in 289 bytes (1 switches on core 0)
Jun 28 21:49:43.747448 dv-cinder-798384-1-iscsi devstack@c-api.service[111392]: INFO cinder.api.openstack.wsgi [None req-95f82d99-54c2-4c14-b7d5-10b1ab424337 tempest-VolumesImageMetadata-1000087342 tempest-VolumesImageMetadata-1000087342-project] GET http://10.222.0.37/volume/v3/22f3e910a4434d379833c3a1cbafe6ef/volumes/72d21051-99a5-45f9-8be7-31f6cae18c63
Jun 28 21:49:43.748084 dv-cinder-798384-1-iscsi devstack@c-api.service[111391]: /usr/local/lib/python3.8/dist-packages/oslo_context/context.py:105: DeprecationWarning: Policy enforcement is depending on the value of is_admin. This key is deprecated. Please update your policy file to use the standard policy values.
Jun 28 21:49:43.748084 dv-cinder-798384-1-iscsi devstack@c-api.service[111391]: warnings.warn('Policy enforcement is depending on the value of '
Jun 28 21:49:43.748321 dv-cinder-798384-1-iscsi devstack@c-api.service[111392]: DEBUG cinder.api.openstack.wsgi [None req-95f82d99-54c2-4c14-b7d5-10b1ab424337 tempest-VolumesImageMetadata-1000087342 tempest-VolumesImageMetadata-1000087342-project] Empty body provided in request {{(pid=111392) get_body /opt/stack/cinder/cinder/api/openstack/wsgi.py:713}}
Jun 28 21:49:43.748624 dv-cinder-798384-1-iscsi devstack@c-api.service[111392]: /usr/local/lib/python3.8/dist-packages/webob/acceptparse.py:1047: DeprecationWarning: The behavior of AcceptValidHeader.best_match is currently being maintained for backward compatibility, but it will be deprecated in the future, as it does not conform to the RFC.
Jun 28 21:49:43.748624 dv-cinder-798384-1-iscsi devstack@c-api.service[111392]: warnings.warn(
Jun 28 21:49:43.749320 dv-cinder-798384-1-iscsi devstack@c-api.service[111392]: DEBUG cinder.api.openstack.wsgi [None req-95f82d99-54c2-4c14-b7d5-10b1ab424337 tempest-VolumesImageMetadata-1000087342 tempest-VolumesImageMetadata-1000087342-project] Calling method 'show' {{(pid=111392) _process_stack /opt/stack/cinder/cinder/api/openstack/wsgi.py:866}}
Jun 28 21:49:43.758659 dv-cinder-798384-1-iscsi devstack@c-api.service[111391]: INFO cinder.volume.api [None req-ee9ddce8-47fa-49c1-919e-dd1c357492f8 tempest-DeleteServersTestJSON-120713493 tempest-DeleteServersTestJSON-120713493-project] Volume info retrieved successfully.
Jun 28 21:49:43.768545 dv-cinder-798384-1-iscsi devstack@c-api.service[111392]: /usr/local/lib/python3.8/dist-packages/oslo_context/context.py:105: DeprecationWarning: Policy enforcement is depending on the value of is_admin. This key is deprecated. Please update your policy file to use the standard policy values.
Jun 28 21:49:43.768545 dv-cinder-798384-1-iscsi devstack@c-api.service[111392]: warnings.warn('Policy enforcement is depending on the value of '
Jun 28 21:49:43.774388 dv-cinder-798384-1-iscsi devstack@c-api.service[111391]: /usr/local/lib/python3.8/dist-packages/oslo_context/context.py:105: DeprecationWarning: Policy enforcement is depending on the value of is_admin. This key is deprecated. Please update your policy file to use the standard policy values.
Jun 28 21:49:43.774388 dv-cinder-798384-1-iscsi devstack@c-api.service[111391]: warnings.warn('Policy enforcement is depending on the value of '
Jun 28 21:49:43.781962 dv-cinder-798384-1-iscsi devstack@c-api.service[111392]: INFO cinder.volume.api [None req-95f82d99-54c2-4c14-b7d5-10b1ab424337 tempest-VolumesImageMetadata-1000087342 tempest-VolumesImageMetadata-1000087342-project] Volume info retrieved successfully.
Jun 28 21:49:43.786339 dv-cinder-798384-1-iscsi devstack@c-api.service[111391]: INFO cinder.api.openstack.wsgi [None req-ee9ddce8-47fa-49c1-919e-dd1c357492f8 tempest-DeleteServersTestJSON-120713493 tempest-DeleteServersTestJSON-120713493-project] http://10.222.0.37/volume/v3/a941585ad4894eff97520336313feeb2/volumes/157ae2f5-c27a-4be0-92f3-dd370a60dea9 returned with HTTP 200
Jun 28 21:49:43.788261 dv-cinder-798384-1-iscsi devstack@c-api.service[111391]: [pid: 111391|app: 0|req: 157/301] 10.222.0.37 () {58 vars in 1325 bytes} [Mon Jun 28 21:49:43 2021] GET /volume/v3/a941585ad4894eff97520336313feeb2/volumes/157ae2f5-c27a-4be0-92f3-dd370a60dea9 => generated 913 bytes in 74 msecs (HTTP/1.1 200) 7 headers in 285 bytes (1 switches on core 0)
Jun 28 21:49:43.792903 dv-cinder-798384-1-iscsi devstack@c-api.service[111391]: INFO cinder.api.openstack.wsgi [None req-2608e411-c18c-4e07-9938-120b406e8ea7 tempest-VolumesActionsTest-2029264420 tempest-VolumesActionsTest-2029264420-project] GET http://10.222.0.37/volume/v3/2cc04bc622ff42cc9bc60dc97cfc881b/volumes/d1053bd0-6e3e-49bc-a0f0-f9a7d80492c1
Jun 28 21:49:43.793371 dv-cinder-798384-1-iscsi devstack@c-api.service[111391]: DEBUG cinder.api.openstack.wsgi [None req-2608e411-c18c-4e07-9938-120b406e8ea7 tempest-VolumesActionsTest-2029264420 tempest-VolumesActionsTest-2029264420-project] Empty body provided in request {{(pid=111391) get_body /opt/stack/cinder/cinder/api/openstack/wsgi.py:713}}
Jun 28 21:49:43.793545 dv-cinder-798384-1-iscsi devstack@c-api.service[111391]: /usr/local/lib/python3.8/dist-packages/webob/acceptparse.py:1047: DeprecationWarning: The behavior of AcceptValidHeader.best_match is currently being maintained for backward compatibility, but it will be deprecated in the future, as it does not conform to the RFC.
Jun 28 21:49:43.793545 dv-cinder-798384-1-iscsi devstack@c-api.service[111391]: warnings.warn(
Jun 28 21:49:43.793923 dv-cinder-798384-1-iscsi devstack@c-api.service[111391]: DEBUG cinder.api.openstack.wsgi [None req-2608e411-c18c-4e07-9938-120b406e8ea7 tempest-VolumesActionsTest-2029264420 tempest-VolumesActionsTest-2029264420-project] Calling method 'show' {{(pid=111391) _process_stack /opt/stack/cinder/cinder/api/openstack/wsgi.py:866}}
Jun 28 21:49:43.810573 dv-cinder-798384-1-iscsi devstack@c-api.service[111392]: INFO cinder.api.openstack.wsgi [None req-95f82d99-54c2-4c14-b7d5-10b1ab424337 tempest-VolumesImageMetadata-1000087342 tempest-VolumesImageMetadata-1000087342-project] http://10.222.0.37/volume/v3/22f3e910a4434d379833c3a1cbafe6ef/volumes/72d21051-99a5-45f9-8be7-31f6cae18c63 returned with HTTP 200
Jun 28 21:49:43.819216 dv-cinder-798384-1-iscsi devstack@c-api.service[111391]: /usr/local/lib/python3.8/dist-packages/oslo_context/context.py:105: DeprecationWarning: Policy enforcement is depending on the value of is_admin. This key is deprecated. Please update your policy file to use the standard policy values.
Jun 28 21:49:43.819216 dv-cinder-798384-1-iscsi devstack@c-api.service[111391]: warnings.warn('Policy enforcement is depending on the value of '
Jun 28 21:49:43.819216 dv-cinder-798384-1-iscsi devstack@c-api.service[111391]: INFO cinder.volume.api [None req-2608e411-c18c-4e07-9938-120b406e8ea7 tempest-VolumesActionsTest-2029264420 tempest-VolumesActionsTest-2029264420-project] Volume info retrieved successfully.
Jun 28 21:49:43.820745 dv-cinder-798384-1-iscsi devstack@c-api.service[111392]: [pid: 111392|app: 0|req: 145/302] 10.222.0.37 () {58 vars in 1325 bytes} [Mon Jun 28 21:49:43 2021] GET /volume/v3/22f3e910a4434d379833c3a1cbafe6ef/volumes/72d21051-99a5-45f9-8be7-31f6cae18c63 => generated 887 bytes in 77 msecs (HTTP/1.1 200) 7 headers in 285 bytes (1 switches on core 0)
Jun 28 21:49:43.834004 dv-cinder-798384-1-iscsi devstack@c-api.service[111391]: INFO cinder.api.openstack.wsgi [None req-2608e411-c18c-4e07-9938-120b406e8ea7 tempest-VolumesActionsTest-2029264420 tempest-VolumesActionsTest-2029264420-project] http://10.222.0.37/volume/v3/2cc04bc622ff42cc9bc60dc97cfc881b/volumes/d1053bd0-6e3e-49bc-a0f0-f9a7d80492c1 returned with HTTP 200
Jun 28 21:49:43.834895 dv-cinder-798384-1-iscsi devstack@c-api.service[111391]: [pid: 111391|app: 0|req: 158/303] 10.222.0.37 () {58 vars in 1325 bytes} [Mon Jun 28 21:49:43 2021] GET /volume/v3/2cc04bc622ff42cc9bc60dc97cfc881b/volumes/d1053bd0-6e3e-49bc-a0f0-f9a7d80492c1 => generated 910 bytes in 46 msecs (HTTP/1.1 200) 7 headers in 285 bytes (1 switches on core 0)
Jun 28 21:49:43.850217 dv-cinder-798384-1-iscsi devstack@c-api.service[111392]: INFO cinder.api.openstack.wsgi [None req-94135b2b-3345-4873-8797-50d4a1b995c8 tempest-VolumesActionsTest-1989714191 tempest-VolumesActionsTest-1989714191-project-admin] POST http://10.222.0.37/volume/v3/a0be55064ad742a98bb3fcce165d2203/volumes/d1053bd0-6e3e-49bc-a0f0-f9a7d80492c1/action
Jun 28 21:49:43.850654 dv-cinder-798384-1-iscsi devstack@c-api.service[111392]: /usr/local/lib/python3.8/dist-packages/webob/acceptparse.py:1047: DeprecationWarning: The behavior of AcceptValidHeader.best_match is currently being maintained for backward compatibility, but it will be deprecated in the future, as it does not conform to the RFC.
Jun 28 21:49:43.850654 dv-cinder-798384-1-iscsi devstack@c-api.service[111392]: warnings.warn(
Jun 28 21:49:43.851057 dv-cinder-798384-1-iscsi devstack@c-api.service[111392]: DEBUG cinder.api.openstack.wsgi [None req-94135b2b-3345-4873-8797-50d4a1b995c8 tempest-VolumesActionsTest-1989714191 tempest-VolumesActionsTest-1989714191-project-admin] Action body: b'{"os-force_delete": {}}' {{(pid=111392) get_method /opt/stack/cinder/cinder/api/openstack/wsgi.py:981}}
Jun 28 21:49:43.851415 dv-cinder-798384-1-iscsi devstack@c-api.service[111392]: DEBUG cinder.api.openstack.wsgi [None req-94135b2b-3345-4873-8797-50d4a1b995c8 tempest-VolumesActionsTest-1989714191 tempest-VolumesActionsTest-1989714191-project-admin] Action: 'action', calling method: _force_delete, body: {"os-force_delete": {}} {{(pid=111392) _process_stack /opt/stack/cinder/cinder/api/openstack/wsgi.py:864}}
Jun 28 21:49:43.866693 dv-cinder-798384-1-iscsi devstack@c-api.service[111392]: /usr/local/lib/python3.8/dist-packages/oslo_context/context.py:105: DeprecationWarning: Policy enforcement is depending on the value of is_admin. This key is deprecated. Please update your policy file to use the standard policy values.
Jun 28 21:49:43.866693 dv-cinder-798384-1-iscsi devstack@c-api.service[111392]: warnings.warn('Policy enforcement is depending on the value of '
Jun 28 21:49:43.867504 dv-cinder-798384-1-iscsi devstack@c-api.service[111392]: INFO cinder.volume.api [None req-94135b2b-3345-4873-8797-50d4a1b995c8 tempest-VolumesActionsTest-1989714191 tempest-VolumesActionsTest-1989714191-project-admin] Volume info retrieved successfully.
Jun 28 21:49:43.902431 dv-cinder-798384-1-iscsi devstack@c-api.service[111392]: INFO cinder.volume.api [None req-94135b2b-3345-4873-8797-50d4a1b995c8 tempest-VolumesActionsTest-1989714191 tempest-VolumesActionsTest-1989714191-project-admin] Delete volume request issued successfully.
Jun 28 21:49:43.902906 dv-cinder-798384-1-iscsi devstack@c-api.service[111392]: INFO cinder.api.openstack.wsgi [None req-94135b2b-3345-4873-8797-50d4a1b995c8 tempest-VolumesActionsTest-1989714191 tempest-VolumesActionsTest-1989714191-project-admin] http://10.222.0.37/volume/v3/a0be55064ad742a98bb3fcce165d2203/volumes/d1053bd0-6e3e-49bc-a0f0-f9a7d80492c1/action returned with HTTP 202
Jun 28 21:49:43.906893 dv-cinder-798384-1-iscsi devstack@c-api.service[111392]: [pid: 111392|app: 0|req: 146/304] 10.222.0.37 () {60 vars in 1367 bytes} [Mon Jun 28 21:49:43 2021] POST /volume/v3/a0be55064ad742a98bb3fcce165d2203/volumes/d1053bd0-6e3e-49bc-a0f0-f9a7d80492c1/action => generated 0 bytes in 57 msecs (HTTP/1.1 202) 7 headers in 289 bytes (2 switches on core 0)
Jun 28 21:49:43.914737 dv-cinder-798384-1-iscsi devstack@c-api.service[111391]: INFO cinder.api.openstack.wsgi [None req-8c9da1ff-799e-4617-a0ad-0383b63681c4 tempest-VolumesActionsTest-2029264420 tempest-VolumesActionsTest-2029264420-project] GET http://10.222.0.37/volume/v3/2cc04bc622ff42cc9bc60dc97cfc881b/volumes/d1053bd0-6e3e-49bc-a0f0-f9a7d80492c1
Jun 28 21:49:43.915911 dv-cinder-798384-1-iscsi devstack@c-api.service[111391]: DEBUG cinder.api.openstack.wsgi [None req-8c9da1ff-799e-4617-a0ad-0383b63681c4 tempest-VolumesActionsTest-2029264420 tempest-VolumesActionsTest-2029264420-project] Empty body provided in request {{(pid=111391) get_body /opt/stack/cinder/cinder/api/openstack/wsgi.py:713}}
Jun 28 21:49:43.916307 dv-cinder-798384-1-iscsi devstack@c-api.service[111391]: /usr/local/lib/python3.8/dist-packages/webob/acceptparse.py:1047: DeprecationWarning: The behavior of AcceptValidHeader.best_match is currently being maintained for backward compatibility, but it will be deprecated in the future, as it does not conform to the RFC.
Jun 28 21:49:43.916307 dv-cinder-798384-1-iscsi devstack@c-api.service[111391]: warnings.warn(
Jun 28 21:49:43.917578 dv-cinder-798384-1-iscsi devstack@c-api.service[111391]: DEBUG cinder.api.openstack.wsgi [None req-8c9da1ff-799e-4617-a0ad-0383b63681c4 tempest-VolumesActionsTest-2029264420 tempest-VolumesActionsTest-2029264420-project] Calling method 'show' {{(pid=111391) _process_stack /opt/stack/cinder/cinder/api/openstack/wsgi.py:866}}
Jun 28 21:49:43.934158 dv-cinder-798384-1-iscsi devstack@c-api.service[111391]: /usr/local/lib/python3.8/dist-packages/oslo_context/context.py:105: DeprecationWarning: Policy enforcement is depending on the value of is_admin. This key is deprecated. Please update your policy file to use the standard policy values.
Jun 28 21:49:43.934158 dv-cinder-798384-1-iscsi devstack@c-api.service[111391]: warnings.warn('Policy enforcement is depending on the value of '
Jun 28 21:49:43.941360 dv-cinder-798384-1-iscsi devstack@c-api.service[111391]: INFO cinder.volume.api [None req-8c9da1ff-799e-4617-a0ad-0383b63681c4 tempest-VolumesActionsTest-2029264420 tempest-VolumesActionsTest-2029264420-project] Volume info retrieved successfully.
Jun 28 21:49:43.957165 dv-cinder-798384-1-iscsi devstack@c-api.service[111391]: INFO cinder.api.openstack.wsgi [None req-8c9da1ff-799e-4617-a0ad-0383b63681c4 tempest-VolumesActionsTest-2029264420 tempest-VolumesActionsTest-2029264420-project] http://10.222.0.37/volume/v3/2cc04bc622ff42cc9bc60dc97cfc881b/volumes/d1053bd0-6e3e-49bc-a0f0-f9a7d80492c1 returned with HTTP 200
Jun 28 21:49:43.958143 dv-cinder-798384-1-iscsi devstack@c-api.service[111391]: [pid: 111391|app: 0|req: 159/305] 10.222.0.37 () {58 vars in 1325 bytes} [Mon Jun 28 21:49:43 2021] GET /volume/v3/2cc04bc622ff42cc9bc60dc97cfc881b/volumes/d1053bd0-6e3e-49bc-a0f0-f9a7d80492c1 => generated 909 bytes in 48 msecs (HTTP/1.1 200) 7 headers in 285 bytes (1 switches on core 0)
Jun 28 21:49:44.123433 dv-cinder-798384-1-iscsi devstack@c-api.service[111392]: INFO cinder.api.openstack.wsgi [None req-2c6d1563-fe3d-4177-8fd6-bddc647d882f tempest-GroupSnapshotsTest-1314247667 tempest-GroupSnapshotsTest-1314247667-project] GET http://10.222.0.37/volume/v3/5f51b4f446db4a22ad1bfa8963400250/volumes/c1086dea-7ec0-4253-ad8a-88a3f70540e5
Jun 28 21:49:44.124230 dv-cinder-798384-1-iscsi devstack@c-api.service[111392]: DEBUG cinder.api.openstack.wsgi [None req-2c6d1563-fe3d-4177-8fd6-bddc647d882f tempest-GroupSnapshotsTest-1314247667 tempest-GroupSnapshotsTest-1314247667-project] Empty body provided in request {{(pid=111392) get_body /opt/stack/cinder/cinder/api/openstack/wsgi.py:713}}
Jun 28 21:49:44.124603 dv-cinder-798384-1-iscsi devstack@c-api.service[111392]: /usr/local/lib/python3.8/dist-packages/webob/acceptparse.py:1047: DeprecationWarning: The behavior of AcceptValidHeader.best_match is currently being maintained for backward compatibility, but it will be deprecated in the future, as it does not conform to the RFC.
Jun 28 21:49:44.124603 dv-cinder-798384-1-iscsi devstack@c-api.service[111392]: warnings.warn(
Jun 28 21:49:44.125203 dv-cinder-798384-1-iscsi devstack@c-api.service[111392]: DEBUG cinder.api.openstack.wsgi [None req-2c6d1563-fe3d-4177-8fd6-bddc647d882f tempest-GroupSnapshotsTest-1314247667 tempest-GroupSnapshotsTest-1314247667-project] Calling method 'show' {{(pid=111392) _process_stack /opt/stack/cinder/cinder/api/openstack/wsgi.py:866}}
Jun 28 21:49:44.143494 dv-cinder-798384-1-iscsi devstack@c-api.service[111392]: /usr/local/lib/python3.8/dist-packages/oslo_context/context.py:105: DeprecationWarning: Policy enforcement is depending on the value of is_admin. This key is deprecated. Please update your policy file to use the standard policy values.
Jun 28 21:49:44.143494 dv-cinder-798384-1-iscsi devstack@c-api.service[111392]: warnings.warn('Policy enforcement is depending on the value of '
Jun 28 21:49:44.154555 dv-cinder-798384-1-iscsi devstack@c-api.service[111392]: INFO cinder.volume.api [None req-2c6d1563-fe3d-4177-8fd6-bddc647d882f tempest-GroupSnapshotsTest-1314247667 tempest-GroupSnapshotsTest-1314247667-project] Volume info retrieved successfully.
Jun 28 21:49:44.169157 dv-cinder-798384-1-iscsi devstack@c-api.service[111392]: WARNING stevedore.named [None req-2c6d1563-fe3d-4177-8fd6-bddc647d882f tempest-GroupSnapshotsTest-1314247667 tempest-GroupSnapshotsTest-1314247667-project] Could not load cinder.keymgr.conf_key_mgr.ConfKeyManager
Jun 28 21:49:44.169572 dv-cinder-798384-1-iscsi devstack@c-api.service[111392]: WARNING castellan.key_manager [None req-2c6d1563-fe3d-4177-8fd6-bddc647d882f tempest-GroupSnapshotsTest-1314247667 tempest-GroupSnapshotsTest-1314247667-project] Deprecation Warning : cinder.keymgr.conf_key_mgr.ConfKeyManager is not a stevedore based driver, trying to load it as a class: stevedore.exception.NoMatches: No 'castellan.drivers' driver found, looking for 'cinder.keymgr.conf_key_mgr.ConfKeyManager'
Jun 28 21:49:44.176352 dv-cinder-798384-1-iscsi devstack@c-api.service[111392]: DEBUG oslo_db.sqlalchemy.engines [None req-2c6d1563-fe3d-4177-8fd6-bddc647d882f tempest-GroupSnapshotsTest-1314247667 tempest-GroupSnapshotsTest-1314247667-project] MySQL server mode set to STRICT_TRANS_TABLES,STRICT_ALL_TABLES,NO_ZERO_IN_DATE,NO_ZERO_DATE,ERROR_FOR_DIVISION_BY_ZERO,TRADITIONAL,NO_ENGINE_SUBSTITUTION {{(pid=111392) _check_effective_sql_mode /usr/local/lib/python3.8/dist-packages/oslo_db/sqlalchemy/engines.py:314}}
Jun 28 21:49:44.184238 dv-cinder-798384-1-iscsi devstack@c-api.service[111392]: /usr/local/lib/python3.8/dist-packages/oslo_context/context.py:105: DeprecationWarning: Policy enforcement is depending on the value of is_admin. This key is deprecated. Please update your policy file to use the standard policy values.
Jun 28 21:49:44.184238 dv-cinder-798384-1-iscsi devstack@c-api.service[111392]: warnings.warn('Policy enforcement is depending on the value of '
Jun 28 21:49:44.201632 dv-cinder-798384-1-iscsi devstack@c-api.service[111392]: INFO cinder.api.openstack.wsgi [None req-2c6d1563-fe3d-4177-8fd6-bddc647d882f tempest-GroupSnapshotsTest-1314247667 tempest-GroupSnapshotsTest-1314247667-project] http://10.222.0.37/volume/v3/5f51b4f446db4a22ad1bfa8963400250/volumes/c1086dea-7ec0-4253-ad8a-88a3f70540e5 returned with HTTP 200
Jun 28 21:49:44.202370 dv-cinder-798384-1-iscsi devstack@c-api.service[111392]: [pid: 111392|app: 0|req: 147/306] 10.222.0.37 () {60 vars in 1366 bytes} [Mon Jun 28 21:49:44 2021] GET /volume/v3/5f51b4f446db4a22ad1bfa8963400250/volumes/c1086dea-7ec0-4253-ad8a-88a3f70540e5 => generated 1000 bytes in 82 msecs (HTTP/1.1 200) 7 headers in 287 bytes (1 switches on core 0)
Jun 28 21:49:44.218266 dv-cinder-798384-1-iscsi devstack@c-api.service[111391]: INFO cinder.api.openstack.wsgi [None req-19b195c8-4274-4fa0-816d-6a83b3ddd329 tempest-GroupSnapshotsTest-1314247667 tempest-GroupSnapshotsTest-1314247667-project] POST http://10.222.0.37/volume/v3/5f51b4f446db4a22ad1bfa8963400250/group_snapshots
Jun 28 21:49:44.218699 dv-cinder-798384-1-iscsi devstack@c-api.service[111391]: /usr/local/lib/python3.8/dist-packages/webob/acceptparse.py:1047: DeprecationWarning: The behavior of AcceptValidHeader.best_match is currently being maintained for backward compatibility, but it will be deprecated in the future, as it does not conform to the RFC.
Jun 28 21:49:44.218699 dv-cinder-798384-1-iscsi devstack@c-api.service[111391]: warnings.warn(
Jun 28 21:49:44.219241 dv-cinder-798384-1-iscsi devstack@c-api.service[111391]: DEBUG cinder.api.openstack.wsgi [None req-19b195c8-4274-4fa0-816d-6a83b3ddd329 tempest-GroupSnapshotsTest-1314247667 tempest-GroupSnapshotsTest-1314247667-project] Action: 'create', calling method: version_select, body: {"group_snapshot": {"group_id": "a3bd7530-bec0-456d-95f8-77f544dde0c6", "name": "tempest-group_snapshot-1994000191"}} {{(pid=111391) _process_stack /opt/stack/cinder/cinder/api/openstack/wsgi.py:864}}
Jun 28 21:49:44.220839 dv-cinder-798384-1-iscsi devstack@c-api.service[111391]: DEBUG cinder.api.v3.group_snapshots [None req-19b195c8-4274-4fa0-816d-6a83b3ddd329 tempest-GroupSnapshotsTest-1314247667 tempest-GroupSnapshotsTest-1314247667-project] Creating new group_snapshot {'group_snapshot': {'group_id': 'a3bd7530-bec0-456d-95f8-77f544dde0c6', 'name': 'tempest-group_snapshot-1994000191'}} {{(pid=111391) create /opt/stack/cinder/cinder/api/v3/group_snapshots.py:154}}
Jun 28 21:49:44.229108 dv-cinder-798384-1-iscsi devstack@c-api.service[111391]: /usr/local/lib/python3.8/dist-packages/oslo_context/context.py:105: DeprecationWarning: Policy enforcement is depending on the value of is_admin. This key is deprecated. Please update your policy file to use the standard policy values.
Jun 28 21:49:44.229108 dv-cinder-798384-1-iscsi devstack@c-api.service[111391]: warnings.warn('Policy enforcement is depending on the value of '
Jun 28 21:49:44.236232 dv-cinder-798384-1-iscsi devstack@c-api.service[111391]: INFO cinder.api.v3.group_snapshots [None req-19b195c8-4274-4fa0-816d-6a83b3ddd329 tempest-GroupSnapshotsTest-1314247667 tempest-GroupSnapshotsTest-1314247667-project] Creating group_snapshot tempest-group_snapshot-1994000191.
Jun 28 21:49:44.326128 dv-cinder-798384-1-iscsi devstack@c-api.service[111391]: /usr/local/lib/python3.8/dist-packages/oslo_context/context.py:105: DeprecationWarning: Policy enforcement is depending on the value of is_admin. This key is deprecated. Please update your policy file to use the standard policy values.
Jun 28 21:49:44.326128 dv-cinder-798384-1-iscsi devstack@c-api.service[111391]: warnings.warn('Policy enforcement is depending on the value of '
Jun 28 21:49:44.362593 dv-cinder-798384-1-iscsi devstack@c-api.service[111391]: WARNING cinder.quota [None req-19b195c8-4274-4fa0-816d-6a83b3ddd329 tempest-GroupSnapshotsTest-1314247667 tempest-GroupSnapshotsTest-1314247667-project] Deprecated: Default quota for resource: snapshots_tempest-GroupSnapshotsTest-volume-type-1179715257 is set by the default quota flag: quota_snapshots_tempest-GroupSnapshotsTest-volume-type-1179715257, it is now deprecated. Please use the default quota class for default quota.
Jun 28 21:49:44.422477 dv-cinder-798384-1-iscsi devstack@c-api.service[111391]: DEBUG cinder.quota [None req-19b195c8-4274-4fa0-816d-6a83b3ddd329 tempest-GroupSnapshotsTest-1314247667 tempest-GroupSnapshotsTest-1314247667-project] Created reservations ['3d961930-c861-4b85-af14-9d41e911bf06', 'd656c940-6777-472b-aff3-eb1afd590555', 'f9ea7188-50e0-4b07-86d3-b7e7d6d27993', 'eb086495-e5f8-4426-adbb-676688336bdb'] {{(pid=111391) reserve /opt/stack/cinder/cinder/quota.py:755}}
Jun 28 21:49:44.508763 dv-cinder-798384-1-iscsi devstack@c-api.service[111391]: INFO cinder.api.openstack.wsgi [None req-19b195c8-4274-4fa0-816d-6a83b3ddd329 tempest-GroupSnapshotsTest-1314247667 tempest-GroupSnapshotsTest-1314247667-project] http://10.222.0.37/volume/v3/5f51b4f446db4a22ad1bfa8963400250/group_snapshots returned with HTTP 202
Jun 28 21:49:44.510009 dv-cinder-798384-1-iscsi devstack@c-api.service[111392]: INFO cinder.api.openstack.wsgi [None req-5418abf2-b6ec-4821-9179-58fb56dd493d tempest-VolumesListAdminTestJSON-452289207 tempest-VolumesListAdminTestJSON-452289207-project] GET http://10.222.0.37/volume/v3/3548416c1f534bedbc4d3c0b03507049/volumes
Jun 28 21:49:44.510347 dv-cinder-798384-1-iscsi devstack@c-api.service[111391]: [pid: 111391|app: 0|req: 160/307] 10.222.0.37 () {62 vars in 1301 bytes} [Mon Jun 28 21:49:44 2021] POST /volume/v3/5f51b4f446db4a22ad1bfa8963400250/group_snapshots => generated 168 bytes in 297 msecs (HTTP/1.1 202) 7 headers in 292 bytes (1 switches on core 0)
Jun 28 21:49:44.511101 dv-cinder-798384-1-iscsi devstack@c-api.service[111392]: DEBUG cinder.api.openstack.wsgi [None req-5418abf2-b6ec-4821-9179-58fb56dd493d tempest-VolumesListAdminTestJSON-452289207 tempest-VolumesListAdminTestJSON-452289207-project] Empty body provided in request {{(pid=111392) get_body /opt/stack/cinder/cinder/api/openstack/wsgi.py:713}}
Jun 28 21:49:44.511421 dv-cinder-798384-1-iscsi devstack@c-api.service[111392]: /usr/local/lib/python3.8/dist-packages/webob/acceptparse.py:1047: DeprecationWarning: The behavior of AcceptValidHeader.best_match is currently being maintained for backward compatibility, but it will be deprecated in the future, as it does not conform to the RFC.
Jun 28 21:49:44.511421 dv-cinder-798384-1-iscsi devstack@c-api.service[111392]: warnings.warn(
Jun 28 21:49:44.511960 dv-cinder-798384-1-iscsi devstack@c-api.service[111392]: DEBUG cinder.api.openstack.wsgi [None req-5418abf2-b6ec-4821-9179-58fb56dd493d tempest-VolumesListAdminTestJSON-452289207 tempest-VolumesListAdminTestJSON-452289207-project] Calling method 'index' {{(pid=111392) _process_stack /opt/stack/cinder/cinder/api/openstack/wsgi.py:866}}
Jun 28 21:49:44.512778 dv-cinder-798384-1-iscsi devstack@c-api.service[111392]: DEBUG cinder.api.api_utils [None req-5418abf2-b6ec-4821-9179-58fb56dd493d tempest-VolumesListAdminTestJSON-452289207 tempest-VolumesListAdminTestJSON-452289207-project] Removing options '' from query. {{(pid=111392) remove_invalid_filter_options /opt/stack/cinder/cinder/api/api_utils.py:73}}
Jun 28 21:49:44.514701 dv-cinder-798384-1-iscsi devstack@c-api.service[111392]: DEBUG cinder.volume.api [None req-5418abf2-b6ec-4821-9179-58fb56dd493d tempest-VolumesListAdminTestJSON-452289207 tempest-VolumesListAdminTestJSON-452289207-project] Searching by: MultiDict([('no_migration_targets', True)]). {{(pid=111392) get_all /opt/stack/cinder/cinder/volume/api.py:617}}
Jun 28 21:49:44.522289 dv-cinder-798384-1-iscsi devstack@c-api.service[111391]: INFO cinder.api.openstack.wsgi [None req-cd6d6d16-edaa-414a-9cd8-a689b27deb71 tempest-GroupSnapshotsTest-1314247667 tempest-GroupSnapshotsTest-1314247667-project] GET http://10.222.0.37/volume/v3/5f51b4f446db4a22ad1bfa8963400250/group_snapshots/2d4b40d9-235d-4125-bb71-7cd913ce72e0
Jun 28 21:49:44.522925 dv-cinder-798384-1-iscsi devstack@c-api.service[111391]: DEBUG cinder.api.openstack.wsgi [None req-cd6d6d16-edaa-414a-9cd8-a689b27deb71 tempest-GroupSnapshotsTest-1314247667 tempest-GroupSnapshotsTest-1314247667-project] Empty body provided in request {{(pid=111391) get_body /opt/stack/cinder/cinder/api/openstack/wsgi.py:713}}
Jun 28 21:49:44.523105 dv-cinder-798384-1-iscsi devstack@c-api.service[111391]: /usr/local/lib/python3.8/dist-packages/webob/acceptparse.py:1047: DeprecationWarning: The behavior of AcceptValidHeader.best_match is currently being maintained for backward compatibility, but it will be deprecated in the future, as it does not conform to the RFC.
Jun 28 21:49:44.523105 dv-cinder-798384-1-iscsi devstack@c-api.service[111391]: warnings.warn(
Jun 28 21:49:44.523573 dv-cinder-798384-1-iscsi devstack@c-api.service[111391]: DEBUG cinder.api.openstack.wsgi [None req-cd6d6d16-edaa-414a-9cd8-a689b27deb71 tempest-GroupSnapshotsTest-1314247667 tempest-GroupSnapshotsTest-1314247667-project] Calling method 'version_select' {{(pid=111391) _process_stack /opt/stack/cinder/cinder/api/openstack/wsgi.py:866}}
Jun 28 21:49:44.524061 dv-cinder-798384-1-iscsi devstack@c-api.service[111391]: DEBUG cinder.api.v3.group_snapshots [None req-cd6d6d16-edaa-414a-9cd8-a689b27deb71 tempest-GroupSnapshotsTest-1314247667 tempest-GroupSnapshotsTest-1314247667-project] show called for member 2d4b40d9-235d-4125-bb71-7cd913ce72e0 {{(pid=111391) show /opt/stack/cinder/cinder/api/v3/group_snapshots.py:58}}
Jun 28 21:49:44.530076 dv-cinder-798384-1-iscsi devstack@c-api.service[111391]: /usr/local/lib/python3.8/dist-packages/oslo_context/context.py:105: DeprecationWarning: Policy enforcement is depending on the value of is_admin. This key is deprecated. Please update your policy file to use the standard policy values.
Jun 28 21:49:44.530076 dv-cinder-798384-1-iscsi devstack@c-api.service[111391]: warnings.warn('Policy enforcement is depending on the value of '
Jun 28 21:49:44.537086 dv-cinder-798384-1-iscsi devstack@c-api.service[111391]: INFO cinder.api.openstack.wsgi [None req-cd6d6d16-edaa-414a-9cd8-a689b27deb71 tempest-GroupSnapshotsTest-1314247667 tempest-GroupSnapshotsTest-1314247667-project] http://10.222.0.37/volume/v3/5f51b4f446db4a22ad1bfa8963400250/group_snapshots/2d4b40d9-235d-4125-bb71-7cd913ce72e0 returned with HTTP 200
Jun 28 21:49:44.538261 dv-cinder-798384-1-iscsi devstack@c-api.service[111391]: [pid: 111391|app: 0|req: 161/308] 10.222.0.37 () {60 vars in 1390 bytes} [Mon Jun 28 21:49:44 2021] GET /volume/v3/5f51b4f446db4a22ad1bfa8963400250/group_snapshots/2d4b40d9-235d-4125-bb71-7cd913ce72e0 => generated 307 bytes in 21 msecs (HTTP/1.1 200) 7 headers in 286 bytes (1 switches on core 0)
Jun 28 21:49:44.573206 dv-cinder-798384-1-iscsi devstack@c-api.service[111392]: INFO cinder.volume.api [None req-5418abf2-b6ec-4821-9179-58fb56dd493d tempest-VolumesListAdminTestJSON-452289207 tempest-VolumesListAdminTestJSON-452289207-project] Get all volumes completed successfully.
Jun 28 21:49:44.575005 dv-cinder-798384-1-iscsi devstack@c-api.service[111392]: INFO cinder.api.openstack.wsgi [None req-5418abf2-b6ec-4821-9179-58fb56dd493d tempest-VolumesListAdminTestJSON-452289207 tempest-VolumesListAdminTestJSON-452289207-project] http://10.222.0.37/volume/v3/3548416c1f534bedbc4d3c0b03507049/volumes returned with HTTP 200
Jun 28 21:49:44.575807 dv-cinder-798384-1-iscsi devstack@c-api.service[111392]: [pid: 111392|app: 0|req: 148/309] 10.222.0.37 () {58 vars in 1214 bytes} [Mon Jun 28 21:49:44 2021] GET /volume/v3/3548416c1f534bedbc4d3c0b03507049/volumes => generated 15 bytes in 326 msecs (HTTP/1.1 200) 7 headers in 284 bytes (1 switches on core 0)
Jun 28 21:49:44.587389 dv-cinder-798384-1-iscsi devstack@c-api.service[111391]: INFO cinder.api.openstack.wsgi [None req-60c837cb-9129-4760-98bf-181ee21f0f4b tempest-VolumesListAdminTestJSON-452289207 tempest-VolumesListAdminTestJSON-452289207-project] POST http://10.222.0.37/volume/v3/3548416c1f534bedbc4d3c0b03507049/volumes
Jun 28 21:49:44.587998 dv-cinder-798384-1-iscsi devstack@c-api.service[111391]: /usr/local/lib/python3.8/dist-packages/webob/acceptparse.py:1047: DeprecationWarning: The behavior of AcceptValidHeader.best_match is currently being maintained for backward compatibility, but it will be deprecated in the future, as it does not conform to the RFC.
Jun 28 21:49:44.587998 dv-cinder-798384-1-iscsi devstack@c-api.service[111391]: warnings.warn(
Jun 28 21:49:44.588156 dv-cinder-798384-1-iscsi devstack@c-api.service[111391]: DEBUG cinder.api.openstack.wsgi [None req-60c837cb-9129-4760-98bf-181ee21f0f4b tempest-VolumesListAdminTestJSON-452289207 tempest-VolumesListAdminTestJSON-452289207-project] Action: 'create', calling method: create, body: {"volume": {"size": 1, "name": "tempest-VolumesListAdminTestJSON-Volume-1883363736"}} {{(pid=111391) _process_stack /opt/stack/cinder/cinder/api/openstack/wsgi.py:864}}
Jun 28 21:49:44.589096 dv-cinder-798384-1-iscsi devstack@c-api.service[111391]: DEBUG cinder.api.v3.volumes [None req-60c837cb-9129-4760-98bf-181ee21f0f4b tempest-VolumesListAdminTestJSON-452289207 tempest-VolumesListAdminTestJSON-452289207-project] Create volume request body: {'volume': {'size': 1, 'name': 'tempest-VolumesListAdminTestJSON-Volume-1883363736'}} {{(pid=111391) create /opt/stack/cinder/cinder/api/v3/volumes.py:289}}
