Jun 29 14:29:04.596444 dv-cinder-798356-1-iscsi devstack@c-api.service[81114]: warnings.warn(
Jun 29 14:29:04.597835 dv-cinder-798356-1-iscsi devstack@c-api.service[81114]: DEBUG cinder.api.openstack.wsgi [None req-c3ba369c-c97f-4b94-ad2d-73e6e4e376c8 tempest-GroupSnapshotsTest-1181358442 tempest-GroupSnapshotsTest-1181358442-project] Calling method 'show' {{(pid=81114) _process_stack /opt/stack/cinder/cinder/api/openstack/wsgi.py:867}}
Jun 29 14:29:04.613464 dv-cinder-798356-1-iscsi devstack@c-api.service[81115]: /usr/local/lib/python3.8/dist-packages/oslo_context/context.py:105: DeprecationWarning: Policy enforcement is depending on the value of is_admin. This key is deprecated. Please update your policy file to use the standard policy values.
Jun 29 14:29:04.613464 dv-cinder-798356-1-iscsi devstack@c-api.service[81115]: warnings.warn('Policy enforcement is depending on the value of '
Jun 29 14:29:04.620026 dv-cinder-798356-1-iscsi devstack@c-api.service[81114]: INFO cinder.api.openstack.wsgi [None req-c3ba369c-c97f-4b94-ad2d-73e6e4e376c8 tempest-GroupSnapshotsTest-1181358442 tempest-GroupSnapshotsTest-1181358442-project] http://10.222.0.13/volume/v3/936a4820c8774113b8fca0fcdda1efaa/snapshots/652a2c93-9443-4d0b-b4bf-a83d7f96f275 returned with HTTP 404
Jun 29 14:29:04.620909 dv-cinder-798356-1-iscsi devstack@c-api.service[81114]: [pid: 81114|app: 0|req: 169/369] 10.222.0.13 () {58 vars in 1331 bytes} [Tue Jun 29 14:29:04 2021] GET /volume/v3/936a4820c8774113b8fca0fcdda1efaa/snapshots/652a2c93-9443-4d0b-b4bf-a83d7f96f275 => generated 111 bytes in 30 msecs (HTTP/1.1 404) 7 headers in 292 bytes (1 switches on core 0)
Jun 29 14:29:04.621896 dv-cinder-798356-1-iscsi devstack@c-api.service[81115]: INFO cinder.volume.api [None req-dbd9a0ba-0e1b-4472-a58c-a17e13e9e7c2 tempest-VolumesActionsTest-1257500582 tempest-VolumesActionsTest-1257500582-project] Volume info retrieved successfully.
Jun 29 14:29:04.628016 dv-cinder-798356-1-iscsi devstack@c-api.service[81114]: INFO cinder.api.openstack.wsgi [None req-d9c6a39f-7610-492b-82ab-3800b243a7e9 tempest-SnapshotsActionsTest-894298394 tempest-SnapshotsActionsTest-894298394-project] GET http://10.222.0.13/volume/v3/8664f04712a14f89ae329c3d8621fdcf/snapshots/b9798cb4-2e8a-454d-b6f9-a46dc4a067ff
Jun 29 14:29:04.629038 dv-cinder-798356-1-iscsi devstack@c-api.service[81114]: DEBUG cinder.api.openstack.wsgi [None req-d9c6a39f-7610-492b-82ab-3800b243a7e9 tempest-SnapshotsActionsTest-894298394 tempest-SnapshotsActionsTest-894298394-project] Empty body provided in request {{(pid=81114) get_body /opt/stack/cinder/cinder/api/openstack/wsgi.py:714}}
Jun 29 14:29:04.629461 dv-cinder-798356-1-iscsi devstack@c-api.service[81114]: DEBUG cinder.api.openstack.wsgi [None req-d9c6a39f-7610-492b-82ab-3800b243a7e9 tempest-SnapshotsActionsTest-894298394 tempest-SnapshotsActionsTest-894298394-project] Calling method 'show' {{(pid=81114) _process_stack /opt/stack/cinder/cinder/api/openstack/wsgi.py:867}}
Jun 29 14:29:04.653418 dv-cinder-798356-1-iscsi devstack@c-api.service[81114]: /usr/local/lib/python3.8/dist-packages/oslo_context/context.py:105: DeprecationWarning: Policy enforcement is depending on the value of is_admin. This key is deprecated. Please update your policy file to use the standard policy values.
Jun 29 14:29:04.653418 dv-cinder-798356-1-iscsi devstack@c-api.service[81114]: warnings.warn('Policy enforcement is depending on the value of '
Jun 29 14:29:04.654440 dv-cinder-798356-1-iscsi devstack@c-api.service[81114]: INFO cinder.volume.api [None req-d9c6a39f-7610-492b-82ab-3800b243a7e9 tempest-SnapshotsActionsTest-894298394 tempest-SnapshotsActionsTest-894298394-project] Snapshot retrieved successfully.
Jun 29 14:29:04.656262 dv-cinder-798356-1-iscsi devstack@c-api.service[81114]: INFO cinder.api.openstack.wsgi [None req-d9c6a39f-7610-492b-82ab-3800b243a7e9 tempest-SnapshotsActionsTest-894298394 tempest-SnapshotsActionsTest-894298394-project] http://10.222.0.13/volume/v3/8664f04712a14f89ae329c3d8621fdcf/snapshots/b9798cb4-2e8a-454d-b6f9-a46dc4a067ff returned with HTTP 200
Jun 29 14:29:04.656997 dv-cinder-798356-1-iscsi devstack@c-api.service[81114]: [pid: 81114|app: 0|req: 170/370] 10.222.0.13 () {58 vars in 1331 bytes} [Tue Jun 29 14:29:04 2021] GET /volume/v3/8664f04712a14f89ae329c3d8621fdcf/snapshots/b9798cb4-2e8a-454d-b6f9-a46dc4a067ff => generated 466 bytes in 33 msecs (HTTP/1.1 200) 7 headers in 285 bytes (1 switches on core 0)
Jun 29 14:29:04.661209 dv-cinder-798356-1-iscsi devstack@c-api.service[81114]: INFO cinder.api.openstack.wsgi [None req-d822d0bf-209f-4fd9-aa70-17859966f0f3 tempest-GroupSnapshotsTest-1181358442 tempest-GroupSnapshotsTest-1181358442-project] GET http://10.222.0.13/volume/v3/936a4820c8774113b8fca0fcdda1efaa/snapshots/4c102ef1-a1c6-4975-bb10-91f9b7f32355
Jun 29 14:29:04.661835 dv-cinder-798356-1-iscsi devstack@c-api.service[81114]: DEBUG cinder.api.openstack.wsgi [None req-d822d0bf-209f-4fd9-aa70-17859966f0f3 tempest-GroupSnapshotsTest-1181358442 tempest-GroupSnapshotsTest-1181358442-project] Empty body provided in request {{(pid=81114) get_body /opt/stack/cinder/cinder/api/openstack/wsgi.py:714}}
Jun 29 14:29:04.662125 dv-cinder-798356-1-iscsi devstack@c-api.service[81114]: /usr/local/lib/python3.8/dist-packages/webob/acceptparse.py:1047: DeprecationWarning: The behavior of AcceptValidHeader.best_match is currently being maintained for backward compatibility, but it will be deprecated in the future, as it does not conform to the RFC.
Jun 29 14:29:04.662125 dv-cinder-798356-1-iscsi devstack@c-api.service[81114]: warnings.warn(
Jun 29 14:29:04.662965 dv-cinder-798356-1-iscsi devstack@c-api.service[81114]: DEBUG cinder.api.openstack.wsgi [None req-d822d0bf-209f-4fd9-aa70-17859966f0f3 tempest-GroupSnapshotsTest-1181358442 tempest-GroupSnapshotsTest-1181358442-project] Calling method 'show' {{(pid=81114) _process_stack /opt/stack/cinder/cinder/api/openstack/wsgi.py:867}}
Jun 29 14:29:04.666631 dv-cinder-798356-1-iscsi devstack@c-api.service[81115]: INFO cinder.api.openstack.wsgi [None req-dbd9a0ba-0e1b-4472-a58c-a17e13e9e7c2 tempest-VolumesActionsTest-1257500582 tempest-VolumesActionsTest-1257500582-project] http://10.222.0.13/volume/v3/b0ee95ee6f794a608b8d1d262385cb74/volumes/d977aab3-e2f0-486e-bec4-cc0f122c082f returned with HTTP 200
Jun 29 14:29:04.667672 dv-cinder-798356-1-iscsi devstack@c-api.service[81115]: [pid: 81115|app: 0|req: 201/371] 10.222.0.13 () {58 vars in 1325 bytes} [Tue Jun 29 14:29:04 2021] GET /volume/v3/b0ee95ee6f794a608b8d1d262385cb74/volumes/d977aab3-e2f0-486e-bec4-cc0f122c082f => generated 909 bytes in 108 msecs (HTTP/1.1 200) 7 headers in 285 bytes (1 switches on core 0)
Jun 29 14:29:04.671781 dv-cinder-798356-1-iscsi devstack@c-api.service[81115]: INFO cinder.api.openstack.wsgi [None req-57d7df74-3d65-442b-9d25-df3a2b6a5bcb tempest-SnapshotsActionsTest-197793906 tempest-SnapshotsActionsTest-197793906-project-admin] POST http://10.222.0.13/volume/v3/c688918688db46d394b4d9fb7ed77de8/snapshots/b9798cb4-2e8a-454d-b6f9-a46dc4a067ff/action
Jun 29 14:29:04.672331 dv-cinder-798356-1-iscsi devstack@c-api.service[81115]: /usr/local/lib/python3.8/dist-packages/webob/acceptparse.py:1047: DeprecationWarning: The behavior of AcceptValidHeader.best_match is currently being maintained for backward compatibility, but it will be deprecated in the future, as it does not conform to the RFC.
Jun 29 14:29:04.672331 dv-cinder-798356-1-iscsi devstack@c-api.service[81115]: warnings.warn(
Jun 29 14:29:04.672935 dv-cinder-798356-1-iscsi devstack@c-api.service[81115]: DEBUG cinder.api.openstack.wsgi [None req-57d7df74-3d65-442b-9d25-df3a2b6a5bcb tempest-SnapshotsActionsTest-197793906 tempest-SnapshotsActionsTest-197793906-project-admin] Action body: b'{"os-reset_status": {"status": "error"}}' {{(pid=81115) get_method /opt/stack/cinder/cinder/api/openstack/wsgi.py:982}}
Jun 29 14:29:04.673419 dv-cinder-798356-1-iscsi devstack@c-api.service[81115]: DEBUG cinder.api.openstack.wsgi [None req-57d7df74-3d65-442b-9d25-df3a2b6a5bcb tempest-SnapshotsActionsTest-197793906 tempest-SnapshotsActionsTest-197793906-project-admin] Action: 'action', calling method: _reset_status, body: {"os-reset_status": {"status": "error"}} {{(pid=81115) _process_stack /opt/stack/cinder/cinder/api/openstack/wsgi.py:865}}
Jun 29 14:29:04.674375 dv-cinder-798356-1-iscsi devstack@c-api.service[81115]: DEBUG cinder.api.contrib.admin_actions [None req-57d7df74-3d65-442b-9d25-df3a2b6a5bcb tempest-SnapshotsActionsTest-197793906 tempest-SnapshotsActionsTest-197793906-project-admin] Updating snapshot 'b9798cb4-2e8a-454d-b6f9-a46dc4a067ff' with '{'status': 'error'}' {{(pid=81115) _reset_status /opt/stack/cinder/cinder/api/contrib/admin_actions.py:100}}
Jun 29 14:29:04.685914 dv-cinder-798356-1-iscsi devstack@c-api.service[81114]: INFO cinder.api.openstack.wsgi [None req-d822d0bf-209f-4fd9-aa70-17859966f0f3 tempest-GroupSnapshotsTest-1181358442 tempest-GroupSnapshotsTest-1181358442-project] http://10.222.0.13/volume/v3/936a4820c8774113b8fca0fcdda1efaa/snapshots/4c102ef1-a1c6-4975-bb10-91f9b7f32355 returned with HTTP 404
Jun 29 14:29:04.690389 dv-cinder-798356-1-iscsi devstack@c-api.service[81114]: [pid: 81114|app: 0|req: 171/372] 10.222.0.13 () {58 vars in 1331 bytes} [Tue Jun 29 14:29:04 2021] GET /volume/v3/936a4820c8774113b8fca0fcdda1efaa/snapshots/4c102ef1-a1c6-4975-bb10-91f9b7f32355 => generated 111 bytes in 32 msecs (HTTP/1.1 404) 7 headers in 292 bytes (1 switches on core 0)
Jun 29 14:29:04.694890 dv-cinder-798356-1-iscsi devstack@c-api.service[81114]: INFO cinder.api.openstack.wsgi [None req-df997afc-ea30-44c6-8173-c984972e0aae tempest-VolumesActionsTest-1017722466 tempest-VolumesActionsTest-1017722466-project-admin] POST http://10.222.0.13/volume/v3/5ea7bb470cc240acbc1907a32fd84649/volumes/d977aab3-e2f0-486e-bec4-cc0f122c082f/action
Jun 29 14:29:04.695711 dv-cinder-798356-1-iscsi devstack@c-api.service[81114]: DEBUG cinder.api.openstack.wsgi [None req-df997afc-ea30-44c6-8173-c984972e0aae tempest-VolumesActionsTest-1017722466 tempest-VolumesActionsTest-1017722466-project-admin] Action body: b'{"os-force_delete": {}}' {{(pid=81114) get_method /opt/stack/cinder/cinder/api/openstack/wsgi.py:982}}
Jun 29 14:29:04.696138 dv-cinder-798356-1-iscsi devstack@c-api.service[81114]: DEBUG cinder.api.openstack.wsgi [None req-df997afc-ea30-44c6-8173-c984972e0aae tempest-VolumesActionsTest-1017722466 tempest-VolumesActionsTest-1017722466-project-admin] Action: 'action', calling method: _force_delete, body: {"os-force_delete": {}} {{(pid=81114) _process_stack /opt/stack/cinder/cinder/api/openstack/wsgi.py:865}}
Jun 29 14:29:04.723074 dv-cinder-798356-1-iscsi devstack@c-api.service[81115]: /usr/local/lib/python3.8/dist-packages/oslo_context/context.py:105: DeprecationWarning: Policy enforcement is depending on the value of is_admin. This key is deprecated. Please update your policy file to use the standard policy values.
Jun 29 14:29:04.723074 dv-cinder-798356-1-iscsi devstack@c-api.service[81115]: warnings.warn('Policy enforcement is depending on the value of '
Jun 29 14:29:04.752162 dv-cinder-798356-1-iscsi devstack@c-api.service[81114]: /usr/local/lib/python3.8/dist-packages/oslo_context/context.py:105: DeprecationWarning: Policy enforcement is depending on the value of is_admin. This key is deprecated. Please update your policy file to use the standard policy values.
Jun 29 14:29:04.752162 dv-cinder-798356-1-iscsi devstack@c-api.service[81114]: warnings.warn('Policy enforcement is depending on the value of '
Jun 29 14:29:04.752983 dv-cinder-798356-1-iscsi devstack@c-api.service[81114]: INFO cinder.volume.api [None req-df997afc-ea30-44c6-8173-c984972e0aae tempest-VolumesActionsTest-1017722466 tempest-VolumesActionsTest-1017722466-project-admin] Volume info retrieved successfully.
Jun 29 14:29:04.761044 dv-cinder-798356-1-iscsi devstack@c-api.service[81115]: INFO cinder.api.openstack.wsgi [None req-57d7df74-3d65-442b-9d25-df3a2b6a5bcb tempest-SnapshotsActionsTest-197793906 tempest-SnapshotsActionsTest-197793906-project-admin] http://10.222.0.13/volume/v3/c688918688db46d394b4d9fb7ed77de8/snapshots/b9798cb4-2e8a-454d-b6f9-a46dc4a067ff/action returned with HTTP 202
Jun 29 14:29:04.765317 dv-cinder-798356-1-iscsi devstack@c-api.service[81115]: [pid: 81115|app: 0|req: 202/373] 10.222.0.13 () {60 vars in 1373 bytes} [Tue Jun 29 14:29:04 2021] POST /volume/v3/c688918688db46d394b4d9fb7ed77de8/snapshots/b9798cb4-2e8a-454d-b6f9-a46dc4a067ff/action => generated 0 bytes in 94 msecs (HTTP/1.1 202) 7 headers in 289 bytes (1 switches on core 0)
Jun 29 14:29:04.766312 dv-cinder-798356-1-iscsi devstack@c-api.service[81115]: INFO cinder.api.openstack.wsgi [None req-3fbb6cf0-6181-4818-a5a4-d937395f4340 tempest-GroupSnapshotsTest-1181358442 tempest-GroupSnapshotsTest-1181358442-project] GET http://10.222.0.13/volume/v3/936a4820c8774113b8fca0fcdda1efaa/group_snapshots/140af2e1-c5fb-4125-84bb-067eb291edca
Jun 29 14:29:04.766908 dv-cinder-798356-1-iscsi devstack@c-api.service[81115]: DEBUG cinder.api.openstack.wsgi [None req-3fbb6cf0-6181-4818-a5a4-d937395f4340 tempest-GroupSnapshotsTest-1181358442 tempest-GroupSnapshotsTest-1181358442-project] Empty body provided in request {{(pid=81115) get_body /opt/stack/cinder/cinder/api/openstack/wsgi.py:714}}
Jun 29 14:29:04.767146 dv-cinder-798356-1-iscsi devstack@c-api.service[81115]: /usr/local/lib/python3.8/dist-packages/webob/acceptparse.py:1047: DeprecationWarning: The behavior of AcceptValidHeader.best_match is currently being maintained for backward compatibility, but it will be deprecated in the future, as it does not conform to the RFC.
Jun 29 14:29:04.767146 dv-cinder-798356-1-iscsi devstack@c-api.service[81115]: warnings.warn(
Jun 29 14:29:04.767598 dv-cinder-798356-1-iscsi devstack@c-api.service[81115]: DEBUG cinder.api.openstack.wsgi [None req-3fbb6cf0-6181-4818-a5a4-d937395f4340 tempest-GroupSnapshotsTest-1181358442 tempest-GroupSnapshotsTest-1181358442-project] Calling method 'version_select' {{(pid=81115) _process_stack /opt/stack/cinder/cinder/api/openstack/wsgi.py:867}}
Jun 29 14:29:04.768023 dv-cinder-798356-1-iscsi devstack@c-api.service[81115]: DEBUG cinder.api.v3.group_snapshots [None req-3fbb6cf0-6181-4818-a5a4-d937395f4340 tempest-GroupSnapshotsTest-1181358442 tempest-GroupSnapshotsTest-1181358442-project] show called for member 140af2e1-c5fb-4125-84bb-067eb291edca {{(pid=81115) show /opt/stack/cinder/cinder/api/v3/group_snapshots.py:59}}
Jun 29 14:29:04.773320 dv-cinder-798356-1-iscsi devstack@c-api.service[81115]: INFO cinder.api.openstack.wsgi [None req-3fbb6cf0-6181-4818-a5a4-d937395f4340 tempest-GroupSnapshotsTest-1181358442 tempest-GroupSnapshotsTest-1181358442-project] http://10.222.0.13/volume/v3/936a4820c8774113b8fca0fcdda1efaa/group_snapshots/140af2e1-c5fb-4125-84bb-067eb291edca returned with HTTP 404
Jun 29 14:29:04.777901 dv-cinder-798356-1-iscsi devstack@c-api.service[81115]: [pid: 81115|app: 0|req: 203/374] 10.222.0.13 () {60 vars in 1390 bytes} [Tue Jun 29 14:29:04 2021] GET /volume/v3/936a4820c8774113b8fca0fcdda1efaa/group_snapshots/140af2e1-c5fb-4125-84bb-067eb291edca => generated 116 bytes in 12 msecs (HTTP/1.1 404) 7 headers in 293 bytes (1 switches on core 0)
Jun 29 14:29:04.779600 dv-cinder-798356-1-iscsi devstack@c-api.service[81115]: INFO cinder.api.openstack.wsgi [None req-70c71c91-2b13-49b1-a62d-5812a9d909d2 tempest-SnapshotsActionsTest-894298394 tempest-SnapshotsActionsTest-894298394-project] GET http://10.222.0.13/volume/v3/8664f04712a14f89ae329c3d8621fdcf/snapshots/b9798cb4-2e8a-454d-b6f9-a46dc4a067ff
Jun 29 14:29:04.780052 dv-cinder-798356-1-iscsi devstack@c-api.service[81115]: DEBUG cinder.api.openstack.wsgi [None req-70c71c91-2b13-49b1-a62d-5812a9d909d2 tempest-SnapshotsActionsTest-894298394 tempest-SnapshotsActionsTest-894298394-project] Empty body provided in request {{(pid=81115) get_body /opt/stack/cinder/cinder/api/openstack/wsgi.py:714}}
Jun 29 14:29:04.780507 dv-cinder-798356-1-iscsi devstack@c-api.service[81115]: DEBUG cinder.api.openstack.wsgi [None req-70c71c91-2b13-49b1-a62d-5812a9d909d2 tempest-SnapshotsActionsTest-894298394 tempest-SnapshotsActionsTest-894298394-project] Calling method 'show' {{(pid=81115) _process_stack /opt/stack/cinder/cinder/api/openstack/wsgi.py:867}}
Jun 29 14:29:04.790840 dv-cinder-798356-1-iscsi devstack@c-api.service[81114]: INFO cinder.volume.api [None req-df997afc-ea30-44c6-8173-c984972e0aae tempest-VolumesActionsTest-1017722466 tempest-VolumesActionsTest-1017722466-project-admin] Delete volume request issued successfully.
Jun 29 14:29:04.791426 dv-cinder-798356-1-iscsi devstack@c-api.service[81114]: INFO cinder.api.openstack.wsgi [None req-df997afc-ea30-44c6-8173-c984972e0aae tempest-VolumesActionsTest-1017722466 tempest-VolumesActionsTest-1017722466-project-admin] http://10.222.0.13/volume/v3/5ea7bb470cc240acbc1907a32fd84649/volumes/d977aab3-e2f0-486e-bec4-cc0f122c082f/action returned with HTTP 202
Jun 29 14:29:04.792835 dv-cinder-798356-1-iscsi devstack@c-api.service[81114]: [pid: 81114|app: 0|req: 172/375] 10.222.0.13 () {60 vars in 1367 bytes} [Tue Jun 29 14:29:04 2021] POST /volume/v3/5ea7bb470cc240acbc1907a32fd84649/volumes/d977aab3-e2f0-486e-bec4-cc0f122c082f/action => generated 0 bytes in 102 msecs (HTTP/1.1 202) 7 headers in 289 bytes (1 switches on core 0)
Jun 29 14:29:04.797268 dv-cinder-798356-1-iscsi devstack@c-api.service[81114]: INFO cinder.api.openstack.wsgi [None req-60d5fe9d-c2c8-465c-a4c3-ccc19f7641bc tempest-GroupSnapshotsTest-1181358442 tempest-GroupSnapshotsTest-1181358442-project] DELETE http://10.222.0.13/volume/v3/936a4820c8774113b8fca0fcdda1efaa/group_snapshots/140af2e1-c5fb-4125-84bb-067eb291edca
Jun 29 14:29:04.797925 dv-cinder-798356-1-iscsi devstack@c-api.service[81114]: DEBUG cinder.api.openstack.wsgi [None req-60d5fe9d-c2c8-465c-a4c3-ccc19f7641bc tempest-GroupSnapshotsTest-1181358442 tempest-GroupSnapshotsTest-1181358442-project] Empty body provided in request {{(pid=81114) get_body /opt/stack/cinder/cinder/api/openstack/wsgi.py:714}}
Jun 29 14:29:04.798191 dv-cinder-798356-1-iscsi devstack@c-api.service[81114]: /usr/local/lib/python3.8/dist-packages/webob/acceptparse.py:1047: DeprecationWarning: The behavior of AcceptValidHeader.best_match is currently being maintained for backward compatibility, but it will be deprecated in the future, as it does not conform to the RFC.
Jun 29 14:29:04.798191 dv-cinder-798356-1-iscsi devstack@c-api.service[81114]: warnings.warn(
Jun 29 14:29:04.798858 dv-cinder-798356-1-iscsi devstack@c-api.service[81114]: DEBUG cinder.api.openstack.wsgi [None req-60d5fe9d-c2c8-465c-a4c3-ccc19f7641bc tempest-GroupSnapshotsTest-1181358442 tempest-GroupSnapshotsTest-1181358442-project] Calling method 'version_select' {{(pid=81114) _process_stack /opt/stack/cinder/cinder/api/openstack/wsgi.py:867}}
Jun 29 14:29:04.799291 dv-cinder-798356-1-iscsi devstack@c-api.service[81114]: DEBUG cinder.api.v3.group_snapshots [None req-60d5fe9d-c2c8-465c-a4c3-ccc19f7641bc tempest-GroupSnapshotsTest-1181358442 tempest-GroupSnapshotsTest-1181358442-project] delete called for member 140af2e1-c5fb-4125-84bb-067eb291edca {{(pid=81114) delete /opt/stack/cinder/cinder/api/v3/group_snapshots.py:73}}
Jun 29 14:29:04.799975 dv-cinder-798356-1-iscsi devstack@c-api.service[81114]: INFO cinder.api.v3.group_snapshots [None req-60d5fe9d-c2c8-465c-a4c3-ccc19f7641bc tempest-GroupSnapshotsTest-1181358442 tempest-GroupSnapshotsTest-1181358442-project] Delete group_snapshot with id: 140af2e1-c5fb-4125-84bb-067eb291edca
Jun 29 14:29:04.804370 dv-cinder-798356-1-iscsi devstack@c-api.service[81115]: /usr/local/lib/python3.8/dist-packages/oslo_context/context.py:105: DeprecationWarning: Policy enforcement is depending on the value of is_admin. This key is deprecated. Please update your policy file to use the standard policy values.
Jun 29 14:29:04.804370 dv-cinder-798356-1-iscsi devstack@c-api.service[81115]: warnings.warn('Policy enforcement is depending on the value of '
Jun 29 14:29:04.805373 dv-cinder-798356-1-iscsi devstack@c-api.service[81115]: INFO cinder.volume.api [None req-70c71c91-2b13-49b1-a62d-5812a9d909d2 tempest-SnapshotsActionsTest-894298394 tempest-SnapshotsActionsTest-894298394-project] Snapshot retrieved successfully.
Jun 29 14:29:04.806148 dv-cinder-798356-1-iscsi devstack@c-api.service[81114]: INFO cinder.api.openstack.wsgi [None req-60d5fe9d-c2c8-465c-a4c3-ccc19f7641bc tempest-GroupSnapshotsTest-1181358442 tempest-GroupSnapshotsTest-1181358442-project] http://10.222.0.13/volume/v3/936a4820c8774113b8fca0fcdda1efaa/group_snapshots/140af2e1-c5fb-4125-84bb-067eb291edca returned with HTTP 404
Jun 29 14:29:04.810517 dv-cinder-798356-1-iscsi devstack@c-api.service[81114]: [pid: 81114|app: 0|req: 173/376] 10.222.0.13 () {60 vars in 1393 bytes} [Tue Jun 29 14:29:04 2021] DELETE /volume/v3/936a4820c8774113b8fca0fcdda1efaa/group_snapshots/140af2e1-c5fb-4125-84bb-067eb291edca => generated 116 bytes in 14 msecs (HTTP/1.1 404) 7 headers in 293 bytes (1 switches on core 0)
Jun 29 14:29:04.810678 dv-cinder-798356-1-iscsi devstack@c-api.service[81115]: INFO cinder.api.openstack.wsgi [None req-70c71c91-2b13-49b1-a62d-5812a9d909d2 tempest-SnapshotsActionsTest-894298394 tempest-SnapshotsActionsTest-894298394-project] http://10.222.0.13/volume/v3/8664f04712a14f89ae329c3d8621fdcf/snapshots/b9798cb4-2e8a-454d-b6f9-a46dc4a067ff returned with HTTP 200
Jun 29 14:29:04.810678 dv-cinder-798356-1-iscsi devstack@c-api.service[81115]: [pid: 81115|app: 0|req: 204/377] 10.222.0.13 () {58 vars in 1331 bytes} [Tue Jun 29 14:29:04 2021] GET /volume/v3/8664f04712a14f89ae329c3d8621fdcf/snapshots/b9798cb4-2e8a-454d-b6f9-a46dc4a067ff => generated 462 bytes in 33 msecs (HTTP/1.1 200) 7 headers in 285 bytes (1 switches on core 0)
Jun 29 14:29:04.813276 dv-cinder-798356-1-iscsi devstack@c-api.service[81114]: INFO cinder.api.openstack.wsgi [None req-d03eaf6f-4493-4f09-acba-cba33ff777d3 tempest-VolumesActionsTest-1257500582 tempest-VolumesActionsTest-1257500582-project] GET http://10.222.0.13/volume/v3/b0ee95ee6f794a608b8d1d262385cb74/volumes/d977aab3-e2f0-486e-bec4-cc0f122c082f
Jun 29 14:29:04.813812 dv-cinder-798356-1-iscsi devstack@c-api.service[81114]: DEBUG cinder.api.openstack.wsgi [None req-d03eaf6f-4493-4f09-acba-cba33ff777d3 tempest-VolumesActionsTest-1257500582 tempest-VolumesActionsTest-1257500582-project] Empty body provided in request {{(pid=81114) get_body /opt/stack/cinder/cinder/api/openstack/wsgi.py:714}}
Jun 29 14:29:04.814230 dv-cinder-798356-1-iscsi devstack@c-api.service[81114]: DEBUG cinder.api.openstack.wsgi [None req-d03eaf6f-4493-4f09-acba-cba33ff777d3 tempest-VolumesActionsTest-1257500582 tempest-VolumesActionsTest-1257500582-project] Calling method 'show' {{(pid=81114) _process_stack /opt/stack/cinder/cinder/api/openstack/wsgi.py:867}}
Jun 29 14:29:04.815167 dv-cinder-798356-1-iscsi devstack@c-api.service[81115]: INFO cinder.api.openstack.wsgi [None req-f04d2278-0002-40dc-8593-53054a62df62 tempest-GroupSnapshotsTest-1181358442 tempest-GroupSnapshotsTest-1181358442-project] GET http://10.222.0.13/volume/v3/936a4820c8774113b8fca0fcdda1efaa/volumes/detail
Jun 29 14:29:04.815824 dv-cinder-798356-1-iscsi devstack@c-api.service[81115]: DEBUG cinder.api.openstack.wsgi [None req-f04d2278-0002-40dc-8593-53054a62df62 tempest-GroupSnapshotsTest-1181358442 tempest-GroupSnapshotsTest-1181358442-project] Empty body provided in request {{(pid=81115) get_body /opt/stack/cinder/cinder/api/openstack/wsgi.py:714}}
Jun 29 14:29:04.816212 dv-cinder-798356-1-iscsi devstack@c-api.service[81115]: /usr/local/lib/python3.8/dist-packages/webob/acceptparse.py:1047: DeprecationWarning: The behavior of AcceptValidHeader.best_match is currently being maintained for backward compatibility, but it will be deprecated in the future, as it does not conform to the RFC.
Jun 29 14:29:04.816212 dv-cinder-798356-1-iscsi devstack@c-api.service[81115]: warnings.warn(
Jun 29 14:29:04.816706 dv-cinder-798356-1-iscsi devstack@c-api.service[81115]: DEBUG cinder.api.openstack.wsgi [None req-f04d2278-0002-40dc-8593-53054a62df62 tempest-GroupSnapshotsTest-1181358442 tempest-GroupSnapshotsTest-1181358442-project] Calling method 'detail' {{(pid=81115) _process_stack /opt/stack/cinder/cinder/api/openstack/wsgi.py:867}}
Jun 29 14:29:04.818112 dv-cinder-798356-1-iscsi devstack@c-api.service[81115]: DEBUG cinder.api.api_utils [None req-f04d2278-0002-40dc-8593-53054a62df62 tempest-GroupSnapshotsTest-1181358442 tempest-GroupSnapshotsTest-1181358442-project] Removing options '' from query. {{(pid=81115) remove_invalid_filter_options /opt/stack/cinder/cinder/api/api_utils.py:64}}
Jun 29 14:29:04.820153 dv-cinder-798356-1-iscsi devstack@c-api.service[81115]: DEBUG cinder.volume.api [None req-f04d2278-0002-40dc-8593-53054a62df62 tempest-GroupSnapshotsTest-1181358442 tempest-GroupSnapshotsTest-1181358442-project] Searching by: MultiDict([('no_migration_targets', True)]). {{(pid=81115) get_all /opt/stack/cinder/cinder/volume/api.py:622}}
Jun 29 14:29:04.861425 dv-cinder-798356-1-iscsi devstack@c-api.service[81114]: /usr/local/lib/python3.8/dist-packages/oslo_context/context.py:105: DeprecationWarning: Policy enforcement is depending on the value of is_admin. This key is deprecated. Please update your policy file to use the standard policy values.
Jun 29 14:29:04.861425 dv-cinder-798356-1-iscsi devstack@c-api.service[81114]: warnings.warn('Policy enforcement is depending on the value of '
Jun 29 14:29:04.873841 dv-cinder-798356-1-iscsi devstack@c-api.service[81114]: INFO cinder.volume.api [None req-d03eaf6f-4493-4f09-acba-cba33ff777d3 tempest-VolumesActionsTest-1257500582 tempest-VolumesActionsTest-1257500582-project] Volume info retrieved successfully.
Jun 29 14:29:04.876272 dv-cinder-798356-1-iscsi devstack@c-api.service[81115]: INFO cinder.volume.api [None req-f04d2278-0002-40dc-8593-53054a62df62 tempest-GroupSnapshotsTest-1181358442 tempest-GroupSnapshotsTest-1181358442-project] Get all volumes completed successfully.
Jun 29 14:29:04.877856 dv-cinder-798356-1-iscsi devstack@c-api.service[81115]: WARNING stevedore.named [None req-f04d2278-0002-40dc-8593-53054a62df62 tempest-GroupSnapshotsTest-1181358442 tempest-GroupSnapshotsTest-1181358442-project] Could not load cinder.keymgr.conf_key_mgr.ConfKeyManager
Jun 29 14:29:04.878481 dv-cinder-798356-1-iscsi devstack@c-api.service[81115]: WARNING castellan.key_manager [None req-f04d2278-0002-40dc-8593-53054a62df62 tempest-GroupSnapshotsTest-1181358442 tempest-GroupSnapshotsTest-1181358442-project] Deprecation Warning : cinder.keymgr.conf_key_mgr.ConfKeyManager is not a stevedore based driver, trying to load it as a class: stevedore.exception.NoMatches: No 'castellan.drivers' driver found, looking for 'cinder.keymgr.conf_key_mgr.ConfKeyManager'
Jun 29 14:29:04.886906 dv-cinder-798356-1-iscsi devstack@c-api.service[81115]: DEBUG oslo_db.sqlalchemy.engines [None req-f04d2278-0002-40dc-8593-53054a62df62 tempest-GroupSnapshotsTest-1181358442 tempest-GroupSnapshotsTest-1181358442-project] MySQL server mode set to STRICT_TRANS_TABLES,STRICT_ALL_TABLES,NO_ZERO_IN_DATE,NO_ZERO_DATE,ERROR_FOR_DIVISION_BY_ZERO,TRADITIONAL,NO_ENGINE_SUBSTITUTION {{(pid=81115) _check_effective_sql_mode /usr/local/lib/python3.8/dist-packages/oslo_db/sqlalchemy/engines.py:304}}
Jun 29 14:29:04.902657 dv-cinder-798356-1-iscsi devstack@c-api.service[81114]: INFO cinder.api.openstack.wsgi [None req-d03eaf6f-4493-4f09-acba-cba33ff777d3 tempest-VolumesActionsTest-1257500582 tempest-VolumesActionsTest-1257500582-project] http://10.222.0.13/volume/v3/b0ee95ee6f794a608b8d1d262385cb74/volumes/d977aab3-e2f0-486e-bec4-cc0f122c082f returned with HTTP 200
Jun 29 14:29:04.907470 dv-cinder-798356-1-iscsi devstack@c-api.service[81115]: /usr/local/lib/python3.8/dist-packages/oslo_context/context.py:105: DeprecationWarning: Policy enforcement is depending on the value of is_admin. This key is deprecated. Please update your policy file to use the standard policy values.
Jun 29 14:29:04.907470 dv-cinder-798356-1-iscsi devstack@c-api.service[81115]: warnings.warn('Policy enforcement is depending on the value of '
Jun 29 14:29:04.913306 dv-cinder-798356-1-iscsi devstack@c-api.service[81114]: [pid: 81114|app: 0|req: 174/378] 10.222.0.13 () {58 vars in 1325 bytes} [Tue Jun 29 14:29:04 2021] GET /volume/v3/b0ee95ee6f794a608b8d1d262385cb74/volumes/d977aab3-e2f0-486e-bec4-cc0f122c082f => generated 909 bytes in 105 msecs (HTTP/1.1 200) 7 headers in 285 bytes (1 switches on core 0)
Jun 29 14:29:04.917595 dv-cinder-798356-1-iscsi devstack@c-api.service[81114]: INFO cinder.api.openstack.wsgi [None req-d33c625c-39c7-458e-8c9b-ce196c87ac03 tempest-SnapshotsActionsTest-197793906 tempest-SnapshotsActionsTest-197793906-project-admin] POST http://10.222.0.13/volume/v3/c688918688db46d394b4d9fb7ed77de8/snapshots/b9798cb4-2e8a-454d-b6f9-a46dc4a067ff/action
Jun 29 14:29:04.918059 dv-cinder-798356-1-iscsi devstack@c-api.service[81114]: /usr/local/lib/python3.8/dist-packages/webob/acceptparse.py:1047: DeprecationWarning: The behavior of AcceptValidHeader.best_match is currently being maintained for backward compatibility, but it will be deprecated in the future, as it does not conform to the RFC.
Jun 29 14:29:04.918059 dv-cinder-798356-1-iscsi devstack@c-api.service[81114]: warnings.warn(
Jun 29 14:29:04.918452 dv-cinder-798356-1-iscsi devstack@c-api.service[81114]: DEBUG cinder.api.openstack.wsgi [None req-d33c625c-39c7-458e-8c9b-ce196c87ac03 tempest-SnapshotsActionsTest-197793906 tempest-SnapshotsActionsTest-197793906-project-admin] Action body: b'{"os-force_delete": {}}' {{(pid=81114) get_method /opt/stack/cinder/cinder/api/openstack/wsgi.py:982}}
Jun 29 14:29:04.918928 dv-cinder-798356-1-iscsi devstack@c-api.service[81114]: DEBUG cinder.api.openstack.wsgi [None req-d33c625c-39c7-458e-8c9b-ce196c87ac03 tempest-SnapshotsActionsTest-197793906 tempest-SnapshotsActionsTest-197793906-project-admin] Action: 'action', calling method: _force_delete, body: {"os-force_delete": {}} {{(pid=81114) _process_stack /opt/stack/cinder/cinder/api/openstack/wsgi.py:865}}
Jun 29 14:29:04.926172 dv-cinder-798356-1-iscsi devstack@c-api.service[81115]: WARNING stevedore.named [None req-f04d2278-0002-40dc-8593-53054a62df62 tempest-GroupSnapshotsTest-1181358442 tempest-GroupSnapshotsTest-1181358442-project] Could not load cinder.keymgr.conf_key_mgr.ConfKeyManager
Jun 29 14:29:04.926775 dv-cinder-798356-1-iscsi devstack@c-api.service[81115]: WARNING castellan.key_manager [None req-f04d2278-0002-40dc-8593-53054a62df62 tempest-GroupSnapshotsTest-1181358442 tempest-GroupSnapshotsTest-1181358442-project] Deprecation Warning : cinder.keymgr.conf_key_mgr.ConfKeyManager is not a stevedore based driver, trying to load it as a class: stevedore.exception.NoMatches: No 'castellan.drivers' driver found, looking for 'cinder.keymgr.conf_key_mgr.ConfKeyManager'
Jun 29 14:29:04.935530 dv-cinder-798356-1-iscsi devstack@c-api.service[81115]: DEBUG oslo_db.sqlalchemy.engines [None req-f04d2278-0002-40dc-8593-53054a62df62 tempest-GroupSnapshotsTest-1181358442 tempest-GroupSnapshotsTest-1181358442-project] MySQL server mode set to STRICT_TRANS_TABLES,STRICT_ALL_TABLES,NO_ZERO_IN_DATE,NO_ZERO_DATE,ERROR_FOR_DIVISION_BY_ZERO,TRADITIONAL,NO_ENGINE_SUBSTITUTION {{(pid=81115) _check_effective_sql_mode /usr/local/lib/python3.8/dist-packages/oslo_db/sqlalchemy/engines.py:304}}
Jun 29 14:29:04.947705 dv-cinder-798356-1-iscsi devstack@c-api.service[81114]: /usr/local/lib/python3.8/dist-packages/oslo_context/context.py:105: DeprecationWarning: Policy enforcement is depending on the value of is_admin. This key is deprecated. Please update your policy file to use the standard policy values.
Jun 29 14:29:04.947705 dv-cinder-798356-1-iscsi devstack@c-api.service[81114]: warnings.warn('Policy enforcement is depending on the value of '
Jun 29 14:29:04.948469 dv-cinder-798356-1-iscsi devstack@c-api.service[81114]: INFO cinder.volume.api [None req-d33c625c-39c7-458e-8c9b-ce196c87ac03 tempest-SnapshotsActionsTest-197793906 tempest-SnapshotsActionsTest-197793906-project-admin] Snapshot retrieved successfully.
Jun 29 14:29:04.952393 dv-cinder-798356-1-iscsi devstack@c-api.service[81115]: /usr/local/lib/python3.8/dist-packages/oslo_context/context.py:105: DeprecationWarning: Policy enforcement is depending on the value of is_admin. This key is deprecated. Please update your policy file to use the standard policy values.
Jun 29 14:29:04.952393 dv-cinder-798356-1-iscsi devstack@c-api.service[81115]: warnings.warn('Policy enforcement is depending on the value of '
Jun 29 14:29:04.993132 dv-cinder-798356-1-iscsi devstack@c-api.service[81115]: INFO cinder.api.openstack.wsgi [None req-f04d2278-0002-40dc-8593-53054a62df62 tempest-GroupSnapshotsTest-1181358442 tempest-GroupSnapshotsTest-1181358442-project] http://10.222.0.13/volume/v3/936a4820c8774113b8fca0fcdda1efaa/volumes/detail returned with HTTP 200
Jun 29 14:29:04.994714 dv-cinder-798356-1-iscsi devstack@c-api.service[81115]: [pid: 81115|app: 0|req: 205/379] 10.222.0.13 () {60 vars in 1276 bytes} [Tue Jun 29 14:29:04 2021] GET /volume/v3/936a4820c8774113b8fca0fcdda1efaa/volumes/detail => generated 1993 bytes in 183 msecs (HTTP/1.1 200) 7 headers in 287 bytes (2 switches on core 0)
Jun 29 14:29:05.011655 dv-cinder-798356-1-iscsi devstack@c-api.service[81115]: INFO cinder.api.openstack.wsgi [None req-08dd7da3-fc7d-4ff8-86cd-fdfc7bd30b35 tempest-GroupSnapshotsTest-1181358442 tempest-GroupSnapshotsTest-1181358442-project] POST http://10.222.0.13/volume/v3/936a4820c8774113b8fca0fcdda1efaa/groups/69ce556e-f89c-42a1-aa37-49ce50408b07/action
Jun 29 14:29:05.014024 dv-cinder-798356-1-iscsi devstack@c-api.service[81115]: /usr/local/lib/python3.8/dist-packages/webob/acceptparse.py:1047: DeprecationWarning: The behavior of AcceptValidHeader.best_match is currently being maintained for backward compatibility, but it will be deprecated in the future, as it does not conform to the RFC.
Jun 29 14:29:05.014024 dv-cinder-798356-1-iscsi devstack@c-api.service[81115]: warnings.warn(
Jun 29 14:29:05.014592 dv-cinder-798356-1-iscsi devstack@c-api.service[81115]: DEBUG cinder.api.openstack.wsgi [None req-08dd7da3-fc7d-4ff8-86cd-fdfc7bd30b35 tempest-GroupSnapshotsTest-1181358442 tempest-GroupSnapshotsTest-1181358442-project] Action body: b'{"delete": {"delete-volumes": true}}' {{(pid=81115) get_method /opt/stack/cinder/cinder/api/openstack/wsgi.py:982}}
Jun 29 14:29:05.014930 dv-cinder-798356-1-iscsi devstack@c-api.service[81115]: DEBUG cinder.api.openstack.wsgi [None req-08dd7da3-fc7d-4ff8-86cd-fdfc7bd30b35 tempest-GroupSnapshotsTest-1181358442 tempest-GroupSnapshotsTest-1181358442-project] Action: 'action', calling method: delete_group, body: {"delete": {"delete-volumes": true}} {{(pid=81115) _process_stack /opt/stack/cinder/cinder/api/openstack/wsgi.py:865}}
Jun 29 14:29:05.015852 dv-cinder-798356-1-iscsi devstack@c-api.service[81115]: DEBUG cinder.api.v3.groups [None req-08dd7da3-fc7d-4ff8-86cd-fdfc7bd30b35 tempest-GroupSnapshotsTest-1181358442 tempest-GroupSnapshotsTest-1181358442-project] delete called for group 69ce556e-f89c-42a1-aa37-49ce50408b07 {{(pid=81115) _delete /opt/stack/cinder/cinder/api/v3/groups.py:117}}
Jun 29 14:29:05.016190 dv-cinder-798356-1-iscsi devstack@c-api.service[81115]: INFO cinder.api.v3.groups [None req-08dd7da3-fc7d-4ff8-86cd-fdfc7bd30b35 tempest-GroupSnapshotsTest-1181358442 tempest-GroupSnapshotsTest-1181358442-project] Delete group with id: 69ce556e-f89c-42a1-aa37-49ce50408b07
Jun 29 14:29:05.036240 dv-cinder-798356-1-iscsi devstack@c-api.service[81115]: /usr/local/lib/python3.8/dist-packages/oslo_context/context.py:105: DeprecationWarning: Policy enforcement is depending on the value of is_admin. This key is deprecated. Please update your policy file to use the standard policy values.
Jun 29 14:29:05.036240 dv-cinder-798356-1-iscsi devstack@c-api.service[81115]: warnings.warn('Policy enforcement is depending on the value of '
Jun 29 14:29:05.044912 dv-cinder-798356-1-iscsi devstack@c-api.service[81114]: INFO cinder.volume.api [None req-d33c625c-39c7-458e-8c9b-ce196c87ac03 tempest-SnapshotsActionsTest-197793906 tempest-SnapshotsActionsTest-197793906-project-admin] Snapshot delete request issued successfully.
Jun 29 14:29:05.045568 dv-cinder-798356-1-iscsi devstack@c-api.service[81114]: INFO cinder.api.openstack.wsgi [None req-d33c625c-39c7-458e-8c9b-ce196c87ac03 tempest-SnapshotsActionsTest-197793906 tempest-SnapshotsActionsTest-197793906-project-admin] http://10.222.0.13/volume/v3/c688918688db46d394b4d9fb7ed77de8/snapshots/b9798cb4-2e8a-454d-b6f9-a46dc4a067ff/action returned with HTTP 202
Jun 29 14:29:05.046608 dv-cinder-798356-1-iscsi devstack@c-api.service[81114]: [pid: 81114|app: 0|req: 175/380] 10.222.0.13 () {60 vars in 1373 bytes} [Tue Jun 29 14:29:04 2021] POST /volume/v3/c688918688db46d394b4d9fb7ed77de8/snapshots/b9798cb4-2e8a-454d-b6f9-a46dc4a067ff/action => generated 0 bytes in 133 msecs (HTTP/1.1 202) 7 headers in 289 bytes (1 switches on core 0)
Jun 29 14:29:05.057647 dv-cinder-798356-1-iscsi devstack@c-api.service[81114]: INFO cinder.api.openstack.wsgi [None req-e2950622-6c15-4037-9b29-83ebe4d98cd9 tempest-SnapshotsActionsTest-894298394 tempest-SnapshotsActionsTest-894298394-project] GET http://10.222.0.13/volume/v3/8664f04712a14f89ae329c3d8621fdcf/snapshots/b9798cb4-2e8a-454d-b6f9-a46dc4a067ff
Jun 29 14:29:05.059892 dv-cinder-798356-1-iscsi devstack@c-api.service[81114]: DEBUG cinder.api.openstack.wsgi [None req-e2950622-6c15-4037-9b29-83ebe4d98cd9 tempest-SnapshotsActionsTest-894298394 tempest-SnapshotsActionsTest-894298394-project] Empty body provided in request {{(pid=81114) get_body /opt/stack/cinder/cinder/api/openstack/wsgi.py:714}}
Jun 29 14:29:05.060767 dv-cinder-798356-1-iscsi devstack@c-api.service[81114]: /usr/local/lib/python3.8/dist-packages/webob/acceptparse.py:1047: DeprecationWarning: The behavior of AcceptValidHeader.best_match is currently being maintained for backward compatibility, but it will be deprecated in the future, as it does not conform to the RFC.
Jun 29 14:29:05.060767 dv-cinder-798356-1-iscsi devstack@c-api.service[81114]: warnings.warn(
Jun 29 14:29:05.061475 dv-cinder-798356-1-iscsi devstack@c-api.service[81114]: DEBUG cinder.api.openstack.wsgi [None req-e2950622-6c15-4037-9b29-83ebe4d98cd9 tempest-SnapshotsActionsTest-894298394 tempest-SnapshotsActionsTest-894298394-project] Calling method 'show' {{(pid=81114) _process_stack /opt/stack/cinder/cinder/api/openstack/wsgi.py:867}}
Jun 29 14:29:05.098570 dv-cinder-798356-1-iscsi devstack@c-api.service[81114]: /usr/local/lib/python3.8/dist-packages/oslo_context/context.py:105: DeprecationWarning: Policy enforcement is depending on the value of is_admin. This key is deprecated. Please update your policy file to use the standard policy values.
Jun 29 14:29:05.098570 dv-cinder-798356-1-iscsi devstack@c-api.service[81114]: warnings.warn('Policy enforcement is depending on the value of '
Jun 29 14:29:05.099627 dv-cinder-798356-1-iscsi devstack@c-api.service[81114]: INFO cinder.volume.api [None req-e2950622-6c15-4037-9b29-83ebe4d98cd9 tempest-SnapshotsActionsTest-894298394 tempest-SnapshotsActionsTest-894298394-project] Snapshot retrieved successfully.
Jun 29 14:29:05.101682 dv-cinder-798356-1-iscsi devstack@c-api.service[81114]: INFO cinder.api.openstack.wsgi [None req-e2950622-6c15-4037-9b29-83ebe4d98cd9 tempest-SnapshotsActionsTest-894298394 tempest-SnapshotsActionsTest-894298394-project] http://10.222.0.13/volume/v3/8664f04712a14f89ae329c3d8621fdcf/snapshots/b9798cb4-2e8a-454d-b6f9-a46dc4a067ff returned with HTTP 200
Jun 29 14:29:05.102854 dv-cinder-798356-1-iscsi devstack@c-api.service[81114]: [pid: 81114|app: 0|req: 176/381] 10.222.0.13 () {58 vars in 1331 bytes} [Tue Jun 29 14:29:05 2021] GET /volume/v3/8664f04712a14f89ae329c3d8621fdcf/snapshots/b9798cb4-2e8a-454d-b6f9-a46dc4a067ff => generated 465 bytes in 52 msecs (HTTP/1.1 200) 7 headers in 285 bytes (2 switches on core 0)
Jun 29 14:29:05.225379 dv-cinder-798356-1-iscsi devstack@c-api.service[81114]: INFO cinder.api.openstack.wsgi [None req-112dd122-043d-4962-85b4-b33b05d66ae7 tempest-DeleteServersTestJSON-1248545699 tempest-DeleteServersTestJSON-1248545699-project] GET http://10.222.0.13/volume/v3/98c21011a694479d9020004a973e4a51/volumes/a180d500-04ef-4c1e-ae05-71eb0d0e9eeb
Jun 29 14:29:05.225984 dv-cinder-798356-1-iscsi devstack@c-api.service[81114]: DEBUG cinder.api.openstack.wsgi [None req-112dd122-043d-4962-85b4-b33b05d66ae7 tempest-DeleteServersTestJSON-1248545699 tempest-DeleteServersTestJSON-1248545699-project] Empty body provided in request {{(pid=81114) get_body /opt/stack/cinder/cinder/api/openstack/wsgi.py:714}}
Jun 29 14:29:05.226390 dv-cinder-798356-1-iscsi devstack@c-api.service[81114]: /usr/local/lib/python3.8/dist-packages/webob/acceptparse.py:1047: DeprecationWarning: The behavior of AcceptValidHeader.best_match is currently being maintained for backward compatibility, but it will be deprecated in the future, as it does not conform to the RFC.
Jun 29 14:29:05.226390 dv-cinder-798356-1-iscsi devstack@c-api.service[81114]: warnings.warn(
Jun 29 14:29:05.226936 dv-cinder-798356-1-iscsi devstack@c-api.service[81114]: DEBUG cinder.api.openstack.wsgi [None req-112dd122-043d-4962-85b4-b33b05d66ae7 tempest-DeleteServersTestJSON-1248545699 tempest-DeleteServersTestJSON-1248545699-project] Calling method 'show' {{(pid=81114) _process_stack /opt/stack/cinder/cinder/api/openstack/wsgi.py:867}}
Jun 29 14:29:05.278335 dv-cinder-798356-1-iscsi devstack@c-api.service[81114]: /usr/local/lib/python3.8/dist-packages/oslo_context/context.py:105: DeprecationWarning: Policy enforcement is depending on the value of is_admin. This key is deprecated. Please update your policy file to use the standard policy values.
Jun 29 14:29:05.278335 dv-cinder-798356-1-iscsi devstack@c-api.service[81114]: warnings.warn('Policy enforcement is depending on the value of '
Jun 29 14:29:05.285265 dv-cinder-798356-1-iscsi devstack@c-api.service[81115]: INFO cinder.api.openstack.wsgi [None req-08dd7da3-fc7d-4ff8-86cd-fdfc7bd30b35 tempest-GroupSnapshotsTest-1181358442 tempest-GroupSnapshotsTest-1181358442-project] http://10.222.0.13/volume/v3/936a4820c8774113b8fca0fcdda1efaa/groups/69ce556e-f89c-42a1-aa37-49ce50408b07/action returned with HTTP 202
Jun 29 14:29:05.286409 dv-cinder-798356-1-iscsi devstack@c-api.service[81115]: [pid: 81115|app: 0|req: 206/382] 10.222.0.13 () {62 vars in 1405 bytes} [Tue Jun 29 14:29:05 2021] POST /volume/v3/936a4820c8774113b8fca0fcdda1efaa/groups/69ce556e-f89c-42a1-aa37-49ce50408b07/action => generated 0 bytes in 279 msecs (HTTP/1.1 202) 6 headers in 234 bytes (1 switches on core 0)
Jun 29 14:29:05.288828 dv-cinder-798356-1-iscsi devstack@c-api.service[81114]: INFO cinder.volume.api [None req-112dd122-043d-4962-85b4-b33b05d66ae7 tempest-DeleteServersTestJSON-1248545699 tempest-DeleteServersTestJSON-1248545699-project] Volume info retrieved successfully.
Jun 29 14:29:05.296250 dv-cinder-798356-1-iscsi devstack@c-api.service[81115]: INFO cinder.api.openstack.wsgi [None req-c55dbebe-07e5-4d4d-bfc5-a0a14ade1829 tempest-GroupSnapshotsTest-1181358442 tempest-GroupSnapshotsTest-1181358442-project] GET http://10.222.0.13/volume/v3/936a4820c8774113b8fca0fcdda1efaa/volumes/082a533a-040a-45b5-b633-fc6683235865
Jun 29 14:29:05.296754 dv-cinder-798356-1-iscsi devstack@c-api.service[81115]: DEBUG cinder.api.openstack.wsgi [None req-c55dbebe-07e5-4d4d-bfc5-a0a14ade1829 tempest-GroupSnapshotsTest-1181358442 tempest-GroupSnapshotsTest-1181358442-project] Empty body provided in request {{(pid=81115) get_body /opt/stack/cinder/cinder/api/openstack/wsgi.py:714}}
Jun 29 14:29:05.296927 dv-cinder-798356-1-iscsi devstack@c-api.service[81115]: /usr/local/lib/python3.8/dist-packages/webob/acceptparse.py:1047: DeprecationWarning: The behavior of AcceptValidHeader.best_match is currently being maintained for backward compatibility, but it will be deprecated in the future, as it does not conform to the RFC.
Jun 29 14:29:05.296927 dv-cinder-798356-1-iscsi devstack@c-api.service[81115]: warnings.warn(
Jun 29 14:29:05.297236 dv-cinder-798356-1-iscsi devstack@c-api.service[81115]: DEBUG cinder.api.openstack.wsgi [None req-c55dbebe-07e5-4d4d-bfc5-a0a14ade1829 tempest-GroupSnapshotsTest-1181358442 tempest-GroupSnapshotsTest-1181358442-project] Calling method 'show' {{(pid=81115) _process_stack /opt/stack/cinder/cinder/api/openstack/wsgi.py:867}}
Jun 29 14:29:05.311019 dv-cinder-798356-1-iscsi devstack@c-api.service[81114]: INFO cinder.api.openstack.wsgi [None req-112dd122-043d-4962-85b4-b33b05d66ae7 tempest-DeleteServersTestJSON-1248545699 tempest-DeleteServersTestJSON-1248545699-project] http://10.222.0.13/volume/v3/98c21011a694479d9020004a973e4a51/volumes/a180d500-04ef-4c1e-ae05-71eb0d0e9eeb returned with HTTP 200
Jun 29 14:29:05.311892 dv-cinder-798356-1-iscsi devstack@c-api.service[81114]: [pid: 81114|app: 0|req: 177/383] 10.222.0.13 () {58 vars in 1325 bytes} [Tue Jun 29 14:29:05 2021] GET /volume/v3/98c21011a694479d9020004a973e4a51/volumes/a180d500-04ef-4c1e-ae05-71eb0d0e9eeb => generated 913 bytes in 93 msecs (HTTP/1.1 200) 7 headers in 285 bytes (1 switches on core 0)
Jun 29 14:29:05.326409 dv-cinder-798356-1-iscsi devstack@c-api.service[81114]: INFO cinder.api.openstack.wsgi [None req-cc49fcf1-d417-42b1-bd08-9fe877afdf1c tempest-DeleteServersTestJSON-1248545699 tempest-DeleteServersTestJSON-1248545699-project] GET http://10.222.0.13/volume/v3/98c21011a694479d9020004a973e4a51/volumes/a180d500-04ef-4c1e-ae05-71eb0d0e9eeb
Jun 29 14:29:05.326926 dv-cinder-798356-1-iscsi devstack@c-api.service[81114]: DEBUG cinder.api.openstack.wsgi [None req-cc49fcf1-d417-42b1-bd08-9fe877afdf1c tempest-DeleteServersTestJSON-1248545699 tempest-DeleteServersTestJSON-1248545699-project] Empty body provided in request {{(pid=81114) get_body /opt/stack/cinder/cinder/api/openstack/wsgi.py:714}}
Jun 29 14:29:05.327130 dv-cinder-798356-1-iscsi devstack@c-api.service[81114]: /usr/local/lib/python3.8/dist-packages/webob/acceptparse.py:1047: DeprecationWarning: The behavior of AcceptValidHeader.best_match is currently being maintained for backward compatibility, but it will be deprecated in the future, as it does not conform to the RFC.
Jun 29 14:29:05.327130 dv-cinder-798356-1-iscsi devstack@c-api.service[81114]: warnings.warn(
Jun 29 14:29:05.327442 dv-cinder-798356-1-iscsi devstack@c-api.service[81114]: DEBUG cinder.api.openstack.wsgi [None req-cc49fcf1-d417-42b1-bd08-9fe877afdf1c tempest-DeleteServersTestJSON-1248545699 tempest-DeleteServersTestJSON-1248545699-project] Calling method 'show' {{(pid=81114) _process_stack /opt/stack/cinder/cinder/api/openstack/wsgi.py:867}}
Jun 29 14:29:05.348526 dv-cinder-798356-1-iscsi devstack@c-api.service[81115]: /usr/local/lib/python3.8/dist-packages/oslo_context/context.py:105: DeprecationWarning: Policy enforcement is depending on the value of is_admin. This key is deprecated. Please update your policy file to use the standard policy values.
Jun 29 14:29:05.348526 dv-cinder-798356-1-iscsi devstack@c-api.service[81115]: warnings.warn('Policy enforcement is depending on the value of '
Jun 29 14:29:05.358127 dv-cinder-798356-1-iscsi devstack@c-api.service[81115]: INFO cinder.volume.api [None req-c55dbebe-07e5-4d4d-bfc5-a0a14ade1829 tempest-GroupSnapshotsTest-1181358442 tempest-GroupSnapshotsTest-1181358442-project] Volume info retrieved successfully.
Jun 29 14:29:05.370781 dv-cinder-798356-1-iscsi devstack@c-api.service[81115]: WARNING stevedore.named [None req-c55dbebe-07e5-4d4d-bfc5-a0a14ade1829 tempest-GroupSnapshotsTest-1181358442 tempest-GroupSnapshotsTest-1181358442-project] Could not load cinder.keymgr.conf_key_mgr.ConfKeyManager
Jun 29 14:29:05.371184 dv-cinder-798356-1-iscsi devstack@c-api.service[81115]: WARNING castellan.key_manager [None req-c55dbebe-07e5-4d4d-bfc5-a0a14ade1829 tempest-GroupSnapshotsTest-1181358442 tempest-GroupSnapshotsTest-1181358442-project] Deprecation Warning : cinder.keymgr.conf_key_mgr.ConfKeyManager is not a stevedore based driver, trying to load it as a class: stevedore.exception.NoMatches: No 'castellan.drivers' driver found, looking for 'cinder.keymgr.conf_key_mgr.ConfKeyManager'
Jun 29 14:29:05.380549 dv-cinder-798356-1-iscsi devstack@c-api.service[81115]: DEBUG oslo_db.sqlalchemy.engines [None req-c55dbebe-07e5-4d4d-bfc5-a0a14ade1829 tempest-GroupSnapshotsTest-1181358442 tempest-GroupSnapshotsTest-1181358442-project] MySQL server mode set to STRICT_TRANS_TABLES,STRICT_ALL_TABLES,NO_ZERO_IN_DATE,NO_ZERO_DATE,ERROR_FOR_DIVISION_BY_ZERO,TRADITIONAL,NO_ENGINE_SUBSTITUTION {{(pid=81115) _check_effective_sql_mode /usr/local/lib/python3.8/dist-packages/oslo_db/sqlalchemy/engines.py:304}}
Jun 29 14:29:05.382642 dv-cinder-798356-1-iscsi devstack@c-api.service[81114]: /usr/local/lib/python3.8/dist-packages/oslo_context/context.py:105: DeprecationWarning: Policy enforcement is depending on the value of is_admin. This key is deprecated. Please update your policy file to use the standard policy values.
Jun 29 14:29:05.382642 dv-cinder-798356-1-iscsi devstack@c-api.service[81114]: warnings.warn('Policy enforcement is depending on the value of '
Jun 29 14:29:05.387426 dv-cinder-798356-1-iscsi devstack@c-api.service[81115]: /usr/local/lib/python3.8/dist-packages/oslo_context/context.py:105: DeprecationWarning: Policy enforcement is depending on the value of is_admin. This key is deprecated. Please update your policy file to use the standard policy values.
Jun 29 14:29:05.387426 dv-cinder-798356-1-iscsi devstack@c-api.service[81115]: warnings.warn('Policy enforcement is depending on the value of '
Jun 29 14:29:05.390609 dv-cinder-798356-1-iscsi devstack@c-api.service[81114]: INFO cinder.volume.api [None req-cc49fcf1-d417-42b1-bd08-9fe877afdf1c tempest-DeleteServersTestJSON-1248545699 tempest-DeleteServersTestJSON-1248545699-project] Volume info retrieved successfully.
