Sep 21 12:31:28.522319 dv-cinder-798208-3-smb neutron-server[94483]: INFO neutron.wsgi [req-f6fdbb98-4c88-4cb4-aefe-b45e12f12ddb req-968eddb6-bb6b-41b8-a509-f5e347290047 tempest-ServerRescueNegativeTestJSON-1205969120 tempest-ServerRescueNegativeTestJSON-1205969120-project] 10.222.0.20 "GET /v2.0/security-groups?id=2ae1cec1-9fa6-487d-a705-620e3fc0e680&fields=id&fields=name HTTP/1.1" status: 200 len: 286 time: 0.0506694
Sep 21 12:31:28.525417 dv-cinder-798208-3-smb neutron-server[94482]: DEBUG neutron.api.rpc.handlers.resources_rpc [None req-9bfc0ff6-e464-4bb6-b5c1-2e82e53b8e5c admin admin] Pushing event deleted for resources: {'SecurityGroup': ['ID=cfe197b5-e4e3-4183-9782-807717b180bc,revision_number=None']} {{(pid=94482) push /opt/stack/neutron/neutron/api/rpc/handlers/resources_rpc.py:237}}
Sep 21 12:31:28.615420 dv-cinder-798208-3-smb neutron-server[94482]: DEBUG neutron_lib.callbacks.manager [None req-5375eb1a-bf57-48dc-8076-e8c77b2f7b1c admin admin] Notify callbacks [] for security_group, precommit_create {{(pid=94482) _notify_loop /usr/local/lib/python3.8/dist-packages/neutron_lib/callbacks/manager.py:192}}
Sep 21 12:31:28.660715 dv-cinder-798208-3-smb neutron-server[94483]: INFO neutron.wsgi [req-7b898f48-d865-46fc-973d-c90857295f81 req-6a21bad3-fa97-4a6e-91bd-e4fa182673e0 service neutron] 10.222.0.20 "GET /v2.0/networks/c3a9a341-0a9f-4613-9bbb-951eee458ba9?fields=provider%3Aphysical_network&fields=provider%3Anetwork_type HTTP/1.1" status: 200 len: 281 time: 0.1341743
Sep 21 12:31:28.725491 dv-cinder-798208-3-smb neutron-server[94482]: DEBUG neutron_lib.callbacks.manager [None req-5375eb1a-bf57-48dc-8076-e8c77b2f7b1c admin admin] Notify callbacks ['neutron.plugins.ml2.ovo_rpc._ObjectChangeHandler.handle_event-3678676'] for security_group, after_create {{(pid=94482) _notify_loop /usr/local/lib/python3.8/dist-packages/neutron_lib/callbacks/manager.py:192}}
Sep 21 12:31:28.740338 dv-cinder-798208-3-smb neutron-server[94483]: DEBUG neutron.pecan_wsgi.hooks.policy_enforcement [req-7e990280-f650-4d10-8a70-da319a970493 req-8883071b-c556-42b9-9e8a-e4c80b00419a tempest-AttachVolumeNegativeTest-1980707786 tempest-AttachVolumeNegativeTest-1980707786-project] Attributes excluded by policy engine: ['standard_attr_id', 'vlan_transparent', 'provider:network_type', 'provider:physical_network', 'provider:segmentation_id'] {{(pid=94483) _exclude_attributes_by_policy /opt/stack/neutron/neutron/pecan_wsgi/hooks/policy_enforcement.py:255}}
Sep 21 12:31:28.741895 dv-cinder-798208-3-smb neutron-server[94483]: INFO neutron.wsgi [req-7e990280-f650-4d10-8a70-da319a970493 req-8883071b-c556-42b9-9e8a-e4c80b00419a tempest-AttachVolumeNegativeTest-1980707786 tempest-AttachVolumeNegativeTest-1980707786-project] 10.222.0.20 "GET /v2.0/networks?id=dab0fbc3-17a9-4efc-a234-801554a2d0ed HTTP/1.1" status: 200 len: 814 time: 0.1139975
Sep 21 12:31:28.759914 dv-cinder-798208-3-smb neutron-server[94483]: INFO neutron.wsgi [req-7e990280-f650-4d10-8a70-da319a970493 req-de194e19-06f2-401e-9419-6f0aabb5fed6 tempest-AttachVolumeNegativeTest-1980707786 tempest-AttachVolumeNegativeTest-1980707786-project] 10.222.0.20 "GET /v2.0/quotas/62f823c4e3c0472baf23ebdb1daee410 HTTP/1.1" status: 200 len: 375 time: 0.0119901
Sep 21 12:31:28.771852 dv-cinder-798208-3-smb neutron-server[94482]: DEBUG neutron.api.rpc.handlers.resources_rpc [None req-5375eb1a-bf57-48dc-8076-e8c77b2f7b1c admin admin] Pushing event updated for resources: {'SecurityGroup': ['ID=92768278-73c7-4d2c-8905-eed8cdd2237d,revision_number=1']} {{(pid=94482) push /opt/stack/neutron/neutron/api/rpc/handlers/resources_rpc.py:237}}
Sep 21 12:31:28.780521 dv-cinder-798208-3-smb neutron-server[94482]: INFO neutron.wsgi [None req-5375eb1a-bf57-48dc-8076-e8c77b2f7b1c admin admin] 10.222.0.20 "GET /v2.0/security-groups?tenant_id=3be7c42b9e8d401ca57634e0a46ad7e5&name=default HTTP/1.1" status: 200 len: 2979 time: 0.3118956
Sep 21 12:31:28.781644 dv-cinder-798208-3-smb neutron-server[94482]: DEBUG neutron.wsgi [-] (94482) accepted ('10.222.0.20', 38808) {{(pid=94482) server /usr/local/lib/python3.8/dist-packages/eventlet/wsgi.py:982}}
Sep 21 12:31:28.842029 dv-cinder-798208-3-smb neutron-server[94482]: DEBUG neutron_lib.callbacks.manager [None req-6aefebea-5c05-4429-85ee-1d662bf8d30e admin admin] Notify callbacks [] for security_group, before_delete {{(pid=94482) _notify_loop /usr/local/lib/python3.8/dist-packages/neutron_lib/callbacks/manager.py:192}}
Sep 21 12:31:28.847311 dv-cinder-798208-3-smb neutron-server[94483]: INFO neutron.wsgi [req-7e990280-f650-4d10-8a70-da319a970493 req-feb19fc0-e5dc-49df-8322-a3c3c041dd0a tempest-AttachVolumeNegativeTest-1980707786 tempest-AttachVolumeNegativeTest-1980707786-project] 10.222.0.20 "GET /v2.0/ports?tenant_id=62f823c4e3c0472baf23ebdb1daee410&fields=id HTTP/1.1" status: 200 len: 255 time: 0.0796611
Sep 21 12:31:28.866286 dv-cinder-798208-3-smb neutron-server[94482]: DEBUG neutron_lib.callbacks.manager [None req-6aefebea-5c05-4429-85ee-1d662bf8d30e admin admin] Notify callbacks [] for security_group, precommit_delete {{(pid=94482) _notify_loop /usr/local/lib/python3.8/dist-packages/neutron_lib/callbacks/manager.py:192}}
Sep 21 12:31:28.935935 dv-cinder-798208-3-smb neutron-server[94483]: INFO neutron.wsgi [req-7e990280-f650-4d10-8a70-da319a970493 req-e98489fc-adda-44d0-bebb-5b4658dea2cf service neutron] 10.222.0.20 "GET /v2.0/networks/dab0fbc3-17a9-4efc-a234-801554a2d0ed?fields=segments HTTP/1.1" status: 200 len: 212 time: 0.0877750
Sep 21 12:31:28.994158 dv-cinder-798208-3-smb neutron-server[94482]: DEBUG neutron_lib.callbacks.manager [None req-6aefebea-5c05-4429-85ee-1d662bf8d30e admin admin] Notify callbacks ['neutron.plugins.ml2.ovo_rpc._ObjectChangeHandler.handle_event-3678676'] for security_group, after_delete {{(pid=94482) _notify_loop /usr/local/lib/python3.8/dist-packages/neutron_lib/callbacks/manager.py:192}}
Sep 21 12:31:28.997511 dv-cinder-798208-3-smb neutron-server[94482]: DEBUG neutron_lib.callbacks.manager [None req-6aefebea-5c05-4429-85ee-1d662bf8d30e admin admin] Notify callbacks [] for security_group, before_response {{(pid=94482) _notify_loop /usr/local/lib/python3.8/dist-packages/neutron_lib/callbacks/manager.py:192}}
Sep 21 12:31:29.002870 dv-cinder-798208-3-smb neutron-server[94482]: INFO neutron.wsgi [None req-6aefebea-5c05-4429-85ee-1d662bf8d30e admin admin] 10.222.0.20 "DELETE /v2.0/security-groups/92768278-73c7-4d2c-8905-eed8cdd2237d HTTP/1.1" status: 204 len: 168 time: 0.2198253
Sep 21 12:31:29.017671 dv-cinder-798208-3-smb neutron-server[94482]: DEBUG neutron.api.rpc.handlers.resources_rpc [None req-6aefebea-5c05-4429-85ee-1d662bf8d30e admin admin] Pushing event deleted for resources: {'SecurityGroup': ['ID=92768278-73c7-4d2c-8905-eed8cdd2237d,revision_number=None']} {{(pid=94482) push /opt/stack/neutron/neutron/api/rpc/handlers/resources_rpc.py:237}}
Sep 21 12:31:29.062925 dv-cinder-798208-3-smb neutron-server[94483]: INFO neutron.wsgi [req-fee50ffb-4262-42bc-b22a-91f4cf5e0065 req-0faeb550-a332-4f07-a637-825f80c3df02 tempest-VolumesSnapshotTestJSON-833274867 tempest-VolumesSnapshotTestJSON-833274867-project] 10.222.0.20 "GET /v2.0/ports?device_id=0f369227-13af-4c2b-8935-a08b86777e5b HTTP/1.1" status: 200 len: 210 time: 0.0880549
Sep 21 12:31:29.115672 dv-cinder-798208-3-smb neutron-server[94483]: INFO neutron.wsgi [req-7e990280-f650-4d10-8a70-da319a970493 req-c31fb6b3-96c9-4e99-9fa0-999934e42b57 service neutron] 10.222.0.20 "GET /v2.0/networks/dab0fbc3-17a9-4efc-a234-801554a2d0ed?fields=provider%3Aphysical_network&fields=provider%3Anetwork_type HTTP/1.1" status: 200 len: 281 time: 0.1699257
Sep 21 12:31:29.397518 dv-cinder-798208-3-smb neutron-server[94483]: INFO neutron.wsgi [req-e193f091-42ca-44ee-a49c-020152ea0f9f req-2a8d5cea-bd67-4ceb-8dcd-811d78f1cc7d tempest-AttachVolumeNegativeTest-1980707786 tempest-AttachVolumeNegativeTest-1980707786-project] 10.222.0.20 "GET /v2.0/ports?device_id=38c7ce79-c718-458f-be0b-ea7334950532 HTTP/1.1" status: 200 len: 210 time: 0.0283587
Sep 21 12:31:29.668889 dv-cinder-798208-3-smb neutron-server[94483]: DEBUG neutron.pecan_wsgi.hooks.policy_enforcement [req-b211101c-e5af-4413-8ef8-9b8964a50eac req-54f1305e-11fa-49c0-af5b-bcb0de9e4dea tempest-ServerRescueNegativeTestJSON-1205969120 tempest-ServerRescueNegativeTestJSON-1205969120-project] Attributes excluded by policy engine: ['standard_attr_id', 'binding:profile', 'binding:host_id', 'binding:vif_type', 'binding:vif_details'] {{(pid=94483) _exclude_attributes_by_policy /opt/stack/neutron/neutron/pecan_wsgi/hooks/policy_enforcement.py:255}}
Sep 21 12:31:29.670886 dv-cinder-798208-3-smb neutron-server[94483]: INFO neutron.wsgi [req-b211101c-e5af-4413-8ef8-9b8964a50eac req-54f1305e-11fa-49c0-af5b-bcb0de9e4dea tempest-ServerRescueNegativeTestJSON-1205969120 tempest-ServerRescueNegativeTestJSON-1205969120-project] 10.222.0.20 "GET /v2.0/ports?device_id=452475fe-144a-4037-ab3a-19ca07d865c7 HTTP/1.1" status: 200 len: 945 time: 0.0739591
Sep 21 12:31:29.694480 dv-cinder-798208-3-smb neutron-server[94482]: DEBUG neutron.wsgi [-] (94482) accepted ('10.222.0.20', 38846) {{(pid=94482) server /usr/local/lib/python3.8/dist-packages/eventlet/wsgi.py:982}}
Sep 21 12:31:29.711424 dv-cinder-798208-3-smb neutron-server[94482]: DEBUG neutron_lib.callbacks.manager [None req-cd680229-eeaa-4202-8e44-7be99c412d58 admin admin] Notify callbacks [] for security_group, before_create {{(pid=94482) _notify_loop /usr/local/lib/python3.8/dist-packages/neutron_lib/callbacks/manager.py:192}}
Sep 21 12:31:29.722716 dv-cinder-798208-3-smb neutron-server[94483]: INFO neutron.wsgi [req-b211101c-e5af-4413-8ef8-9b8964a50eac req-6e4dd0fd-c21a-4601-87f1-161dc0696320 tempest-ServerRescueNegativeTestJSON-1205969120 tempest-ServerRescueNegativeTestJSON-1205969120-project] 10.222.0.20 "GET /v2.0/security-groups?id=2ae1cec1-9fa6-487d-a705-620e3fc0e680&fields=id&fields=name HTTP/1.1" status: 200 len: 286 time: 0.0458689
Sep 21 12:31:29.802131 dv-cinder-798208-3-smb neutron-server[94482]: DEBUG neutron_lib.callbacks.manager [None req-cd680229-eeaa-4202-8e44-7be99c412d58 admin admin] Notify callbacks [] for security_group, precommit_create {{(pid=94482) _notify_loop /usr/local/lib/python3.8/dist-packages/neutron_lib/callbacks/manager.py:192}}
Sep 21 12:31:29.911782 dv-cinder-798208-3-smb neutron-server[94482]: DEBUG neutron_lib.callbacks.manager [None req-cd680229-eeaa-4202-8e44-7be99c412d58 admin admin] Notify callbacks ['neutron.plugins.ml2.ovo_rpc._ObjectChangeHandler.handle_event-3678676'] for security_group, after_create {{(pid=94482) _notify_loop /usr/local/lib/python3.8/dist-packages/neutron_lib/callbacks/manager.py:192}}
Sep 21 12:31:29.952575 dv-cinder-798208-3-smb neutron-server[94482]: INFO neutron.wsgi [None req-cd680229-eeaa-4202-8e44-7be99c412d58 admin admin] 10.222.0.20 "GET /v2.0/security-groups?tenant_id=379b485ef2004bc9bb37d1a2207cb192&name=default HTTP/1.1" status: 200 len: 2979 time: 0.2569456
Sep 21 12:31:29.955414 dv-cinder-798208-3-smb neutron-server[94483]: DEBUG neutron.wsgi [-] (94483) accepted ('10.222.0.20', 38858) {{(pid=94483) server /usr/local/lib/python3.8/dist-packages/eventlet/wsgi.py:982}}
Sep 21 12:31:29.957288 dv-cinder-798208-3-smb neutron-server[94482]: DEBUG neutron.api.rpc.handlers.resources_rpc [None req-cd680229-eeaa-4202-8e44-7be99c412d58 admin admin] Pushing event updated for resources: {'SecurityGroup': ['ID=fc21ef74-4bca-4736-b6c8-094a53929d68,revision_number=1']} {{(pid=94482) push /opt/stack/neutron/neutron/api/rpc/handlers/resources_rpc.py:237}}
Sep 21 12:31:30.024944 dv-cinder-798208-3-smb neutron-server[94483]: DEBUG neutron_lib.callbacks.manager [None req-55e414e0-3208-40c1-9ba3-f08faca59b49 admin admin] Notify callbacks [] for security_group, before_delete {{(pid=94483) _notify_loop /usr/local/lib/python3.8/dist-packages/neutron_lib/callbacks/manager.py:192}}
Sep 21 12:31:30.054608 dv-cinder-798208-3-smb neutron-server[94483]: DEBUG neutron_lib.callbacks.manager [None req-55e414e0-3208-40c1-9ba3-f08faca59b49 admin admin] Notify callbacks [] for security_group, precommit_delete {{(pid=94483) _notify_loop /usr/local/lib/python3.8/dist-packages/neutron_lib/callbacks/manager.py:192}}
Sep 21 12:31:30.143164 dv-cinder-798208-3-smb neutron-server[94483]: INFO neutron.wsgi [req-24daecfc-ab23-4b18-97f1-a83902decd4c req-1a7e27ce-15c4-4405-a78a-9b7e2a05f005 tempest-VolumesSnapshotTestJSON-833274867 tempest-VolumesSnapshotTestJSON-833274867-project] 10.222.0.20 "GET /v2.0/ports?device_id=0f369227-13af-4c2b-8935-a08b86777e5b HTTP/1.1" status: 200 len: 210 time: 0.0255356
Sep 21 12:31:30.273824 dv-cinder-798208-3-smb neutron-server[94483]: DEBUG neutron_lib.callbacks.manager [None req-55e414e0-3208-40c1-9ba3-f08faca59b49 admin admin] Notify callbacks ['neutron.plugins.ml2.ovo_rpc._ObjectChangeHandler.handle_event-3678676'] for security_group, after_delete {{(pid=94483) _notify_loop /usr/local/lib/python3.8/dist-packages/neutron_lib/callbacks/manager.py:192}}
Sep 21 12:31:30.276868 dv-cinder-798208-3-smb neutron-server[94483]: DEBUG neutron_lib.callbacks.manager [None req-55e414e0-3208-40c1-9ba3-f08faca59b49 admin admin] Notify callbacks [] for security_group, before_response {{(pid=94483) _notify_loop /usr/local/lib/python3.8/dist-packages/neutron_lib/callbacks/manager.py:192}}
Sep 21 12:31:30.279147 dv-cinder-798208-3-smb neutron-server[94483]: INFO neutron.wsgi [None req-55e414e0-3208-40c1-9ba3-f08faca59b49 admin admin] 10.222.0.20 "DELETE /v2.0/security-groups/fc21ef74-4bca-4736-b6c8-094a53929d68 HTTP/1.1" status: 204 len: 168 time: 0.3209596
Sep 21 12:31:30.294820 dv-cinder-798208-3-smb neutron-server[94483]: DEBUG neutron.api.rpc.handlers.resources_rpc [None req-55e414e0-3208-40c1-9ba3-f08faca59b49 admin admin] Pushing event deleted for resources: {'SecurityGroup': ['ID=fc21ef74-4bca-4736-b6c8-094a53929d68,revision_number=None']} {{(pid=94483) push /opt/stack/neutron/neutron/api/rpc/handlers/resources_rpc.py:237}}
Sep 21 12:31:30.485753 dv-cinder-798208-3-smb neutron-server[94483]: INFO neutron.wsgi [req-63e07152-a19b-4c3f-8a93-f26b0e4e9de3 req-f9f570a1-6095-435c-856b-07bad0001d97 tempest-AttachVolumeNegativeTest-1980707786 tempest-AttachVolumeNegativeTest-1980707786-project] 10.222.0.20 "GET /v2.0/ports?device_id=38c7ce79-c718-458f-be0b-ea7334950532 HTTP/1.1" status: 200 len: 210 time: 0.0292628
Sep 21 12:31:30.603243 dv-cinder-798208-3-smb neutron-server[94484]: DEBUG neutron.plugins.ml2.rpc [None req-d3a6eb31-12cc-4f7a-a87a-cb6f72ff74d7 None None] Device d0312d97-e153-4fb1-b9d4-81922dbf1127 no longer exists at agent hyperv_hv-cinder-79820 {{(pid=94484) update_device_down /opt/stack/neutron/neutron/plugins/ml2/rpc.py:259}}
Sep 21 12:31:30.622354 dv-cinder-798208-3-smb neutron-server[94484]: DEBUG neutron.plugins.ml2.plugin [None req-d3a6eb31-12cc-4f7a-a87a-cb6f72ff74d7 None None] No Port match for: d0312d97-e153-4fb1-b9d4-81922dbf1127 {{(pid=94484) port_bound_to_host /opt/stack/neutron/neutron/plugins/ml2/plugin.py:2267}}
Sep 21 12:31:30.622722 dv-cinder-798208-3-smb neutron-server[94484]: DEBUG neutron.plugins.ml2.rpc [None req-d3a6eb31-12cc-4f7a-a87a-cb6f72ff74d7 None None] Device d0312d97-e153-4fb1-b9d4-81922dbf1127 not bound to the agent host hv-cinder-79820 {{(pid=94484) update_device_down /opt/stack/neutron/neutron/plugins/ml2/rpc.py:269}}
Sep 21 12:31:30.773197 dv-cinder-798208-3-smb neutron-server[94483]: DEBUG neutron.wsgi [-] (94483) accepted ('10.222.0.20', 38892) {{(pid=94483) server /usr/local/lib/python3.8/dist-packages/eventlet/wsgi.py:982}}
Sep 21 12:31:30.839171 dv-cinder-798208-3-smb neutron-server[94483]: DEBUG neutron.pecan_wsgi.hooks.policy_enforcement [req-33b859d1-7463-42c7-80bd-118d3b294f72 req-81ab131b-c6d8-480d-8a53-31da2f0c7fff tempest-ServerRescueNegativeTestJSON-1205969120 tempest-ServerRescueNegativeTestJSON-1205969120-project] Attributes excluded by policy engine: ['standard_attr_id', 'binding:profile', 'binding:host_id', 'binding:vif_type', 'binding:vif_details'] {{(pid=94483) _exclude_attributes_by_policy /opt/stack/neutron/neutron/pecan_wsgi/hooks/policy_enforcement.py:255}}
Sep 21 12:31:30.840694 dv-cinder-798208-3-smb neutron-server[94483]: INFO neutron.wsgi [req-33b859d1-7463-42c7-80bd-118d3b294f72 req-81ab131b-c6d8-480d-8a53-31da2f0c7fff tempest-ServerRescueNegativeTestJSON-1205969120 tempest-ServerRescueNegativeTestJSON-1205969120-project] 10.222.0.20 "GET /v2.0/ports?device_id=452475fe-144a-4037-ab3a-19ca07d865c7 HTTP/1.1" status: 200 len: 945 time: 0.0518527
Sep 21 12:31:30.880335 dv-cinder-798208-3-smb neutron-server[94483]: INFO neutron.wsgi [req-33b859d1-7463-42c7-80bd-118d3b294f72 req-d1ccac3c-f085-4333-9469-dda71d120b03 tempest-ServerRescueNegativeTestJSON-1205969120 tempest-ServerRescueNegativeTestJSON-1205969120-project] 10.222.0.20 "GET /v2.0/security-groups?id=2ae1cec1-9fa6-487d-a705-620e3fc0e680&fields=id&fields=name HTTP/1.1" status: 200 len: 286 time: 0.0326674
Sep 21 12:31:30.957823 dv-cinder-798208-3-smb neutron-server[94483]: DEBUG neutron_lib.callbacks.manager [None req-0c6a0a32-699d-4232-b973-586355342d2a admin admin] Notify callbacks [] for security_group, before_create {{(pid=94483) _notify_loop /usr/local/lib/python3.8/dist-packages/neutron_lib/callbacks/manager.py:192}}
Sep 21 12:31:31.067219 dv-cinder-798208-3-smb neutron-server[94483]: DEBUG neutron_lib.callbacks.manager [None req-0c6a0a32-699d-4232-b973-586355342d2a admin admin] Notify callbacks [] for security_group, precommit_create {{(pid=94483) _notify_loop /usr/local/lib/python3.8/dist-packages/neutron_lib/callbacks/manager.py:192}}
Sep 21 12:31:31.137213 dv-cinder-798208-3-smb neutron-server[94483]: DEBUG neutron_lib.callbacks.manager [None req-0c6a0a32-699d-4232-b973-586355342d2a admin admin] Notify callbacks ['neutron.plugins.ml2.ovo_rpc._ObjectChangeHandler.handle_event-3678676'] for security_group, after_create {{(pid=94483) _notify_loop /usr/local/lib/python3.8/dist-packages/neutron_lib/callbacks/manager.py:192}}
Sep 21 12:31:31.174485 dv-cinder-798208-3-smb neutron-server[94482]: DEBUG neutron.wsgi [-] (94482) accepted ('10.222.0.20', 38910) {{(pid=94482) server /usr/local/lib/python3.8/dist-packages/eventlet/wsgi.py:982}}
Sep 21 12:31:31.188301 dv-cinder-798208-3-smb neutron-server[94483]: DEBUG neutron.api.rpc.handlers.resources_rpc [None req-0c6a0a32-699d-4232-b973-586355342d2a admin admin] Pushing event updated for resources: {'SecurityGroup': ['ID=bf23cf9b-91dc-49b6-9a1a-cb1f18c08cfd,revision_number=1']} {{(pid=94483) push /opt/stack/neutron/neutron/api/rpc/handlers/resources_rpc.py:237}}
Sep 21 12:31:31.200935 dv-cinder-798208-3-smb neutron-server[94482]: DEBUG neutron_lib.callbacks.manager [None req-dc6959cb-a294-4289-b4c7-a89f43445caf admin admin] Notify callbacks [] for security_group, before_create {{(pid=94482) _notify_loop /usr/local/lib/python3.8/dist-packages/neutron_lib/callbacks/manager.py:192}}
Sep 21 12:31:31.211507 dv-cinder-798208-3-smb neutron-server[94483]: INFO neutron.wsgi [None req-0c6a0a32-699d-4232-b973-586355342d2a admin admin] 10.222.0.20 "GET /v2.0/security-groups?tenant_id=47991157626f4cb9ba2bb21614e7b420&name=default HTTP/1.1" status: 200 len: 2979 time: 0.4371538
Sep 21 12:31:31.213466 dv-cinder-798208-3-smb neutron-server[94482]: DEBUG neutron.wsgi [-] (94482) accepted ('10.222.0.20', 38912) {{(pid=94482) server /usr/local/lib/python3.8/dist-packages/eventlet/wsgi.py:982}}
Sep 21 12:31:31.251993 dv-cinder-798208-3-smb neutron-server[94483]: INFO neutron.wsgi [req-ae9818ad-8d84-485e-8024-78d8c8b3e739 req-e616eb90-85e1-491f-b463-dc71fd924d64 tempest-VolumesSnapshotTestJSON-833274867 tempest-VolumesSnapshotTestJSON-833274867-project] 10.222.0.20 "GET /v2.0/ports?device_id=0f369227-13af-4c2b-8935-a08b86777e5b HTTP/1.1" status: 200 len: 210 time: 0.0296371
Sep 21 12:31:31.295362 dv-cinder-798208-3-smb neutron-server[94482]: DEBUG neutron_lib.callbacks.manager [None req-fbce1e2d-259b-422d-b3f7-7c7513d149d8 admin admin] Notify callbacks [] for security_group, before_delete {{(pid=94482) _notify_loop /usr/local/lib/python3.8/dist-packages/neutron_lib/callbacks/manager.py:192}}
Sep 21 12:31:31.332726 dv-cinder-798208-3-smb neutron-server[94482]: DEBUG neutron_lib.callbacks.manager [None req-fbce1e2d-259b-422d-b3f7-7c7513d149d8 admin admin] Notify callbacks [] for security_group, precommit_delete {{(pid=94482) _notify_loop /usr/local/lib/python3.8/dist-packages/neutron_lib/callbacks/manager.py:192}}
Sep 21 12:31:31.425665 dv-cinder-798208-3-smb neutron-server[94482]: DEBUG neutron_lib.callbacks.manager [None req-dc6959cb-a294-4289-b4c7-a89f43445caf admin admin] Notify callbacks [] for security_group, precommit_create {{(pid=94482) _notify_loop /usr/local/lib/python3.8/dist-packages/neutron_lib/callbacks/manager.py:192}}
Sep 21 12:31:31.484598 dv-cinder-798208-3-smb neutron-server[94483]: DEBUG neutron.pecan_wsgi.hooks.policy_enforcement [req-1b6cb723-b6be-417f-ab74-f45f79d0d857 req-160013e2-53e3-4f21-b586-a7e90a0d9c61 tempest-ServerRescueNegativeTestJSON-1205969120 tempest-ServerRescueNegativeTestJSON-1205969120-project] Attributes excluded by policy engine: ['standard_attr_id', 'binding:profile', 'binding:host_id', 'binding:vif_type', 'binding:vif_details'] {{(pid=94483) _exclude_attributes_by_policy /opt/stack/neutron/neutron/pecan_wsgi/hooks/policy_enforcement.py:255}}
Sep 21 12:31:31.484598 dv-cinder-798208-3-smb neutron-server[94483]: INFO neutron.wsgi [req-1b6cb723-b6be-417f-ab74-f45f79d0d857 req-160013e2-53e3-4f21-b586-a7e90a0d9c61 tempest-ServerRescueNegativeTestJSON-1205969120 tempest-ServerRescueNegativeTestJSON-1205969120-project] 10.222.0.20 "GET /v2.0/ports?device_id=452475fe-144a-4037-ab3a-19ca07d865c7 HTTP/1.1" status: 200 len: 945 time: 0.0490761
Sep 21 12:31:31.552108 dv-cinder-798208-3-smb neutron-server[94483]: INFO neutron.wsgi [req-1b6cb723-b6be-417f-ab74-f45f79d0d857 req-3428e7ec-33f5-4de2-96a3-63a1611a529f tempest-ServerRescueNegativeTestJSON-1205969120 tempest-ServerRescueNegativeTestJSON-1205969120-project] 10.222.0.20 "GET /v2.0/security-groups?id=2ae1cec1-9fa6-487d-a705-620e3fc0e680&fields=id&fields=name HTTP/1.1" status: 200 len: 286 time: 0.0625391
Sep 21 12:31:31.562381 dv-cinder-798208-3-smb neutron-server[94483]: DEBUG neutron.pecan_wsgi.hooks.policy_enforcement [req-09ad7b95-3d94-40cf-87b2-29c391d1ddb4 req-9844ffcd-d4fb-4a19-b7fd-f3885af97484 service neutron] Attributes excluded by policy engine: ['standard_attr_id'] {{(pid=94483) _exclude_attributes_by_policy /opt/stack/neutron/neutron/pecan_wsgi/hooks/policy_enforcement.py:255}}
Sep 21 12:31:31.564491 dv-cinder-798208-3-smb neutron-server[94483]: INFO neutron.wsgi [req-09ad7b95-3d94-40cf-87b2-29c391d1ddb4 req-9844ffcd-d4fb-4a19-b7fd-f3885af97484 service neutron] 10.222.0.35 "GET /v2.0/ports?tenant_id=9b6fd324009e442681617ddea34c7ea1&device_id=452475fe-144a-4037-ab3a-19ca07d865c7 HTTP/1.1" status: 200 len: 1098 time: 0.0679641
Sep 21 12:31:31.592314 dv-cinder-798208-3-smb neutron-server[94483]: INFO neutron.wsgi [req-5d4ebe45-9642-441a-a640-25a54ee73a83 req-9135c139-b2e3-4b39-ac90-43374d211391 tempest-AttachVolumeNegativeTest-1980707786 tempest-AttachVolumeNegativeTest-1980707786-project] 10.222.0.20 "GET /v2.0/ports?device_id=38c7ce79-c718-458f-be0b-ea7334950532 HTTP/1.1" status: 200 len: 210 time: 0.0319779
Sep 21 12:31:31.618060 dv-cinder-798208-3-smb neutron-server[94482]: DEBUG neutron_lib.callbacks.manager [None req-dc6959cb-a294-4289-b4c7-a89f43445caf admin admin] Notify callbacks ['neutron.plugins.ml2.ovo_rpc._ObjectChangeHandler.handle_event-3678676'] for security_group, after_create {{(pid=94482) _notify_loop /usr/local/lib/python3.8/dist-packages/neutron_lib/callbacks/manager.py:192}}
Sep 21 12:31:31.620514 dv-cinder-798208-3-smb neutron-server[94482]: DEBUG neutron_lib.callbacks.manager [None req-fbce1e2d-259b-422d-b3f7-7c7513d149d8 admin admin] Notify callbacks ['neutron.plugins.ml2.ovo_rpc._ObjectChangeHandler.handle_event-3678676'] for security_group, after_delete {{(pid=94482) _notify_loop /usr/local/lib/python3.8/dist-packages/neutron_lib/callbacks/manager.py:192}}
Sep 21 12:31:31.623229 dv-cinder-798208-3-smb neutron-server[94482]: DEBUG neutron_lib.callbacks.manager [None req-fbce1e2d-259b-422d-b3f7-7c7513d149d8 admin admin] Notify callbacks [] for security_group, before_response {{(pid=94482) _notify_loop /usr/local/lib/python3.8/dist-packages/neutron_lib/callbacks/manager.py:192}}
Sep 21 12:31:31.624398 dv-cinder-798208-3-smb neutron-server[94482]: INFO neutron.wsgi [None req-fbce1e2d-259b-422d-b3f7-7c7513d149d8 admin admin] 10.222.0.20 "DELETE /v2.0/security-groups/bf23cf9b-91dc-49b6-9a1a-cb1f18c08cfd HTTP/1.1" status: 204 len: 168 time: 0.4100163
Sep 21 12:31:31.664546 dv-cinder-798208-3-smb neutron-server[94482]: INFO neutron.wsgi [None req-dc6959cb-a294-4289-b4c7-a89f43445caf admin admin] 10.222.0.20 "GET /v2.0/security-groups?tenant_id=d4b5d60e50684dcf97de674c421d9e63&name=default HTTP/1.1" status: 200 len: 2979 time: 0.4883699
Sep 21 12:31:31.666781 dv-cinder-798208-3-smb neutron-server[94482]: DEBUG neutron.api.rpc.handlers.resources_rpc [None req-dc6959cb-a294-4289-b4c7-a89f43445caf admin admin] Pushing event updated for resources: {'SecurityGroup': ['ID=e6ea8640-6d39-4bbd-b39b-324628318c7e,revision_number=1']} {{(pid=94482) push /opt/stack/neutron/neutron/api/rpc/handlers/resources_rpc.py:237}}
Sep 21 12:31:31.667698 dv-cinder-798208-3-smb neutron-server[94483]: DEBUG neutron.wsgi [-] (94483) accepted ('10.222.0.20', 38930) {{(pid=94483) server /usr/local/lib/python3.8/dist-packages/eventlet/wsgi.py:982}}
Sep 21 12:31:31.678292 dv-cinder-798208-3-smb neutron-server[94482]: DEBUG neutron.api.rpc.handlers.resources_rpc [None req-fbce1e2d-259b-422d-b3f7-7c7513d149d8 admin admin] Pushing event deleted for resources: {'SecurityGroup': ['ID=bf23cf9b-91dc-49b6-9a1a-cb1f18c08cfd,revision_number=None']} {{(pid=94482) push /opt/stack/neutron/neutron/api/rpc/handlers/resources_rpc.py:237}}
Sep 21 12:31:31.700883 dv-cinder-798208-3-smb neutron-server[94483]: DEBUG neutron.pecan_wsgi.hooks.policy_enforcement [req-09ad7b95-3d94-40cf-87b2-29c391d1ddb4 req-47f6eda6-2de0-43b6-a072-596bbebf2fe5 service neutron] Attributes excluded by policy engine: ['standard_attr_id', 'vlan_transparent'] {{(pid=94483) _exclude_attributes_by_policy /opt/stack/neutron/neutron/pecan_wsgi/hooks/policy_enforcement.py:255}}
Sep 21 12:31:31.702389 dv-cinder-798208-3-smb neutron-server[94483]: INFO neutron.wsgi [req-09ad7b95-3d94-40cf-87b2-29c391d1ddb4 req-47f6eda6-2de0-43b6-a072-596bbebf2fe5 service neutron] 10.222.0.35 "GET /v2.0/networks?id=ab2b7d51-f500-45f4-af9b-7af3d4d981a7 HTTP/1.1" status: 200 len: 920 time: 0.1124830
Sep 21 12:31:31.763858 dv-cinder-798208-3-smb neutron-server[94483]: INFO neutron.wsgi [req-09ad7b95-3d94-40cf-87b2-29c391d1ddb4 req-4706a16d-2dc4-42ae-a645-b79428209ed3 service neutron] 10.222.0.35 "GET /v2.0/floatingips?fixed_ip_address=172.20.0.8&port_id=7458f0ac-5f78-4653-96af-9e6464f023e7 HTTP/1.1" status: 200 len: 217 time: 0.0534792
Sep 21 12:31:31.806658 dv-cinder-798208-3-smb neutron-server[94483]: DEBUG neutron_lib.callbacks.manager [None req-c0a276c0-ea09-405f-a4b0-ece26cb25621 admin admin] Notify callbacks [] for security_group, before_delete {{(pid=94483) _notify_loop /usr/local/lib/python3.8/dist-packages/neutron_lib/callbacks/manager.py:192}}
Sep 21 12:31:31.839466 dv-cinder-798208-3-smb neutron-server[94483]: DEBUG neutron_lib.callbacks.manager [None req-c0a276c0-ea09-405f-a4b0-ece26cb25621 admin admin] Notify callbacks [] for security_group, precommit_delete {{(pid=94483) _notify_loop /usr/local/lib/python3.8/dist-packages/neutron_lib/callbacks/manager.py:192}}
Sep 21 12:31:31.842069 dv-cinder-798208-3-smb neutron-server[94483]: DEBUG neutron.pecan_wsgi.hooks.policy_enforcement [req-09ad7b95-3d94-40cf-87b2-29c391d1ddb4 req-0048ffdd-03b5-4ca7-9c2a-c2cbe93f5c09 service neutron] Attributes excluded by policy engine: ['standard_attr_id', 'shared', 'segment_id'] {{(pid=94483) _exclude_attributes_by_policy /opt/stack/neutron/neutron/pecan_wsgi/hooks/policy_enforcement.py:255}}
Sep 21 12:31:31.843563 dv-cinder-798208-3-smb neutron-server[94483]: INFO neutron.wsgi [req-09ad7b95-3d94-40cf-87b2-29c391d1ddb4 req-0048ffdd-03b5-4ca7-9c2a-c2cbe93f5c09 service neutron] 10.222.0.35 "GET /v2.0/subnets?id=17a97cd1-4f86-4412-8a36-73d9ef386ad5 HTTP/1.1" status: 200 len: 859 time: 0.0689108
Sep 21 12:31:31.898210 dv-cinder-798208-3-smb neutron-server[94483]: INFO neutron.wsgi [req-09ad7b95-3d94-40cf-87b2-29c391d1ddb4 req-2616bd79-308c-46e7-9651-ff6be18135dc service neutron] 10.222.0.35 "GET /v2.0/ports?network_id=ab2b7d51-f500-45f4-af9b-7af3d4d981a7&device_owner=network%3Adhcp HTTP/1.1" status: 200 len: 210 time: 0.0475042
Sep 21 12:31:31.983921 dv-cinder-798208-3-smb neutron-server[94483]: DEBUG neutron_lib.callbacks.manager [None req-c0a276c0-ea09-405f-a4b0-ece26cb25621 admin admin] Notify callbacks ['neutron.plugins.ml2.ovo_rpc._ObjectChangeHandler.handle_event-3678676'] for security_group, after_delete {{(pid=94483) _notify_loop /usr/local/lib/python3.8/dist-packages/neutron_lib/callbacks/manager.py:192}}
Sep 21 12:31:31.986973 dv-cinder-798208-3-smb neutron-server[94483]: DEBUG neutron_lib.callbacks.manager [None req-c0a276c0-ea09-405f-a4b0-ece26cb25621 admin admin] Notify callbacks [] for security_group, before_response {{(pid=94483) _notify_loop /usr/local/lib/python3.8/dist-packages/neutron_lib/callbacks/manager.py:192}}
Sep 21 12:31:31.988126 dv-cinder-798208-3-smb neutron-server[94483]: INFO neutron.wsgi [None req-c0a276c0-ea09-405f-a4b0-ece26cb25621 admin admin] 10.222.0.20 "DELETE /v2.0/security-groups/e6ea8640-6d39-4bbd-b39b-324628318c7e HTTP/1.1" status: 204 len: 168 time: 0.3192267
Sep 21 12:31:32.057479 dv-cinder-798208-3-smb neutron-server[94483]: DEBUG neutron.api.rpc.handlers.resources_rpc [None req-c0a276c0-ea09-405f-a4b0-ece26cb25621 admin admin] Pushing event deleted for resources: {'SecurityGroup': ['ID=e6ea8640-6d39-4bbd-b39b-324628318c7e,revision_number=None']} {{(pid=94483) push /opt/stack/neutron/neutron/api/rpc/handlers/resources_rpc.py:237}}
Sep 21 12:31:32.102933 dv-cinder-798208-3-smb neutron-server[94483]: INFO neutron.wsgi [req-09ad7b95-3d94-40cf-87b2-29c391d1ddb4 req-34368242-a259-42ae-a8b3-1aa12fe36809 service neutron] 10.222.0.35 "GET /v2.0/networks/ab2b7d51-f500-45f4-af9b-7af3d4d981a7?fields=segments HTTP/1.1" status: 200 len: 212 time: 0.1871526
Sep 21 12:31:32.111714 dv-cinder-798208-3-smb neutron-server[94483]: DEBUG neutron.pecan_wsgi.hooks.policy_enforcement [req-7b898f48-d865-46fc-973d-c90857295f81 req-4be19596-e1af-422f-a9de-ea7f12e9f4c5 tempest-VolumesSnapshotTestJSON-833274867 tempest-VolumesSnapshotTestJSON-833274867-project] Attributes excluded by policy engine: ['standard_attr_id', 'vlan_transparent', 'provider:network_type', 'provider:physical_network', 'provider:segmentation_id'] {{(pid=94483) _exclude_attributes_by_policy /opt/stack/neutron/neutron/pecan_wsgi/hooks/policy_enforcement.py:255}}
Sep 21 12:31:32.113169 dv-cinder-798208-3-smb neutron-server[94483]: INFO neutron.wsgi [req-7b898f48-d865-46fc-973d-c90857295f81 req-4be19596-e1af-422f-a9de-ea7f12e9f4c5 tempest-VolumesSnapshotTestJSON-833274867 tempest-VolumesSnapshotTestJSON-833274867-project] 10.222.0.35 "GET /v2.0/networks?id=c3a9a341-0a9f-4613-9bbb-951eee458ba9 HTTP/1.1" status: 200 len: 814 time: 0.1885445
Sep 21 12:31:32.126340 dv-cinder-798208-3-smb neutron-server[94483]: DEBUG neutron.api.v2.base [req-7b898f48-d865-46fc-973d-c90857295f81 req-512cd40c-4cf7-4aeb-91b6-595769b3f8b8 tempest-VolumesSnapshotTestJSON-833274867 tempest-VolumesSnapshotTestJSON-833274867-project] Request body: {'port': {'device_id': '0f369227-13af-4c2b-8935-a08b86777e5b', 'network_id': 'c3a9a341-0a9f-4613-9bbb-951eee458ba9', 'admin_state_up': True, 'tenant_id': 'b6cb6851253048db9cc4f9d847341170'}} {{(pid=94483) prepare_request_body /opt/stack/neutron/neutron/api/v2/base.py:730}}
Sep 21 12:31:32.279333 dv-cinder-798208-3-smb neutron-server[94483]: INFO neutron.wsgi [req-09ad7b95-3d94-40cf-87b2-29c391d1ddb4 req-44fd95c7-beed-4b6d-a0de-1fb189181d25 service neutron] 10.222.0.35 "GET /v2.0/networks/ab2b7d51-f500-45f4-af9b-7af3d4d981a7?fields=provider%3Aphysical_network&fields=provider%3Anetwork_type HTTP/1.1" status: 200 len: 281 time: 0.1652122
Sep 21 12:31:32.370384 dv-cinder-798208-3-smb neutron-server[94483]: INFO neutron.wsgi [req-37f6fc4b-acfd-4bee-8f19-39e63a7c6954 req-04f2eaf0-96c5-4716-b406-313ffcdf3c5d tempest-VolumesSnapshotTestJSON-833274867 tempest-VolumesSnapshotTestJSON-833274867-project] 10.222.0.20 "GET /v2.0/ports?device_id=0f369227-13af-4c2b-8935-a08b86777e5b HTTP/1.1" status: 200 len: 210 time: 0.0315230
Sep 21 12:31:32.378949 dv-cinder-798208-3-smb neutron-server[94483]: DEBUG neutron.pecan_wsgi.hooks.quota_enforcement [req-7b898f48-d865-46fc-973d-c90857295f81 req-512cd40c-4cf7-4aeb-91b6-595769b3f8b8 tempest-VolumesSnapshotTestJSON-833274867 tempest-VolumesSnapshotTestJSON-833274867-project] Made reservation on behalf of b6cb6851253048db9cc4f9d847341170 for: {'port': 1} {{(pid=94483) before /opt/stack/neutron/neutron/pecan_wsgi/hooks/quota_enforcement.py:53}}
Sep 21 12:31:32.382812 dv-cinder-798208-3-smb neutron-server[94483]: DEBUG neutron_lib.callbacks.manager [req-7b898f48-d865-46fc-973d-c90857295f81 req-512cd40c-4cf7-4aeb-91b6-595769b3f8b8 tempest-VolumesSnapshotTestJSON-833274867 tempest-VolumesSnapshotTestJSON-833274867-project] Notify callbacks ['neutron.plugins.ml2.plugin.SecurityGroupDbMixin._ensure_default_security_group_handler-645349'] for port, before_create {{(pid=94483) _notify_loop /usr/local/lib/python3.8/dist-packages/neutron_lib/callbacks/manager.py:192}}
Sep 21 12:31:32.526927 dv-cinder-798208-3-smb neutron-server[94483]: DEBUG neutron.db.db_base_plugin_common [req-7b898f48-d865-46fc-973d-c90857295f81 req-512cd40c-4cf7-4aeb-91b6-595769b3f8b8 tempest-VolumesSnapshotTestJSON-833274867 tempest-VolumesSnapshotTestJSON-833274867-project] Allocated IP 172.20.0.12 (c3a9a341-0a9f-4613-9bbb-951eee458ba9/29d311e1-b4c7-40a3-83dd-415eacef4e4e/c40cdd5a-919e-4f4d-ba3f-f711dd63008d) {{(pid=94483) _store_ip_allocation /opt/stack/neutron/neutron/db/db_base_plugin_common.py:131}}
Sep 21 12:31:32.608317 dv-cinder-798208-3-smb neutron-server[94482]: DEBUG neutron.wsgi [-] (94482) accepted ('10.222.0.20', 38956) {{(pid=94482) server /usr/local/lib/python3.8/dist-packages/eventlet/wsgi.py:982}}
Sep 21 12:31:32.655268 dv-cinder-798208-3-smb neutron-server[94482]: DEBUG neutron_lib.callbacks.manager [None req-8cb5dede-c70d-4a4b-9e75-9fdbe802301b admin admin] Notify callbacks [] for security_group, before_create {{(pid=94482) _notify_loop /usr/local/lib/python3.8/dist-packages/neutron_lib/callbacks/manager.py:192}}
Sep 21 12:31:32.783495 dv-cinder-798208-3-smb neutron-server[94482]: DEBUG neutron_lib.callbacks.manager [None req-8cb5dede-c70d-4a4b-9e75-9fdbe802301b admin admin] Notify callbacks [] for security_group, precommit_create {{(pid=94482) _notify_loop /usr/local/lib/python3.8/dist-packages/neutron_lib/callbacks/manager.py:192}}
Sep 21 12:31:32.823711 dv-cinder-798208-3-smb neutron-server[94483]: INFO neutron.wsgi [req-67294c70-6ddf-413b-8b69-19c9bdcacb21 req-16b53c40-4903-4658-aa32-54da96fab5d3 tempest-AttachVolumeNegativeTest-1980707786 tempest-AttachVolumeNegativeTest-1980707786-project] 10.222.0.20 "GET /v2.0/ports?device_id=38c7ce79-c718-458f-be0b-ea7334950532 HTTP/1.1" status: 200 len: 210 time: 0.0987349
Sep 21 12:31:32.855150 dv-cinder-798208-3-smb neutron-server[94483]: DEBUG neutron.pecan_wsgi.hooks.policy_enforcement [req-7e990280-f650-4d10-8a70-da319a970493 req-4c5a8ebc-ddcc-4960-8673-ff195025be55 tempest-AttachVolumeNegativeTest-1980707786 tempest-AttachVolumeNegativeTest-1980707786-project] Attributes excluded by policy engine: ['standard_attr_id', 'vlan_transparent', 'provider:network_type', 'provider:physical_network', 'provider:segmentation_id'] {{(pid=94483) _exclude_attributes_by_policy /opt/stack/neutron/neutron/pecan_wsgi/hooks/policy_enforcement.py:255}}
Sep 21 12:31:32.856600 dv-cinder-798208-3-smb neutron-server[94483]: INFO neutron.wsgi [req-7e990280-f650-4d10-8a70-da319a970493 req-4c5a8ebc-ddcc-4960-8673-ff195025be55 tempest-AttachVolumeNegativeTest-1980707786 tempest-AttachVolumeNegativeTest-1980707786-project] 10.222.0.35 "GET /v2.0/networks?id=dab0fbc3-17a9-4efc-a234-801554a2d0ed HTTP/1.1" status: 200 len: 814 time: 0.2466152
Sep 21 12:31:32.877806 dv-cinder-798208-3-smb neutron-server[94483]: DEBUG neutron.pecan_wsgi.hooks.policy_enforcement [req-5e7838fe-85d4-47ea-88ef-4e519347d058 req-6a31a562-26ec-4412-be57-533855243ec5 tempest-ServerRescueNegativeTestJSON-1205969120 tempest-ServerRescueNegativeTestJSON-1205969120-project] Attributes excluded by policy engine: ['standard_attr_id', 'binding:profile', 'binding:host_id', 'binding:vif_type', 'binding:vif_details'] {{(pid=94483) _exclude_attributes_by_policy /opt/stack/neutron/neutron/pecan_wsgi/hooks/policy_enforcement.py:255}}
Sep 21 12:31:32.879319 dv-cinder-798208-3-smb neutron-server[94483]: INFO neutron.wsgi [req-5e7838fe-85d4-47ea-88ef-4e519347d058 req-6a31a562-26ec-4412-be57-533855243ec5 tempest-ServerRescueNegativeTestJSON-1205969120 tempest-ServerRescueNegativeTestJSON-1205969120-project] 10.222.0.20 "GET /v2.0/ports?device_id=452475fe-144a-4037-ab3a-19ca07d865c7 HTTP/1.1" status: 200 len: 945 time: 0.1738837
Sep 21 12:31:32.882725 dv-cinder-798208-3-smb neutron-server[94483]: DEBUG neutron.api.v2.base [req-7e990280-f650-4d10-8a70-da319a970493 req-bb3bef1d-61fd-4e2b-bf7b-65a7efd9f828 tempest-AttachVolumeNegativeTest-1980707786 tempest-AttachVolumeNegativeTest-1980707786-project] Request body: {'port': {'device_id': '38c7ce79-c718-458f-be0b-ea7334950532', 'network_id': 'dab0fbc3-17a9-4efc-a234-801554a2d0ed', 'admin_state_up': True, 'tenant_id': '62f823c4e3c0472baf23ebdb1daee410'}} {{(pid=94483) prepare_request_body /opt/stack/neutron/neutron/api/v2/base.py:730}}
Sep 21 12:31:32.913512 dv-cinder-798208-3-smb neutron-server[94482]: DEBUG neutron_lib.callbacks.manager [None req-8cb5dede-c70d-4a4b-9e75-9fdbe802301b admin admin] Notify callbacks ['neutron.plugins.ml2.ovo_rpc._ObjectChangeHandler.handle_event-3678676'] for security_group, after_create {{(pid=94482) _notify_loop /usr/local/lib/python3.8/dist-packages/neutron_lib/callbacks/manager.py:192}}
Sep 21 12:31:32.936220 dv-cinder-798208-3-smb neutron-server[94483]: DEBUG neutron_lib.callbacks.manager [req-7b898f48-d865-46fc-973d-c90857295f81 req-512cd40c-4cf7-4aeb-91b6-595769b3f8b8 tempest-VolumesSnapshotTestJSON-833274867 tempest-VolumesSnapshotTestJSON-833274867-project] Notify callbacks [] for port, precommit_create {{(pid=94483) _notify_loop /usr/local/lib/python3.8/dist-packages/neutron_lib/callbacks/manager.py:192}}
Sep 21 12:31:32.952242 dv-cinder-798208-3-smb neutron-server[94482]: INFO neutron.wsgi [None req-8cb5dede-c70d-4a4b-9e75-9fdbe802301b admin admin] 10.222.0.20 "GET /v2.0/security-groups?tenant_id=b8d4c46e5edb4f869b8d3d663b71ebe2&name=default HTTP/1.1" status: 200 len: 2979 time: 0.3400493
Sep 21 12:31:32.953106 dv-cinder-798208-3-smb neutron-server[94482]: DEBUG neutron.api.rpc.handlers.resources_rpc [None req-8cb5dede-c70d-4a4b-9e75-9fdbe802301b admin admin] Pushing event updated for resources: {'SecurityGroup': ['ID=01c3bfa1-d3e1-4a00-bff0-3a3132795e6c,revision_number=1']} {{(pid=94482) push /opt/stack/neutron/neutron/api/rpc/handlers/resources_rpc.py:237}}
Sep 21 12:31:32.956805 dv-cinder-798208-3-smb neutron-server[94482]: DEBUG neutron.wsgi [-] (94482) accepted ('10.222.0.20', 38968) {{(pid=94482) server /usr/local/lib/python3.8/dist-packages/eventlet/wsgi.py:982}}
Sep 21 12:31:33.011145 dv-cinder-798208-3-smb neutron-server[94482]: DEBUG neutron_lib.callbacks.manager [None req-1f8a470f-80aa-424e-a43f-c61ee4870b28 admin admin] Notify callbacks [] for security_group, before_delete {{(pid=94482) _notify_loop /usr/local/lib/python3.8/dist-packages/neutron_lib/callbacks/manager.py:192}}
Sep 21 12:31:33.018451 dv-cinder-798208-3-smb neutron-server[94483]: INFO neutron.wsgi [req-5e7838fe-85d4-47ea-88ef-4e519347d058 req-1f91608b-6e0b-470a-8844-1e7f06f5d943 tempest-ServerRescueNegativeTestJSON-1205969120 tempest-ServerRescueNegativeTestJSON-1205969120-project] 10.222.0.20 "GET /v2.0/security-groups?id=2ae1cec1-9fa6-487d-a705-620e3fc0e680&fields=id&fields=name HTTP/1.1" status: 200 len: 286 time: 0.1274564
Sep 21 12:31:33.033579 dv-cinder-798208-3-smb neutron-server[94482]: DEBUG neutron_lib.callbacks.manager [None req-1f8a470f-80aa-424e-a43f-c61ee4870b28 admin admin] Notify callbacks [] for security_group, precommit_delete {{(pid=94482) _notify_loop /usr/local/lib/python3.8/dist-packages/neutron_lib/callbacks/manager.py:192}}
Sep 21 12:31:33.102674 dv-cinder-798208-3-smb neutron-server[94483]: DEBUG neutron_lib.callbacks.manager [req-7b898f48-d865-46fc-973d-c90857295f81 req-512cd40c-4cf7-4aeb-91b6-595769b3f8b8 tempest-VolumesSnapshotTestJSON-833274867 tempest-VolumesSnapshotTestJSON-833274867-project] Notify callbacks ['neutron.plugins.ml2.plugin.SecurityGroupServerNotifierRpcMixin._notify_sg_on_port_change-645284', 'neutron.plugins.ml2.ovo_rpc._ObjectChangeHandler.handle_event-492896', 'neutron.api.rpc.agentnotifiers.dhcp_rpc_agent_api.DhcpAgentNotifyAPI._native_event_send_dhcp_notification-4142660', 'neutron.db.l3_dvrscheduler_db._notify_l3_agent_new_port-8750393701834', 'neutron.services.segments.plugin.NovaSegmentNotifier._notify_port_created_or_deleted-127398598'] for port, after_create {{(pid=94483) _notify_loop /usr/local/lib/python3.8/dist-packages/neutron_lib/callbacks/manager.py:192}}
Sep 21 12:31:33.145855 dv-cinder-798208-3-smb neutron-server[94483]: DEBUG neutron.scheduler.dhcp_agent_scheduler [req-7b898f48-d865-46fc-973d-c90857295f81 req-512cd40c-4cf7-4aeb-91b6-595769b3f8b8 tempest-VolumesSnapshotTestJSON-833274867 tempest-VolumesSnapshotTestJSON-833274867-project] Network c3a9a341-0a9f-4613-9bbb-951eee458ba9 is already hosted by enough agents. {{(pid=94483) _get_dhcp_agents_hosting_network /opt/stack/neutron/neutron/scheduler/dhcp_agent_scheduler.py:275}}
Sep 21 12:31:33.150591 dv-cinder-798208-3-smb neutron-server[94483]: DEBUG neutron.scheduler.base_scheduler [req-7b898f48-d865-46fc-973d-c90857295f81 req-512cd40c-4cf7-4aeb-91b6-595769b3f8b8 tempest-VolumesSnapshotTestJSON-833274867 tempest-VolumesSnapshotTestJSON-833274867-project] Resources bound (agent type, host, resource id): {{(pid=94483) schedule /opt/stack/neutron/neutron/scheduler/base_scheduler.py:57}}
Sep 21 12:31:33.157224 dv-cinder-798208-3-smb neutron-server[94483]: DEBUG neutron.db.l3_dvrscheduler_db [req-7b898f48-d865-46fc-973d-c90857295f81 req-512cd40c-4cf7-4aeb-91b6-595769b3f8b8 tempest-VolumesSnapshotTestJSON-833274867 tempest-VolumesSnapshotTestJSON-833274867-project] Received port after_create {{(pid=94483) _notify_l3_agent_new_port /opt/stack/neutron/neutron/db/l3_dvrscheduler_db.py:535}}
Sep 21 12:31:33.160912 dv-cinder-798208-3-smb neutron-server[94483]: DEBUG neutron.api.rpc.handlers.resources_rpc [None req-512cd40c-4cf7-4aeb-91b6-595769b3f8b8 tempest-VolumesSnapshotTestJSON-833274867 tempest-VolumesSnapshotTestJSON-833274867-project] Pushing event updated for resources: {'Port': ['ID=c40cdd5a-919e-4f4d-ba3f-f711dd63008d,revision_number=1']} {{(pid=94483) push /opt/stack/neutron/neutron/api/rpc/handlers/resources_rpc.py:237}}
Sep 21 12:31:33.190647 dv-cinder-798208-3-smb neutron-server[94483]: DEBUG neutron.pecan_wsgi.hooks.quota_enforcement [req-7e990280-f650-4d10-8a70-da319a970493 req-bb3bef1d-61fd-4e2b-bf7b-65a7efd9f828 tempest-AttachVolumeNegativeTest-1980707786 tempest-AttachVolumeNegativeTest-1980707786-project] Made reservation on behalf of 62f823c4e3c0472baf23ebdb1daee410 for: {'port': 1} {{(pid=94483) before /opt/stack/neutron/neutron/pecan_wsgi/hooks/quota_enforcement.py:53}}
Sep 21 12:31:33.194010 dv-cinder-798208-3-smb neutron-server[94483]: DEBUG neutron_lib.callbacks.manager [req-7e990280-f650-4d10-8a70-da319a970493 req-bb3bef1d-61fd-4e2b-bf7b-65a7efd9f828 tempest-AttachVolumeNegativeTest-1980707786 tempest-AttachVolumeNegativeTest-1980707786-project] Notify callbacks ['neutron.plugins.ml2.plugin.SecurityGroupDbMixin._ensure_default_security_group_handler-645349'] for port, before_create {{(pid=94483) _notify_loop /usr/local/lib/python3.8/dist-packages/neutron_lib/callbacks/manager.py:192}}
Sep 21 12:31:33.228742 dv-cinder-798208-3-smb neutron-server[94483]: DEBUG neutron.pecan_wsgi.hooks.policy_enforcement [req-7b898f48-d865-46fc-973d-c90857295f81 req-512cd40c-4cf7-4aeb-91b6-595769b3f8b8 tempest-VolumesSnapshotTestJSON-833274867 tempest-VolumesSnapshotTestJSON-833274867-project] Attributes excluded by policy engine: ['standard_attr_id', 'binding:profile', 'binding:host_id', 'binding:vif_type', 'binding:vif_details', 'network'] {{(pid=94483) _exclude_attributes_by_policy /opt/stack/neutron/neutron/pecan_wsgi/hooks/policy_enforcement.py:255}}
Sep 21 12:31:33.229378 dv-cinder-798208-3-smb neutron-server[94483]: DEBUG neutron_lib.callbacks.manager [req-7b898f48-d865-46fc-973d-c90857295f81 req-512cd40c-4cf7-4aeb-91b6-595769b3f8b8 tempest-VolumesSnapshotTestJSON-833274867 tempest-VolumesSnapshotTestJSON-833274867-project] Notify callbacks ['neutron.notifiers.nova.Notifier._send_nova_notification-80737'] for port, before_response {{(pid=94483) _notify_loop /usr/local/lib/python3.8/dist-packages/neutron_lib/callbacks/manager.py:192}}
Sep 21 12:31:33.234476 dv-cinder-798208-3-smb neutron-server[94482]: DEBUG neutron_lib.callbacks.manager [None req-1f8a470f-80aa-424e-a43f-c61ee4870b28 admin admin] Notify callbacks ['neutron.plugins.ml2.ovo_rpc._ObjectChangeHandler.handle_event-3678676'] for security_group, after_delete {{(pid=94482) _notify_loop /usr/local/lib/python3.8/dist-packages/neutron_lib/callbacks/manager.py:192}}
Sep 21 12:31:33.238291 dv-cinder-798208-3-smb neutron-server[94482]: DEBUG neutron_lib.callbacks.manager [None req-1f8a470f-80aa-424e-a43f-c61ee4870b28 admin admin] Notify callbacks [] for security_group, before_response {{(pid=94482) _notify_loop /usr/local/lib/python3.8/dist-packages/neutron_lib/callbacks/manager.py:192}}
Sep 21 12:31:33.240482 dv-cinder-798208-3-smb neutron-server[94482]: INFO neutron.wsgi [None req-1f8a470f-80aa-424e-a43f-c61ee4870b28 admin admin] 10.222.0.20 "DELETE /v2.0/security-groups/01c3bfa1-d3e1-4a00-bff0-3a3132795e6c HTTP/1.1" status: 204 len: 168 time: 0.2822711
Sep 21 12:31:33.266815 dv-cinder-798208-3-smb neutron-server[94482]: DEBUG neutron.api.rpc.handlers.resources_rpc [None req-1f8a470f-80aa-424e-a43f-c61ee4870b28 admin admin] Pushing event deleted for resources: {'SecurityGroup': ['ID=01c3bfa1-d3e1-4a00-bff0-3a3132795e6c,revision_number=None']} {{(pid=94482) push /opt/stack/neutron/neutron/api/rpc/handlers/resources_rpc.py:237}}
Sep 21 12:31:33.363408 dv-cinder-798208-3-smb neutron-server[94483]: DEBUG neutron.db.db_base_plugin_common [req-7e990280-f650-4d10-8a70-da319a970493 req-bb3bef1d-61fd-4e2b-bf7b-65a7efd9f828 tempest-AttachVolumeNegativeTest-1980707786 tempest-AttachVolumeNegativeTest-1980707786-project] Allocated IP 172.20.0.4 (dab0fbc3-17a9-4efc-a234-801554a2d0ed/e64f9656-40d2-4ade-87c4-c3485a2e5ff1/b62eb5b6-cbfe-4bca-a58d-9b33f0cbc149) {{(pid=94483) _store_ip_allocation /opt/stack/neutron/neutron/db/db_base_plugin_common.py:131}}
Sep 21 12:31:33.382480 dv-cinder-798208-3-smb neutron-server[94483]: INFO neutron.wsgi [req-7b898f48-d865-46fc-973d-c90857295f81 req-512cd40c-4cf7-4aeb-91b6-595769b3f8b8 tempest-VolumesSnapshotTestJSON-833274867 tempest-VolumesSnapshotTestJSON-833274867-project] 10.222.0.35 "POST /v2.0/ports HTTP/1.1" status: 201 len: 934 time: 1.2569296
Sep 21 12:31:33.399283 dv-cinder-798208-3-smb neutron-server[94483]: DEBUG neutron.api.v2.base [req-7b898f48-d865-46fc-973d-c90857295f81 req-ed276dad-e23f-453a-81a5-3565b10e31fd service neutron] Request body: {'port': {'device_id': '0f369227-13af-4c2b-8935-a08b86777e5b', 'device_owner': 'compute:nova', 'binding:host_id': 'hv-cinder-79820'}} {{(pid=94483) prepare_request_body /opt/stack/neutron/neutron/api/v2/base.py:730}}
Sep 21 12:31:33.538628 dv-cinder-798208-3-smb neutron-server[94483]: DEBUG neutron_lib.callbacks.manager [req-7b898f48-d865-46fc-973d-c90857295f81 req-ed276dad-e23f-453a-81a5-3565b10e31fd service neutron] Notify callbacks ['neutron.plugins.ml2.plugin.SecurityGroupDbMixin._ensure_default_security_group_handler-645349'] for port, before_update {{(pid=94483) _notify_loop /usr/local/lib/python3.8/dist-packages/neutron_lib/callbacks/manager.py:192}}
Sep 21 12:31:33.849118 dv-cinder-798208-3-smb neutron-server[94483]: DEBUG neutron.pecan_wsgi.hooks.policy_enforcement [req-fcbaf2d0-edbe-4d63-80a0-57f557e6c877 req-2c4f67fd-3d3a-448a-aa5a-f2d85c954bc8 tempest-VolumesSnapshotTestJSON-833274867 tempest-VolumesSnapshotTestJSON-833274867-project] Attributes excluded by policy engine: ['standard_attr_id', 'binding:profile', 'binding:host_id', 'binding:vif_type', 'binding:vif_details'] {{(pid=94483) _exclude_attributes_by_policy /opt/stack/neutron/neutron/pecan_wsgi/hooks/policy_enforcement.py:255}}
Sep 21 12:31:33.850668 dv-cinder-798208-3-smb neutron-server[94483]: INFO neutron.wsgi [req-fcbaf2d0-edbe-4d63-80a0-57f557e6c877 req-2c4f67fd-3d3a-448a-aa5a-f2d85c954bc8 tempest-VolumesSnapshotTestJSON-833274867 tempest-VolumesSnapshotTestJSON-833274867-project] 10.222.0.20 "GET /v2.0/ports?device_id=0f369227-13af-4c2b-8935-a08b86777e5b HTTP/1.1" status: 200 len: 932 time: 0.3781753
Sep 21 12:31:33.937930 dv-cinder-798208-3-smb neutron-server[94483]: DEBUG neutron_lib.callbacks.manager [req-7e990280-f650-4d10-8a70-da319a970493 req-bb3bef1d-61fd-4e2b-bf7b-65a7efd9f828 tempest-AttachVolumeNegativeTest-1980707786 tempest-AttachVolumeNegativeTest-1980707786-project] Notify callbacks [] for port, precommit_create {{(pid=94483) _notify_loop /usr/local/lib/python3.8/dist-packages/neutron_lib/callbacks/manager.py:192}}
