Aug 24 19:05:54.754678 dv-cinder-798198-3-smb devstack@c-api.service[100827]: DEBUG cinder.api.openstack.wsgi [None req-8eff6d94-af6c-4b73-bb6f-5383aed9a0b4 tempest-VolumesImageMetadata-972518201 tempest-VolumesImageMetadata-972518201-project] Empty body provided in request {{(pid=100827) get_body /opt/stack/cinder/cinder/api/openstack/wsgi.py:703}}
Aug 24 19:05:54.755057 dv-cinder-798198-3-smb devstack@c-api.service[100827]: /usr/local/lib/python3.8/dist-packages/webob/acceptparse.py:1047: DeprecationWarning: The behavior of AcceptValidHeader.best_match is currently being maintained for backward compatibility, but it will be deprecated in the future, as it does not conform to the RFC.
Aug 24 19:05:54.755057 dv-cinder-798198-3-smb devstack@c-api.service[100827]: warnings.warn(
Aug 24 19:05:54.755640 dv-cinder-798198-3-smb devstack@c-api.service[100827]: DEBUG cinder.api.openstack.wsgi [None req-8eff6d94-af6c-4b73-bb6f-5383aed9a0b4 tempest-VolumesImageMetadata-972518201 tempest-VolumesImageMetadata-972518201-project] Calling method 'show' {{(pid=100827) _process_stack /opt/stack/cinder/cinder/api/openstack/wsgi.py:856}}
Aug 24 19:05:54.763357 dv-cinder-798198-3-smb devstack@c-api.service[100828]: INFO cinder.api.openstack.wsgi [req-d99ad1dc-7839-4e71-91ef-6b8eac5ee8b9 req-f973a0c0-e529-4609-899e-f7a3a6da3359 tempest-DeleteServersTestJSON-685879910 tempest-DeleteServersTestJSON-685879910-project] http://10.222.0.69/volume/v3/567a732388c847df8dbd033db51b005b/attachments/3905d8d2-b8b4-4c81-96cd-78b6237a8b92/action returned with HTTP 204
Aug 24 19:05:54.764943 dv-cinder-798198-3-smb devstack@c-api.service[100828]: [pid: 100828|app: 0|req: 167/346] 10.222.0.67 () {64 vars in 1499 bytes} [Tue Aug 24 19:05:54 2021] POST /volume/v3/567a732388c847df8dbd033db51b005b/attachments/3905d8d2-b8b4-4c81-96cd-78b6237a8b92/action => generated 0 bytes in 76 msecs (HTTP/1.1 204) 7 headers in 292 bytes (2 switches on core 0)
Aug 24 19:05:54.770806 dv-cinder-798198-3-smb devstack@c-api.service[100828]: INFO cinder.api.openstack.wsgi [None req-dbcbdcf3-7c1e-4813-b4bc-f54086b62a4b tempest-VolumeSnapshotQuotasNegativeTestJSON-1661578776 tempest-VolumeSnapshotQuotasNegativeTestJSON-1661578776-project] GET http://10.222.0.69/volume/v3/217bd059490845e8997ea3d3d9e0f897/snapshots/49f76d5c-73ca-4b6b-abb4-6383ccd3df9a
Aug 24 19:05:54.771656 dv-cinder-798198-3-smb devstack@c-api.service[100828]: DEBUG cinder.api.openstack.wsgi [None req-dbcbdcf3-7c1e-4813-b4bc-f54086b62a4b tempest-VolumeSnapshotQuotasNegativeTestJSON-1661578776 tempest-VolumeSnapshotQuotasNegativeTestJSON-1661578776-project] Empty body provided in request {{(pid=100828) get_body /opt/stack/cinder/cinder/api/openstack/wsgi.py:703}}
Aug 24 19:05:54.772023 dv-cinder-798198-3-smb devstack@c-api.service[100828]: /usr/local/lib/python3.8/dist-packages/webob/acceptparse.py:1047: DeprecationWarning: The behavior of AcceptValidHeader.best_match is currently being maintained for backward compatibility, but it will be deprecated in the future, as it does not conform to the RFC.
Aug 24 19:05:54.772023 dv-cinder-798198-3-smb devstack@c-api.service[100828]: warnings.warn(
Aug 24 19:05:54.773219 dv-cinder-798198-3-smb devstack@c-api.service[100828]: DEBUG cinder.api.openstack.wsgi [None req-dbcbdcf3-7c1e-4813-b4bc-f54086b62a4b tempest-VolumeSnapshotQuotasNegativeTestJSON-1661578776 tempest-VolumeSnapshotQuotasNegativeTestJSON-1661578776-project] Calling method 'show' {{(pid=100828) _process_stack /opt/stack/cinder/cinder/api/openstack/wsgi.py:856}}
Aug 24 19:05:54.785094 dv-cinder-798198-3-smb devstack@c-api.service[100828]: INFO cinder.api.openstack.wsgi [None req-dbcbdcf3-7c1e-4813-b4bc-f54086b62a4b tempest-VolumeSnapshotQuotasNegativeTestJSON-1661578776 tempest-VolumeSnapshotQuotasNegativeTestJSON-1661578776-project] http://10.222.0.69/volume/v3/217bd059490845e8997ea3d3d9e0f897/snapshots/49f76d5c-73ca-4b6b-abb4-6383ccd3df9a returned with HTTP 404
Aug 24 19:05:54.788024 dv-cinder-798198-3-smb devstack@c-api.service[100827]: /usr/local/lib/python3.8/dist-packages/oslo_context/context.py:105: DeprecationWarning: Policy enforcement is depending on the value of is_admin. This key is deprecated. Please update your policy file to use the standard policy values.
Aug 24 19:05:54.788024 dv-cinder-798198-3-smb devstack@c-api.service[100827]: warnings.warn('Policy enforcement is depending on the value of '
Aug 24 19:05:54.791907 dv-cinder-798198-3-smb devstack@c-api.service[100828]: [pid: 100828|app: 0|req: 168/347] 10.222.0.69 () {58 vars in 1331 bytes} [Tue Aug 24 19:05:54 2021] GET /volume/v3/217bd059490845e8997ea3d3d9e0f897/snapshots/49f76d5c-73ca-4b6b-abb4-6383ccd3df9a => generated 111 bytes in 26 msecs (HTTP/1.1 404) 7 headers in 292 bytes (1 switches on core 0)
Aug 24 19:05:54.797148 dv-cinder-798198-3-smb devstack@c-api.service[100828]: INFO cinder.api.openstack.wsgi [None req-c47244a8-fd2a-42a7-9c55-82f17219faba tempest-VolumeSnapshotQuotasNegativeTestJSON-1661578776 tempest-VolumeSnapshotQuotasNegativeTestJSON-1661578776-project] DELETE http://10.222.0.69/volume/v3/217bd059490845e8997ea3d3d9e0f897/volumes/03a6fe83-69e7-466d-8cee-b78a58bff0ec
Aug 24 19:05:54.797798 dv-cinder-798198-3-smb devstack@c-api.service[100828]: DEBUG cinder.api.openstack.wsgi [None req-c47244a8-fd2a-42a7-9c55-82f17219faba tempest-VolumeSnapshotQuotasNegativeTestJSON-1661578776 tempest-VolumeSnapshotQuotasNegativeTestJSON-1661578776-project] Empty body provided in request {{(pid=100828) get_body /opt/stack/cinder/cinder/api/openstack/wsgi.py:703}}
Aug 24 19:05:54.798334 dv-cinder-798198-3-smb devstack@c-api.service[100828]: DEBUG cinder.api.openstack.wsgi [None req-c47244a8-fd2a-42a7-9c55-82f17219faba tempest-VolumeSnapshotQuotasNegativeTestJSON-1661578776 tempest-VolumeSnapshotQuotasNegativeTestJSON-1661578776-project] Calling method 'delete' {{(pid=100828) _process_stack /opt/stack/cinder/cinder/api/openstack/wsgi.py:856}}
Aug 24 19:05:54.798854 dv-cinder-798198-3-smb devstack@c-api.service[100828]: INFO cinder.api.v3.volumes [None req-c47244a8-fd2a-42a7-9c55-82f17219faba tempest-VolumeSnapshotQuotasNegativeTestJSON-1661578776 tempest-VolumeSnapshotQuotasNegativeTestJSON-1661578776-project] Delete volume with id: 03a6fe83-69e7-466d-8cee-b78a58bff0ec
Aug 24 19:05:54.804472 dv-cinder-798198-3-smb devstack@c-api.service[100827]: INFO cinder.volume.api [None req-8eff6d94-af6c-4b73-bb6f-5383aed9a0b4 tempest-VolumesImageMetadata-972518201 tempest-VolumesImageMetadata-972518201-project] Volume info retrieved successfully.
Aug 24 19:05:54.817267 dv-cinder-798198-3-smb devstack@c-api.service[100828]: /usr/local/lib/python3.8/dist-packages/oslo_context/context.py:105: DeprecationWarning: Policy enforcement is depending on the value of is_admin. This key is deprecated. Please update your policy file to use the standard policy values.
Aug 24 19:05:54.817267 dv-cinder-798198-3-smb devstack@c-api.service[100828]: warnings.warn('Policy enforcement is depending on the value of '
Aug 24 19:05:54.819095 dv-cinder-798198-3-smb devstack@c-api.service[100828]: INFO cinder.volume.api [None req-c47244a8-fd2a-42a7-9c55-82f17219faba tempest-VolumeSnapshotQuotasNegativeTestJSON-1661578776 tempest-VolumeSnapshotQuotasNegativeTestJSON-1661578776-project] Volume info retrieved successfully.
Aug 24 19:05:54.822488 dv-cinder-798198-3-smb devstack@c-api.service[100827]: INFO cinder.api.openstack.wsgi [None req-8eff6d94-af6c-4b73-bb6f-5383aed9a0b4 tempest-VolumesImageMetadata-972518201 tempest-VolumesImageMetadata-972518201-project] http://10.222.0.69/volume/v3/68e8d0645eb84b38920a1b09dd35ea3a/volumes/97b05143-5f9b-47d1-98c6-e90e861e894e returned with HTTP 200
Aug 24 19:05:54.823821 dv-cinder-798198-3-smb devstack@c-api.service[100827]: [pid: 100827|app: 0|req: 180/348] 10.222.0.69 () {58 vars in 1325 bytes} [Tue Aug 24 19:05:54 2021] GET /volume/v3/68e8d0645eb84b38920a1b09dd35ea3a/volumes/97b05143-5f9b-47d1-98c6-e90e861e894e => generated 912 bytes in 74 msecs (HTTP/1.1 200) 7 headers in 285 bytes (1 switches on core 0)
Aug 24 19:05:54.862544 dv-cinder-798198-3-smb devstack@c-api.service[100828]: INFO cinder.volume.api [None req-c47244a8-fd2a-42a7-9c55-82f17219faba tempest-VolumeSnapshotQuotasNegativeTestJSON-1661578776 tempest-VolumeSnapshotQuotasNegativeTestJSON-1661578776-project] Delete volume request issued successfully.
Aug 24 19:05:54.863222 dv-cinder-798198-3-smb devstack@c-api.service[100828]: INFO cinder.api.openstack.wsgi [None req-c47244a8-fd2a-42a7-9c55-82f17219faba tempest-VolumeSnapshotQuotasNegativeTestJSON-1661578776 tempest-VolumeSnapshotQuotasNegativeTestJSON-1661578776-project] http://10.222.0.69/volume/v3/217bd059490845e8997ea3d3d9e0f897/volumes/03a6fe83-69e7-466d-8cee-b78a58bff0ec returned with HTTP 202
Aug 24 19:05:54.865423 dv-cinder-798198-3-smb devstack@c-api.service[100828]: [pid: 100828|app: 0|req: 169/349] 10.222.0.69 () {58 vars in 1328 bytes} [Tue Aug 24 19:05:54 2021] DELETE /volume/v3/217bd059490845e8997ea3d3d9e0f897/volumes/03a6fe83-69e7-466d-8cee-b78a58bff0ec => generated 0 bytes in 72 msecs (HTTP/1.1 202) 6 headers in 233 bytes (1 switches on core 0)
Aug 24 19:05:54.874152 dv-cinder-798198-3-smb devstack@c-api.service[100827]: INFO cinder.api.openstack.wsgi [None req-e45f7fd5-077b-4cab-bdff-3739161c4de8 tempest-VolumeSnapshotQuotasNegativeTestJSON-1661578776 tempest-VolumeSnapshotQuotasNegativeTestJSON-1661578776-project] GET http://10.222.0.69/volume/v3/217bd059490845e8997ea3d3d9e0f897/volumes/03a6fe83-69e7-466d-8cee-b78a58bff0ec
Aug 24 19:05:54.874859 dv-cinder-798198-3-smb devstack@c-api.service[100827]: DEBUG cinder.api.openstack.wsgi [None req-e45f7fd5-077b-4cab-bdff-3739161c4de8 tempest-VolumeSnapshotQuotasNegativeTestJSON-1661578776 tempest-VolumeSnapshotQuotasNegativeTestJSON-1661578776-project] Empty body provided in request {{(pid=100827) get_body /opt/stack/cinder/cinder/api/openstack/wsgi.py:703}}
Aug 24 19:05:54.875220 dv-cinder-798198-3-smb devstack@c-api.service[100827]: /usr/local/lib/python3.8/dist-packages/webob/acceptparse.py:1047: DeprecationWarning: The behavior of AcceptValidHeader.best_match is currently being maintained for backward compatibility, but it will be deprecated in the future, as it does not conform to the RFC.
Aug 24 19:05:54.875220 dv-cinder-798198-3-smb devstack@c-api.service[100827]: warnings.warn(
Aug 24 19:05:54.875779 dv-cinder-798198-3-smb devstack@c-api.service[100827]: DEBUG cinder.api.openstack.wsgi [None req-e45f7fd5-077b-4cab-bdff-3739161c4de8 tempest-VolumeSnapshotQuotasNegativeTestJSON-1661578776 tempest-VolumeSnapshotQuotasNegativeTestJSON-1661578776-project] Calling method 'show' {{(pid=100827) _process_stack /opt/stack/cinder/cinder/api/openstack/wsgi.py:856}}
Aug 24 19:05:54.891511 dv-cinder-798198-3-smb devstack@c-api.service[100827]: /usr/local/lib/python3.8/dist-packages/oslo_context/context.py:105: DeprecationWarning: Policy enforcement is depending on the value of is_admin. This key is deprecated. Please update your policy file to use the standard policy values.
Aug 24 19:05:54.891511 dv-cinder-798198-3-smb devstack@c-api.service[100827]: warnings.warn('Policy enforcement is depending on the value of '
Aug 24 19:05:54.899161 dv-cinder-798198-3-smb devstack@c-api.service[100827]: INFO cinder.volume.api [None req-e45f7fd5-077b-4cab-bdff-3739161c4de8 tempest-VolumeSnapshotQuotasNegativeTestJSON-1661578776 tempest-VolumeSnapshotQuotasNegativeTestJSON-1661578776-project] Volume info retrieved successfully.
Aug 24 19:05:54.924359 dv-cinder-798198-3-smb devstack@c-api.service[100827]: INFO cinder.api.openstack.wsgi [None req-e45f7fd5-077b-4cab-bdff-3739161c4de8 tempest-VolumeSnapshotQuotasNegativeTestJSON-1661578776 tempest-VolumeSnapshotQuotasNegativeTestJSON-1661578776-project] http://10.222.0.69/volume/v3/217bd059490845e8997ea3d3d9e0f897/volumes/03a6fe83-69e7-466d-8cee-b78a58bff0ec returned with HTTP 200
Aug 24 19:05:54.925097 dv-cinder-798198-3-smb devstack@c-api.service[100827]: [pid: 100827|app: 0|req: 181/350] 10.222.0.69 () {58 vars in 1325 bytes} [Tue Aug 24 19:05:54 2021] GET /volume/v3/217bd059490845e8997ea3d3d9e0f897/volumes/03a6fe83-69e7-466d-8cee-b78a58bff0ec => generated 928 bytes in 57 msecs (HTTP/1.1 200) 7 headers in 285 bytes (2 switches on core 0)
Aug 24 19:05:55.593997 dv-cinder-798198-3-smb devstack@c-api.service[100828]: INFO cinder.api.openstack.wsgi [None req-7c3e607f-759a-4b2a-a4b1-efef3e1b2833 tempest-VolumesDeleteCascade-925079617 tempest-VolumesDeleteCascade-925079617-project] GET http://10.222.0.69/volume/v3/94fa9ec46f7748feb3bdeab741a5e66c/volumes/714e8e4c-fd8c-4475-8101-d1304dc829bc
Aug 24 19:05:55.594582 dv-cinder-798198-3-smb devstack@c-api.service[100828]: DEBUG cinder.api.openstack.wsgi [None req-7c3e607f-759a-4b2a-a4b1-efef3e1b2833 tempest-VolumesDeleteCascade-925079617 tempest-VolumesDeleteCascade-925079617-project] Empty body provided in request {{(pid=100828) get_body /opt/stack/cinder/cinder/api/openstack/wsgi.py:703}}
Aug 24 19:05:55.595042 dv-cinder-798198-3-smb devstack@c-api.service[100828]: /usr/local/lib/python3.8/dist-packages/webob/acceptparse.py:1047: DeprecationWarning: The behavior of AcceptValidHeader.best_match is currently being maintained for backward compatibility, but it will be deprecated in the future, as it does not conform to the RFC.
Aug 24 19:05:55.595042 dv-cinder-798198-3-smb devstack@c-api.service[100828]: warnings.warn(
Aug 24 19:05:55.595455 dv-cinder-798198-3-smb devstack@c-api.service[100828]: DEBUG cinder.api.openstack.wsgi [None req-7c3e607f-759a-4b2a-a4b1-efef3e1b2833 tempest-VolumesDeleteCascade-925079617 tempest-VolumesDeleteCascade-925079617-project] Calling method 'show' {{(pid=100828) _process_stack /opt/stack/cinder/cinder/api/openstack/wsgi.py:856}}
Aug 24 19:05:55.608996 dv-cinder-798198-3-smb devstack@c-api.service[100828]: INFO cinder.api.openstack.wsgi [None req-7c3e607f-759a-4b2a-a4b1-efef3e1b2833 tempest-VolumesDeleteCascade-925079617 tempest-VolumesDeleteCascade-925079617-project] http://10.222.0.69/volume/v3/94fa9ec46f7748feb3bdeab741a5e66c/volumes/714e8e4c-fd8c-4475-8101-d1304dc829bc returned with HTTP 404
Aug 24 19:05:55.613138 dv-cinder-798198-3-smb devstack@c-api.service[100828]: [pid: 100828|app: 0|req: 170/351] 10.222.0.69 () {58 vars in 1325 bytes} [Tue Aug 24 19:05:55 2021] GET /volume/v3/94fa9ec46f7748feb3bdeab741a5e66c/volumes/714e8e4c-fd8c-4475-8101-d1304dc829bc => generated 109 bytes in 23 msecs (HTTP/1.1 404) 7 headers in 292 bytes (1 switches on core 0)
Aug 24 19:05:55.614642 dv-cinder-798198-3-smb devstack@c-api.service[100827]: INFO cinder.api.openstack.wsgi [None req-adfdb0af-6ac2-44e2-bc39-a04093e85475 tempest-DeleteServersTestJSON-685879910 tempest-DeleteServersTestJSON-685879910-project] GET http://10.222.0.69/volume/v3/567a732388c847df8dbd033db51b005b/volumes/0c31c13f-fd02-4dbf-90c5-0384cd91f48f
Aug 24 19:05:55.616938 dv-cinder-798198-3-smb devstack@c-api.service[100827]: DEBUG cinder.api.openstack.wsgi [None req-adfdb0af-6ac2-44e2-bc39-a04093e85475 tempest-DeleteServersTestJSON-685879910 tempest-DeleteServersTestJSON-685879910-project] Empty body provided in request {{(pid=100827) get_body /opt/stack/cinder/cinder/api/openstack/wsgi.py:703}}
Aug 24 19:05:55.617115 dv-cinder-798198-3-smb devstack@c-api.service[100827]: /usr/local/lib/python3.8/dist-packages/webob/acceptparse.py:1047: DeprecationWarning: The behavior of AcceptValidHeader.best_match is currently being maintained for backward compatibility, but it will be deprecated in the future, as it does not conform to the RFC.
Aug 24 19:05:55.617115 dv-cinder-798198-3-smb devstack@c-api.service[100827]: warnings.warn(
Aug 24 19:05:55.618164 dv-cinder-798198-3-smb devstack@c-api.service[100827]: DEBUG cinder.api.openstack.wsgi [None req-adfdb0af-6ac2-44e2-bc39-a04093e85475 tempest-DeleteServersTestJSON-685879910 tempest-DeleteServersTestJSON-685879910-project] Calling method 'show' {{(pid=100827) _process_stack /opt/stack/cinder/cinder/api/openstack/wsgi.py:856}}
Aug 24 19:05:55.626514 dv-cinder-798198-3-smb devstack@c-api.service[100828]: INFO cinder.api.openstack.wsgi [None req-943a05b0-aa9b-44e8-a47c-a65be5c0247b tempest-VolumesDeleteCascade-925079617 tempest-VolumesDeleteCascade-925079617-project] GET http://10.222.0.69/volume/v3/94fa9ec46f7748feb3bdeab741a5e66c/volumes
Aug 24 19:05:55.626952 dv-cinder-798198-3-smb devstack@c-api.service[100828]: DEBUG cinder.api.openstack.wsgi [None req-943a05b0-aa9b-44e8-a47c-a65be5c0247b tempest-VolumesDeleteCascade-925079617 tempest-VolumesDeleteCascade-925079617-project] Empty body provided in request {{(pid=100828) get_body /opt/stack/cinder/cinder/api/openstack/wsgi.py:703}}
Aug 24 19:05:55.627365 dv-cinder-798198-3-smb devstack@c-api.service[100828]: DEBUG cinder.api.openstack.wsgi [None req-943a05b0-aa9b-44e8-a47c-a65be5c0247b tempest-VolumesDeleteCascade-925079617 tempest-VolumesDeleteCascade-925079617-project] Calling method 'index' {{(pid=100828) _process_stack /opt/stack/cinder/cinder/api/openstack/wsgi.py:856}}
Aug 24 19:05:55.627973 dv-cinder-798198-3-smb devstack@c-api.service[100828]: DEBUG cinder.api.api_utils [None req-943a05b0-aa9b-44e8-a47c-a65be5c0247b tempest-VolumesDeleteCascade-925079617 tempest-VolumesDeleteCascade-925079617-project] Removing options '' from query. {{(pid=100828) remove_invalid_filter_options /opt/stack/cinder/cinder/api/api_utils.py:73}}
Aug 24 19:05:55.629588 dv-cinder-798198-3-smb devstack@c-api.service[100828]: DEBUG cinder.volume.api [None req-943a05b0-aa9b-44e8-a47c-a65be5c0247b tempest-VolumesDeleteCascade-925079617 tempest-VolumesDeleteCascade-925079617-project] Searching by: MultiDict([('no_migration_targets', True)]). {{(pid=100828) get_all /opt/stack/cinder/cinder/volume/api.py:619}}
Aug 24 19:05:55.635499 dv-cinder-798198-3-smb devstack@c-api.service[100827]: /usr/local/lib/python3.8/dist-packages/oslo_context/context.py:105: DeprecationWarning: Policy enforcement is depending on the value of is_admin. This key is deprecated. Please update your policy file to use the standard policy values.
Aug 24 19:05:55.635499 dv-cinder-798198-3-smb devstack@c-api.service[100827]: warnings.warn('Policy enforcement is depending on the value of '
Aug 24 19:05:55.646542 dv-cinder-798198-3-smb devstack@c-api.service[100827]: INFO cinder.volume.api [None req-adfdb0af-6ac2-44e2-bc39-a04093e85475 tempest-DeleteServersTestJSON-685879910 tempest-DeleteServersTestJSON-685879910-project] Volume info retrieved successfully.
Aug 24 19:05:55.663038 dv-cinder-798198-3-smb devstack@c-api.service[100827]: /usr/local/lib/python3.8/dist-packages/oslo_context/context.py:105: DeprecationWarning: Policy enforcement is depending on the value of is_admin. This key is deprecated. Please update your policy file to use the standard policy values.
Aug 24 19:05:55.663038 dv-cinder-798198-3-smb devstack@c-api.service[100827]: warnings.warn('Policy enforcement is depending on the value of '
Aug 24 19:05:55.705751 dv-cinder-798198-3-smb devstack@c-api.service[100828]: INFO cinder.volume.api [None req-943a05b0-aa9b-44e8-a47c-a65be5c0247b tempest-VolumesDeleteCascade-925079617 tempest-VolumesDeleteCascade-925079617-project] Get all volumes completed successfully.
Aug 24 19:05:55.706726 dv-cinder-798198-3-smb devstack@c-api.service[100828]: INFO cinder.api.openstack.wsgi [None req-943a05b0-aa9b-44e8-a47c-a65be5c0247b tempest-VolumesDeleteCascade-925079617 tempest-VolumesDeleteCascade-925079617-project] http://10.222.0.69/volume/v3/94fa9ec46f7748feb3bdeab741a5e66c/volumes returned with HTTP 200
Aug 24 19:05:55.707990 dv-cinder-798198-3-smb devstack@c-api.service[100828]: [pid: 100828|app: 0|req: 171/352] 10.222.0.69 () {58 vars in 1214 bytes} [Tue Aug 24 19:05:55 2021] GET /volume/v3/94fa9ec46f7748feb3bdeab741a5e66c/volumes => generated 15 bytes in 94 msecs (HTTP/1.1 200) 7 headers in 284 bytes (1 switches on core 0)
Aug 24 19:05:55.720383 dv-cinder-798198-3-smb devstack@c-api.service[100828]: INFO cinder.api.openstack.wsgi [None req-2e73add2-7d95-4737-a793-b6eab1bc762f tempest-VolumesDeleteCascade-925079617 tempest-VolumesDeleteCascade-925079617-project] GET http://10.222.0.69/volume/v3/94fa9ec46f7748feb3bdeab741a5e66c/snapshots
Aug 24 19:05:55.721462 dv-cinder-798198-3-smb devstack@c-api.service[100828]: DEBUG cinder.api.openstack.wsgi [None req-2e73add2-7d95-4737-a793-b6eab1bc762f tempest-VolumesDeleteCascade-925079617 tempest-VolumesDeleteCascade-925079617-project] Empty body provided in request {{(pid=100828) get_body /opt/stack/cinder/cinder/api/openstack/wsgi.py:703}}
Aug 24 19:05:55.721965 dv-cinder-798198-3-smb devstack@c-api.service[100828]: DEBUG cinder.api.openstack.wsgi [None req-2e73add2-7d95-4737-a793-b6eab1bc762f tempest-VolumesDeleteCascade-925079617 tempest-VolumesDeleteCascade-925079617-project] Calling method 'index' {{(pid=100828) _process_stack /opt/stack/cinder/cinder/api/openstack/wsgi.py:856}}
Aug 24 19:05:55.722822 dv-cinder-798198-3-smb devstack@c-api.service[100828]: DEBUG cinder.api.api_utils [None req-2e73add2-7d95-4737-a793-b6eab1bc762f tempest-VolumesDeleteCascade-925079617 tempest-VolumesDeleteCascade-925079617-project] Removing options '' from query. {{(pid=100828) remove_invalid_filter_options /opt/stack/cinder/cinder/api/api_utils.py:73}}
Aug 24 19:05:55.725528 dv-cinder-798198-3-smb devstack@c-api.service[100827]: INFO cinder.api.openstack.wsgi [None req-adfdb0af-6ac2-44e2-bc39-a04093e85475 tempest-DeleteServersTestJSON-685879910 tempest-DeleteServersTestJSON-685879910-project] http://10.222.0.69/volume/v3/567a732388c847df8dbd033db51b005b/volumes/0c31c13f-fd02-4dbf-90c5-0384cd91f48f returned with HTTP 200
Aug 24 19:05:55.725941 dv-cinder-798198-3-smb devstack@c-api.service[100828]: DEBUG cinder.db.sqlalchemy.api [None req-2e73add2-7d95-4737-a793-b6eab1bc762f tempest-VolumesDeleteCascade-925079617 tempest-VolumesDeleteCascade-925079617-project] Building query based on filter {{(pid=100828) _process_snaps_filters /opt/stack/cinder/cinder/db/sqlalchemy/api.py:3138}}
Aug 24 19:05:55.726358 dv-cinder-798198-3-smb devstack@c-api.service[100827]: [pid: 100827|app: 0|req: 182/353] 10.222.0.69 () {58 vars in 1325 bytes} [Tue Aug 24 19:05:55 2021] GET /volume/v3/567a732388c847df8dbd033db51b005b/volumes/0c31c13f-fd02-4dbf-90c5-0384cd91f48f => generated 1205 bytes in 116 msecs (HTTP/1.1 200) 7 headers in 286 bytes (1 switches on core 0)
Aug 24 19:05:55.740984 dv-cinder-798198-3-smb devstack@c-api.service[100827]: INFO cinder.api.openstack.wsgi [None req-c3ffaf1d-0e38-4e02-951e-0482835f11f6 tempest-DeleteServersTestJSON-685879910 tempest-DeleteServersTestJSON-685879910-project] GET http://10.222.0.69/volume/v3/567a732388c847df8dbd033db51b005b/volumes/0c31c13f-fd02-4dbf-90c5-0384cd91f48f
Aug 24 19:05:55.741681 dv-cinder-798198-3-smb devstack@c-api.service[100827]: DEBUG cinder.api.openstack.wsgi [None req-c3ffaf1d-0e38-4e02-951e-0482835f11f6 tempest-DeleteServersTestJSON-685879910 tempest-DeleteServersTestJSON-685879910-project] Empty body provided in request {{(pid=100827) get_body /opt/stack/cinder/cinder/api/openstack/wsgi.py:703}}
Aug 24 19:05:55.741987 dv-cinder-798198-3-smb devstack@c-api.service[100827]: /usr/local/lib/python3.8/dist-packages/webob/acceptparse.py:1047: DeprecationWarning: The behavior of AcceptValidHeader.best_match is currently being maintained for backward compatibility, but it will be deprecated in the future, as it does not conform to the RFC.
Aug 24 19:05:55.741987 dv-cinder-798198-3-smb devstack@c-api.service[100827]: warnings.warn(
Aug 24 19:05:55.742528 dv-cinder-798198-3-smb devstack@c-api.service[100827]: DEBUG cinder.api.openstack.wsgi [None req-c3ffaf1d-0e38-4e02-951e-0482835f11f6 tempest-DeleteServersTestJSON-685879910 tempest-DeleteServersTestJSON-685879910-project] Calling method 'show' {{(pid=100827) _process_stack /opt/stack/cinder/cinder/api/openstack/wsgi.py:856}}
Aug 24 19:05:55.744816 dv-cinder-798198-3-smb devstack@c-api.service[100828]: INFO cinder.volume.api [None req-2e73add2-7d95-4737-a793-b6eab1bc762f tempest-VolumesDeleteCascade-925079617 tempest-VolumesDeleteCascade-925079617-project] Get all snapshots completed successfully.
Aug 24 19:05:55.745407 dv-cinder-798198-3-smb devstack@c-api.service[100828]: INFO cinder.api.openstack.wsgi [None req-2e73add2-7d95-4737-a793-b6eab1bc762f tempest-VolumesDeleteCascade-925079617 tempest-VolumesDeleteCascade-925079617-project] http://10.222.0.69/volume/v3/94fa9ec46f7748feb3bdeab741a5e66c/snapshots returned with HTTP 200
Aug 24 19:05:55.747353 dv-cinder-798198-3-smb devstack@c-api.service[100828]: [pid: 100828|app: 0|req: 172/354] 10.222.0.69 () {58 vars in 1220 bytes} [Tue Aug 24 19:05:55 2021] GET /volume/v3/94fa9ec46f7748feb3bdeab741a5e66c/snapshots => generated 17 bytes in 34 msecs (HTTP/1.1 200) 7 headers in 284 bytes (2 switches on core 0)
Aug 24 19:05:55.760130 dv-cinder-798198-3-smb devstack@c-api.service[100828]: INFO cinder.api.openstack.wsgi [None req-1c265b4a-6c4c-4781-b227-7c53efed9e43 tempest-VolumesDeleteCascade-925079617 tempest-VolumesDeleteCascade-925079617-project] POST http://10.222.0.69/volume/v3/94fa9ec46f7748feb3bdeab741a5e66c/volumes
Aug 24 19:05:55.760709 dv-cinder-798198-3-smb devstack@c-api.service[100828]: DEBUG cinder.api.openstack.wsgi [None req-1c265b4a-6c4c-4781-b227-7c53efed9e43 tempest-VolumesDeleteCascade-925079617 tempest-VolumesDeleteCascade-925079617-project] Action: 'create', calling method: create, body: {"volume": {"size": 1, "name": "tempest-VolumesDeleteCascade-Volume-972181955"}} {{(pid=100828) _process_stack /opt/stack/cinder/cinder/api/openstack/wsgi.py:854}}
Aug 24 19:05:55.764501 dv-cinder-798198-3-smb devstack@c-api.service[100828]: DEBUG cinder.api.v3.volumes [None req-1c265b4a-6c4c-4781-b227-7c53efed9e43 tempest-VolumesDeleteCascade-925079617 tempest-VolumesDeleteCascade-925079617-project] Create volume request body: {'volume': {'size': 1, 'name': 'tempest-VolumesDeleteCascade-Volume-972181955'}} {{(pid=100828) create /opt/stack/cinder/cinder/api/v3/volumes.py:290}}
Aug 24 19:05:55.765075 dv-cinder-798198-3-smb devstack@c-api.service[100828]: INFO cinder.api.v3.volumes [None req-1c265b4a-6c4c-4781-b227-7c53efed9e43 tempest-VolumesDeleteCascade-925079617 tempest-VolumesDeleteCascade-925079617-project] Create volume of 1 GB
Aug 24 19:05:55.767918 dv-cinder-798198-3-smb devstack@c-api.service[100827]: /usr/local/lib/python3.8/dist-packages/oslo_context/context.py:105: DeprecationWarning: Policy enforcement is depending on the value of is_admin. This key is deprecated. Please update your policy file to use the standard policy values.
Aug 24 19:05:55.767918 dv-cinder-798198-3-smb devstack@c-api.service[100827]: warnings.warn('Policy enforcement is depending on the value of '
Aug 24 19:05:55.779177 dv-cinder-798198-3-smb devstack@c-api.service[100828]: INFO cinder.volume.api [None req-1c265b4a-6c4c-4781-b227-7c53efed9e43 tempest-VolumesDeleteCascade-925079617 tempest-VolumesDeleteCascade-925079617-project] Availability Zones retrieved successfully.
Aug 24 19:05:55.781349 dv-cinder-798198-3-smb devstack@c-api.service[100827]: INFO cinder.volume.api [None req-c3ffaf1d-0e38-4e02-951e-0482835f11f6 tempest-DeleteServersTestJSON-685879910 tempest-DeleteServersTestJSON-685879910-project] Volume info retrieved successfully.
Aug 24 19:05:55.797809 dv-cinder-798198-3-smb devstack@c-api.service[100828]: DEBUG cinder.volume.api [None req-1c265b4a-6c4c-4781-b227-7c53efed9e43 tempest-VolumesDeleteCascade-925079617 tempest-VolumesDeleteCascade-925079617-project] Flow 'volume_create_api' (ac24920e-d6ad-46db-bfbc-238bf2eca51d) transitioned into state 'RUNNING' from state 'PENDING' {{(pid=100828) _flow_receiver /usr/local/lib/python3.8/dist-packages/taskflow/listeners/logging.py:141}}
Aug 24 19:05:55.800371 dv-cinder-798198-3-smb devstack@c-api.service[100828]: DEBUG cinder.volume.api [None req-1c265b4a-6c4c-4781-b227-7c53efed9e43 tempest-VolumesDeleteCascade-925079617 tempest-VolumesDeleteCascade-925079617-project] Task 'cinder.volume.flows.api.create_volume.ExtractVolumeRequestTask;volume:create' (09ba68e3-ff39-4467-94b1-3d05deac1a9a) transitioned into state 'RUNNING' from state 'PENDING' {{(pid=100828) _task_receiver /usr/local/lib/python3.8/dist-packages/taskflow/listeners/logging.py:190}}
Aug 24 19:05:55.802399 dv-cinder-798198-3-smb devstack@c-api.service[100828]: DEBUG cinder.volume.flows.api.create_volume [None req-1c265b4a-6c4c-4781-b227-7c53efed9e43 tempest-VolumesDeleteCascade-925079617 tempest-VolumesDeleteCascade-925079617-project] Validating volume size '1' using validate_int {{(pid=100828) _extract_size /opt/stack/cinder/cinder/volume/flows/api/create_volume.py:225}}
Aug 24 19:05:55.820264 dv-cinder-798198-3-smb devstack@c-api.service[100827]: /usr/local/lib/python3.8/dist-packages/oslo_context/context.py:105: DeprecationWarning: Policy enforcement is depending on the value of is_admin. This key is deprecated. Please update your policy file to use the standard policy values.
Aug 24 19:05:55.820264 dv-cinder-798198-3-smb devstack@c-api.service[100827]: warnings.warn('Policy enforcement is depending on the value of '
Aug 24 19:05:55.838147 dv-cinder-798198-3-smb devstack@c-api.service[100827]: INFO cinder.api.openstack.wsgi [None req-c3ffaf1d-0e38-4e02-951e-0482835f11f6 tempest-DeleteServersTestJSON-685879910 tempest-DeleteServersTestJSON-685879910-project] http://10.222.0.69/volume/v3/567a732388c847df8dbd033db51b005b/volumes/0c31c13f-fd02-4dbf-90c5-0384cd91f48f returned with HTTP 200
Aug 24 19:05:55.838938 dv-cinder-798198-3-smb devstack@c-api.service[100827]: [pid: 100827|app: 0|req: 183/355] 10.222.0.69 () {58 vars in 1325 bytes} [Tue Aug 24 19:05:55 2021] GET /volume/v3/567a732388c847df8dbd033db51b005b/volumes/0c31c13f-fd02-4dbf-90c5-0384cd91f48f => generated 1205 bytes in 101 msecs (HTTP/1.1 200) 7 headers in 286 bytes (2 switches on core 0)
Aug 24 19:05:55.848476 dv-cinder-798198-3-smb devstack@c-api.service[100827]: INFO cinder.api.openstack.wsgi [None req-53a60856-fee6-418c-816f-0ca7837f6a80 tempest-AttachVolumeNegativeTest-696347712 tempest-AttachVolumeNegativeTest-696347712-project] GET http://10.222.0.69/volume/v3/85e65f3f5ae54c5d9d8c91fef15444d7/volumes/18497b08-f936-4379-8b7d-22c7a8f5dae2
Aug 24 19:05:55.848934 dv-cinder-798198-3-smb devstack@c-api.service[100827]: DEBUG cinder.api.openstack.wsgi [None req-53a60856-fee6-418c-816f-0ca7837f6a80 tempest-AttachVolumeNegativeTest-696347712 tempest-AttachVolumeNegativeTest-696347712-project] Empty body provided in request {{(pid=100827) get_body /opt/stack/cinder/cinder/api/openstack/wsgi.py:703}}
Aug 24 19:05:55.849103 dv-cinder-798198-3-smb devstack@c-api.service[100827]: /usr/local/lib/python3.8/dist-packages/webob/acceptparse.py:1047: DeprecationWarning: The behavior of AcceptValidHeader.best_match is currently being maintained for backward compatibility, but it will be deprecated in the future, as it does not conform to the RFC.
Aug 24 19:05:55.849103 dv-cinder-798198-3-smb devstack@c-api.service[100827]: warnings.warn(
Aug 24 19:05:55.859753 dv-cinder-798198-3-smb devstack@c-api.service[100828]: DEBUG cinder.volume.api [None req-1c265b4a-6c4c-4781-b227-7c53efed9e43 tempest-VolumesDeleteCascade-925079617 tempest-VolumesDeleteCascade-925079617-project] Task 'cinder.volume.flows.api.create_volume.ExtractVolumeRequestTask;volume:create' (09ba68e3-ff39-4467-94b1-3d05deac1a9a) transitioned into state 'SUCCESS' from state 'RUNNING' with result '{'size': 1, 'snapshot_id': None, 'source_volid': None, 'volume_type': VolumeType(created_at=2021-08-24T18:55:01Z,deleted=False,deleted_at=None,description='Default Volume Type',extra_specs={},id=f6f23d20-6872-4342-839c-c1de4383f9ea,is_public=True,name='__DEFAULT__',projects=[],qos_specs=,qos_specs_id=None,updated_at=2021-08-24T18:55:01Z), 'volume_type_id': 'f6f23d20-6872-4342-839c-c1de4383f9ea', 'encryption_key_id': None, 'qos_specs': None, 'consistencygroup_id': None, 'cgsnapshot_id': None, 'group_id': None, 'replication_status': 'disabled', 'refresh_az': False, 'backup_id': None, 'multiattach': False, 'availability_zones': ['nova']}' {{(pid=100828) _task_receiver /usr/local/lib/python3.8/dist-packages/taskflow/listeners/logging.py:178}}
Aug 24 19:05:55.862610 dv-cinder-798198-3-smb devstack@c-api.service[100828]: DEBUG cinder.volume.api [None req-1c265b4a-6c4c-4781-b227-7c53efed9e43 tempest-VolumesDeleteCascade-925079617 tempest-VolumesDeleteCascade-925079617-project] Task 'cinder.volume.flows.api.create_volume.QuotaReserveTask;volume:create' (1cf3f132-feaa-40c5-b52c-3fb1731035f9) transitioned into state 'RUNNING' from state 'PENDING' {{(pid=100828) _task_receiver /usr/local/lib/python3.8/dist-packages/taskflow/listeners/logging.py:190}}
Aug 24 19:05:55.862794 dv-cinder-798198-3-smb devstack@c-api.service[100827]: DEBUG cinder.api.openstack.wsgi [None req-53a60856-fee6-418c-816f-0ca7837f6a80 tempest-AttachVolumeNegativeTest-696347712 tempest-AttachVolumeNegativeTest-696347712-project] Calling method 'show' {{(pid=100827) _process_stack /opt/stack/cinder/cinder/api/openstack/wsgi.py:856}}
Aug 24 19:05:55.907428 dv-cinder-798198-3-smb devstack@c-api.service[100827]: /usr/local/lib/python3.8/dist-packages/oslo_context/context.py:105: DeprecationWarning: Policy enforcement is depending on the value of is_admin. This key is deprecated. Please update your policy file to use the standard policy values.
Aug 24 19:05:55.907428 dv-cinder-798198-3-smb devstack@c-api.service[100827]: warnings.warn('Policy enforcement is depending on the value of '
Aug 24 19:05:55.917314 dv-cinder-798198-3-smb devstack@c-api.service[100827]: INFO cinder.volume.api [None req-53a60856-fee6-418c-816f-0ca7837f6a80 tempest-AttachVolumeNegativeTest-696347712 tempest-AttachVolumeNegativeTest-696347712-project] Volume info retrieved successfully.
Aug 24 19:05:55.951418 dv-cinder-798198-3-smb devstack@c-api.service[100828]: DEBUG cinder.quota [None req-1c265b4a-6c4c-4781-b227-7c53efed9e43 tempest-VolumesDeleteCascade-925079617 tempest-VolumesDeleteCascade-925079617-project] Created reservations ['eeede87a-16b6-4760-8873-d2ac122ae755', 'd9ba69ff-633e-4898-8c33-3eed2690c721', 'c7a7a713-8cd5-46cb-a9a3-b8aa440b1e70', '65611317-ce73-4ca1-9ee4-3abc9f481f69'] {{(pid=100828) reserve /opt/stack/cinder/cinder/quota.py:755}}
Aug 24 19:05:55.952890 dv-cinder-798198-3-smb devstack@c-api.service[100827]: /usr/local/lib/python3.8/dist-packages/oslo_context/context.py:105: DeprecationWarning: Policy enforcement is depending on the value of is_admin. This key is deprecated. Please update your policy file to use the standard policy values.
Aug 24 19:05:55.952890 dv-cinder-798198-3-smb devstack@c-api.service[100827]: warnings.warn('Policy enforcement is depending on the value of '
Aug 24 19:05:55.956421 dv-cinder-798198-3-smb devstack@c-api.service[100828]: DEBUG cinder.volume.api [None req-1c265b4a-6c4c-4781-b227-7c53efed9e43 tempest-VolumesDeleteCascade-925079617 tempest-VolumesDeleteCascade-925079617-project] Task 'cinder.volume.flows.api.create_volume.QuotaReserveTask;volume:create' (1cf3f132-feaa-40c5-b52c-3fb1731035f9) transitioned into state 'SUCCESS' from state 'RUNNING' with result '{'reservations': ['eeede87a-16b6-4760-8873-d2ac122ae755', 'd9ba69ff-633e-4898-8c33-3eed2690c721', 'c7a7a713-8cd5-46cb-a9a3-b8aa440b1e70', '65611317-ce73-4ca1-9ee4-3abc9f481f69']}' {{(pid=100828) _task_receiver /usr/local/lib/python3.8/dist-packages/taskflow/listeners/logging.py:178}}
Aug 24 19:05:55.961617 dv-cinder-798198-3-smb devstack@c-api.service[100828]: DEBUG cinder.volume.api [None req-1c265b4a-6c4c-4781-b227-7c53efed9e43 tempest-VolumesDeleteCascade-925079617 tempest-VolumesDeleteCascade-925079617-project] Task 'cinder.volume.flows.api.create_volume.EntryCreateTask;volume:create' (7cc5aeb9-265c-4051-a8a5-3e90768f769d) transitioned into state 'RUNNING' from state 'PENDING' {{(pid=100828) _task_receiver /usr/local/lib/python3.8/dist-packages/taskflow/listeners/logging.py:190}}
Aug 24 19:05:55.970208 dv-cinder-798198-3-smb devstack@c-api.service[100827]: INFO cinder.api.openstack.wsgi [None req-53a60856-fee6-418c-816f-0ca7837f6a80 tempest-AttachVolumeNegativeTest-696347712 tempest-AttachVolumeNegativeTest-696347712-project] http://10.222.0.69/volume/v3/85e65f3f5ae54c5d9d8c91fef15444d7/volumes/18497b08-f936-4379-8b7d-22c7a8f5dae2 returned with HTTP 200
Aug 24 19:05:55.971272 dv-cinder-798198-3-smb devstack@c-api.service[100827]: [pid: 100827|app: 0|req: 184/356] 10.222.0.69 () {58 vars in 1325 bytes} [Tue Aug 24 19:05:55 2021] GET /volume/v3/85e65f3f5ae54c5d9d8c91fef15444d7/volumes/18497b08-f936-4379-8b7d-22c7a8f5dae2 => generated 916 bytes in 132 msecs (HTTP/1.1 200) 7 headers in 285 bytes (1 switches on core 0)
Aug 24 19:05:55.982899 dv-cinder-798198-3-smb devstack@c-api.service[100827]: INFO cinder.api.openstack.wsgi [None req-74d3a723-8fd8-407d-a501-efe604061631 tempest-VolumesImageMetadata-972518201 tempest-VolumesImageMetadata-972518201-project] GET http://10.222.0.69/volume/v3/68e8d0645eb84b38920a1b09dd35ea3a/volumes/97b05143-5f9b-47d1-98c6-e90e861e894e
Aug 24 19:05:55.983641 dv-cinder-798198-3-smb devstack@c-api.service[100827]: DEBUG cinder.api.openstack.wsgi [None req-74d3a723-8fd8-407d-a501-efe604061631 tempest-VolumesImageMetadata-972518201 tempest-VolumesImageMetadata-972518201-project] Empty body provided in request {{(pid=100827) get_body /opt/stack/cinder/cinder/api/openstack/wsgi.py:703}}
Aug 24 19:05:55.983931 dv-cinder-798198-3-smb devstack@c-api.service[100827]: /usr/local/lib/python3.8/dist-packages/webob/acceptparse.py:1047: DeprecationWarning: The behavior of AcceptValidHeader.best_match is currently being maintained for backward compatibility, but it will be deprecated in the future, as it does not conform to the RFC.
Aug 24 19:05:55.983931 dv-cinder-798198-3-smb devstack@c-api.service[100827]: warnings.warn(
Aug 24 19:05:55.984348 dv-cinder-798198-3-smb devstack@c-api.service[100827]: DEBUG cinder.api.openstack.wsgi [None req-74d3a723-8fd8-407d-a501-efe604061631 tempest-VolumesImageMetadata-972518201 tempest-VolumesImageMetadata-972518201-project] Calling method 'show' {{(pid=100827) _process_stack /opt/stack/cinder/cinder/api/openstack/wsgi.py:856}}
Aug 24 19:05:56.004957 dv-cinder-798198-3-smb devstack@c-api.service[100827]: /usr/local/lib/python3.8/dist-packages/oslo_context/context.py:105: DeprecationWarning: Policy enforcement is depending on the value of is_admin. This key is deprecated. Please update your policy file to use the standard policy values.
Aug 24 19:05:56.004957 dv-cinder-798198-3-smb devstack@c-api.service[100827]: warnings.warn('Policy enforcement is depending on the value of '
Aug 24 19:05:56.022934 dv-cinder-798198-3-smb devstack@c-api.service[100828]: DEBUG cinder.volume.api [None req-1c265b4a-6c4c-4781-b227-7c53efed9e43 tempest-VolumesDeleteCascade-925079617 tempest-VolumesDeleteCascade-925079617-project] Task 'cinder.volume.flows.api.create_volume.EntryCreateTask;volume:create' (7cc5aeb9-265c-4051-a8a5-3e90768f769d) transitioned into state 'SUCCESS' from state 'RUNNING' with result '{'volume_id': '147f2845-ff67-40b9-a044-9fbed407525e', 'volume_properties': VolumeProperties(attach_status='detached',availability_zone='nova',cgsnapshot_id=None,consistencygroup_id=None,display_description=None,display_name='tempest-VolumesDeleteCascade-Volume-972181955',encryption_key_id=None,group_id=None,group_type_id=,metadata={},multiattach=False,project_id='94fa9ec46f7748feb3bdeab741a5e66c',qos_specs=None,replication_status=,reservations=['eeede87a-16b6-4760-8873-d2ac122ae755','d9ba69ff-633e-4898-8c33-3eed2690c721','c7a7a713-8cd5-46cb-a9a3-b8aa440b1e70','65611317-ce73-4ca1-9ee4-3abc9f481f69'],size=1,snapshot_id=None,source_replicaid=,source_volid=None,status='creating',user_id='2c2587d3049a4dd59c0093fffb447d2c',volume_type_id=f6f23d20-6872-4342-839c-c1de4383f9ea), 'volume': Volume(_name_id=None,admin_metadata=,attach_status='detached',availability_zone='nova',bootable=False,cluster=,cluster_name=None,consistencygroup=,consistencygroup_id=None,created_at=2021-08-24T19:05:55Z,deleted=False,deleted_at=None,display_description=None,display_name='tempest-VolumesDeleteCascade-Volume-972181955',ec2_id=None,encryption_key_id=None,glance_metadata=,group=,group_id=None,host=None,id=147f2845-ff67-40b9-a044-9fbed407525e,launched_at=None,metadata={},migration_status=None,multiattach=False,previous_status=None,project_id='94fa9ec46f7748feb3bdeab741a5e66c',provider_auth=None,provider_geometry=None,provider_id=None,provider_location=None,replication_driver_data=None,replication_extended_status=None,replication_status=None,scheduled_at=None,service_uuid=None,shared_targets=True,size=1,snapshot_id=None,snapshots=,source_volid=None,status='creating',terminated_at=None,updated_at=None,user_id='2c2587d3049a4dd59c0093fffb447d2c',volume_attachment=,volume_type=VolumeType(f6f23d20-6872-4342-839c-c1de4383f9ea),volume_type_id=f6f23d20-6872-4342-839c-c1de4383f9ea)}' {{(pid=100828) _task_receiver /usr/local/lib/python3.8/dist-packages/taskflow/listeners/logging.py:178}}
Aug 24 19:05:56.025150 dv-cinder-798198-3-smb devstack@c-api.service[100828]: DEBUG cinder.volume.api [None req-1c265b4a-6c4c-4781-b227-7c53efed9e43 tempest-VolumesDeleteCascade-925079617 tempest-VolumesDeleteCascade-925079617-project] Task 'cinder.volume.flows.api.create_volume.QuotaCommitTask;volume:create' (8919a06f-4390-46ff-8d97-7db960a775d9) transitioned into state 'RUNNING' from state 'PENDING' {{(pid=100828) _task_receiver /usr/local/lib/python3.8/dist-packages/taskflow/listeners/logging.py:190}}
Aug 24 19:05:56.043657 dv-cinder-798198-3-smb devstack@c-api.service[100827]: INFO cinder.volume.api [None req-74d3a723-8fd8-407d-a501-efe604061631 tempest-VolumesImageMetadata-972518201 tempest-VolumesImageMetadata-972518201-project] Volume info retrieved successfully.
Aug 24 19:05:56.064656 dv-cinder-798198-3-smb devstack@c-api.service[100828]: DEBUG cinder.volume.api [None req-1c265b4a-6c4c-4781-b227-7c53efed9e43 tempest-VolumesDeleteCascade-925079617 tempest-VolumesDeleteCascade-925079617-project] Task 'cinder.volume.flows.api.create_volume.QuotaCommitTask;volume:create' (8919a06f-4390-46ff-8d97-7db960a775d9) transitioned into state 'SUCCESS' from state 'RUNNING' with result '{'volume_properties': VolumeProperties(attach_status='detached',availability_zone='nova',cgsnapshot_id=None,consistencygroup_id=None,display_description=None,display_name='tempest-VolumesDeleteCascade-Volume-972181955',encryption_key_id=None,group_id=None,group_type_id=,metadata={},multiattach=False,project_id='94fa9ec46f7748feb3bdeab741a5e66c',qos_specs=None,replication_status=,reservations=['eeede87a-16b6-4760-8873-d2ac122ae755','d9ba69ff-633e-4898-8c33-3eed2690c721','c7a7a713-8cd5-46cb-a9a3-b8aa440b1e70','65611317-ce73-4ca1-9ee4-3abc9f481f69'],size=1,snapshot_id=None,source_replicaid=,source_volid=None,status='creating',user_id='2c2587d3049a4dd59c0093fffb447d2c',volume_type_id=f6f23d20-6872-4342-839c-c1de4383f9ea)}' {{(pid=100828) _task_receiver /usr/local/lib/python3.8/dist-packages/taskflow/listeners/logging.py:178}}
Aug 24 19:05:56.067665 dv-cinder-798198-3-smb devstack@c-api.service[100828]: DEBUG cinder.volume.api [None req-1c265b4a-6c4c-4781-b227-7c53efed9e43 tempest-VolumesDeleteCascade-925079617 tempest-VolumesDeleteCascade-925079617-project] Task 'cinder.volume.flows.api.create_volume.VolumeCastTask;volume:create' (7d2afd24-e1bd-4348-9d76-ccf32f02ce9f) transitioned into state 'RUNNING' from state 'PENDING' {{(pid=100828) _task_receiver /usr/local/lib/python3.8/dist-packages/taskflow/listeners/logging.py:190}}
Aug 24 19:05:56.082440 dv-cinder-798198-3-smb devstack@c-api.service[100827]: INFO cinder.api.openstack.wsgi [None req-74d3a723-8fd8-407d-a501-efe604061631 tempest-VolumesImageMetadata-972518201 tempest-VolumesImageMetadata-972518201-project] http://10.222.0.69/volume/v3/68e8d0645eb84b38920a1b09dd35ea3a/volumes/97b05143-5f9b-47d1-98c6-e90e861e894e returned with HTTP 200
Aug 24 19:05:56.083748 dv-cinder-798198-3-smb devstack@c-api.service[100827]: [pid: 100827|app: 0|req: 185/357] 10.222.0.69 () {58 vars in 1325 bytes} [Tue Aug 24 19:05:55 2021] GET /volume/v3/68e8d0645eb84b38920a1b09dd35ea3a/volumes/97b05143-5f9b-47d1-98c6-e90e861e894e => generated 912 bytes in 111 msecs (HTTP/1.1 200) 7 headers in 285 bytes (1 switches on core 0)
Aug 24 19:05:56.093853 dv-cinder-798198-3-smb devstack@c-api.service[100827]: INFO cinder.api.openstack.wsgi [None req-4f9fbd93-01d7-421c-a218-eb4c7c990316 tempest-VolumeSnapshotQuotasNegativeTestJSON-1661578776 tempest-VolumeSnapshotQuotasNegativeTestJSON-1661578776-project] GET http://10.222.0.69/volume/v3/217bd059490845e8997ea3d3d9e0f897/volumes/03a6fe83-69e7-466d-8cee-b78a58bff0ec
Aug 24 19:05:56.094619 dv-cinder-798198-3-smb devstack@c-api.service[100827]: DEBUG cinder.api.openstack.wsgi [None req-4f9fbd93-01d7-421c-a218-eb4c7c990316 tempest-VolumeSnapshotQuotasNegativeTestJSON-1661578776 tempest-VolumeSnapshotQuotasNegativeTestJSON-1661578776-project] Empty body provided in request {{(pid=100827) get_body /opt/stack/cinder/cinder/api/openstack/wsgi.py:703}}
Aug 24 19:05:56.094941 dv-cinder-798198-3-smb devstack@c-api.service[100827]: /usr/local/lib/python3.8/dist-packages/webob/acceptparse.py:1047: DeprecationWarning: The behavior of AcceptValidHeader.best_match is currently being maintained for backward compatibility, but it will be deprecated in the future, as it does not conform to the RFC.
Aug 24 19:05:56.094941 dv-cinder-798198-3-smb devstack@c-api.service[100827]: warnings.warn(
Aug 24 19:05:56.095508 dv-cinder-798198-3-smb devstack@c-api.service[100827]: DEBUG cinder.api.openstack.wsgi [None req-4f9fbd93-01d7-421c-a218-eb4c7c990316 tempest-VolumeSnapshotQuotasNegativeTestJSON-1661578776 tempest-VolumeSnapshotQuotasNegativeTestJSON-1661578776-project] Calling method 'show' {{(pid=100827) _process_stack /opt/stack/cinder/cinder/api/openstack/wsgi.py:856}}
Aug 24 19:05:56.106817 dv-cinder-798198-3-smb devstack@c-api.service[100828]: DEBUG cinder.volume.api [None req-1c265b4a-6c4c-4781-b227-7c53efed9e43 tempest-VolumesDeleteCascade-925079617 tempest-VolumesDeleteCascade-925079617-project] Task 'cinder.volume.flows.api.create_volume.VolumeCastTask;volume:create' (7d2afd24-e1bd-4348-9d76-ccf32f02ce9f) transitioned into state 'SUCCESS' from state 'RUNNING' with result 'None' {{(pid=100828) _task_receiver /usr/local/lib/python3.8/dist-packages/taskflow/listeners/logging.py:178}}
Aug 24 19:05:56.113196 dv-cinder-798198-3-smb devstack@c-api.service[100828]: DEBUG cinder.volume.api [None req-1c265b4a-6c4c-4781-b227-7c53efed9e43 tempest-VolumesDeleteCascade-925079617 tempest-VolumesDeleteCascade-925079617-project] Flow 'volume_create_api' (ac24920e-d6ad-46db-bfbc-238bf2eca51d) transitioned into state 'SUCCESS' from state 'RUNNING' {{(pid=100828) _flow_receiver /usr/local/lib/python3.8/dist-packages/taskflow/listeners/logging.py:141}}
Aug 24 19:05:56.114288 dv-cinder-798198-3-smb devstack@c-api.service[100828]: INFO cinder.volume.api [None req-1c265b4a-6c4c-4781-b227-7c53efed9e43 tempest-VolumesDeleteCascade-925079617 tempest-VolumesDeleteCascade-925079617-project] Create volume request issued successfully.
Aug 24 19:05:56.121782 dv-cinder-798198-3-smb devstack@c-api.service[100827]: INFO cinder.api.openstack.wsgi [None req-4f9fbd93-01d7-421c-a218-eb4c7c990316 tempest-VolumeSnapshotQuotasNegativeTestJSON-1661578776 tempest-VolumeSnapshotQuotasNegativeTestJSON-1661578776-project] http://10.222.0.69/volume/v3/217bd059490845e8997ea3d3d9e0f897/volumes/03a6fe83-69e7-466d-8cee-b78a58bff0ec returned with HTTP 404
Aug 24 19:05:56.122996 dv-cinder-798198-3-smb devstack@c-api.service[100827]: [pid: 100827|app: 0|req: 186/358] 10.222.0.69 () {58 vars in 1325 bytes} [Tue Aug 24 19:05:56 2021] GET /volume/v3/217bd059490845e8997ea3d3d9e0f897/volumes/03a6fe83-69e7-466d-8cee-b78a58bff0ec => generated 109 bytes in 39 msecs (HTTP/1.1 404) 7 headers in 292 bytes (1 switches on core 0)
Aug 24 19:05:56.132903 dv-cinder-798198-3-smb devstack@c-api.service[100827]: INFO cinder.api.openstack.wsgi [None req-811c4ac3-dfe4-4bcd-9ab4-8892b6d7e944 tempest-VolumeSnapshotQuotasNegativeTestJSON-21845788 tempest-VolumeSnapshotQuotasNegativeTestJSON-21845788-project-admin] PUT http://10.222.0.69/volume/v3/d82775c9be2143f3b26b98cb7106cd53/os-quota-sets/217bd059490845e8997ea3d3d9e0f897
Aug 24 19:05:56.137267 dv-cinder-798198-3-smb devstack@c-api.service[100828]: INFO cinder.api.openstack.wsgi [None req-1c265b4a-6c4c-4781-b227-7c53efed9e43 tempest-VolumesDeleteCascade-925079617 tempest-VolumesDeleteCascade-925079617-project] http://10.222.0.69/volume/v3/94fa9ec46f7748feb3bdeab741a5e66c/volumes returned with HTTP 202
Aug 24 19:05:56.140924 dv-cinder-798198-3-smb devstack@c-api.service[100828]: [pid: 100828|app: 0|req: 173/359] 10.222.0.69 () {60 vars in 1235 bytes} [Tue Aug 24 19:05:55 2021] POST /volume/v3/94fa9ec46f7748feb3bdeab741a5e66c/volumes => generated 819 bytes in 387 msecs (HTTP/1.1 202) 7 headers in 291 bytes (2 switches on core 0)
Aug 24 19:05:56.141826 dv-cinder-798198-3-smb devstack@c-api.service[100827]: DEBUG cinder.api.openstack.wsgi [None req-811c4ac3-dfe4-4bcd-9ab4-8892b6d7e944 tempest-VolumeSnapshotQuotasNegativeTestJSON-21845788 tempest-VolumeSnapshotQuotasNegativeTestJSON-21845788-project-admin] Action: 'update', calling method: update, body: {"quota_set": {"volumes": 10, "per_volume_gigabytes": -1, "snapshots": 10, "gigabytes": 1000, "backups": 10, "backup_gigabytes": 1000}} {{(pid=100827) _process_stack /opt/stack/cinder/cinder/api/openstack/wsgi.py:854}}
Aug 24 19:05:56.159757 dv-cinder-798198-3-smb devstack@c-api.service[100828]: INFO cinder.api.openstack.wsgi [None req-25bac4bd-b4a3-4b2e-83b7-3f1a94d7136b tempest-VolumesDeleteCascade-925079617 tempest-VolumesDeleteCascade-925079617-project] GET http://10.222.0.69/volume/v3/94fa9ec46f7748feb3bdeab741a5e66c/volumes/147f2845-ff67-40b9-a044-9fbed407525e
