Aug 10 14:31:40.885562 dv-cinder-798198-2-smb neutron-server[93337]: DEBUG neutron_lib.callbacks.manager [None req-e163a11f-f2e6-4f81-80d4-7e4ee9f9550b admin admin] Notify callbacks [] for security_group, before_response {{(pid=93337) _notify_loop /usr/local/lib/python3.8/dist-packages/neutron_lib/callbacks/manager.py:192}}
Aug 10 14:31:40.888541 dv-cinder-798198-2-smb neutron-server[93337]: INFO neutron.wsgi [None req-e163a11f-f2e6-4f81-80d4-7e4ee9f9550b admin admin] 10.222.0.24 "DELETE /v2.0/security-groups/a1e2d080-48c3-4982-8066-3ea040fac4f4 HTTP/1.1" status: 204 len: 168 time: 0.1696205
Aug 10 14:31:40.901842 dv-cinder-798198-2-smb neutron-server[93337]: DEBUG neutron.api.rpc.handlers.resources_rpc [None req-e163a11f-f2e6-4f81-80d4-7e4ee9f9550b admin admin] Pushing event deleted for resources: {'SecurityGroup': ['ID=a1e2d080-48c3-4982-8066-3ea040fac4f4,revision_number=None']} {{(pid=93337) push /opt/stack/neutron/neutron/api/rpc/handlers/resources_rpc.py:237}}
Aug 10 14:31:40.957942 dv-cinder-798198-2-smb neutron-server[93338]: DEBUG neutron_lib.callbacks.manager [None req-4f8bbba3-34a8-4169-8b9e-8625c9258def admin admin] Notify callbacks ['neutron.plugins.ml2.ovo_rpc._ObjectChangeHandler.handle_event-607317', 'neutron.api.rpc.agentnotifiers.dhcp_rpc_agent_api.DhcpAgentNotifyAPI._native_event_send_dhcp_notification-636160', 'neutron.services.segments.plugin.NovaSegmentNotifier._notify_subnet_created-129886949', 'neutron.services.segments.plugin.SegmentHostRoutes.host_routes_after_create-128114097'] for subnet, after_create {{(pid=93338) _notify_loop /usr/local/lib/python3.8/dist-packages/neutron_lib/callbacks/manager.py:192}}
Aug 10 14:31:41.050621 dv-cinder-798198-2-smb neutron-server[93338]: DEBUG neutron.plugins.ml2.drivers.mech_agent [None req-4f8bbba3-34a8-4169-8b9e-8625c9258def admin admin] Checking segment: {'id': '36d1bc27-41a8-4eb3-af37-7cc1f3dfcfbd', 'network_type': 'vlan', 'physical_network': 'physnet1', 'segmentation_id': 812, 'network_id': '7e85902f-8807-41c8-93ae-6430ce4db6dd'} for mappings: {'physnet1': 'br-data'} with network types: ['local', 'flat', 'vlan'] {{(pid=93338) check_segment_for_agent /opt/stack/neutron/neutron/plugins/ml2/drivers/mech_agent.py:352}}
Aug 10 14:31:41.051210 dv-cinder-798198-2-smb neutron-server[93338]: DEBUG neutron.scheduler.dhcp_agent_scheduler [None req-4f8bbba3-34a8-4169-8b9e-8625c9258def admin admin] Network hostable DHCP agents. Network: 7e85902f-8807-41c8-93ae-6430ce4db6dd, hostable agents: ['2733cefa-2092-4d14-a8c3-bec8db238885'], hosted agents: [] {{(pid=93338) _get_network_hostable_dhcp_agents /opt/stack/neutron/neutron/scheduler/dhcp_agent_scheduler.py:329}}
Aug 10 14:31:41.054972 dv-cinder-798198-2-smb neutron-server[93338]: DEBUG neutron.api.rpc.handlers.resources_rpc [None req-4f8bbba3-34a8-4169-8b9e-8625c9258def admin admin] Pushing event updated for resources: {'Subnet': ['ID=257193bc-5c59-4d4b-951d-9c4cea9bb27f,revision_number=0']} {{(pid=93338) push /opt/stack/neutron/neutron/api/rpc/handlers/resources_rpc.py:237}}
Aug 10 14:31:41.080516 dv-cinder-798198-2-smb neutron-server[93338]: DEBUG neutron.scheduler.dhcp_agent_scheduler [None req-4f8bbba3-34a8-4169-8b9e-8625c9258def admin admin] Network 7e85902f-8807-41c8-93ae-6430ce4db6dd is scheduled to be hosted by DHCP agent 2733cefa-2092-4d14-a8c3-bec8db238885 with binding_index 1 {{(pid=93338) bind /opt/stack/neutron/neutron/scheduler/dhcp_agent_scheduler.py:227}}
Aug 10 14:31:41.092219 dv-cinder-798198-2-smb neutron-server[93338]: DEBUG neutron.scheduler.base_scheduler [None req-4f8bbba3-34a8-4169-8b9e-8625c9258def admin admin] Resources bound (agent type, host, resource id): (DHCP agent, dv-cinder-798198-2-smb, 7e85902f-8807-41c8-93ae-6430ce4db6dd) {{(pid=93338) schedule /opt/stack/neutron/neutron/scheduler/base_scheduler.py:57}}
Aug 10 14:31:41.098498 dv-cinder-798198-2-smb neutron-server[93338]: DEBUG neutron.pecan_wsgi.hooks.policy_enforcement [None req-4f8bbba3-34a8-4169-8b9e-8625c9258def admin admin] Attributes excluded by policy engine: ['standard_attr_id', 'shared', 'segment_id', 'network'] {{(pid=93338) _exclude_attributes_by_policy /opt/stack/neutron/neutron/pecan_wsgi/hooks/policy_enforcement.py:255}}
Aug 10 14:31:41.099604 dv-cinder-798198-2-smb neutron-server[93338]: DEBUG neutron_lib.callbacks.manager [None req-4f8bbba3-34a8-4169-8b9e-8625c9258def admin admin] Notify callbacks ['neutron.api.rpc.agentnotifiers.dhcp_rpc_agent_api.DhcpAgentNotifyAPI._send_dhcp_notification-636190'] for subnet, before_response {{(pid=93338) _notify_loop /usr/local/lib/python3.8/dist-packages/neutron_lib/callbacks/manager.py:192}}
Aug 10 14:31:41.104074 dv-cinder-798198-2-smb neutron-server[93339]: DEBUG neutron.api.rpc.handlers.dhcp_rpc [None req-5b3479bc-5496-4c33-a643-fcbd554dcf59 None None] Network 7e85902f-8807-41c8-93ae-6430ce4db6dd requested from dv-cinder-798198-2-smb {{(pid=93339) get_network_info /opt/stack/neutron/neutron/api/rpc/handlers/dhcp_rpc.py:218}}
Aug 10 14:31:41.122893 dv-cinder-798198-2-smb neutron-server[93338]: INFO neutron.wsgi [None req-4f8bbba3-34a8-4169-8b9e-8625c9258def admin admin] 10.222.0.24 "POST /v2.0/subnets HTTP/1.1" status: 201 len: 846 time: 0.4489086
Aug 10 14:31:41.265132 dv-cinder-798198-2-smb neutron-server[93339]: DEBUG neutron.api.rpc.handlers.dhcp_rpc [None req-f16637cf-9084-4700-8291-20fffbb66b85 None None] Network 7e85902f-8807-41c8-93ae-6430ce4db6dd requested from dv-cinder-798198-2-smb {{(pid=93339) get_network_info /opt/stack/neutron/neutron/api/rpc/handlers/dhcp_rpc.py:218}}
Aug 10 14:31:41.289581 dv-cinder-798198-2-smb neutron-server[93338]: DEBUG neutron.pecan_wsgi.hooks.policy_enforcement [req-e4f2c786-4c7f-4a65-8043-97b6d54224af req-36a71207-5b4a-4282-bd83-5c756fcd1b14 tempest-ServerRescueNegativeTestJSON-752867446 tempest-ServerRescueNegativeTestJSON-752867446-project] Attributes excluded by policy engine: ['standard_attr_id', 'binding:profile', 'binding:host_id', 'binding:vif_type', 'binding:vif_details'] {{(pid=93338) _exclude_attributes_by_policy /opt/stack/neutron/neutron/pecan_wsgi/hooks/policy_enforcement.py:255}}
Aug 10 14:31:41.291244 dv-cinder-798198-2-smb neutron-server[93338]: INFO neutron.wsgi [req-e4f2c786-4c7f-4a65-8043-97b6d54224af req-36a71207-5b4a-4282-bd83-5c756fcd1b14 tempest-ServerRescueNegativeTestJSON-752867446 tempest-ServerRescueNegativeTestJSON-752867446-project] 10.222.0.24 "GET /v2.0/ports?device_id=7914f87e-6937-4efb-b5ef-4a5e2460e28d HTTP/1.1" status: 200 len: 945 time: 0.0819740
Aug 10 14:31:41.320584 dv-cinder-798198-2-smb neutron-server[93337]: DEBUG neutron.wsgi [-] (93337) accepted ('10.222.0.24', 42080) {{(pid=93337) server /usr/local/lib/python3.8/dist-packages/eventlet/wsgi.py:982}}
Aug 10 14:31:41.346107 dv-cinder-798198-2-smb neutron-server[93337]: DEBUG neutron_lib.callbacks.manager [None req-01c1a03f-3d69-4760-b4a6-ad102ee3c586 admin admin] Notify callbacks [] for security_group, before_create {{(pid=93337) _notify_loop /usr/local/lib/python3.8/dist-packages/neutron_lib/callbacks/manager.py:192}}
Aug 10 14:31:41.380160 dv-cinder-798198-2-smb neutron-server[93338]: INFO neutron.wsgi [req-e4f2c786-4c7f-4a65-8043-97b6d54224af req-f24a3a0c-d4dc-4cc7-88cd-1466e35da1d6 tempest-ServerRescueNegativeTestJSON-752867446 tempest-ServerRescueNegativeTestJSON-752867446-project] 10.222.0.24 "GET /v2.0/security-groups?id=f4be807c-0ea3-42c9-b33e-5fd1279b10e5&fields=id&fields=name HTTP/1.1" status: 200 len: 286 time: 0.0650363
Aug 10 14:31:41.536727 dv-cinder-798198-2-smb neutron-server[93338]: DEBUG neutron.wsgi [-] (93338) accepted ('10.222.0.24', 42092) {{(pid=93338) server /usr/local/lib/python3.8/dist-packages/eventlet/wsgi.py:982}}
Aug 10 14:31:41.541897 dv-cinder-798198-2-smb neutron-server[93337]: DEBUG neutron_lib.callbacks.manager [None req-01c1a03f-3d69-4760-b4a6-ad102ee3c586 admin admin] Notify callbacks [] for security_group, precommit_create {{(pid=93337) _notify_loop /usr/local/lib/python3.8/dist-packages/neutron_lib/callbacks/manager.py:192}}
Aug 10 14:31:41.548766 dv-cinder-798198-2-smb neutron-server[93337]: DEBUG neutron_lib.callbacks.manager [None req-01c1a03f-3d69-4760-b4a6-ad102ee3c586 admin admin] Notify callbacks ['neutron.plugins.ml2.ovo_rpc._ObjectChangeHandler.handle_event-611215'] for security_group, after_create {{(pid=93337) _notify_loop /usr/local/lib/python3.8/dist-packages/neutron_lib/callbacks/manager.py:192}}
Aug 10 14:31:41.575488 dv-cinder-798198-2-smb neutron-server[93338]: DEBUG neutron.pecan_wsgi.hooks.policy_enforcement [req-79d83e99-14fd-438e-b859-384e64e495c6 req-5972a4ba-1131-4be3-ba6c-185b7c5ba4a6 tempest-ServerRescueNegativeTestJSON-752867446 tempest-ServerRescueNegativeTestJSON-752867446-project] Attributes excluded by policy engine: ['standard_attr_id', 'binding:profile', 'binding:host_id', 'binding:vif_type', 'binding:vif_details'] {{(pid=93338) _exclude_attributes_by_policy /opt/stack/neutron/neutron/pecan_wsgi/hooks/policy_enforcement.py:255}}
Aug 10 14:31:41.577653 dv-cinder-798198-2-smb neutron-server[93338]: INFO neutron.wsgi [req-79d83e99-14fd-438e-b859-384e64e495c6 req-5972a4ba-1131-4be3-ba6c-185b7c5ba4a6 tempest-ServerRescueNegativeTestJSON-752867446 tempest-ServerRescueNegativeTestJSON-752867446-project] 10.222.0.24 "GET /v2.0/ports?device_id=487bb0ed-b6b7-4551-be48-383910bec306 HTTP/1.1" status: 200 len: 946 time: 0.0776680
Aug 10 14:31:41.593577 dv-cinder-798198-2-smb neutron-server[93337]: INFO neutron.wsgi [None req-01c1a03f-3d69-4760-b4a6-ad102ee3c586 admin admin] 10.222.0.24 "GET /v2.0/security-groups?tenant_id=081d842762bb43a1b4202c84426a4acf&name=default HTTP/1.1" status: 200 len: 2979 time: 0.2709889
Aug 10 14:31:41.599661 dv-cinder-798198-2-smb neutron-server[93337]: DEBUG neutron.wsgi [-] (93337) accepted ('10.222.0.24', 42096) {{(pid=93337) server /usr/local/lib/python3.8/dist-packages/eventlet/wsgi.py:982}}
Aug 10 14:31:41.628677 dv-cinder-798198-2-smb neutron-server[93338]: INFO neutron.wsgi [req-79d83e99-14fd-438e-b859-384e64e495c6 req-0dd6d07b-efcc-4070-ad90-bd6cf7975512 tempest-ServerRescueNegativeTestJSON-752867446 tempest-ServerRescueNegativeTestJSON-752867446-project] 10.222.0.24 "GET /v2.0/security-groups?id=f4be807c-0ea3-42c9-b33e-5fd1279b10e5&fields=id&fields=name HTTP/1.1" status: 200 len: 286 time: 0.0439050
Aug 10 14:31:41.648017 dv-cinder-798198-2-smb neutron-server[93337]: DEBUG neutron.api.rpc.handlers.resources_rpc [None req-01c1a03f-3d69-4760-b4a6-ad102ee3c586 admin admin] Pushing event updated for resources: {'SecurityGroup': ['ID=0f4d89b7-b68e-4996-9b97-0a7a830447f7,revision_number=1']} {{(pid=93337) push /opt/stack/neutron/neutron/api/rpc/handlers/resources_rpc.py:237}}
Aug 10 14:31:41.700860 dv-cinder-798198-2-smb neutron-server[93337]: DEBUG neutron_lib.callbacks.manager [None req-7f9d9456-6232-4f1d-ac6b-a534bb25976f admin admin] Notify callbacks [] for security_group, before_delete {{(pid=93337) _notify_loop /usr/local/lib/python3.8/dist-packages/neutron_lib/callbacks/manager.py:192}}
Aug 10 14:31:41.722174 dv-cinder-798198-2-smb neutron-server[93338]: DEBUG neutron_lib.callbacks.manager [None req-24aacedd-e953-44c5-83c2-04112796c58b admin admin] Notify callbacks [] for security_group, before_create {{(pid=93338) _notify_loop /usr/local/lib/python3.8/dist-packages/neutron_lib/callbacks/manager.py:192}}
Aug 10 14:31:41.751288 dv-cinder-798198-2-smb neutron-server[93337]: DEBUG neutron_lib.callbacks.manager [None req-7f9d9456-6232-4f1d-ac6b-a534bb25976f admin admin] Notify callbacks [] for security_group, precommit_delete {{(pid=93337) _notify_loop /usr/local/lib/python3.8/dist-packages/neutron_lib/callbacks/manager.py:192}}
Aug 10 14:31:41.849229 dv-cinder-798198-2-smb neutron-server[93337]: DEBUG neutron_lib.callbacks.manager [None req-7f9d9456-6232-4f1d-ac6b-a534bb25976f admin admin] Notify callbacks ['neutron.plugins.ml2.ovo_rpc._ObjectChangeHandler.handle_event-611215'] for security_group, after_delete {{(pid=93337) _notify_loop /usr/local/lib/python3.8/dist-packages/neutron_lib/callbacks/manager.py:192}}
Aug 10 14:31:41.853388 dv-cinder-798198-2-smb neutron-server[93337]: DEBUG neutron_lib.callbacks.manager [None req-7f9d9456-6232-4f1d-ac6b-a534bb25976f admin admin] Notify callbacks [] for security_group, before_response {{(pid=93337) _notify_loop /usr/local/lib/python3.8/dist-packages/neutron_lib/callbacks/manager.py:192}}
Aug 10 14:31:41.854788 dv-cinder-798198-2-smb neutron-server[93337]: INFO neutron.wsgi [None req-7f9d9456-6232-4f1d-ac6b-a534bb25976f admin admin] 10.222.0.24 "DELETE /v2.0/security-groups/0f4d89b7-b68e-4996-9b97-0a7a830447f7 HTTP/1.1" status: 204 len: 168 time: 0.2537670
Aug 10 14:31:41.865331 dv-cinder-798198-2-smb neutron-server[93337]: DEBUG neutron.api.rpc.handlers.resources_rpc [None req-7f9d9456-6232-4f1d-ac6b-a534bb25976f admin admin] Pushing event deleted for resources: {'SecurityGroup': ['ID=0f4d89b7-b68e-4996-9b97-0a7a830447f7,revision_number=None']} {{(pid=93337) push /opt/stack/neutron/neutron/api/rpc/handlers/resources_rpc.py:237}}
Aug 10 14:31:41.875436 dv-cinder-798198-2-smb neutron-server[93338]: DEBUG neutron_lib.callbacks.manager [None req-24aacedd-e953-44c5-83c2-04112796c58b admin admin] Notify callbacks [] for security_group, precommit_create {{(pid=93338) _notify_loop /usr/local/lib/python3.8/dist-packages/neutron_lib/callbacks/manager.py:192}}
Aug 10 14:31:41.883243 dv-cinder-798198-2-smb neutron-server[93338]: DEBUG neutron_lib.callbacks.manager [None req-24aacedd-e953-44c5-83c2-04112796c58b admin admin] Notify callbacks ['neutron.plugins.ml2.ovo_rpc._ObjectChangeHandler.handle_event-611215'] for security_group, after_create {{(pid=93338) _notify_loop /usr/local/lib/python3.8/dist-packages/neutron_lib/callbacks/manager.py:192}}
Aug 10 14:31:41.916372 dv-cinder-798198-2-smb neutron-server[93337]: DEBUG neutron.wsgi [-] (93337) accepted ('10.222.0.24', 42102) {{(pid=93337) server /usr/local/lib/python3.8/dist-packages/eventlet/wsgi.py:982}}
Aug 10 14:31:41.916561 dv-cinder-798198-2-smb neutron-server[93338]: INFO neutron.wsgi [None req-24aacedd-e953-44c5-83c2-04112796c58b admin admin] 10.222.0.24 "GET /v2.0/security-groups?tenant_id=0d2619749805406083b8fdfcc5f266bb&name=default HTTP/1.1" status: 200 len: 2979 time: 0.3786716
Aug 10 14:31:41.938736 dv-cinder-798198-2-smb neutron-server[93338]: DEBUG neutron.api.rpc.handlers.resources_rpc [None req-24aacedd-e953-44c5-83c2-04112796c58b admin admin] Pushing event updated for resources: {'SecurityGroup': ['ID=e4abe4bd-e6b6-457e-9c1d-516f0f944e64,revision_number=1']} {{(pid=93338) push /opt/stack/neutron/neutron/api/rpc/handlers/resources_rpc.py:237}}
Aug 10 14:31:42.002565 dv-cinder-798198-2-smb neutron-server[93337]: DEBUG neutron_lib.callbacks.manager [None req-7860e5df-9e73-48e6-b132-1e61aba2a53c admin admin] Notify callbacks [] for security_group, before_delete {{(pid=93337) _notify_loop /usr/local/lib/python3.8/dist-packages/neutron_lib/callbacks/manager.py:192}}
Aug 10 14:31:42.048935 dv-cinder-798198-2-smb neutron-server[93337]: DEBUG neutron_lib.callbacks.manager [None req-7860e5df-9e73-48e6-b132-1e61aba2a53c admin admin] Notify callbacks [] for security_group, precommit_delete {{(pid=93337) _notify_loop /usr/local/lib/python3.8/dist-packages/neutron_lib/callbacks/manager.py:192}}
Aug 10 14:31:42.376786 dv-cinder-798198-2-smb neutron-server[93337]: DEBUG neutron_lib.callbacks.manager [None req-7860e5df-9e73-48e6-b132-1e61aba2a53c admin admin] Notify callbacks ['neutron.plugins.ml2.ovo_rpc._ObjectChangeHandler.handle_event-611215'] for security_group, after_delete {{(pid=93337) _notify_loop /usr/local/lib/python3.8/dist-packages/neutron_lib/callbacks/manager.py:192}}
Aug 10 14:31:42.383783 dv-cinder-798198-2-smb neutron-server[93337]: DEBUG neutron_lib.callbacks.manager [None req-7860e5df-9e73-48e6-b132-1e61aba2a53c admin admin] Notify callbacks [] for security_group, before_response {{(pid=93337) _notify_loop /usr/local/lib/python3.8/dist-packages/neutron_lib/callbacks/manager.py:192}}
Aug 10 14:31:42.389580 dv-cinder-798198-2-smb neutron-server[93337]: INFO neutron.wsgi [None req-7860e5df-9e73-48e6-b132-1e61aba2a53c admin admin] 10.222.0.24 "DELETE /v2.0/security-groups/e4abe4bd-e6b6-457e-9c1d-516f0f944e64 HTTP/1.1" status: 204 len: 168 time: 0.4715827
Aug 10 14:31:42.392392 dv-cinder-798198-2-smb neutron-server[93338]: DEBUG neutron.wsgi [-] (93338) accepted ('10.222.0.24', 42122) {{(pid=93338) server /usr/local/lib/python3.8/dist-packages/eventlet/wsgi.py:982}}
Aug 10 14:31:42.407698 dv-cinder-798198-2-smb neutron-server[93337]: DEBUG neutron.api.rpc.handlers.resources_rpc [None req-7860e5df-9e73-48e6-b132-1e61aba2a53c admin admin] Pushing event deleted for resources: {'SecurityGroup': ['ID=e4abe4bd-e6b6-457e-9c1d-516f0f944e64,revision_number=None']} {{(pid=93337) push /opt/stack/neutron/neutron/api/rpc/handlers/resources_rpc.py:237}}
Aug 10 14:31:42.444073 dv-cinder-798198-2-smb neutron-server[93338]: DEBUG neutron_lib.callbacks.manager [None req-82d3951b-b3a3-4acb-8520-936166191dfa admin admin] Notify callbacks [] for security_group, before_create {{(pid=93338) _notify_loop /usr/local/lib/python3.8/dist-packages/neutron_lib/callbacks/manager.py:192}}
Aug 10 14:31:42.522442 dv-cinder-798198-2-smb neutron-server[93340]: DEBUG neutron.db.agents_db [None req-d7483559-1c53-4762-a320-0623d89e7ca7 None None] Agent healthcheck: found 6 active agents {{(pid=93340) agent_health_check /opt/stack/neutron/neutron/db/agents_db.py:317}}
Aug 10 14:31:42.569332 dv-cinder-798198-2-smb neutron-server[93338]: DEBUG neutron_lib.callbacks.manager [None req-82d3951b-b3a3-4acb-8520-936166191dfa admin admin] Notify callbacks [] for security_group, precommit_create {{(pid=93338) _notify_loop /usr/local/lib/python3.8/dist-packages/neutron_lib/callbacks/manager.py:192}}
Aug 10 14:31:42.575660 dv-cinder-798198-2-smb neutron-server[93338]: DEBUG neutron_lib.callbacks.manager [None req-82d3951b-b3a3-4acb-8520-936166191dfa admin admin] Notify callbacks ['neutron.plugins.ml2.ovo_rpc._ObjectChangeHandler.handle_event-611215'] for security_group, after_create {{(pid=93338) _notify_loop /usr/local/lib/python3.8/dist-packages/neutron_lib/callbacks/manager.py:192}}
Aug 10 14:31:42.623320 dv-cinder-798198-2-smb neutron-server[93338]: INFO neutron.wsgi [None req-82d3951b-b3a3-4acb-8520-936166191dfa admin admin] 10.222.0.24 "GET /v2.0/security-groups?tenant_id=8b29ed443ef444aa9cbdaca980a843d0&name=default HTTP/1.1" status: 200 len: 2979 time: 0.2286263
Aug 10 14:31:42.627622 dv-cinder-798198-2-smb neutron-server[93337]: DEBUG neutron.wsgi [-] (93337) accepted ('10.222.0.24', 42126) {{(pid=93337) server /usr/local/lib/python3.8/dist-packages/eventlet/wsgi.py:982}}
Aug 10 14:31:42.628749 dv-cinder-798198-2-smb neutron-server[93338]: DEBUG neutron.api.rpc.handlers.resources_rpc [None req-82d3951b-b3a3-4acb-8520-936166191dfa admin admin] Pushing event updated for resources: {'SecurityGroup': ['ID=ac42649b-5114-437b-8e9f-7e877cc3a2ad,revision_number=1']} {{(pid=93338) push /opt/stack/neutron/neutron/api/rpc/handlers/resources_rpc.py:237}}
Aug 10 14:31:42.729307 dv-cinder-798198-2-smb neutron-server[93337]: DEBUG neutron_lib.callbacks.manager [None req-eab62ff7-ed64-4760-bbee-7df689e0ff65 admin admin] Notify callbacks [] for security_group, before_delete {{(pid=93337) _notify_loop /usr/local/lib/python3.8/dist-packages/neutron_lib/callbacks/manager.py:192}}
Aug 10 14:31:42.769073 dv-cinder-798198-2-smb neutron-server[93337]: DEBUG neutron_lib.callbacks.manager [None req-eab62ff7-ed64-4760-bbee-7df689e0ff65 admin admin] Notify callbacks [] for security_group, precommit_delete {{(pid=93337) _notify_loop /usr/local/lib/python3.8/dist-packages/neutron_lib/callbacks/manager.py:192}}
Aug 10 14:31:42.831702 dv-cinder-798198-2-smb neutron-server[93337]: DEBUG neutron_lib.callbacks.manager [None req-eab62ff7-ed64-4760-bbee-7df689e0ff65 admin admin] Notify callbacks ['neutron.plugins.ml2.ovo_rpc._ObjectChangeHandler.handle_event-611215'] for security_group, after_delete {{(pid=93337) _notify_loop /usr/local/lib/python3.8/dist-packages/neutron_lib/callbacks/manager.py:192}}
Aug 10 14:31:42.835803 dv-cinder-798198-2-smb neutron-server[93337]: DEBUG neutron_lib.callbacks.manager [None req-eab62ff7-ed64-4760-bbee-7df689e0ff65 admin admin] Notify callbacks [] for security_group, before_response {{(pid=93337) _notify_loop /usr/local/lib/python3.8/dist-packages/neutron_lib/callbacks/manager.py:192}}
Aug 10 14:31:42.837321 dv-cinder-798198-2-smb neutron-server[93337]: INFO neutron.wsgi [None req-eab62ff7-ed64-4760-bbee-7df689e0ff65 admin admin] 10.222.0.24 "DELETE /v2.0/security-groups/ac42649b-5114-437b-8e9f-7e877cc3a2ad HTTP/1.1" status: 204 len: 168 time: 0.2081814
Aug 10 14:31:42.846952 dv-cinder-798198-2-smb neutron-server[93337]: DEBUG neutron.api.rpc.handlers.resources_rpc [None req-eab62ff7-ed64-4760-bbee-7df689e0ff65 admin admin] Pushing event deleted for resources: {'SecurityGroup': ['ID=ac42649b-5114-437b-8e9f-7e877cc3a2ad,revision_number=None']} {{(pid=93337) push /opt/stack/neutron/neutron/api/rpc/handlers/resources_rpc.py:237}}
Aug 10 14:31:42.919490 dv-cinder-798198-2-smb neutron-server[93337]: DEBUG neutron.wsgi [-] (93337) accepted ('10.222.0.24', 42140) {{(pid=93337) server /usr/local/lib/python3.8/dist-packages/eventlet/wsgi.py:982}}
Aug 10 14:31:42.934420 dv-cinder-798198-2-smb neutron-server[93337]: DEBUG neutron_lib.callbacks.manager [None req-b57812d7-542c-4566-8c78-613abcdb1db7 admin admin] Notify callbacks [] for security_group, before_create {{(pid=93337) _notify_loop /usr/local/lib/python3.8/dist-packages/neutron_lib/callbacks/manager.py:192}}
Aug 10 14:31:43.053244 dv-cinder-798198-2-smb neutron-server[93337]: DEBUG neutron_lib.callbacks.manager [None req-b57812d7-542c-4566-8c78-613abcdb1db7 admin admin] Notify callbacks [] for security_group, precommit_create {{(pid=93337) _notify_loop /usr/local/lib/python3.8/dist-packages/neutron_lib/callbacks/manager.py:192}}
Aug 10 14:31:43.058244 dv-cinder-798198-2-smb neutron-server[93337]: DEBUG neutron_lib.callbacks.manager [None req-b57812d7-542c-4566-8c78-613abcdb1db7 admin admin] Notify callbacks ['neutron.plugins.ml2.ovo_rpc._ObjectChangeHandler.handle_event-611215'] for security_group, after_create {{(pid=93337) _notify_loop /usr/local/lib/python3.8/dist-packages/neutron_lib/callbacks/manager.py:192}}
Aug 10 14:31:43.097968 dv-cinder-798198-2-smb neutron-server[93337]: DEBUG neutron.api.rpc.handlers.resources_rpc [None req-b57812d7-542c-4566-8c78-613abcdb1db7 admin admin] Pushing event updated for resources: {'SecurityGroup': ['ID=37a7731a-92c9-45f8-9d31-be5af1ece393,revision_number=1']} {{(pid=93337) push /opt/stack/neutron/neutron/api/rpc/handlers/resources_rpc.py:237}}
Aug 10 14:31:43.112482 dv-cinder-798198-2-smb neutron-server[93337]: INFO neutron.wsgi [None req-b57812d7-542c-4566-8c78-613abcdb1db7 admin admin] 10.222.0.24 "GET /v2.0/security-groups?tenant_id=1495045897274a8ba56752094bcfe0d5&name=default HTTP/1.1" status: 200 len: 2979 time: 0.1879818
Aug 10 14:31:43.112482 dv-cinder-798198-2-smb neutron-server[93337]: DEBUG neutron.wsgi [-] (93337) accepted ('10.222.0.24', 42146) {{(pid=93337) server /usr/local/lib/python3.8/dist-packages/eventlet/wsgi.py:982}}
Aug 10 14:31:43.198087 dv-cinder-798198-2-smb neutron-server[93337]: DEBUG neutron_lib.callbacks.manager [None req-c88bff50-4c14-4124-ab99-e89674a6a97c admin admin] Notify callbacks [] for security_group, before_delete {{(pid=93337) _notify_loop /usr/local/lib/python3.8/dist-packages/neutron_lib/callbacks/manager.py:192}}
Aug 10 14:31:43.224312 dv-cinder-798198-2-smb neutron-server[93337]: DEBUG neutron_lib.callbacks.manager [None req-c88bff50-4c14-4124-ab99-e89674a6a97c admin admin] Notify callbacks [] for security_group, precommit_delete {{(pid=93337) _notify_loop /usr/local/lib/python3.8/dist-packages/neutron_lib/callbacks/manager.py:192}}
Aug 10 14:31:43.301653 dv-cinder-798198-2-smb neutron-server[93337]: DEBUG neutron_lib.callbacks.manager [None req-c88bff50-4c14-4124-ab99-e89674a6a97c admin admin] Notify callbacks ['neutron.plugins.ml2.ovo_rpc._ObjectChangeHandler.handle_event-611215'] for security_group, after_delete {{(pid=93337) _notify_loop /usr/local/lib/python3.8/dist-packages/neutron_lib/callbacks/manager.py:192}}
Aug 10 14:31:43.304579 dv-cinder-798198-2-smb neutron-server[93337]: DEBUG neutron_lib.callbacks.manager [None req-c88bff50-4c14-4124-ab99-e89674a6a97c admin admin] Notify callbacks [] for security_group, before_response {{(pid=93337) _notify_loop /usr/local/lib/python3.8/dist-packages/neutron_lib/callbacks/manager.py:192}}
Aug 10 14:31:43.305736 dv-cinder-798198-2-smb neutron-server[93337]: INFO neutron.wsgi [None req-c88bff50-4c14-4124-ab99-e89674a6a97c admin admin] 10.222.0.24 "DELETE /v2.0/security-groups/37a7731a-92c9-45f8-9d31-be5af1ece393 HTTP/1.1" status: 204 len: 168 time: 0.1914988
Aug 10 14:31:43.314885 dv-cinder-798198-2-smb neutron-server[93337]: DEBUG neutron.api.rpc.handlers.resources_rpc [None req-c88bff50-4c14-4124-ab99-e89674a6a97c admin admin] Pushing event deleted for resources: {'SecurityGroup': ['ID=37a7731a-92c9-45f8-9d31-be5af1ece393,revision_number=None']} {{(pid=93337) push /opt/stack/neutron/neutron/api/rpc/handlers/resources_rpc.py:237}}
Aug 10 14:31:43.491600 dv-cinder-798198-2-smb neutron-server[93337]: DEBUG neutron.pecan_wsgi.hooks.policy_enforcement [req-fbc62374-113f-4dda-bbe2-eed1cadf4355 req-d9724a09-0d31-4419-874f-6015f597e157 service neutron] Attributes excluded by policy engine: ['standard_attr_id'] {{(pid=93337) _exclude_attributes_by_policy /opt/stack/neutron/neutron/pecan_wsgi/hooks/policy_enforcement.py:255}}
Aug 10 14:31:43.493296 dv-cinder-798198-2-smb neutron-server[93337]: INFO neutron.wsgi [req-fbc62374-113f-4dda-bbe2-eed1cadf4355 req-d9724a09-0d31-4419-874f-6015f597e157 service neutron] 10.222.0.57 "GET /v2.0/ports?tenant_id=99f59987db7144c5a7340258463d52a3&device_id=487bb0ed-b6b7-4551-be48-383910bec306 HTTP/1.1" status: 200 len: 1099 time: 0.0783951
Aug 10 14:31:43.548823 dv-cinder-798198-2-smb neutron-server[93338]: DEBUG neutron.pecan_wsgi.hooks.policy_enforcement [req-24b8b390-0750-445b-8125-ac118013ca11 req-70adb85a-1839-4f89-803d-20085576cf9f tempest-ServerRescueNegativeTestJSON-752867446 tempest-ServerRescueNegativeTestJSON-752867446-project] Attributes excluded by policy engine: ['standard_attr_id', 'binding:profile', 'binding:host_id', 'binding:vif_type', 'binding:vif_details'] {{(pid=93338) _exclude_attributes_by_policy /opt/stack/neutron/neutron/pecan_wsgi/hooks/policy_enforcement.py:255}}
Aug 10 14:31:43.552251 dv-cinder-798198-2-smb neutron-server[93338]: INFO neutron.wsgi [req-24b8b390-0750-445b-8125-ac118013ca11 req-70adb85a-1839-4f89-803d-20085576cf9f tempest-ServerRescueNegativeTestJSON-752867446 tempest-ServerRescueNegativeTestJSON-752867446-project] 10.222.0.24 "GET /v2.0/ports?device_id=487bb0ed-b6b7-4551-be48-383910bec306 HTTP/1.1" status: 200 len: 946 time: 0.0842721
Aug 10 14:31:43.651922 dv-cinder-798198-2-smb neutron-server[93338]: INFO neutron.wsgi [req-24b8b390-0750-445b-8125-ac118013ca11 req-a098c237-373a-4ad2-b1cf-58823ebbd5bc tempest-ServerRescueNegativeTestJSON-752867446 tempest-ServerRescueNegativeTestJSON-752867446-project] 10.222.0.24 "GET /v2.0/security-groups?id=f4be807c-0ea3-42c9-b33e-5fd1279b10e5&fields=id&fields=name HTTP/1.1" status: 200 len: 286 time: 0.0880263
Aug 10 14:31:43.693988 dv-cinder-798198-2-smb neutron-server[93337]: DEBUG neutron.pecan_wsgi.hooks.policy_enforcement [req-fbc62374-113f-4dda-bbe2-eed1cadf4355 req-23b8532f-42e7-4600-ba09-9636e1b8fac7 service neutron] Attributes excluded by policy engine: ['standard_attr_id', 'vlan_transparent'] {{(pid=93337) _exclude_attributes_by_policy /opt/stack/neutron/neutron/pecan_wsgi/hooks/policy_enforcement.py:255}}
Aug 10 14:31:43.695685 dv-cinder-798198-2-smb neutron-server[93337]: INFO neutron.wsgi [req-fbc62374-113f-4dda-bbe2-eed1cadf4355 req-23b8532f-42e7-4600-ba09-9636e1b8fac7 service neutron] 10.222.0.57 "GET /v2.0/networks?id=47f39f00-28c1-4631-adba-fd0a4d74508c HTTP/1.1" status: 200 len: 920 time: 0.1939576
Aug 10 14:31:43.767815 dv-cinder-798198-2-smb neutron-server[93337]: INFO neutron.wsgi [req-fbc62374-113f-4dda-bbe2-eed1cadf4355 req-f02bf4ba-79fe-4334-bc1b-c5f9971b027c service neutron] 10.222.0.57 "GET /v2.0/floatingips?fixed_ip_address=172.20.0.12&port_id=77aea60c-9528-426d-8b6d-4e841148a98c HTTP/1.1" status: 200 len: 217 time: 0.0630336
Aug 10 14:31:43.888840 dv-cinder-798198-2-smb neutron-server[93337]: DEBUG neutron.pecan_wsgi.hooks.policy_enforcement [req-fbc62374-113f-4dda-bbe2-eed1cadf4355 req-6e7db061-1e56-45ab-9487-db2a3b6ebbc4 service neutron] Attributes excluded by policy engine: ['standard_attr_id', 'shared', 'segment_id'] {{(pid=93337) _exclude_attributes_by_policy /opt/stack/neutron/neutron/pecan_wsgi/hooks/policy_enforcement.py:255}}
Aug 10 14:31:43.891759 dv-cinder-798198-2-smb neutron-server[93337]: INFO neutron.wsgi [req-fbc62374-113f-4dda-bbe2-eed1cadf4355 req-6e7db061-1e56-45ab-9487-db2a3b6ebbc4 service neutron] 10.222.0.57 "GET /v2.0/subnets?id=b8c8ba6e-3cbd-44e8-8f2d-75d69da551c1 HTTP/1.1" status: 200 len: 859 time: 0.1175063
Aug 10 14:31:43.897063 dv-cinder-798198-2-smb neutron-server[93338]: DEBUG neutron.pecan_wsgi.hooks.policy_enforcement [req-e5c2179a-3a42-4ff2-ac47-10faf6d6ff85 req-d0a85e60-c19d-4a81-967c-6778b3ebf403 tempest-VolumesActionsTest-794446123 tempest-VolumesActionsTest-794446123-project] Attributes excluded by policy engine: ['standard_attr_id', 'vlan_transparent', 'provider:network_type', 'provider:physical_network', 'provider:segmentation_id'] {{(pid=93338) _exclude_attributes_by_policy /opt/stack/neutron/neutron/pecan_wsgi/hooks/policy_enforcement.py:255}}
Aug 10 14:31:43.905527 dv-cinder-798198-2-smb neutron-server[93338]: INFO neutron.wsgi [req-e5c2179a-3a42-4ff2-ac47-10faf6d6ff85 req-d0a85e60-c19d-4a81-967c-6778b3ebf403 tempest-VolumesActionsTest-794446123 tempest-VolumesActionsTest-794446123-project] 10.222.0.24 "GET /v2.0/networks?id=7e85902f-8807-41c8-93ae-6430ce4db6dd HTTP/1.1" status: 200 len: 809 time: 0.2140064
Aug 10 14:31:43.923880 dv-cinder-798198-2-smb neutron-server[93338]: INFO neutron.wsgi [req-e5c2179a-3a42-4ff2-ac47-10faf6d6ff85 req-8c8eb5e4-3ba1-4f91-b9b7-e6b3d9b0539a tempest-VolumesActionsTest-794446123 tempest-VolumesActionsTest-794446123-project] 10.222.0.24 "GET /v2.0/quotas/eefd789f07de408e88ed2e36f393616d HTTP/1.1" status: 200 len: 375 time: 0.0173490
Aug 10 14:31:43.962057 dv-cinder-798198-2-smb neutron-server[93337]: INFO neutron.wsgi [req-fbc62374-113f-4dda-bbe2-eed1cadf4355 req-a725a1ed-8ccc-433c-a814-ce4215e25724 service neutron] 10.222.0.57 "GET /v2.0/ports?network_id=47f39f00-28c1-4631-adba-fd0a4d74508c&device_owner=network%3Adhcp HTTP/1.1" status: 200 len: 210 time: 0.0617304
Aug 10 14:31:43.987421 dv-cinder-798198-2-smb neutron-server[93338]: INFO neutron.wsgi [req-e5c2179a-3a42-4ff2-ac47-10faf6d6ff85 req-5adcd4e1-ff3f-4c47-8a56-7d50556385f3 tempest-VolumesActionsTest-794446123 tempest-VolumesActionsTest-794446123-project] 10.222.0.24 "GET /v2.0/ports?tenant_id=eefd789f07de408e88ed2e36f393616d&fields=id HTTP/1.1" status: 200 len: 210 time: 0.0624611
Aug 10 14:31:44.090551 dv-cinder-798198-2-smb neutron-server[93338]: DEBUG neutron.wsgi [-] (93338) accepted ('10.222.0.24', 42200) {{(pid=93338) server /usr/local/lib/python3.8/dist-packages/eventlet/wsgi.py:982}}
Aug 10 14:31:44.112276 dv-cinder-798198-2-smb neutron-server[93338]: DEBUG neutron_lib.callbacks.manager [None req-4c202b08-fb04-4218-ac3e-6eb8b29ad296 admin admin] Notify callbacks [] for security_group, before_create {{(pid=93338) _notify_loop /usr/local/lib/python3.8/dist-packages/neutron_lib/callbacks/manager.py:192}}
Aug 10 14:31:44.117918 dv-cinder-798198-2-smb neutron-server[93338]: INFO neutron.wsgi [req-e5c2179a-3a42-4ff2-ac47-10faf6d6ff85 req-44d0aa4c-d889-4444-91fa-3a8a395135cf service neutron] 10.222.0.24 "GET /v2.0/networks/7e85902f-8807-41c8-93ae-6430ce4db6dd?fields=segments HTTP/1.1" status: 200 len: 212 time: 0.1293221
Aug 10 14:31:44.158023 dv-cinder-798198-2-smb neutron-server[93337]: INFO neutron.wsgi [req-fbc62374-113f-4dda-bbe2-eed1cadf4355 req-30b6d6d3-b594-4df6-a22d-ed71694320bf service neutron] 10.222.0.57 "GET /v2.0/networks/47f39f00-28c1-4631-adba-fd0a4d74508c?fields=segments HTTP/1.1" status: 200 len: 212 time: 0.1878855
Aug 10 14:31:44.265596 dv-cinder-798198-2-smb neutron-server[93338]: INFO neutron.wsgi [req-e5c2179a-3a42-4ff2-ac47-10faf6d6ff85 req-10b47479-693c-4a22-b8b9-bbb58b1d9787 service neutron] 10.222.0.24 "GET /v2.0/networks/7e85902f-8807-41c8-93ae-6430ce4db6dd?fields=provider%3Aphysical_network&fields=provider%3Anetwork_type HTTP/1.1" status: 200 len: 281 time: 0.1378179
Aug 10 14:31:44.289628 dv-cinder-798198-2-smb neutron-server[93337]: INFO neutron.wsgi [req-fbc62374-113f-4dda-bbe2-eed1cadf4355 req-3279af72-27a5-49ce-adf0-d1e79995539d service neutron] 10.222.0.57 "GET /v2.0/networks/47f39f00-28c1-4631-adba-fd0a4d74508c?fields=provider%3Aphysical_network&fields=provider%3Anetwork_type HTTP/1.1" status: 200 len: 281 time: 0.1227865
Aug 10 14:31:44.347821 dv-cinder-798198-2-smb neutron-server[93338]: DEBUG neutron_lib.callbacks.manager [None req-4c202b08-fb04-4218-ac3e-6eb8b29ad296 admin admin] Notify callbacks [] for security_group, precommit_create {{(pid=93338) _notify_loop /usr/local/lib/python3.8/dist-packages/neutron_lib/callbacks/manager.py:192}}
Aug 10 14:31:44.356491 dv-cinder-798198-2-smb neutron-server[93338]: DEBUG neutron_lib.callbacks.manager [None req-4c202b08-fb04-4218-ac3e-6eb8b29ad296 admin admin] Notify callbacks ['neutron.plugins.ml2.ovo_rpc._ObjectChangeHandler.handle_event-611215'] for security_group, after_create {{(pid=93338) _notify_loop /usr/local/lib/python3.8/dist-packages/neutron_lib/callbacks/manager.py:192}}
Aug 10 14:31:44.414774 dv-cinder-798198-2-smb neutron-server[93338]: INFO neutron.wsgi [None req-4c202b08-fb04-4218-ac3e-6eb8b29ad296 admin admin] 10.222.0.24 "GET /v2.0/security-groups?tenant_id=ec0f682e06284cc88c952e186e1ea2e5&name=default HTTP/1.1" status: 200 len: 2979 time: 0.3226647
Aug 10 14:31:44.419362 dv-cinder-798198-2-smb neutron-server[93337]: DEBUG neutron.wsgi [-] (93337) accepted ('10.222.0.24', 42208) {{(pid=93337) server /usr/local/lib/python3.8/dist-packages/eventlet/wsgi.py:982}}
Aug 10 14:31:44.426825 dv-cinder-798198-2-smb neutron-server[93338]: DEBUG neutron.api.rpc.handlers.resources_rpc [None req-4c202b08-fb04-4218-ac3e-6eb8b29ad296 admin admin] Pushing event updated for resources: {'SecurityGroup': ['ID=fc703fc5-f2d7-4202-aa69-158d3a41c94c,revision_number=1']} {{(pid=93338) push /opt/stack/neutron/neutron/api/rpc/handlers/resources_rpc.py:237}}
Aug 10 14:31:44.509015 dv-cinder-798198-2-smb neutron-server[93338]: INFO neutron.wsgi [req-338883f8-c11a-428a-8a99-06da3eaf9397 req-1777ccff-1633-4e89-8886-7e3c5a946fc3 tempest-VolumesActionsTest-794446123 tempest-VolumesActionsTest-794446123-project] 10.222.0.24 "GET /v2.0/ports?device_id=2ef69e00-cbd1-430e-85f1-eb6ae77c3f6c HTTP/1.1" status: 200 len: 210 time: 0.0360200
Aug 10 14:31:44.523281 dv-cinder-798198-2-smb neutron-server[93337]: DEBUG neutron_lib.callbacks.manager [None req-9f698c74-887d-4f2f-9e46-bb6f85747318 admin admin] Notify callbacks [] for security_group, before_delete {{(pid=93337) _notify_loop /usr/local/lib/python3.8/dist-packages/neutron_lib/callbacks/manager.py:192}}
Aug 10 14:31:44.551140 dv-cinder-798198-2-smb neutron-server[93337]: DEBUG neutron_lib.callbacks.manager [None req-9f698c74-887d-4f2f-9e46-bb6f85747318 admin admin] Notify callbacks [] for security_group, precommit_delete {{(pid=93337) _notify_loop /usr/local/lib/python3.8/dist-packages/neutron_lib/callbacks/manager.py:192}}
Aug 10 14:31:44.614588 dv-cinder-798198-2-smb neutron-server[93337]: DEBUG neutron_lib.callbacks.manager [None req-9f698c74-887d-4f2f-9e46-bb6f85747318 admin admin] Notify callbacks ['neutron.plugins.ml2.ovo_rpc._ObjectChangeHandler.handle_event-611215'] for security_group, after_delete {{(pid=93337) _notify_loop /usr/local/lib/python3.8/dist-packages/neutron_lib/callbacks/manager.py:192}}
Aug 10 14:31:44.619370 dv-cinder-798198-2-smb neutron-server[93337]: DEBUG neutron_lib.callbacks.manager [None req-9f698c74-887d-4f2f-9e46-bb6f85747318 admin admin] Notify callbacks [] for security_group, before_response {{(pid=93337) _notify_loop /usr/local/lib/python3.8/dist-packages/neutron_lib/callbacks/manager.py:192}}
Aug 10 14:31:44.620837 dv-cinder-798198-2-smb neutron-server[93337]: INFO neutron.wsgi [None req-9f698c74-887d-4f2f-9e46-bb6f85747318 admin admin] 10.222.0.24 "DELETE /v2.0/security-groups/fc703fc5-f2d7-4202-aa69-158d3a41c94c HTTP/1.1" status: 204 len: 168 time: 0.1999891
Aug 10 14:31:44.631295 dv-cinder-798198-2-smb neutron-server[93337]: DEBUG neutron.api.rpc.handlers.resources_rpc [None req-9f698c74-887d-4f2f-9e46-bb6f85747318 admin admin] Pushing event deleted for resources: {'SecurityGroup': ['ID=fc703fc5-f2d7-4202-aa69-158d3a41c94c,revision_number=None']} {{(pid=93337) push /opt/stack/neutron/neutron/api/rpc/handlers/resources_rpc.py:237}}
Aug 10 14:31:44.828498 dv-cinder-798198-2-smb neutron-server[93338]: DEBUG neutron.pecan_wsgi.hooks.policy_enforcement [req-6798fc80-3d2f-489e-8406-af80c229548e req-ea391275-6643-4df3-b9f4-28ed4f78bb7e tempest-ServerRescueNegativeTestJSON-752867446 tempest-ServerRescueNegativeTestJSON-752867446-project] Attributes excluded by policy engine: ['standard_attr_id', 'binding:profile', 'binding:host_id', 'binding:vif_type', 'binding:vif_details'] {{(pid=93338) _exclude_attributes_by_policy /opt/stack/neutron/neutron/pecan_wsgi/hooks/policy_enforcement.py:255}}
Aug 10 14:31:44.846767 dv-cinder-798198-2-smb neutron-server[93338]: INFO neutron.wsgi [req-6798fc80-3d2f-489e-8406-af80c229548e req-ea391275-6643-4df3-b9f4-28ed4f78bb7e tempest-ServerRescueNegativeTestJSON-752867446 tempest-ServerRescueNegativeTestJSON-752867446-project] 10.222.0.24 "GET /v2.0/ports?device_id=487bb0ed-b6b7-4551-be48-383910bec306 HTTP/1.1" status: 200 len: 946 time: 0.0800378
Aug 10 14:31:44.929803 dv-cinder-798198-2-smb neutron-server[93338]: INFO neutron.wsgi [req-6798fc80-3d2f-489e-8406-af80c229548e req-da2da318-8c97-4c5e-8d2f-ec50f01b54b2 tempest-ServerRescueNegativeTestJSON-752867446 tempest-ServerRescueNegativeTestJSON-752867446-project] 10.222.0.24 "GET /v2.0/security-groups?id=f4be807c-0ea3-42c9-b33e-5fd1279b10e5&fields=id&fields=name HTTP/1.1" status: 200 len: 286 time: 0.0808051
Aug 10 14:31:45.642726 dv-cinder-798198-2-smb neutron-server[93338]: INFO neutron.wsgi [req-28ab31ed-f8b8-43b4-8ba5-bfa3e891e3e2 req-a4b1818a-9888-44cd-b27b-084b095545a3 tempest-VolumesActionsTest-794446123 tempest-VolumesActionsTest-794446123-project] 10.222.0.24 "GET /v2.0/ports?device_id=2ef69e00-cbd1-430e-85f1-eb6ae77c3f6c HTTP/1.1" status: 200 len: 210 time: 0.0400710
Aug 10 14:31:45.768460 dv-cinder-798198-2-smb neutron-server[93337]: DEBUG neutron.pecan_wsgi.hooks.policy_enforcement [req-e5c2179a-3a42-4ff2-ac47-10faf6d6ff85 req-16c861fb-71df-4065-9f92-cf79f6682a29 tempest-VolumesActionsTest-794446123 tempest-VolumesActionsTest-794446123-project] Attributes excluded by policy engine: ['standard_attr_id', 'vlan_transparent', 'provider:network_type', 'provider:physical_network', 'provider:segmentation_id'] {{(pid=93337) _exclude_attributes_by_policy /opt/stack/neutron/neutron/pecan_wsgi/hooks/policy_enforcement.py:255}}
Aug 10 14:31:45.770346 dv-cinder-798198-2-smb neutron-server[93337]: INFO neutron.wsgi [req-e5c2179a-3a42-4ff2-ac47-10faf6d6ff85 req-16c861fb-71df-4065-9f92-cf79f6682a29 tempest-VolumesActionsTest-794446123 tempest-VolumesActionsTest-794446123-project] 10.222.0.57 "GET /v2.0/networks?id=7e85902f-8807-41c8-93ae-6430ce4db6dd HTTP/1.1" status: 200 len: 809 time: 0.1622517
Aug 10 14:31:45.788539 dv-cinder-798198-2-smb neutron-server[93337]: DEBUG neutron.api.v2.base [req-e5c2179a-3a42-4ff2-ac47-10faf6d6ff85 req-3f6cd58f-816d-4079-a6e7-7fbfbafa840e tempest-VolumesActionsTest-794446123 tempest-VolumesActionsTest-794446123-project] Request body: {'port': {'device_id': '2ef69e00-cbd1-430e-85f1-eb6ae77c3f6c', 'network_id': '7e85902f-8807-41c8-93ae-6430ce4db6dd', 'admin_state_up': True, 'tenant_id': 'eefd789f07de408e88ed2e36f393616d'}} {{(pid=93337) prepare_request_body /opt/stack/neutron/neutron/api/v2/base.py:729}}
Aug 10 14:31:45.941769 dv-cinder-798198-2-smb neutron-server[93337]: DEBUG neutron.pecan_wsgi.hooks.quota_enforcement [req-e5c2179a-3a42-4ff2-ac47-10faf6d6ff85 req-3f6cd58f-816d-4079-a6e7-7fbfbafa840e tempest-VolumesActionsTest-794446123 tempest-VolumesActionsTest-794446123-project] Made reservation on behalf of eefd789f07de408e88ed2e36f393616d for: {'port': 1} {{(pid=93337) before /opt/stack/neutron/neutron/pecan_wsgi/hooks/quota_enforcement.py:53}}
Aug 10 14:31:45.947226 dv-cinder-798198-2-smb neutron-server[93337]: DEBUG neutron_lib.callbacks.manager [req-e5c2179a-3a42-4ff2-ac47-10faf6d6ff85 req-3f6cd58f-816d-4079-a6e7-7fbfbafa840e tempest-VolumesActionsTest-794446123 tempest-VolumesActionsTest-794446123-project] Notify callbacks ['neutron.plugins.ml2.plugin.SecurityGroupDbMixin._ensure_default_security_group_handler-3823659'] for port, before_create {{(pid=93337) _notify_loop /usr/local/lib/python3.8/dist-packages/neutron_lib/callbacks/manager.py:192}}
Aug 10 14:31:46.096728 dv-cinder-798198-2-smb neutron-server[93338]: DEBUG neutron.pecan_wsgi.hooks.policy_enforcement [req-98948b89-4e20-47b1-b7ea-5229dd436798 req-e25d816a-1d22-4af6-bb04-59474a157d80 tempest-ServerRescueNegativeTestJSON-752867446 tempest-ServerRescueNegativeTestJSON-752867446-project] Attributes excluded by policy engine: ['standard_attr_id', 'binding:profile', 'binding:host_id', 'binding:vif_type', 'binding:vif_details'] {{(pid=93338) _exclude_attributes_by_policy /opt/stack/neutron/neutron/pecan_wsgi/hooks/policy_enforcement.py:255}}
Aug 10 14:31:46.105958 dv-cinder-798198-2-smb neutron-server[93338]: INFO neutron.wsgi [req-98948b89-4e20-47b1-b7ea-5229dd436798 req-e25d816a-1d22-4af6-bb04-59474a157d80 tempest-ServerRescueNegativeTestJSON-752867446 tempest-ServerRescueNegativeTestJSON-752867446-project] 10.222.0.24 "GET /v2.0/ports?device_id=487bb0ed-b6b7-4551-be48-383910bec306 HTTP/1.1" status: 200 len: 946 time: 0.0802443
Aug 10 14:31:46.165811 dv-cinder-798198-2-smb neutron-server[93337]: DEBUG neutron.db.db_base_plugin_common [req-e5c2179a-3a42-4ff2-ac47-10faf6d6ff85 req-3f6cd58f-816d-4079-a6e7-7fbfbafa840e tempest-VolumesActionsTest-794446123 tempest-VolumesActionsTest-794446123-project] Allocated IP 172.20.0.6 (7e85902f-8807-41c8-93ae-6430ce4db6dd/257193bc-5c59-4d4b-951d-9c4cea9bb27f/f87fd571-f275-44af-9d8f-090c67ad90ef) {{(pid=93337) _store_ip_allocation /opt/stack/neutron/neutron/db/db_base_plugin_common.py:131}}
Aug 10 14:31:46.166532 dv-cinder-798198-2-smb neutron-server[93338]: INFO neutron.wsgi [req-98948b89-4e20-47b1-b7ea-5229dd436798 req-509b33ad-80af-4d21-87f0-19d45b2756f7 tempest-ServerRescueNegativeTestJSON-752867446 tempest-ServerRescueNegativeTestJSON-752867446-project] 10.222.0.24 "GET /v2.0/security-groups?id=f4be807c-0ea3-42c9-b33e-5fd1279b10e5&fields=id&fields=name HTTP/1.1" status: 200 len: 286 time: 0.0593667
Aug 10 14:31:46.368596 dv-cinder-798198-2-smb neutron-server[93337]: DEBUG neutron_lib.callbacks.manager [req-e5c2179a-3a42-4ff2-ac47-10faf6d6ff85 req-3f6cd58f-816d-4079-a6e7-7fbfbafa840e tempest-VolumesActionsTest-794446123 tempest-VolumesActionsTest-794446123-project] Notify callbacks [] for port, precommit_create {{(pid=93337) _notify_loop /usr/local/lib/python3.8/dist-packages/neutron_lib/callbacks/manager.py:192}}
Aug 10 14:31:46.426483 dv-cinder-798198-2-smb neutron-server[93337]: DEBUG neutron_lib.callbacks.manager [req-e5c2179a-3a42-4ff2-ac47-10faf6d6ff85 req-3f6cd58f-816d-4079-a6e7-7fbfbafa840e tempest-VolumesActionsTest-794446123 tempest-VolumesActionsTest-794446123-project] Notify callbacks ['neutron.plugins.ml2.plugin.SecurityGroupServerNotifierRpcMixin._notify_sg_on_port_change-3824517', 'neutron.plugins.ml2.ovo_rpc._ObjectChangeHandler.handle_event-142035', 'neutron.api.rpc.agentnotifiers.dhcp_rpc_agent_api.DhcpAgentNotifyAPI._native_event_send_dhcp_notification-636160', 'neutron.db.l3_dvrscheduler_db._notify_l3_agent_new_port-8752943240430', 'neutron.services.segments.plugin.NovaSegmentNotifier._notify_port_created_or_deleted-1357670'] for port, after_create {{(pid=93337) _notify_loop /usr/local/lib/python3.8/dist-packages/neutron_lib/callbacks/manager.py:192}}
Aug 10 14:31:46.469463 dv-cinder-798198-2-smb neutron-server[93337]: DEBUG neutron.scheduler.dhcp_agent_scheduler [req-e5c2179a-3a42-4ff2-ac47-10faf6d6ff85 req-3f6cd58f-816d-4079-a6e7-7fbfbafa840e tempest-VolumesActionsTest-794446123 tempest-VolumesActionsTest-794446123-project] Network 7e85902f-8807-41c8-93ae-6430ce4db6dd is already hosted by enough agents. {{(pid=93337) _get_dhcp_agents_hosting_network /opt/stack/neutron/neutron/scheduler/dhcp_agent_scheduler.py:275}}
Aug 10 14:31:46.475569 dv-cinder-798198-2-smb neutron-server[93337]: DEBUG neutron.scheduler.base_scheduler [req-e5c2179a-3a42-4ff2-ac47-10faf6d6ff85 req-3f6cd58f-816d-4079-a6e7-7fbfbafa840e tempest-VolumesActionsTest-794446123 tempest-VolumesActionsTest-794446123-project] Resources bound (agent type, host, resource id): {{(pid=93337) schedule /opt/stack/neutron/neutron/scheduler/base_scheduler.py:57}}
Aug 10 14:31:46.478394 dv-cinder-798198-2-smb neutron-server[93337]: DEBUG neutron.db.l3_dvrscheduler_db [req-e5c2179a-3a42-4ff2-ac47-10faf6d6ff85 req-3f6cd58f-816d-4079-a6e7-7fbfbafa840e tempest-VolumesActionsTest-794446123 tempest-VolumesActionsTest-794446123-project] Received port after_create {{(pid=93337) _notify_l3_agent_new_port /opt/stack/neutron/neutron/db/l3_dvrscheduler_db.py:535}}
Aug 10 14:31:46.509366 dv-cinder-798198-2-smb neutron-server[93337]: DEBUG neutron.api.rpc.handlers.resources_rpc [None req-3f6cd58f-816d-4079-a6e7-7fbfbafa840e tempest-VolumesActionsTest-794446123 tempest-VolumesActionsTest-794446123-project] Pushing event updated for resources: {'Port': ['ID=f87fd571-f275-44af-9d8f-090c67ad90ef,revision_number=1']} {{(pid=93337) push /opt/stack/neutron/neutron/api/rpc/handlers/resources_rpc.py:237}}
Aug 10 14:31:46.542504 dv-cinder-798198-2-smb neutron-server[93337]: DEBUG neutron.pecan_wsgi.hooks.policy_enforcement [req-e5c2179a-3a42-4ff2-ac47-10faf6d6ff85 req-3f6cd58f-816d-4079-a6e7-7fbfbafa840e tempest-VolumesActionsTest-794446123 tempest-VolumesActionsTest-794446123-project] Attributes excluded by policy engine: ['standard_attr_id', 'binding:profile', 'binding:host_id', 'binding:vif_type', 'binding:vif_details', 'network'] {{(pid=93337) _exclude_attributes_by_policy /opt/stack/neutron/neutron/pecan_wsgi/hooks/policy_enforcement.py:255}}
Aug 10 14:31:46.543817 dv-cinder-798198-2-smb neutron-server[93337]: DEBUG neutron_lib.callbacks.manager [req-e5c2179a-3a42-4ff2-ac47-10faf6d6ff85 req-3f6cd58f-816d-4079-a6e7-7fbfbafa840e tempest-VolumesActionsTest-794446123 tempest-VolumesActionsTest-794446123-project] Notify callbacks ['neutron.notifiers.nova.Notifier._send_nova_notification-237202'] for port, before_response {{(pid=93337) _notify_loop /usr/local/lib/python3.8/dist-packages/neutron_lib/callbacks/manager.py:192}}
Aug 10 14:31:46.562968 dv-cinder-798198-2-smb neutron-server[93337]: INFO neutron.wsgi [req-e5c2179a-3a42-4ff2-ac47-10faf6d6ff85 req-3f6cd58f-816d-4079-a6e7-7fbfbafa840e tempest-VolumesActionsTest-794446123 tempest-VolumesActionsTest-794446123-project] 10.222.0.57 "POST /v2.0/ports HTTP/1.1" status: 201 len: 933 time: 0.7797709
Aug 10 14:31:46.576599 dv-cinder-798198-2-smb neutron-server[93337]: DEBUG neutron.api.v2.base [req-e5c2179a-3a42-4ff2-ac47-10faf6d6ff85 req-054cf45d-729d-4bef-bf41-3a2c2b5bf165 service neutron] Request body: {'port': {'device_id': '2ef69e00-cbd1-430e-85f1-eb6ae77c3f6c', 'device_owner': 'compute:nova', 'binding:host_id': 'hv-cinder-79819'}} {{(pid=93337) prepare_request_body /opt/stack/neutron/neutron/api/v2/base.py:729}}
Aug 10 14:31:46.639260 dv-cinder-798198-2-smb neutron-server[93337]: DEBUG neutron_lib.callbacks.manager [req-e5c2179a-3a42-4ff2-ac47-10faf6d6ff85 req-054cf45d-729d-4bef-bf41-3a2c2b5bf165 service neutron] Notify callbacks ['neutron.plugins.ml2.plugin.SecurityGroupDbMixin._ensure_default_security_group_handler-3823659'] for port, before_update {{(pid=93337) _notify_loop /usr/local/lib/python3.8/dist-packages/neutron_lib/callbacks/manager.py:192}}
Aug 10 14:31:46.789996 dv-cinder-798198-2-smb neutron-server[93338]: DEBUG neutron.pecan_wsgi.hooks.policy_enforcement [req-81aa4a3c-8a93-457b-a636-72fa00b3983d req-e52dfe7c-f461-44a4-80f8-65c3a6787085 tempest-VolumesActionsTest-794446123 tempest-VolumesActionsTest-794446123-project] Attributes excluded by policy engine: ['standard_attr_id', 'binding:profile', 'binding:host_id', 'binding:vif_type', 'binding:vif_details'] {{(pid=93338) _exclude_attributes_by_policy /opt/stack/neutron/neutron/pecan_wsgi/hooks/policy_enforcement.py:255}}
Aug 10 14:31:46.792032 dv-cinder-798198-2-smb neutron-server[93338]: INFO neutron.wsgi [req-81aa4a3c-8a93-457b-a636-72fa00b3983d req-e52dfe7c-f461-44a4-80f8-65c3a6787085 tempest-VolumesActionsTest-794446123 tempest-VolumesActionsTest-794446123-project] 10.222.0.24 "GET /v2.0/ports?device_id=2ef69e00-cbd1-430e-85f1-eb6ae77c3f6c HTTP/1.1" status: 200 len: 931 time: 0.0671935
Aug 10 14:31:46.843083 dv-cinder-798198-2-smb neutron-server[93338]: INFO neutron.wsgi [req-81aa4a3c-8a93-457b-a636-72fa00b3983d req-34633190-7cd5-4e42-9cc5-4047c3f43ba7 tempest-VolumesActionsTest-794446123 tempest-VolumesActionsTest-794446123-project] 10.222.0.24 "GET /v2.0/security-groups?id=f3c272ab-284e-44ef-a819-981f2e3eed71&fields=id&fields=name HTTP/1.1" status: 200 len: 286 time: 0.0398481
