Aug 10 14:30:15.068510 dv-cinder-798198-2-iscsi neutron-server[93412]: DEBUG neutron.api.rpc.callbacks.version_manager [None req-7d4a53a6-1fce-414d-9765-7f7b1ccbd1b1 None None] Version for resource type SecurityGroupRule changed None to 1.2 on consumer Open vSwitch agent@dv-cinder-798198-2-iscsi {{(pid=93412) _set_version /opt/stack/neutron/neutron/api/rpc/callbacks/version_manager.py:113}}
Aug 10 14:30:15.068927 dv-cinder-798198-2-iscsi neutron-server[93412]: DEBUG neutron.api.rpc.callbacks.version_manager [None req-7d4a53a6-1fce-414d-9765-7f7b1ccbd1b1 None None] Version for resource type SubPort changed None to 1.0 on consumer Open vSwitch agent@dv-cinder-798198-2-iscsi {{(pid=93412) _set_version /opt/stack/neutron/neutron/api/rpc/callbacks/version_manager.py:113}}
Aug 10 14:30:15.070539 dv-cinder-798198-2-iscsi neutron-server[93412]: DEBUG neutron.api.rpc.callbacks.version_manager [None req-7d4a53a6-1fce-414d-9765-7f7b1ccbd1b1 None None] Version for resource type Subnet changed None to 1.1 on consumer Open vSwitch agent@dv-cinder-798198-2-iscsi {{(pid=93412) _set_version /opt/stack/neutron/neutron/api/rpc/callbacks/version_manager.py:113}}
Aug 10 14:30:15.070941 dv-cinder-798198-2-iscsi neutron-server[93412]: DEBUG neutron.api.rpc.callbacks.version_manager [None req-7d4a53a6-1fce-414d-9765-7f7b1ccbd1b1 None None] Version for resource type Trunk changed None to 1.1 on consumer Open vSwitch agent@dv-cinder-798198-2-iscsi {{(pid=93412) _set_version /opt/stack/neutron/neutron/api/rpc/callbacks/version_manager.py:113}}
Aug 10 14:30:15.071999 dv-cinder-798198-2-iscsi neutron-server[93412]: DEBUG neutron.api.rpc.callbacks.version_manager [None req-7d4a53a6-1fce-414d-9765-7f7b1ccbd1b1 None None] Tracked resource versions report:
Aug 10 14:30:15.071999 dv-cinder-798198-2-iscsi neutron-server[93412]: pushed versions:
Aug 10 14:30:15.071999 dv-cinder-798198-2-iscsi neutron-server[93412]: { 'AddressGroup': {'1.2'},
Aug 10 14:30:15.071999 dv-cinder-798198-2-iscsi neutron-server[93412]: 'ConntrackHelper': {'1.0'},
Aug 10 14:30:15.071999 dv-cinder-798198-2-iscsi neutron-server[93412]: 'Log': {'1.0'},
Aug 10 14:30:15.071999 dv-cinder-798198-2-iscsi neutron-server[93412]: 'Network': {'1.1'},
Aug 10 14:30:15.071999 dv-cinder-798198-2-iscsi neutron-server[93412]: 'Port': {'1.7'},
Aug 10 14:30:15.071999 dv-cinder-798198-2-iscsi neutron-server[93412]: 'PortForwarding': {'1.2'},
Aug 10 14:30:15.071999 dv-cinder-798198-2-iscsi neutron-server[93412]: 'QosPolicy': {'1.9'},
Aug 10 14:30:15.071999 dv-cinder-798198-2-iscsi neutron-server[93412]: 'SecurityGroup': {'1.4'},
Aug 10 14:30:15.071999 dv-cinder-798198-2-iscsi neutron-server[93412]: 'SecurityGroupRule': {'1.2'},
Aug 10 14:30:15.071999 dv-cinder-798198-2-iscsi neutron-server[93412]: 'SubPort': {'1.0'},
Aug 10 14:30:15.071999 dv-cinder-798198-2-iscsi neutron-server[93412]: 'Subnet': {'1.1'},
Aug 10 14:30:15.071999 dv-cinder-798198-2-iscsi neutron-server[93412]: 'Trunk': {'1.1'}}
Aug 10 14:30:15.071999 dv-cinder-798198-2-iscsi neutron-server[93412]: consumer versions:
Aug 10 14:30:15.071999 dv-cinder-798198-2-iscsi neutron-server[93412]: { DHCP agent@dv-cinder-798198-2-iscsi: {},
Aug 10 14:30:15.071999 dv-cinder-798198-2-iscsi neutron-server[93412]: HyperV agent@hv-cinder-79819: {},
Aug 10 14:30:15.071999 dv-cinder-798198-2-iscsi neutron-server[93412]: L3 agent@dv-cinder-798198-2-iscsi: {},
Aug 10 14:30:15.071999 dv-cinder-798198-2-iscsi neutron-server[93412]: Metadata agent@dv-cinder-798198-2-iscsi: {},
Aug 10 14:30:15.071999 dv-cinder-798198-2-iscsi neutron-server[93412]: Metering agent@dv-cinder-798198-2-iscsi: {},
Aug 10 14:30:15.071999 dv-cinder-798198-2-iscsi neutron-server[93412]: Open vSwitch agent@dv-cinder-798198-2-iscsi: { 'AddressGroup': '1.2',
Aug 10 14:30:15.071999 dv-cinder-798198-2-iscsi neutron-server[93412]: 'ConntrackHelper': '1.0',
Aug 10 14:30:15.071999 dv-cinder-798198-2-iscsi neutron-server[93412]: 'Log': '1.0',
Aug 10 14:30:15.071999 dv-cinder-798198-2-iscsi neutron-server[93412]: 'Network': '1.1',
Aug 10 14:30:15.071999 dv-cinder-798198-2-iscsi neutron-server[93412]: 'Port': '1.7',
Aug 10 14:30:15.071999 dv-cinder-798198-2-iscsi neutron-server[93412]: 'PortForwarding': '1.2',
Aug 10 14:30:15.071999 dv-cinder-798198-2-iscsi neutron-server[93412]: 'QosPolicy': '1.9',
Aug 10 14:30:15.071999 dv-cinder-798198-2-iscsi neutron-server[93412]: 'SecurityGroup': '1.4',
Aug 10 14:30:15.071999 dv-cinder-798198-2-iscsi neutron-server[93412]: 'SecurityGroupRule': '1.2',
Aug 10 14:30:15.071999 dv-cinder-798198-2-iscsi neutron-server[93412]: 'SubPort': '1.0',
Aug 10 14:30:15.071999 dv-cinder-798198-2-iscsi neutron-server[93412]: 'Subnet': '1.1',
Aug 10 14:30:15.071999 dv-cinder-798198-2-iscsi neutron-server[93412]: 'Trunk': '1.1'}}
Aug 10 14:30:15.071999 dv-cinder-798198-2-iscsi neutron-server[93412]: {{(pid=93412) report /opt/stack/neutron/neutron/api/rpc/callbacks/version_manager.py:175}}
Aug 10 14:30:15.107970 dv-cinder-798198-2-iscsi neutron-server[93411]: DEBUG neutron_lib.callbacks.manager [None req-c21e3d19-ecda-4984-909c-42c5c71ab880 admin admin] Notify callbacks [] for router_gateway, precommit_update {{(pid=93411) _notify_loop /usr/local/lib/python3.8/dist-packages/neutron_lib/callbacks/manager.py:192}}
Aug 10 14:30:15.229224 dv-cinder-798198-2-iscsi neutron-server[93412]: DEBUG neutron.plugins.ml2.managers [None req-7d4a53a6-1fce-414d-9765-7f7b1ccbd1b1 None None] Attempting to bind port 1bc8f386-7e29-4ea4-be03-90ed3eefacc2 on host dv-cinder-798198-2-iscsi for vnic_type normal with profile {{(pid=93412) bind_port /opt/stack/neutron/neutron/plugins/ml2/managers.py:790}}
Aug 10 14:30:15.229940 dv-cinder-798198-2-iscsi neutron-server[93412]: DEBUG neutron.plugins.ml2.managers [None req-7d4a53a6-1fce-414d-9765-7f7b1ccbd1b1 None None] Attempting to bind port 1bc8f386-7e29-4ea4-be03-90ed3eefacc2 by drivers openvswitch,hyperv on host dv-cinder-798198-2-iscsi at level 0 using segments [{'id': 'd55ed611-efa5-4413-9a01-d70eef9c92c8', 'network_type': 'vlan', 'physical_network': 'physnet1', 'segmentation_id': 575, 'network_id': '86a6d1d4-f800-47bf-859f-81a5bd8d7c63'}] {{(pid=93412) _bind_port_level /opt/stack/neutron/neutron/plugins/ml2/managers.py:815}}
Aug 10 14:30:15.231038 dv-cinder-798198-2-iscsi neutron-server[93412]: DEBUG neutron.plugins.ml2.drivers.mech_agent [None req-7d4a53a6-1fce-414d-9765-7f7b1ccbd1b1 None None] Attempting to bind port 1bc8f386-7e29-4ea4-be03-90ed3eefacc2 on network 86a6d1d4-f800-47bf-859f-81a5bd8d7c63 {{(pid=93412) bind_port /opt/stack/neutron/neutron/plugins/ml2/drivers/mech_agent.py:85}}
Aug 10 14:30:15.259792 dv-cinder-798198-2-iscsi neutron-server[93412]: DEBUG neutron.db.db_base_plugin_common [None req-10319887-58e6-4101-a838-73cda3ad5754 None None] Allocated IP 172.20.0.2 (c66be7ba-5c71-487e-a4a7-ed7cb74aecf9/18e8c05a-0b63-4e4f-b068-6c86c9aef18c/fb6244e5-4a01-492e-873a-4f04f7687bdd) {{(pid=93412) _store_ip_allocation /opt/stack/neutron/neutron/db/db_base_plugin_common.py:131}}
Aug 10 14:30:15.265847 dv-cinder-798198-2-iscsi neutron-server[93412]: DEBUG neutron.plugins.ml2.drivers.mech_agent [None req-7d4a53a6-1fce-414d-9765-7f7b1ccbd1b1 None None] Checking agent: {'id': 'd4363d4d-7a35-4f9b-b61a-c2590b3a63af', 'agent_type': 'Open vSwitch agent', 'binary': 'neutron-openvswitch-agent', 'topic': 'N/A', 'host': 'dv-cinder-798198-2-iscsi', 'admin_state_up': True, 'created_at': datetime.datetime(2021, 8, 10, 14, 22, 29), 'started_at': datetime.datetime(2021, 8, 10, 14, 22, 59), 'heartbeat_timestamp': datetime.datetime(2021, 8, 10, 14, 29, 59), 'description': None, 'resources_synced': None, 'availability_zone': None, 'alive': True, 'configurations': {'arp_responder_enabled': False, 'baremetal_smartnic': False, 'bridge_mappings': {'physnet1': 'br-data'}, 'datapath_type': 'system', 'devices': 0, 'enable_distributed_routing': False, 'extensions': [], 'in_distributed_mode': False, 'integration_bridge': 'br-int', 'l2_population': False, 'log_agent_heartbeats': False, 'ovs_capabilities': {'datapath_types': ['netdev', 'system'], 'iface_types': ['erspan', 'geneve', 'gre', 'internal', 'ip6erspan', 'ip6gre', 'lisp', 'patch', 'stt', 'system', 'tap', 'vxlan']}, 'ovs_hybrid_plug': False, 'resource_provider_bandwidths': {}, 'resource_provider_hypervisors': {'br-data': 'dv-cinder-798198-2-iscsi'}, 'resource_provider_inventory_defaults': {'allocation_ratio': 1.0, 'min_unit': 1, 'step_size': 1, 'reserved': 0}, 'tunnel_types': [], 'tunneling_ip': None, 'vhostuser_socket_dir': '/var/run/openvswitch'}, 'resource_versions': {'AddressGroup': '1.2', 'ConntrackHelper': '1.0', 'Log': '1.0', 'Network': '1.1', 'Port': '1.7', 'PortForwarding': '1.2', 'QosPolicy': '1.9', 'SecurityGroup': '1.4', 'SecurityGroupRule': '1.2', 'SubPort': '1.0', 'Subnet': '1.1', 'Trunk': '1.1'}} {{(pid=93412) bind_port /opt/stack/neutron/neutron/plugins/ml2/drivers/mech_agent.py:104}}
Aug 10 14:30:15.266293 dv-cinder-798198-2-iscsi neutron-server[93412]: DEBUG neutron.plugins.ml2.drivers.mech_agent [None req-7d4a53a6-1fce-414d-9765-7f7b1ccbd1b1 None None] Checking segment: {'id': 'd55ed611-efa5-4413-9a01-d70eef9c92c8', 'network_type': 'vlan', 'physical_network': 'physnet1', 'segmentation_id': 575, 'network_id': '86a6d1d4-f800-47bf-859f-81a5bd8d7c63'} for mappings: {'physnet1': 'br-data'} with network types: ['local', 'flat', 'vlan'] {{(pid=93412) check_segment_for_agent /opt/stack/neutron/neutron/plugins/ml2/drivers/mech_agent.py:352}}
Aug 10 14:30:15.266645 dv-cinder-798198-2-iscsi neutron-server[93412]: DEBUG neutron_lib.callbacks.manager [None req-7d4a53a6-1fce-414d-9765-7f7b1ccbd1b1 None None] Notify callbacks [] for ovs_bridge_name, before_read {{(pid=93412) _notify_loop /usr/local/lib/python3.8/dist-packages/neutron_lib/callbacks/manager.py:192}}
Aug 10 14:30:15.267052 dv-cinder-798198-2-iscsi neutron-server[93412]: DEBUG neutron.plugins.ml2.drivers.mech_agent [None req-7d4a53a6-1fce-414d-9765-7f7b1ccbd1b1 None None] Bound using segment: {'id': 'd55ed611-efa5-4413-9a01-d70eef9c92c8', 'network_type': 'vlan', 'physical_network': 'physnet1', 'segmentation_id': 575, 'network_id': '86a6d1d4-f800-47bf-859f-81a5bd8d7c63'} {{(pid=93412) bind_port /opt/stack/neutron/neutron/plugins/ml2/drivers/mech_agent.py:114}}
Aug 10 14:30:15.267550 dv-cinder-798198-2-iscsi neutron-server[93412]: DEBUG neutron.plugins.ml2.managers [None req-7d4a53a6-1fce-414d-9765-7f7b1ccbd1b1 None None] Bound port: 1bc8f386-7e29-4ea4-be03-90ed3eefacc2, host: dv-cinder-798198-2-iscsi, vif_type: ovs, vif_details: {"connectivity": "l2", "port_filter": true, "ovs_hybrid_plug": false, "datapath_type": "system", "bridge_name": "br-int"}, binding_levels: [{'bound_driver': 'openvswitch', 'bound_segment': {'id': 'd55ed611-efa5-4413-9a01-d70eef9c92c8', 'network_type': 'vlan', 'physical_network': 'physnet1', 'segmentation_id': 575, 'network_id': '86a6d1d4-f800-47bf-859f-81a5bd8d7c63'}}] {{(pid=93412) _bind_port_level /opt/stack/neutron/neutron/plugins/ml2/managers.py:928}}
Aug 10 14:30:15.267959 dv-cinder-798198-2-iscsi neutron-server[93412]: DEBUG neutron_lib.callbacks.manager [None req-7d4a53a6-1fce-414d-9765-7f7b1ccbd1b1 None None] Notify callbacks ['neutron.plugins.ml2.plugin.SecurityGroupDbMixin._ensure_default_security_group_handler-1731105'] for port, before_update {{(pid=93412) _notify_loop /usr/local/lib/python3.8/dist-packages/neutron_lib/callbacks/manager.py:192}}
Aug 10 14:30:15.502728 dv-cinder-798198-2-iscsi neutron-server[93411]: DEBUG neutron_lib.callbacks.manager [None req-edcdcb32-2113-4eb9-9519-1888daabc94d admin admin] Notify callbacks [] for port, precommit_create {{(pid=93411) _notify_loop /usr/local/lib/python3.8/dist-packages/neutron_lib/callbacks/manager.py:192}}
Aug 10 14:30:15.697993 dv-cinder-798198-2-iscsi neutron-server[93410]: DEBUG neutron.wsgi [-] (93410) accepted ('10.222.0.42', 47908) {{(pid=93410) server /usr/local/lib/python3.8/dist-packages/eventlet/wsgi.py:982}}
Aug 10 14:30:15.703707 dv-cinder-798198-2-iscsi neutron-server[93410]: WARNING keystonemiddleware.auth_token [-] A valid token was submitted as a service token, but it was not a valid service token. This is incorrect but backwards compatible behaviour. This will be removed in future releases.
Aug 10 14:30:15.713394 dv-cinder-798198-2-iscsi neutron-server[93412]: DEBUG neutron.plugins.ml2.db [None req-7d4a53a6-1fce-414d-9765-7f7b1ccbd1b1 None None] For port 1bc8f386-7e29-4ea4-be03-90ed3eefacc2, host dv-cinder-798198-2-iscsi, cleared binding levels {{(pid=93412) clear_binding_levels /opt/stack/neutron/neutron/plugins/ml2/db.py:87}}
Aug 10 14:30:15.721378 dv-cinder-798198-2-iscsi neutron-server[93412]: DEBUG neutron.plugins.ml2.db [None req-7d4a53a6-1fce-414d-9765-7f7b1ccbd1b1 None None] For port 1bc8f386-7e29-4ea4-be03-90ed3eefacc2, host dv-cinder-798198-2-iscsi, set binding levels [PortBindingLevel(driver='openvswitch',host='dv-cinder-798198-2-iscsi',level=0,port_id=1bc8f386-7e29-4ea4-be03-90ed3eefacc2,segment=NetworkSegment(d55ed611-efa5-4413-9a01-d70eef9c92c8),segment_id=d55ed611-efa5-4413-9a01-d70eef9c92c8)] {{(pid=93412) set_binding_levels /opt/stack/neutron/neutron/plugins/ml2/db.py:59}}
Aug 10 14:30:15.756928 dv-cinder-798198-2-iscsi neutron-server[93412]: DEBUG neutron_lib.callbacks.manager [None req-7d4a53a6-1fce-414d-9765-7f7b1ccbd1b1 None None] Notify callbacks ['neutron.plugins.ml2.plugin.SecurityGroupServerNotifierRpcMixin._notify_sg_on_port_change-1731983', 'neutron.plugins.ml2.ovo_rpc._ObjectChangeHandler.handle_event-416985', 'neutron.api.rpc.agentnotifiers.dhcp_rpc_agent_api.DhcpAgentNotifyAPI._native_event_send_dhcp_notification-767238', 'neutron.db.l3_db.L3RpcNotifierMixin._notify_gateway_port_ip_changed-8786683854493', 'neutron.db.l3_dvrscheduler_db._notify_l3_agent_port_update-8786683465220', 'neutron.db.l3_hascheduler_db._notify_l3_agent_ha_port_update-8786683465238'] for port, after_update {{(pid=93412) _notify_loop /usr/local/lib/python3.8/dist-packages/neutron_lib/callbacks/manager.py:192}}
Aug 10 14:30:15.785530 dv-cinder-798198-2-iscsi neutron-server[93412]: DEBUG neutron.api.rpc.handlers.dhcp_rpc [None req-a6a6be42-a97a-447b-baba-2e670a11f5b8 None None] Network 6dc46fb2-3ad0-40c6-8a95-f6904667e0a0 requested from dv-cinder-798198-2-iscsi {{(pid=93412) get_network_info /opt/stack/neutron/neutron/api/rpc/handlers/dhcp_rpc.py:218}}
Aug 10 14:30:16.105846 dv-cinder-798198-2-iscsi neutron-server[93411]: DEBUG neutron_lib.callbacks.manager [None req-edcdcb32-2113-4eb9-9519-1888daabc94d admin admin] Notify callbacks ['neutron.plugins.ml2.plugin.SecurityGroupServerNotifierRpcMixin._notify_sg_on_port_change-1731983', 'neutron.plugins.ml2.ovo_rpc._ObjectChangeHandler.handle_event-416985', 'neutron.api.rpc.agentnotifiers.dhcp_rpc_agent_api.DhcpAgentNotifyAPI._native_event_send_dhcp_notification-767238', 'neutron.db.l3_dvrscheduler_db._notify_l3_agent_new_port-8786683465198'] for port, after_create {{(pid=93411) _notify_loop /usr/local/lib/python3.8/dist-packages/neutron_lib/callbacks/manager.py:192}}
Aug 10 14:30:16.226152 dv-cinder-798198-2-iscsi neutron-server[93411]: DEBUG neutron_lib.callbacks.manager [None req-c21e3d19-ecda-4984-909c-42c5c71ab880 admin admin] Notify callbacks [] for router_gateway, before_create {{(pid=93411) _notify_loop /usr/local/lib/python3.8/dist-packages/neutron_lib/callbacks/manager.py:192}}
Aug 10 14:30:16.357051 dv-cinder-798198-2-iscsi neutron-server[93411]: DEBUG neutron_lib.callbacks.manager [None req-c21e3d19-ecda-4984-909c-42c5c71ab880 admin admin] Notify callbacks ['neutron.plugins.ml2.plugin.SecurityGroupDbMixin._ensure_default_security_group_handler-1731105'] for port, before_create {{(pid=93411) _notify_loop /usr/local/lib/python3.8/dist-packages/neutron_lib/callbacks/manager.py:192}}
Aug 10 14:30:16.383724 dv-cinder-798198-2-iscsi neutron-server[93411]: DEBUG neutron.scheduler.dhcp_agent_scheduler [None req-edcdcb32-2113-4eb9-9519-1888daabc94d admin admin] Network 3c935337-17af-4240-bc2c-ccb5b04b1532 is already hosted by enough agents. {{(pid=93411) _get_dhcp_agents_hosting_network /opt/stack/neutron/neutron/scheduler/dhcp_agent_scheduler.py:275}}
Aug 10 14:30:16.386436 dv-cinder-798198-2-iscsi neutron-server[93411]: DEBUG neutron.api.rpc.handlers.resources_rpc [None req-edcdcb32-2113-4eb9-9519-1888daabc94d admin admin] Pushing event updated for resources: {'Port': ['ID=af773401-7734-4e3d-88de-637a3fcbd70a,revision_number=1']} {{(pid=93411) push /opt/stack/neutron/neutron/api/rpc/handlers/resources_rpc.py:237}}
Aug 10 14:30:16.402446 dv-cinder-798198-2-iscsi neutron-server[93411]: DEBUG neutron.scheduler.base_scheduler [None req-edcdcb32-2113-4eb9-9519-1888daabc94d admin admin] Resources bound (agent type, host, resource id): {{(pid=93411) schedule /opt/stack/neutron/neutron/scheduler/base_scheduler.py:57}}
Aug 10 14:30:16.405631 dv-cinder-798198-2-iscsi neutron-server[93411]: DEBUG neutron.db.l3_dvrscheduler_db [None req-edcdcb32-2113-4eb9-9519-1888daabc94d admin admin] Received port after_create {{(pid=93411) _notify_l3_agent_new_port /opt/stack/neutron/neutron/db/l3_dvrscheduler_db.py:535}}
Aug 10 14:30:16.411983 dv-cinder-798198-2-iscsi neutron-server[93410]: DEBUG neutron.db.db_base_plugin_common [None req-b20d775d-4283-4bda-ad4e-9df4fac81423 admin admin] Allocated IP 172.27.0.6 (3c935337-17af-4240-bc2c-ccb5b04b1532/e735a612-8fb3-4a85-bede-f6307ba49d31/a6b091e1-0abc-4678-a829-20447b882acc) {{(pid=93410) _store_ip_allocation /opt/stack/neutron/neutron/db/db_base_plugin_common.py:131}}
Aug 10 14:30:16.431486 dv-cinder-798198-2-iscsi neutron-server[93410]: DEBUG neutron.wsgi [-] (93410) accepted ('10.222.0.42', 47932) {{(pid=93410) server /usr/local/lib/python3.8/dist-packages/eventlet/wsgi.py:982}}
Aug 10 14:30:16.508042 dv-cinder-798198-2-iscsi neutron-server[93412]: DEBUG neutron.api.rpc.handlers.resources_rpc [None req-7d4a53a6-1fce-414d-9765-7f7b1ccbd1b1 None None] Pushing event updated for resources: {'Port': ['ID=1bc8f386-7e29-4ea4-be03-90ed3eefacc2,revision_number=2']} {{(pid=93412) push /opt/stack/neutron/neutron/api/rpc/handlers/resources_rpc.py:237}}
Aug 10 14:30:16.723055 dv-cinder-798198-2-iscsi neutron-server[93410]: DEBUG neutron_lib.callbacks.manager [None req-d5c159af-95c7-4c82-a37a-1396ebd10fa5 admin admin] Notify callbacks [] for security_group, before_create {{(pid=93410) _notify_loop /usr/local/lib/python3.8/dist-packages/neutron_lib/callbacks/manager.py:192}}
Aug 10 14:30:16.731339 dv-cinder-798198-2-iscsi neutron-server[93412]: DEBUG neutron_lib.callbacks.manager [None req-10319887-58e6-4101-a838-73cda3ad5754 None None] Notify callbacks [] for port, precommit_create {{(pid=93412) _notify_loop /usr/local/lib/python3.8/dist-packages/neutron_lib/callbacks/manager.py:192}}
Aug 10 14:30:16.760659 dv-cinder-798198-2-iscsi neutron-server[93412]: DEBUG neutron.db.provisioning_blocks [None req-10319887-58e6-4101-a838-73cda3ad5754 None None] Transition to ACTIVE for port object fb6244e5-4a01-492e-873a-4f04f7687bdd will not be triggered until provisioned by entity L2. {{(pid=93412) add_provisioning_component /opt/stack/neutron/neutron/db/provisioning_blocks.py:73}}
Aug 10 14:30:16.794597 dv-cinder-798198-2-iscsi neutron-server[93412]: DEBUG neutron.db.provisioning_blocks [None req-10319887-58e6-4101-a838-73cda3ad5754 None None] Transition to ACTIVE for port object fb6244e5-4a01-492e-873a-4f04f7687bdd will not be triggered until provisioned by entity DHCP. {{(pid=93412) add_provisioning_component /opt/stack/neutron/neutron/db/provisioning_blocks.py:73}}
Aug 10 14:30:16.824341 dv-cinder-798198-2-iscsi neutron-server[93412]: DEBUG neutron_lib.callbacks.manager [None req-10319887-58e6-4101-a838-73cda3ad5754 None None] Notify callbacks ['neutron.plugins.ml2.plugin.SecurityGroupServerNotifierRpcMixin._notify_sg_on_port_change-1731983', 'neutron.plugins.ml2.ovo_rpc._ObjectChangeHandler.handle_event-416985', 'neutron.api.rpc.agentnotifiers.dhcp_rpc_agent_api.DhcpAgentNotifyAPI._native_event_send_dhcp_notification-767238', 'neutron.db.l3_dvrscheduler_db._notify_l3_agent_new_port-8786683465198'] for port, after_create {{(pid=93412) _notify_loop /usr/local/lib/python3.8/dist-packages/neutron_lib/callbacks/manager.py:192}}
Aug 10 14:30:16.848719 dv-cinder-798198-2-iscsi neutron-server[93410]: DEBUG neutron.pecan_wsgi.hooks.policy_enforcement [req-3f26d3d0-ab36-426e-b3e8-c3aedac6393a req-fbbcfa2c-dcf7-4a70-b041-c189fafdc5ff tempest-DeleteServersTestJSON-296734148 tempest-DeleteServersTestJSON-296734148-project] Attributes excluded by policy engine: ['standard_attr_id', 'vlan_transparent', 'provider:network_type', 'provider:physical_network', 'provider:segmentation_id'] {{(pid=93410) _exclude_attributes_by_policy /opt/stack/neutron/neutron/pecan_wsgi/hooks/policy_enforcement.py:255}}
Aug 10 14:30:16.852614 dv-cinder-798198-2-iscsi neutron-server[93410]: INFO neutron.wsgi [req-3f26d3d0-ab36-426e-b3e8-c3aedac6393a req-fbbcfa2c-dcf7-4a70-b041-c189fafdc5ff tempest-DeleteServersTestJSON-296734148 tempest-DeleteServersTestJSON-296734148-project] 10.222.0.42 "GET /v2.0/networks?id=6dc46fb2-3ad0-40c6-8a95-f6904667e0a0 HTTP/1.1" status: 200 len: 811 time: 1.1515505
Aug 10 14:30:16.909090 dv-cinder-798198-2-iscsi neutron-server[93412]: DEBUG neutron.api.rpc.handlers.resources_rpc [None req-10319887-58e6-4101-a838-73cda3ad5754 None None] Pushing event updated for resources: {'Port': ['ID=fb6244e5-4a01-492e-873a-4f04f7687bdd,revision_number=1']} {{(pid=93412) push /opt/stack/neutron/neutron/api/rpc/handlers/resources_rpc.py:237}}
Aug 10 14:30:16.959340 dv-cinder-798198-2-iscsi neutron-server[93412]: DEBUG neutron.scheduler.dhcp_agent_scheduler [None req-10319887-58e6-4101-a838-73cda3ad5754 None None] Network c66be7ba-5c71-487e-a4a7-ed7cb74aecf9 is already hosted by enough agents. {{(pid=93412) _get_dhcp_agents_hosting_network /opt/stack/neutron/neutron/scheduler/dhcp_agent_scheduler.py:275}}
Aug 10 14:30:16.968026 dv-cinder-798198-2-iscsi neutron-server[93412]: DEBUG neutron.scheduler.base_scheduler [None req-10319887-58e6-4101-a838-73cda3ad5754 None None] Resources bound (agent type, host, resource id): {{(pid=93412) schedule /opt/stack/neutron/neutron/scheduler/base_scheduler.py:57}}
Aug 10 14:30:16.972960 dv-cinder-798198-2-iscsi neutron-server[93412]: DEBUG neutron.db.l3_dvrscheduler_db [None req-10319887-58e6-4101-a838-73cda3ad5754 None None] Received port after_create {{(pid=93412) _notify_l3_agent_new_port /opt/stack/neutron/neutron/db/l3_dvrscheduler_db.py:535}}
Aug 10 14:30:16.981298 dv-cinder-798198-2-iscsi neutron-server[93410]: INFO neutron.wsgi [req-3f26d3d0-ab36-426e-b3e8-c3aedac6393a req-c8735e95-1823-42ed-9546-e7f8ae74d878 tempest-DeleteServersTestJSON-296734148 tempest-DeleteServersTestJSON-296734148-project] 10.222.0.42 "GET /v2.0/quotas/35f5a177561848da87fc5d7c36ba5745 HTTP/1.1" status: 200 len: 375 time: 0.1088886
Aug 10 14:30:17.064034 dv-cinder-798198-2-iscsi neutron-server[93411]: DEBUG neutron_lib.callbacks.manager [None req-edcdcb32-2113-4eb9-9519-1888daabc94d admin admin] Notify callbacks [] for router_gateway, after_create {{(pid=93411) _notify_loop /usr/local/lib/python3.8/dist-packages/neutron_lib/callbacks/manager.py:192}}
Aug 10 14:30:17.110142 dv-cinder-798198-2-iscsi neutron-server[93410]: INFO neutron.wsgi [req-3f26d3d0-ab36-426e-b3e8-c3aedac6393a req-56b29174-6ebb-4ac7-86b3-54b0803be12b tempest-DeleteServersTestJSON-296734148 tempest-DeleteServersTestJSON-296734148-project] 10.222.0.42 "GET /v2.0/ports?tenant_id=35f5a177561848da87fc5d7c36ba5745&fields=id HTTP/1.1" status: 200 len: 210 time: 0.1088679
Aug 10 14:30:17.115119 dv-cinder-798198-2-iscsi neutron-server[93410]: DEBUG neutron_lib.callbacks.manager [None req-b20d775d-4283-4bda-ad4e-9df4fac81423 admin admin] Notify callbacks [] for port, precommit_create {{(pid=93410) _notify_loop /usr/local/lib/python3.8/dist-packages/neutron_lib/callbacks/manager.py:192}}
Aug 10 14:30:17.131045 dv-cinder-798198-2-iscsi neutron-server[93412]: DEBUG neutron.plugins.ml2.managers [None req-10319887-58e6-4101-a838-73cda3ad5754 None None] Attempting to bind port fb6244e5-4a01-492e-873a-4f04f7687bdd on host dv-cinder-798198-2-iscsi for vnic_type normal with profile {{(pid=93412) bind_port /opt/stack/neutron/neutron/plugins/ml2/managers.py:790}}
Aug 10 14:30:17.132549 dv-cinder-798198-2-iscsi neutron-server[93412]: DEBUG neutron.plugins.ml2.managers [None req-10319887-58e6-4101-a838-73cda3ad5754 None None] Attempting to bind port fb6244e5-4a01-492e-873a-4f04f7687bdd by drivers openvswitch,hyperv on host dv-cinder-798198-2-iscsi at level 0 using segments [{'id': '9070e634-2e5b-4a24-9474-38d8394f1b6d', 'network_type': 'vlan', 'physical_network': 'physnet1', 'segmentation_id': 565, 'network_id': 'c66be7ba-5c71-487e-a4a7-ed7cb74aecf9'}] {{(pid=93412) _bind_port_level /opt/stack/neutron/neutron/plugins/ml2/managers.py:815}}
Aug 10 14:30:17.133579 dv-cinder-798198-2-iscsi neutron-server[93412]: DEBUG neutron.plugins.ml2.drivers.mech_agent [None req-10319887-58e6-4101-a838-73cda3ad5754 None None] Attempting to bind port fb6244e5-4a01-492e-873a-4f04f7687bdd on network c66be7ba-5c71-487e-a4a7-ed7cb74aecf9 {{(pid=93412) bind_port /opt/stack/neutron/neutron/plugins/ml2/drivers/mech_agent.py:85}}
Aug 10 14:30:17.152299 dv-cinder-798198-2-iscsi neutron-server[93412]: DEBUG neutron.plugins.ml2.drivers.mech_agent [None req-10319887-58e6-4101-a838-73cda3ad5754 None None] Checking agent: {'id': 'd4363d4d-7a35-4f9b-b61a-c2590b3a63af', 'agent_type': 'Open vSwitch agent', 'binary': 'neutron-openvswitch-agent', 'topic': 'N/A', 'host': 'dv-cinder-798198-2-iscsi', 'admin_state_up': True, 'created_at': datetime.datetime(2021, 8, 10, 14, 22, 29), 'started_at': datetime.datetime(2021, 8, 10, 14, 22, 59), 'heartbeat_timestamp': datetime.datetime(2021, 8, 10, 14, 29, 59), 'description': None, 'resources_synced': None, 'availability_zone': None, 'alive': True, 'configurations': {'arp_responder_enabled': False, 'baremetal_smartnic': False, 'bridge_mappings': {'physnet1': 'br-data'}, 'datapath_type': 'system', 'devices': 0, 'enable_distributed_routing': False, 'extensions': [], 'in_distributed_mode': False, 'integration_bridge': 'br-int', 'l2_population': False, 'log_agent_heartbeats': False, 'ovs_capabilities': {'datapath_types': ['netdev', 'system'], 'iface_types': ['erspan', 'geneve', 'gre', 'internal', 'ip6erspan', 'ip6gre', 'lisp', 'patch', 'stt', 'system', 'tap', 'vxlan']}, 'ovs_hybrid_plug': False, 'resource_provider_bandwidths': {}, 'resource_provider_hypervisors': {'br-data': 'dv-cinder-798198-2-iscsi'}, 'resource_provider_inventory_defaults': {'allocation_ratio': 1.0, 'min_unit': 1, 'step_size': 1, 'reserved': 0}, 'tunnel_types': [], 'tunneling_ip': None, 'vhostuser_socket_dir': '/var/run/openvswitch'}, 'resource_versions': {'AddressGroup': '1.2', 'ConntrackHelper': '1.0', 'Log': '1.0', 'Network': '1.1', 'Port': '1.7', 'PortForwarding': '1.2', 'QosPolicy': '1.9', 'SecurityGroup': '1.4', 'SecurityGroupRule': '1.2', 'SubPort': '1.0', 'Subnet': '1.1', 'Trunk': '1.1'}} {{(pid=93412) bind_port /opt/stack/neutron/neutron/plugins/ml2/drivers/mech_agent.py:104}}
Aug 10 14:30:17.152915 dv-cinder-798198-2-iscsi neutron-server[93412]: DEBUG neutron.plugins.ml2.drivers.mech_agent [None req-10319887-58e6-4101-a838-73cda3ad5754 None None] Checking segment: {'id': '9070e634-2e5b-4a24-9474-38d8394f1b6d', 'network_type': 'vlan', 'physical_network': 'physnet1', 'segmentation_id': 565, 'network_id': 'c66be7ba-5c71-487e-a4a7-ed7cb74aecf9'} for mappings: {'physnet1': 'br-data'} with network types: ['local', 'flat', 'vlan'] {{(pid=93412) check_segment_for_agent /opt/stack/neutron/neutron/plugins/ml2/drivers/mech_agent.py:352}}
Aug 10 14:30:17.154039 dv-cinder-798198-2-iscsi neutron-server[93412]: DEBUG neutron_lib.callbacks.manager [None req-10319887-58e6-4101-a838-73cda3ad5754 None None] Notify callbacks [] for ovs_bridge_name, before_read {{(pid=93412) _notify_loop /usr/local/lib/python3.8/dist-packages/neutron_lib/callbacks/manager.py:192}}
Aug 10 14:30:17.154722 dv-cinder-798198-2-iscsi neutron-server[93412]: DEBUG neutron.plugins.ml2.drivers.mech_agent [None req-10319887-58e6-4101-a838-73cda3ad5754 None None] Bound using segment: {'id': '9070e634-2e5b-4a24-9474-38d8394f1b6d', 'network_type': 'vlan', 'physical_network': 'physnet1', 'segmentation_id': 565, 'network_id': 'c66be7ba-5c71-487e-a4a7-ed7cb74aecf9'} {{(pid=93412) bind_port /opt/stack/neutron/neutron/plugins/ml2/drivers/mech_agent.py:114}}
Aug 10 14:30:17.155537 dv-cinder-798198-2-iscsi neutron-server[93412]: DEBUG neutron.plugins.ml2.managers [None req-10319887-58e6-4101-a838-73cda3ad5754 None None] Bound port: fb6244e5-4a01-492e-873a-4f04f7687bdd, host: dv-cinder-798198-2-iscsi, vif_type: ovs, vif_details: {"connectivity": "l2", "port_filter": true, "ovs_hybrid_plug": false, "datapath_type": "system", "bridge_name": "br-int"}, binding_levels: [{'bound_driver': 'openvswitch', 'bound_segment': {'id': '9070e634-2e5b-4a24-9474-38d8394f1b6d', 'network_type': 'vlan', 'physical_network': 'physnet1', 'segmentation_id': 565, 'network_id': 'c66be7ba-5c71-487e-a4a7-ed7cb74aecf9'}}] {{(pid=93412) _bind_port_level /opt/stack/neutron/neutron/plugins/ml2/managers.py:928}}
Aug 10 14:30:17.156200 dv-cinder-798198-2-iscsi neutron-server[93412]: DEBUG neutron_lib.callbacks.manager [None req-10319887-58e6-4101-a838-73cda3ad5754 None None] Notify callbacks ['neutron.plugins.ml2.plugin.SecurityGroupDbMixin._ensure_default_security_group_handler-1731105'] for port, before_update {{(pid=93412) _notify_loop /usr/local/lib/python3.8/dist-packages/neutron_lib/callbacks/manager.py:192}}
Aug 10 14:30:17.315684 dv-cinder-798198-2-iscsi neutron-server[93412]: DEBUG neutron.plugins.ml2.db [None req-10319887-58e6-4101-a838-73cda3ad5754 None None] For port fb6244e5-4a01-492e-873a-4f04f7687bdd, host dv-cinder-798198-2-iscsi, cleared binding levels {{(pid=93412) clear_binding_levels /opt/stack/neutron/neutron/plugins/ml2/db.py:87}}
Aug 10 14:30:17.324351 dv-cinder-798198-2-iscsi neutron-server[93412]: DEBUG neutron.plugins.ml2.db [None req-10319887-58e6-4101-a838-73cda3ad5754 None None] For port fb6244e5-4a01-492e-873a-4f04f7687bdd, host dv-cinder-798198-2-iscsi, set binding levels [PortBindingLevel(driver='openvswitch',host='dv-cinder-798198-2-iscsi',level=0,port_id=fb6244e5-4a01-492e-873a-4f04f7687bdd,segment=NetworkSegment(9070e634-2e5b-4a24-9474-38d8394f1b6d),segment_id=9070e634-2e5b-4a24-9474-38d8394f1b6d)] {{(pid=93412) set_binding_levels /opt/stack/neutron/neutron/plugins/ml2/db.py:59}}
Aug 10 14:30:17.339074 dv-cinder-798198-2-iscsi neutron-server[93412]: DEBUG neutron_lib.callbacks.manager [None req-10319887-58e6-4101-a838-73cda3ad5754 None None] Notify callbacks ['neutron.plugins.ml2.plugin.SecurityGroupServerNotifierRpcMixin._notify_sg_on_port_change-1731983', 'neutron.plugins.ml2.ovo_rpc._ObjectChangeHandler.handle_event-416985', 'neutron.api.rpc.agentnotifiers.dhcp_rpc_agent_api.DhcpAgentNotifyAPI._native_event_send_dhcp_notification-767238', 'neutron.db.l3_db.L3RpcNotifierMixin._notify_gateway_port_ip_changed-8786683854493', 'neutron.db.l3_dvrscheduler_db._notify_l3_agent_port_update-8786683465220', 'neutron.db.l3_hascheduler_db._notify_l3_agent_ha_port_update-8786683465238'] for port, after_update {{(pid=93412) _notify_loop /usr/local/lib/python3.8/dist-packages/neutron_lib/callbacks/manager.py:192}}
Aug 10 14:30:17.384497 dv-cinder-798198-2-iscsi neutron-server[93410]: DEBUG neutron_lib.callbacks.manager [None req-b20d775d-4283-4bda-ad4e-9df4fac81423 admin admin] Notify callbacks ['neutron.plugins.ml2.plugin.SecurityGroupServerNotifierRpcMixin._notify_sg_on_port_change-1731983', 'neutron.plugins.ml2.ovo_rpc._ObjectChangeHandler.handle_event-416985', 'neutron.api.rpc.agentnotifiers.dhcp_rpc_agent_api.DhcpAgentNotifyAPI._native_event_send_dhcp_notification-767238', 'neutron.db.l3_dvrscheduler_db._notify_l3_agent_new_port-8786683465198'] for port, after_create {{(pid=93410) _notify_loop /usr/local/lib/python3.8/dist-packages/neutron_lib/callbacks/manager.py:192}}
Aug 10 14:30:17.574761 dv-cinder-798198-2-iscsi neutron-server[93410]: DEBUG neutron.scheduler.dhcp_agent_scheduler [None req-b20d775d-4283-4bda-ad4e-9df4fac81423 admin admin] Network 3c935337-17af-4240-bc2c-ccb5b04b1532 is already hosted by enough agents. {{(pid=93410) _get_dhcp_agents_hosting_network /opt/stack/neutron/neutron/scheduler/dhcp_agent_scheduler.py:275}}
Aug 10 14:30:17.582941 dv-cinder-798198-2-iscsi neutron-server[93412]: DEBUG neutron.api.rpc.handlers.resources_rpc [None req-10319887-58e6-4101-a838-73cda3ad5754 None None] Pushing event updated for resources: {'Port': ['ID=fb6244e5-4a01-492e-873a-4f04f7687bdd,revision_number=2']} {{(pid=93412) push /opt/stack/neutron/neutron/api/rpc/handlers/resources_rpc.py:237}}
Aug 10 14:30:17.593638 dv-cinder-798198-2-iscsi neutron-server[93410]: DEBUG neutron.scheduler.base_scheduler [None req-b20d775d-4283-4bda-ad4e-9df4fac81423 admin admin] Resources bound (agent type, host, resource id): {{(pid=93410) schedule /opt/stack/neutron/neutron/scheduler/base_scheduler.py:57}}
Aug 10 14:30:17.616768 dv-cinder-798198-2-iscsi neutron-server[93410]: DEBUG neutron.wsgi [req-3f26d3d0-ab36-426e-b3e8-c3aedac6393a req-d6384f70-5f8c-4d84-9e21-778be4e15db5 service neutron] http://10.222.0.42:9696/v2.0/extensions returned with HTTP 200 {{(pid=93410) __call__ /opt/stack/neutron/neutron/wsgi.py:729}}
Aug 10 14:30:17.623578 dv-cinder-798198-2-iscsi neutron-server[93410]: INFO neutron.wsgi [req-3f26d3d0-ab36-426e-b3e8-c3aedac6393a req-d6384f70-5f8c-4d84-9e21-778be4e15db5 service neutron] 10.222.0.42 "GET /v2.0/extensions HTTP/1.1" status: 200 len: 13640 time: 0.3030825
Aug 10 14:30:17.643619 dv-cinder-798198-2-iscsi neutron-server[93411]: DEBUG neutron.db.db_base_plugin_common [None req-c21e3d19-ecda-4984-909c-42c5c71ab880 admin admin] Allocated IP 172.27.0.50 (3c935337-17af-4240-bc2c-ccb5b04b1532/e735a612-8fb3-4a85-bede-f6307ba49d31/5d03ed95-293a-4227-9c67-87733d1923ad) {{(pid=93411) _store_ip_allocation /opt/stack/neutron/neutron/db/db_base_plugin_common.py:131}}
Aug 10 14:30:17.660868 dv-cinder-798198-2-iscsi neutron-server[93410]: DEBUG neutron.db.l3_dvrscheduler_db [None req-b20d775d-4283-4bda-ad4e-9df4fac81423 admin admin] Received port after_create {{(pid=93410) _notify_l3_agent_new_port /opt/stack/neutron/neutron/db/l3_dvrscheduler_db.py:535}}
Aug 10 14:30:17.690890 dv-cinder-798198-2-iscsi neutron-server[93412]: DEBUG neutron.plugins.ml2.rpc [None req-97ea78b3-6ad5-4bd9-804a-a75d3f1ae841 None None] Device 1bc8f386-7e29-4ea4-be03-90ed3eefacc2 up at agent ovs-agent-dv-cinder-798198-2-iscsi {{(pid=93412) update_device_up /opt/stack/neutron/neutron/plugins/ml2/rpc.py:296}}
Aug 10 14:30:17.707368 dv-cinder-798198-2-iscsi neutron-server[93411]: DEBUG neutron_lib.callbacks.manager [None req-edcdcb32-2113-4eb9-9519-1888daabc94d admin admin] Notify callbacks ['neutron.services.l3_router.l3_router_plugin.L3_HA_NAT_db_mixin._after_router_create-889961', 'neutron.services.l3_router.l3_router_plugin.DVRResourceOperationHandler._create_snat_interfaces_after_change-880098'] for router, after_create {{(pid=93411) _notify_loop /usr/local/lib/python3.8/dist-packages/neutron_lib/callbacks/manager.py:192}}
Aug 10 14:30:17.803016 dv-cinder-798198-2-iscsi neutron-server[93410]: DEBUG neutron.api.rpc.handlers.resources_rpc [None req-b20d775d-4283-4bda-ad4e-9df4fac81423 admin admin] Pushing event updated for resources: {'Port': ['ID=a6b091e1-0abc-4678-a829-20447b882acc,revision_number=1']} {{(pid=93410) push /opt/stack/neutron/neutron/api/rpc/handlers/resources_rpc.py:237}}
Aug 10 14:30:17.808752 dv-cinder-798198-2-iscsi neutron-server[93410]: DEBUG neutron_lib.callbacks.manager [None req-d5c159af-95c7-4c82-a37a-1396ebd10fa5 admin admin] Notify callbacks [] for security_group, precommit_create {{(pid=93410) _notify_loop /usr/local/lib/python3.8/dist-packages/neutron_lib/callbacks/manager.py:192}}
Aug 10 14:30:17.841061 dv-cinder-798198-2-iscsi neutron-server[93412]: DEBUG neutron.db.provisioning_blocks [None req-97ea78b3-6ad5-4bd9-804a-a75d3f1ae841 None None] Provisioning for port 1bc8f386-7e29-4ea4-be03-90ed3eefacc2 completed by entity L2. {{(pid=93412) provisioning_complete /opt/stack/neutron/neutron/db/provisioning_blocks.py:133}}
Aug 10 14:30:17.868703 dv-cinder-798198-2-iscsi neutron-server[93410]: DEBUG neutron_lib.callbacks.manager [None req-d5c159af-95c7-4c82-a37a-1396ebd10fa5 admin admin] Notify callbacks ['neutron.plugins.ml2.ovo_rpc._ObjectChangeHandler.handle_event-734645'] for security_group, after_create {{(pid=93410) _notify_loop /usr/local/lib/python3.8/dist-packages/neutron_lib/callbacks/manager.py:192}}
Aug 10 14:30:18.109448 dv-cinder-798198-2-iscsi neutron-server[93410]: DEBUG neutron.api.rpc.handlers.resources_rpc [None req-d5c159af-95c7-4c82-a37a-1396ebd10fa5 admin admin] Pushing event updated for resources: {'SecurityGroup': ['ID=ab5a5d0e-64ba-47b8-ae24-09bcd71bc1f5,revision_number=1']} {{(pid=93410) push /opt/stack/neutron/neutron/api/rpc/handlers/resources_rpc.py:237}}
Aug 10 14:30:18.133643 dv-cinder-798198-2-iscsi neutron-server[93410]: INFO neutron.wsgi [None req-d5c159af-95c7-4c82-a37a-1396ebd10fa5 admin admin] 10.222.0.42 "GET /v2.0/security-groups?tenant_id=2755d76f3d2c457c8df8212b1603ed02&name=default HTTP/1.1" status: 200 len: 2975 time: 1.7009034
Aug 10 14:30:18.140163 dv-cinder-798198-2-iscsi neutron-server[93411]: DEBUG neutron.wsgi [-] (93411) accepted ('10.222.0.42', 47956) {{(pid=93411) server /usr/local/lib/python3.8/dist-packages/eventlet/wsgi.py:982}}
Aug 10 14:30:18.167267 dv-cinder-798198-2-iscsi neutron-server[93411]: DEBUG neutron_lib.callbacks.manager [None req-c21e3d19-ecda-4984-909c-42c5c71ab880 admin admin] Notify callbacks [] for port, precommit_create {{(pid=93411) _notify_loop /usr/local/lib/python3.8/dist-packages/neutron_lib/callbacks/manager.py:192}}
Aug 10 14:30:18.310343 dv-cinder-798198-2-iscsi neutron-server[93411]: DEBUG neutron_lib.callbacks.manager [None req-57c2d287-6fac-450c-adbe-89bc36b98c2e admin admin] Notify callbacks [] for security_group, before_delete {{(pid=93411) _notify_loop /usr/local/lib/python3.8/dist-packages/neutron_lib/callbacks/manager.py:192}}
Aug 10 14:30:18.312319 dv-cinder-798198-2-iscsi neutron-server[93411]: DEBUG neutron.scheduler.l3_agent_scheduler [None req-edcdcb32-2113-4eb9-9519-1888daabc94d admin admin] Router 1a593172-ba96-477b-a983-f97f0e73a803 is scheduled to L3 agent 8acc92de-0cfa-4d60-8b37-a39a4d3c1570 with binding_index 1 {{(pid=93411) bind_router /opt/stack/neutron/neutron/scheduler/l3_agent_scheduler.py:210}}
Aug 10 14:30:18.347623 dv-cinder-798198-2-iscsi neutron-server[93411]: DEBUG neutron_lib.callbacks.manager [None req-c21e3d19-ecda-4984-909c-42c5c71ab880 admin admin] Notify callbacks ['neutron.plugins.ml2.plugin.SecurityGroupServerNotifierRpcMixin._notify_sg_on_port_change-1731983', 'neutron.plugins.ml2.ovo_rpc._ObjectChangeHandler.handle_event-416985', 'neutron.api.rpc.agentnotifiers.dhcp_rpc_agent_api.DhcpAgentNotifyAPI._native_event_send_dhcp_notification-767238', 'neutron.db.l3_dvrscheduler_db._notify_l3_agent_new_port-8786683465198'] for port, after_create {{(pid=93411) _notify_loop /usr/local/lib/python3.8/dist-packages/neutron_lib/callbacks/manager.py:192}}
Aug 10 14:30:18.358745 dv-cinder-798198-2-iscsi neutron-server[93411]: DEBUG neutron_lib.callbacks.manager [None req-57c2d287-6fac-450c-adbe-89bc36b98c2e admin admin] Notify callbacks [] for security_group, precommit_delete {{(pid=93411) _notify_loop /usr/local/lib/python3.8/dist-packages/neutron_lib/callbacks/manager.py:192}}
Aug 10 14:30:18.371892 dv-cinder-798198-2-iscsi neutron-server[93410]: INFO neutron.wsgi [req-3f26d3d0-ab36-426e-b3e8-c3aedac6393a req-c8b2c8cc-d6f2-4d3c-95ad-6689868efc78 service neutron] 10.222.0.42 "GET /v2.0/networks/6dc46fb2-3ad0-40c6-8a95-f6904667e0a0?fields=segments HTTP/1.1" status: 200 len: 212 time: 0.6230528
Aug 10 14:30:18.393995 dv-cinder-798198-2-iscsi neutron-server[93412]: DEBUG neutron.api.rpc.handlers.dhcp_rpc [None req-2bdfde46-75b5-4bc1-b338-27e8e88bd64c None None] Network 86a6d1d4-f800-47bf-859f-81a5bd8d7c63 requested from dv-cinder-798198-2-iscsi {{(pid=93412) get_network_info /opt/stack/neutron/neutron/api/rpc/handlers/dhcp_rpc.py:218}}
Aug 10 14:30:18.461315 dv-cinder-798198-2-iscsi neutron-server[93412]: DEBUG neutron.db.provisioning_blocks [None req-492439f5-2dc7-4e8f-b5b8-c5b47a19ce58 None None] Provisioning for port 1bc8f386-7e29-4ea4-be03-90ed3eefacc2 completed by entity DHCP. {{(pid=93412) provisioning_complete /opt/stack/neutron/neutron/db/provisioning_blocks.py:133}}
Aug 10 14:30:18.468730 dv-cinder-798198-2-iscsi neutron-server[93412]: DEBUG neutron.db.provisioning_blocks [None req-492439f5-2dc7-4e8f-b5b8-c5b47a19ce58 None None] Provisioning complete for port 1bc8f386-7e29-4ea4-be03-90ed3eefacc2 triggered by entity DHCP. {{(pid=93412) provisioning_complete /opt/stack/neutron/neutron/db/provisioning_blocks.py:139}}
Aug 10 14:30:18.469478 dv-cinder-798198-2-iscsi neutron-server[93412]: DEBUG neutron_lib.callbacks.manager [None req-492439f5-2dc7-4e8f-b5b8-c5b47a19ce58 None None] Notify callbacks ['neutron.plugins.ml2.plugin.Ml2Plugin._port_provisioned-1932393'] for port, provisioning_complete {{(pid=93412) _notify_loop /usr/local/lib/python3.8/dist-packages/neutron_lib/callbacks/manager.py:192}}
Aug 10 14:30:18.481902 dv-cinder-798198-2-iscsi neutron-server[93411]: DEBUG neutron.scheduler.dhcp_agent_scheduler [None req-c21e3d19-ecda-4984-909c-42c5c71ab880 admin admin] Network 3c935337-17af-4240-bc2c-ccb5b04b1532 is already hosted by enough agents. {{(pid=93411) _get_dhcp_agents_hosting_network /opt/stack/neutron/neutron/scheduler/dhcp_agent_scheduler.py:275}}
Aug 10 14:30:18.514040 dv-cinder-798198-2-iscsi neutron-server[93411]: DEBUG neutron.scheduler.base_scheduler [None req-c21e3d19-ecda-4984-909c-42c5c71ab880 admin admin] Resources bound (agent type, host, resource id): {{(pid=93411) schedule /opt/stack/neutron/neutron/scheduler/base_scheduler.py:57}}
Aug 10 14:30:18.520263 dv-cinder-798198-2-iscsi neutron-server[93411]: DEBUG neutron.db.l3_dvrscheduler_db [None req-c21e3d19-ecda-4984-909c-42c5c71ab880 admin admin] Received port after_create {{(pid=93411) _notify_l3_agent_new_port /opt/stack/neutron/neutron/db/l3_dvrscheduler_db.py:535}}
Aug 10 14:30:18.616767 dv-cinder-798198-2-iscsi neutron-server[93410]: INFO neutron.wsgi [req-3f26d3d0-ab36-426e-b3e8-c3aedac6393a req-8cda20ca-66d3-481a-b947-9ecb3882fb04 service neutron] 10.222.0.42 "GET /v2.0/networks/6dc46fb2-3ad0-40c6-8a95-f6904667e0a0?fields=provider%3Aphysical_network&fields=provider%3Anetwork_type HTTP/1.1" status: 200 len: 281 time: 0.2331617
Aug 10 14:30:18.617472 dv-cinder-798198-2-iscsi neutron-server[93410]: DEBUG neutron_lib.callbacks.manager [None req-b20d775d-4283-4bda-ad4e-9df4fac81423 admin admin] Notify callbacks [] for router_gateway, after_create {{(pid=93410) _notify_loop /usr/local/lib/python3.8/dist-packages/neutron_lib/callbacks/manager.py:192}}
Aug 10 14:30:18.684063 dv-cinder-798198-2-iscsi neutron-server[93411]: DEBUG neutron.api.rpc.handlers.resources_rpc [None req-c21e3d19-ecda-4984-909c-42c5c71ab880 admin admin] Pushing event updated for resources: {'Port': ['ID=5d03ed95-293a-4227-9c67-87733d1923ad,revision_number=1']} {{(pid=93411) push /opt/stack/neutron/neutron/api/rpc/handlers/resources_rpc.py:237}}
Aug 10 14:30:18.802993 dv-cinder-798198-2-iscsi neutron-server[93411]: DEBUG neutron.api.rpc.agentnotifiers.l3_rpc_agent_api [None req-edcdcb32-2113-4eb9-9519-1888daabc94d admin admin] Notify agent at l3_agent.dv-cinder-798198-2-iscsi the message routers_updated {{(pid=93411) _agent_notification /opt/stack/neutron/neutron/api/rpc/agentnotifiers/l3_rpc_agent_api.py:65}}
Aug 10 14:30:18.814857 dv-cinder-798198-2-iscsi neutron-server[93413]: DEBUG neutron.api.rpc.handlers.l3_rpc [None req-c2c7f9cf-6b89-43fb-8147-1e3f33fdba34 None None] Sync routers for ids ['1a593172-ba96-477b-a983-f97f0e73a803'] in dv-cinder-798198-2-iscsi {{(pid=93413) sync_routers /opt/stack/neutron/neutron/api/rpc/handlers/l3_rpc.py:125}}
Aug 10 14:30:18.833161 dv-cinder-798198-2-iscsi neutron-server[93413]: DEBUG neutron.db.l3_dvrscheduler_db [None req-c2c7f9cf-6b89-43fb-8147-1e3f33fdba34 None None] Routers {'1a593172-ba96-477b-a983-f97f0e73a803'} bound to L3 agent in host dv-cinder-798198-2-iscsi {{(pid=93413) _get_router_ids_for_agent /opt/stack/neutron/neutron/db/l3_dvrscheduler_db.py:420}}
Aug 10 14:30:18.833855 dv-cinder-798198-2-iscsi neutron-server[93413]: DEBUG neutron.db.l3_hamode_db [None req-c2c7f9cf-6b89-43fb-8147-1e3f33fdba34 None None] neutron.services.l3_router.l3_router_plugin.L3RouterPlugin method get_ha_sync_data_for_host called with arguments (, 'dv-cinder-798198-2-iscsi', Agent(admin_state_up=True,agent_type='L3 agent',availability_zone='nova',binary='neutron-l3-agent',configurations={"agent_mode": "legacy", "ex_gw_ports": 1, "extensions": [], "floating_ips": 0, "handle_internal_only_routers": true, "interface_driver": "openvswitch", "interfaces": 1, "log_agent_heartbeats": false, "routers": 1},created_at=2021-08-10T14:22:29Z,description=,heartbeat_timestamp=2021-08-10T14:29:59Z,host='dv-cinder-798198-2-iscsi',id=8acc92de-0cfa-4d60-8b37-a39a4d3c1570,load=0,resource_versions=,resources_synced=,started_at=2021-08-10T14:22:29Z,topic='l3_agent')) {'router_ids': ['1a593172-ba96-477b-a983-f97f0e73a803'], 'active': True} {{(pid=93413) wrapper /usr/local/lib/python3.8/dist-packages/oslo_log/helpers.py:65}}
Aug 10 14:30:18.854350 dv-cinder-798198-2-iscsi neutron-server[93411]: DEBUG neutron_lib.callbacks.manager [None req-edcdcb32-2113-4eb9-9519-1888daabc94d admin admin] Notify callbacks [] for router, before_response {{(pid=93411) _notify_loop /usr/local/lib/python3.8/dist-packages/neutron_lib/callbacks/manager.py:192}}
Aug 10 14:30:18.859489 dv-cinder-798198-2-iscsi neutron-server[93411]: INFO neutron.wsgi [None req-edcdcb32-2113-4eb9-9519-1888daabc94d admin admin] 10.222.0.42 "POST /v2.0/routers HTTP/1.1" status: 201 len: 930 time: 6.4546909
Aug 10 14:30:18.859489 dv-cinder-798198-2-iscsi neutron-server[93411]: DEBUG neutron_lib.callbacks.manager [None req-57c2d287-6fac-450c-adbe-89bc36b98c2e admin admin] Notify callbacks ['neutron.plugins.ml2.ovo_rpc._ObjectChangeHandler.handle_event-734645'] for security_group, after_delete {{(pid=93411) _notify_loop /usr/local/lib/python3.8/dist-packages/neutron_lib/callbacks/manager.py:192}}
Aug 10 14:30:18.870307 dv-cinder-798198-2-iscsi neutron-server[93411]: DEBUG neutron_lib.callbacks.manager [None req-57c2d287-6fac-450c-adbe-89bc36b98c2e admin admin] Notify callbacks [] for security_group, before_response {{(pid=93411) _notify_loop /usr/local/lib/python3.8/dist-packages/neutron_lib/callbacks/manager.py:192}}
Aug 10 14:30:18.871463 dv-cinder-798198-2-iscsi neutron-server[93411]: INFO neutron.wsgi [None req-57c2d287-6fac-450c-adbe-89bc36b98c2e admin admin] 10.222.0.42 "DELETE /v2.0/security-groups/ab5a5d0e-64ba-47b8-ae24-09bcd71bc1f5 HTTP/1.1" status: 204 len: 168 time: 0.7299252
Aug 10 14:30:18.872154 dv-cinder-798198-2-iscsi neutron-server[93411]: DEBUG neutron.wsgi [-] (93411) accepted ('10.222.0.42', 47964) {{(pid=93411) server /usr/local/lib/python3.8/dist-packages/eventlet/wsgi.py:982}}
Aug 10 14:30:18.977210 dv-cinder-798198-2-iscsi neutron-server[93410]: DEBUG neutron_lib.callbacks.manager [None req-b20d775d-4283-4bda-ad4e-9df4fac81423 admin admin] Notify callbacks ['neutron.services.l3_router.l3_router_plugin.L3_HA_NAT_db_mixin._after_router_create-889961', 'neutron.services.l3_router.l3_router_plugin.DVRResourceOperationHandler._create_snat_interfaces_after_change-880098'] for router, after_create {{(pid=93410) _notify_loop /usr/local/lib/python3.8/dist-packages/neutron_lib/callbacks/manager.py:192}}
Aug 10 14:30:19.089400 dv-cinder-798198-2-iscsi neutron-server[93412]: DEBUG neutron_lib.callbacks.manager [None req-492439f5-2dc7-4e8f-b5b8-c5b47a19ce58 None None] Notify callbacks ['neutron.plugins.ml2.plugin.SecurityGroupDbMixin._ensure_default_security_group_handler-1731105'] for port, before_update {{(pid=93412) _notify_loop /usr/local/lib/python3.8/dist-packages/neutron_lib/callbacks/manager.py:192}}
Aug 10 14:30:19.209095 dv-cinder-798198-2-iscsi neutron-server[93411]: DEBUG neutron_lib.callbacks.manager [None req-c21e3d19-ecda-4984-909c-42c5c71ab880 admin admin] Notify callbacks [] for router_gateway, after_create {{(pid=93411) _notify_loop /usr/local/lib/python3.8/dist-packages/neutron_lib/callbacks/manager.py:192}}
Aug 10 14:30:19.254199 dv-cinder-798198-2-iscsi neutron-server[93412]: DEBUG neutron.plugins.ml2.db [None req-492439f5-2dc7-4e8f-b5b8-c5b47a19ce58 None None] For port 1bc8f386-7e29-4ea4-be03-90ed3eefacc2, host dv-cinder-798198-2-iscsi, got binding levels [PortBindingLevel(driver='openvswitch',host='dv-cinder-798198-2-iscsi',level=0,port_id=1bc8f386-7e29-4ea4-be03-90ed3eefacc2,segment=NetworkSegment(d55ed611-efa5-4413-9a01-d70eef9c92c8),segment_id=d55ed611-efa5-4413-9a01-d70eef9c92c8)] {{(pid=93412) get_binding_level_objs /opt/stack/neutron/neutron/plugins/ml2/db.py:74}}
Aug 10 14:30:19.271702 dv-cinder-798198-2-iscsi neutron-server[93412]: DEBUG neutron_lib.callbacks.manager [None req-492439f5-2dc7-4e8f-b5b8-c5b47a19ce58 None None] Notify callbacks ['neutron.plugins.ml2.plugin.SecurityGroupServerNotifierRpcMixin._notify_sg_on_port_change-1731983', 'neutron.plugins.ml2.ovo_rpc._ObjectChangeHandler.handle_event-416985', 'neutron.api.rpc.agentnotifiers.dhcp_rpc_agent_api.DhcpAgentNotifyAPI._native_event_send_dhcp_notification-767238', 'neutron.db.l3_db.L3RpcNotifierMixin._notify_gateway_port_ip_changed-8786683854493', 'neutron.db.l3_dvrscheduler_db._notify_l3_agent_port_update-8786683465220', 'neutron.db.l3_hascheduler_db._notify_l3_agent_ha_port_update-8786683465238'] for port, after_update {{(pid=93412) _notify_loop /usr/local/lib/python3.8/dist-packages/neutron_lib/callbacks/manager.py:192}}
