Jun 26 16:28:11.703444 dv-cinder-798189-1-smb neutron-server[93482]: DEBUG neutron.db.l3_hamode_db [None req-14e96ffd-3e84-41eb-ab57-9747d17e9a51 None None] neutron.services.l3_router.l3_router_plugin.L3RouterPlugin method _process_sync_ha_data called with arguments (, [{'id': 'ecdbf9e9-44a1-4197-b3a5-f6a4fc042a4d', 'name': 'tempest-AttachVolumeTestJSON-1766484471-router', 'tenant_id': 'c02d6e50b6c44b7faee21ad462016554', 'admin_state_up': True, 'status': 'ACTIVE', 'external_gateway_info': {'network_id': 'c982eafd-3151-4f9e-a7dc-818aa3bc56c3', 'external_fixed_ips': [{'subnet_id': 'fe157ab9-36b7-42df-833e-c0d3da9b54f6', 'ip_address': '172.28.2.160'}], 'enable_snat': True}, 'gw_port_id': '75cf5ee3-2597-4a14-8bfb-b0852916707e', 'description': '', 'availability_zones': ['nova'], 'distributed': False, 'ha': False, 'ha_vr_id': 0, 'availability_zone_hints': [], 'routes': [], 'flavor_id': None, 'tags': [], 'created_at': '2021-06-26T16:28:03Z', 'updated_at': '2021-06-26T16:28:09Z', 'revision_number': 4, 'project_id': 'c02d6e50b6c44b7faee21ad462016554', 'gw_port': {'id': '75cf5ee3-2597-4a14-8bfb-b0852916707e', 'name': '', 'network_id': 'c982eafd-3151-4f9e-a7dc-818aa3bc56c3', 'tenant_id': '', 'mac_address': 'fa:16:3e:6d:8c:45', 'admin_state_up': True, 'status': 'DOWN', 'device_id': 'ecdbf9e9-44a1-4197-b3a5-f6a4fc042a4d', 'device_owner': 'network:router_gateway', 'standard_attr_id': 237, 'fixed_ips': [{'subnet_id': 'fe157ab9-36b7-42df-833e-c0d3da9b54f6', 'ip_address': '172.28.2.160', 'prefixlen': 24}], 'allowed_address_pairs': [], 'extra_dhcp_opts': [], 'security_groups': [], 'description': '', 'binding:vnic_type': 'normal', 'binding:profile': {}, 'binding:host_id': 'dv-cinder-798189-1-smb', 'binding:vif_type': 'ovs', 'binding:vif_details': {'connectivity': 'l2', 'port_filter': True, 'ovs_hybrid_plug': False, 'datapath_type': 'system', 'bridge_name': 'br-int'}, 'port_security_enabled': False, 'tags': [], 'created_at': '2021-06-26T16:28:04Z', 'updated_at': '2021-06-26T16:28:08Z', 'revision_number': 3, 'project_id': '', 'subnets': [{'id': 'fe157ab9-36b7-42df-833e-c0d3da9b54f6', 'cidr': '172.28.2.0/24', 'gateway_ip': '172.28.2.1', 'dns_nameservers': [], 'ipv6_ra_mode': None, 'subnetpool_id': None}], 'extra_subnets': [], 'address_scopes': {4: None, 6: None}, 'mtu': 1500}, 'enable_snat': True, 'gw_port_host': 'dv-cinder-798189-1-smb', '_interfaces': [{'id': '7d829178-ec3e-4b46-9eec-17ffe3442ab6', 'name': '', 'network_id': '46e5672a-9a61-4585-9d50-f34e982f2d11', 'tenant_id': 'c02d6e50b6c44b7faee21ad462016554', 'mac_address': 'fa:16:3e:a9:32:33', 'admin_state_up': True, 'status': 'DOWN', 'device_id': 'ecdbf9e9-44a1-4197-b3a5-f6a4fc042a4d', 'device_owner': 'network:router_interface', 'standard_attr_id': 246, 'fixed_ips': [{'subnet_id': '9337412f-5598-428e-89e2-e3d8bb81a1bd', 'ip_address': '172.20.0.1', 'prefixlen': 28}], 'allowed_address_pairs': [], 'extra_dhcp_opts': [], 'security_groups': [], 'description': '', 'binding:vnic_type': 'normal', 'binding:profile': {}, 'binding:host_id': '', 'binding:vif_type': 'unbound', 'binding:vif_details': {}, 'port_security_enabled': False, 'tags': [], 'created_at': '2021-06-26T16:28:08Z', 'updated_at': '2021-06-26T16:28:10Z', 'revision_number': 2, 'project_id': 'c02d6e50b6c44b7faee21ad462016554', 'subnets': [{'id': '9337412f-5598-428e-89e2-e3d8bb81a1bd', 'cidr': '172.20.0.0/28', 'gateway_ip': '172.20.0.1', 'dns_nameservers': [], 'ipv6_ra_mode': None, 'subnetpool_id': None}], 'extra_subnets': [], 'address_scopes': {4: None, 6: None}, 'mtu': 1500}]}], 'dv-cinder-798189-1-smb', False) {} {{(pid=93482) wrapper /usr/local/lib/python3.8/dist-packages/oslo_log/helpers.py:65}}
Jun 26 16:28:11.752063 dv-cinder-798189-1-smb neutron-server[93482]: DEBUG neutron.api.rpc.handlers.l3_rpc [None req-14e96ffd-3e84-41eb-ab57-9747d17e9a51 None None] Checking router: ecdbf9e9-44a1-4197-b3a5-f6a4fc042a4d for host: dv-cinder-798189-1-smb {{(pid=93482) _ensure_host_set_on_ports /opt/stack/neutron/neutron/api/rpc/handlers/l3_rpc.py:155}}
Jun 26 16:28:11.752461 dv-cinder-798189-1-smb neutron-server[93482]: DEBUG neutron.api.rpc.handlers.l3_rpc [None req-14e96ffd-3e84-41eb-ab57-9747d17e9a51 None None] Updating router ecdbf9e9-44a1-4197-b3a5-f6a4fc042a4d port 7d829178-ec3e-4b46-9eec-17ffe3442ab6 binding host dv-cinder-798189-1-smb {{(pid=93482) _ensure_host_set_on_port /opt/stack/neutron/neutron/api/rpc/handlers/l3_rpc.py:205}}
Jun 26 16:28:11.800617 dv-cinder-798189-1-smb neutron-server[93482]: DEBUG neutron_lib.callbacks.manager [None req-0cc35996-158f-49bc-8307-ed4865f9ca57 None None] Notify callbacks ['neutron.plugins.ml2.plugin.SecurityGroupDbMixin._ensure_default_security_group_handler-1974843'] for port, before_update {{(pid=93482) _notify_loop /usr/local/lib/python3.8/dist-packages/neutron_lib/callbacks/manager.py:192}}
Jun 26 16:28:11.814570 dv-cinder-798189-1-smb neutron-server[93482]: DEBUG neutron_lib.callbacks.manager [None req-14e96ffd-3e84-41eb-ab57-9747d17e9a51 None None] Notify callbacks ['neutron.plugins.ml2.plugin.SecurityGroupDbMixin._ensure_default_security_group_handler-1974843'] for port, before_update {{(pid=93482) _notify_loop /usr/local/lib/python3.8/dist-packages/neutron_lib/callbacks/manager.py:192}}
Jun 26 16:28:11.832595 dv-cinder-798189-1-smb neutron-server[93482]: DEBUG neutron.plugins.ml2.db [None req-0cc35996-158f-49bc-8307-ed4865f9ca57 None None] For port 75cf5ee3-2597-4a14-8bfb-b0852916707e, host dv-cinder-798189-1-smb, got binding levels [PortBindingLevel(driver='openvswitch',host='dv-cinder-798189-1-smb',level=0,port_id=75cf5ee3-2597-4a14-8bfb-b0852916707e,segment=NetworkSegment(36e285c6-7c0f-4e31-b27e-cb90a0c04aec),segment_id=36e285c6-7c0f-4e31-b27e-cb90a0c04aec)] {{(pid=93482) get_binding_level_objs /opt/stack/neutron/neutron/plugins/ml2/db.py:74}}
Jun 26 16:28:11.915687 dv-cinder-798189-1-smb neutron-server[93482]: DEBUG neutron_lib.callbacks.manager [None req-0cc35996-158f-49bc-8307-ed4865f9ca57 None None] Notify callbacks ['neutron.plugins.ml2.plugin.SecurityGroupServerNotifierRpcMixin.notify_sg_on_port_change-1974899', 'neutron.plugins.ml2.ovo_rpc._ObjectChangeHandler.handle_event-191974', 'neutron.api.rpc.agentnotifiers.dhcp_rpc_agent_api.DhcpAgentNotifyAPI._native_event_send_dhcp_notification-619823', 'neutron.db.l3_db.L3RpcNotifierMixin._notify_gateway_port_ip_changed-8790156670648', 'neutron.db.l3_dvrscheduler_db._notify_l3_agent_port_update-8790156278007', 'neutron.db.l3_hascheduler_db._notify_l3_agent_ha_port_update-8790156230952'] for port, after_update {{(pid=93482) _notify_loop /usr/local/lib/python3.8/dist-packages/neutron_lib/callbacks/manager.py:192}}
Jun 26 16:28:11.919666 dv-cinder-798189-1-smb neutron-server[93481]: DEBUG neutron.wsgi [-] (93481) accepted ('10.222.0.45', 38616) {{(pid=93481) server /usr/local/lib/python3.8/dist-packages/eventlet/wsgi.py:982}}
Jun 26 16:28:11.929032 dv-cinder-798189-1-smb neutron-server[93482]: DEBUG oslo_concurrency.lockutils [-] Lock "event-dispatch" acquired by "neutron.plugins.ml2.ovo_rpc._ObjectChangeHandler.dispatch_events" :: waited 0.000s {{(pid=93482) inner /usr/local/lib/python3.8/dist-packages/oslo_concurrency/lockutils.py:355}}
Jun 26 16:28:11.939650 dv-cinder-798189-1-smb neutron-server[93481]: DEBUG neutron_lib.callbacks.manager [None req-4978349b-21c0-4a37-9166-6c5f96944d1f admin admin] Notify callbacks [] for security_group, before_create {{(pid=93481) _notify_loop /usr/local/lib/python3.8/dist-packages/neutron_lib/callbacks/manager.py:192}}
Jun 26 16:28:12.011596 dv-cinder-798189-1-smb neutron-server[93482]: DEBUG neutron.api.rpc.handlers.resources_rpc [None req-0cc35996-158f-49bc-8307-ed4865f9ca57 None None] Pushing event updated for resources: {'Port': ['ID=75cf5ee3-2597-4a14-8bfb-b0852916707e,revision_number=4']} {{(pid=93482) push /opt/stack/neutron/neutron/api/rpc/handlers/resources_rpc.py:237}}
Jun 26 16:28:12.045786 dv-cinder-798189-1-smb neutron-server[93481]: DEBUG neutron_lib.callbacks.manager [None req-4978349b-21c0-4a37-9166-6c5f96944d1f admin admin] Notify callbacks [] for security_group, precommit_create {{(pid=93481) _notify_loop /usr/local/lib/python3.8/dist-packages/neutron_lib/callbacks/manager.py:192}}
Jun 26 16:28:12.052099 dv-cinder-798189-1-smb neutron-server[93482]: DEBUG neutron.api.rpc.callbacks.version_manager [None req-0cc35996-158f-49bc-8307-ed4865f9ca57 None None] Version for resource type AddressGroup changed None to 1.2 on consumer Open vSwitch agent@dv-cinder-798189-1-smb {{(pid=93482) _set_version /opt/stack/neutron/neutron/api/rpc/callbacks/version_manager.py:113}}
Jun 26 16:28:12.052099 dv-cinder-798189-1-smb neutron-server[93482]: DEBUG neutron.api.rpc.callbacks.version_manager [None req-0cc35996-158f-49bc-8307-ed4865f9ca57 None None] Version for resource type ConntrackHelper changed None to 1.0 on consumer Open vSwitch agent@dv-cinder-798189-1-smb {{(pid=93482) _set_version /opt/stack/neutron/neutron/api/rpc/callbacks/version_manager.py:113}}
Jun 26 16:28:12.052675 dv-cinder-798189-1-smb neutron-server[93482]: DEBUG neutron.api.rpc.callbacks.version_manager [None req-0cc35996-158f-49bc-8307-ed4865f9ca57 None None] Version for resource type Log changed None to 1.0 on consumer Open vSwitch agent@dv-cinder-798189-1-smb {{(pid=93482) _set_version /opt/stack/neutron/neutron/api/rpc/callbacks/version_manager.py:113}}
Jun 26 16:28:12.052675 dv-cinder-798189-1-smb neutron-server[93482]: DEBUG neutron.api.rpc.callbacks.version_manager [None req-0cc35996-158f-49bc-8307-ed4865f9ca57 None None] Version for resource type Network changed None to 1.1 on consumer Open vSwitch agent@dv-cinder-798189-1-smb {{(pid=93482) _set_version /opt/stack/neutron/neutron/api/rpc/callbacks/version_manager.py:113}}
Jun 26 16:28:12.053031 dv-cinder-798189-1-smb neutron-server[93482]: DEBUG neutron.api.rpc.callbacks.version_manager [None req-0cc35996-158f-49bc-8307-ed4865f9ca57 None None] Version for resource type Port changed None to 1.7 on consumer Open vSwitch agent@dv-cinder-798189-1-smb {{(pid=93482) _set_version /opt/stack/neutron/neutron/api/rpc/callbacks/version_manager.py:113}}
Jun 26 16:28:12.053491 dv-cinder-798189-1-smb neutron-server[93482]: DEBUG neutron.api.rpc.callbacks.version_manager [None req-0cc35996-158f-49bc-8307-ed4865f9ca57 None None] Version for resource type PortForwarding changed None to 1.2 on consumer Open vSwitch agent@dv-cinder-798189-1-smb {{(pid=93482) _set_version /opt/stack/neutron/neutron/api/rpc/callbacks/version_manager.py:113}}
Jun 26 16:28:12.053907 dv-cinder-798189-1-smb neutron-server[93482]: DEBUG neutron.api.rpc.callbacks.version_manager [None req-0cc35996-158f-49bc-8307-ed4865f9ca57 None None] Version for resource type QosPolicy changed None to 1.8 on consumer Open vSwitch agent@dv-cinder-798189-1-smb {{(pid=93482) _set_version /opt/stack/neutron/neutron/api/rpc/callbacks/version_manager.py:113}}
Jun 26 16:28:12.054147 dv-cinder-798189-1-smb neutron-server[93482]: DEBUG neutron.api.rpc.callbacks.version_manager [None req-0cc35996-158f-49bc-8307-ed4865f9ca57 None None] Version for resource type SecurityGroup changed None to 1.4 on consumer Open vSwitch agent@dv-cinder-798189-1-smb {{(pid=93482) _set_version /opt/stack/neutron/neutron/api/rpc/callbacks/version_manager.py:113}}
Jun 26 16:28:12.054472 dv-cinder-798189-1-smb neutron-server[93482]: DEBUG neutron.api.rpc.callbacks.version_manager [None req-0cc35996-158f-49bc-8307-ed4865f9ca57 None None] Version for resource type SecurityGroupRule changed None to 1.2 on consumer Open vSwitch agent@dv-cinder-798189-1-smb {{(pid=93482) _set_version /opt/stack/neutron/neutron/api/rpc/callbacks/version_manager.py:113}}
Jun 26 16:28:12.054796 dv-cinder-798189-1-smb neutron-server[93482]: DEBUG neutron.api.rpc.callbacks.version_manager [None req-0cc35996-158f-49bc-8307-ed4865f9ca57 None None] Version for resource type SubPort changed None to 1.0 on consumer Open vSwitch agent@dv-cinder-798189-1-smb {{(pid=93482) _set_version /opt/stack/neutron/neutron/api/rpc/callbacks/version_manager.py:113}}
Jun 26 16:28:12.055119 dv-cinder-798189-1-smb neutron-server[93482]: DEBUG neutron.api.rpc.callbacks.version_manager [None req-0cc35996-158f-49bc-8307-ed4865f9ca57 None None] Version for resource type Subnet changed None to 1.1 on consumer Open vSwitch agent@dv-cinder-798189-1-smb {{(pid=93482) _set_version /opt/stack/neutron/neutron/api/rpc/callbacks/version_manager.py:113}}
Jun 26 16:28:12.055443 dv-cinder-798189-1-smb neutron-server[93482]: DEBUG neutron.api.rpc.callbacks.version_manager [None req-0cc35996-158f-49bc-8307-ed4865f9ca57 None None] Version for resource type Trunk changed None to 1.1 on consumer Open vSwitch agent@dv-cinder-798189-1-smb {{(pid=93482) _set_version /opt/stack/neutron/neutron/api/rpc/callbacks/version_manager.py:113}}
Jun 26 16:28:12.060340 dv-cinder-798189-1-smb neutron-server[93482]: DEBUG oslo_concurrency.lockutils [None req-0cc35996-158f-49bc-8307-ed4865f9ca57 None None] Lock "event-dispatch" released by "neutron.plugins.ml2.ovo_rpc._ObjectChangeHandler.dispatch_events" :: held 0.131s {{(pid=93482) inner /usr/local/lib/python3.8/dist-packages/oslo_concurrency/lockutils.py:367}}
Jun 26 16:28:12.093228 dv-cinder-798189-1-smb neutron-server[93481]: DEBUG neutron_lib.callbacks.manager [None req-4978349b-21c0-4a37-9166-6c5f96944d1f admin admin] Notify callbacks ['neutron.plugins.ml2.ovo_rpc._ObjectChangeHandler.handle_event-160857'] for security_group, after_create {{(pid=93481) _notify_loop /usr/local/lib/python3.8/dist-packages/neutron_lib/callbacks/manager.py:192}}
Jun 26 16:28:12.097464 dv-cinder-798189-1-smb neutron-server[93481]: DEBUG oslo_concurrency.lockutils [None req-e6717d4f-3522-4eb4-9e5e-3f7ddc74da8a admin admin] Lock "event-dispatch" acquired by "neutron.plugins.ml2.ovo_rpc._ObjectChangeHandler.dispatch_events" :: waited 0.000s {{(pid=93481) inner /usr/local/lib/python3.8/dist-packages/oslo_concurrency/lockutils.py:355}}
Jun 26 16:28:12.162838 dv-cinder-798189-1-smb neutron-server[93481]: INFO neutron.wsgi [None req-4978349b-21c0-4a37-9166-6c5f96944d1f admin admin] 10.222.0.45 "GET /v2.0/security-groups?tenant_id=13aedf5233fa43be855c5ed665f8ca05&name=default HTTP/1.1" status: 200 len: 2979 time: 0.2420774
Jun 26 16:28:12.164290 dv-cinder-798189-1-smb neutron-server[93481]: DEBUG neutron.api.rpc.handlers.resources_rpc [None req-4978349b-21c0-4a37-9166-6c5f96944d1f admin admin] Pushing event updated for resources: {'SecurityGroup': ['ID=9843c887-3df7-4178-8b15-295bb6df9457,revision_number=1']} {{(pid=93481) push /opt/stack/neutron/neutron/api/rpc/handlers/resources_rpc.py:237}}
Jun 26 16:28:12.165740 dv-cinder-798189-1-smb neutron-server[93480]: DEBUG neutron.wsgi [-] (93480) accepted ('10.222.0.45', 38622) {{(pid=93480) server /usr/local/lib/python3.8/dist-packages/eventlet/wsgi.py:982}}
Jun 26 16:28:12.167932 dv-cinder-798189-1-smb neutron-server[93481]: DEBUG oslo_concurrency.lockutils [None req-4978349b-21c0-4a37-9166-6c5f96944d1f admin admin] Lock "event-dispatch" released by "neutron.plugins.ml2.ovo_rpc._ObjectChangeHandler.dispatch_events" :: held 0.071s {{(pid=93481) inner /usr/local/lib/python3.8/dist-packages/oslo_concurrency/lockutils.py:367}}
Jun 26 16:28:12.178746 dv-cinder-798189-1-smb neutron-server[93482]: DEBUG neutron_lib.callbacks.manager [None req-14e96ffd-3e84-41eb-ab57-9747d17e9a51 None None] Notify callbacks [] for port, precommit_update {{(pid=93482) _notify_loop /usr/local/lib/python3.8/dist-packages/neutron_lib/callbacks/manager.py:192}}
Jun 26 16:28:12.186120 dv-cinder-798189-1-smb neutron-server[93482]: DEBUG neutron.db.provisioning_blocks [None req-14e96ffd-3e84-41eb-ab57-9747d17e9a51 None None] Transition to ACTIVE for port object 7d829178-ec3e-4b46-9eec-17ffe3442ab6 will not be triggered until provisioned by entity L2. {{(pid=93482) add_provisioning_component /opt/stack/neutron/neutron/db/provisioning_blocks.py:73}}
Jun 26 16:28:12.224537 dv-cinder-798189-1-smb neutron-server[93480]: DEBUG neutron_lib.callbacks.manager [None req-a98f813f-e74b-4d70-83f1-9bbf8e9c0c00 admin admin] Notify callbacks [] for security_group, before_delete {{(pid=93480) _notify_loop /usr/local/lib/python3.8/dist-packages/neutron_lib/callbacks/manager.py:192}}
Jun 26 16:28:12.247337 dv-cinder-798189-1-smb neutron-server[93480]: DEBUG neutron_lib.callbacks.manager [None req-a98f813f-e74b-4d70-83f1-9bbf8e9c0c00 admin admin] Notify callbacks [] for security_group, precommit_delete {{(pid=93480) _notify_loop /usr/local/lib/python3.8/dist-packages/neutron_lib/callbacks/manager.py:192}}
Jun 26 16:28:12.267098 dv-cinder-798189-1-smb neutron-server[93482]: DEBUG neutron_lib.callbacks.manager [None req-14e96ffd-3e84-41eb-ab57-9747d17e9a51 None None] Notify callbacks ['neutron.plugins.ml2.plugin.SecurityGroupServerNotifierRpcMixin.notify_sg_on_port_change-1974899', 'neutron.plugins.ml2.ovo_rpc._ObjectChangeHandler.handle_event-191974', 'neutron.api.rpc.agentnotifiers.dhcp_rpc_agent_api.DhcpAgentNotifyAPI._native_event_send_dhcp_notification-619823', 'neutron.db.l3_db.L3RpcNotifierMixin._notify_gateway_port_ip_changed-8790156670648', 'neutron.db.l3_dvrscheduler_db._notify_l3_agent_port_update-8790156278007', 'neutron.db.l3_hascheduler_db._notify_l3_agent_ha_port_update-8790156230952'] for port, after_update {{(pid=93482) _notify_loop /usr/local/lib/python3.8/dist-packages/neutron_lib/callbacks/manager.py:192}}
Jun 26 16:28:12.270228 dv-cinder-798189-1-smb neutron-server[93482]: DEBUG oslo_concurrency.lockutils [None req-68c506a7-7d43-4247-9cc7-fa3349e2e4f6 None None] Lock "event-dispatch" acquired by "neutron.plugins.ml2.ovo_rpc._ObjectChangeHandler.dispatch_events" :: waited 0.000s {{(pid=93482) inner /usr/local/lib/python3.8/dist-packages/oslo_concurrency/lockutils.py:355}}
Jun 26 16:28:12.281843 dv-cinder-798189-1-smb neutron-server[93481]: DEBUG neutron.wsgi [-] (93481) accepted ('10.222.0.45', 38626) {{(pid=93481) server /usr/local/lib/python3.8/dist-packages/eventlet/wsgi.py:982}}
Jun 26 16:28:12.375812 dv-cinder-798189-1-smb neutron-server[93482]: DEBUG neutron.api.rpc.handlers.resources_rpc [None req-a5bf2cf2-d05a-42e7-aa4e-6b167a4bf7a3 None None] Pushing event updated for resources: {'Port': ['ID=7d829178-ec3e-4b46-9eec-17ffe3442ab6,revision_number=3']} {{(pid=93482) push /opt/stack/neutron/neutron/api/rpc/handlers/resources_rpc.py:237}}
Jun 26 16:28:12.379646 dv-cinder-798189-1-smb neutron-server[93482]: DEBUG oslo_concurrency.lockutils [None req-a5bf2cf2-d05a-42e7-aa4e-6b167a4bf7a3 None None] Lock "event-dispatch" released by "neutron.plugins.ml2.ovo_rpc._ObjectChangeHandler.dispatch_events" :: held 0.109s {{(pid=93482) inner /usr/local/lib/python3.8/dist-packages/oslo_concurrency/lockutils.py:367}}
Jun 26 16:28:12.431519 dv-cinder-798189-1-smb neutron-server[93480]: DEBUG neutron_lib.callbacks.manager [None req-a98f813f-e74b-4d70-83f1-9bbf8e9c0c00 admin admin] Notify callbacks ['neutron.plugins.ml2.ovo_rpc._ObjectChangeHandler.handle_event-160857'] for security_group, after_delete {{(pid=93480) _notify_loop /usr/local/lib/python3.8/dist-packages/neutron_lib/callbacks/manager.py:192}}
Jun 26 16:28:12.438023 dv-cinder-798189-1-smb neutron-server[93480]: DEBUG neutron_lib.callbacks.manager [None req-a98f813f-e74b-4d70-83f1-9bbf8e9c0c00 admin admin] Notify callbacks [] for security_group, before_response {{(pid=93480) _notify_loop /usr/local/lib/python3.8/dist-packages/neutron_lib/callbacks/manager.py:192}}
Jun 26 16:28:12.442681 dv-cinder-798189-1-smb neutron-server[93480]: INFO neutron.wsgi [None req-a98f813f-e74b-4d70-83f1-9bbf8e9c0c00 admin admin] 10.222.0.45 "DELETE /v2.0/security-groups/9843c887-3df7-4178-8b15-295bb6df9457 HTTP/1.1" status: 204 len: 168 time: 0.2735891
Jun 26 16:28:12.442681 dv-cinder-798189-1-smb neutron-server[93480]: DEBUG oslo_concurrency.lockutils [-] Lock "event-dispatch" acquired by "neutron.plugins.ml2.ovo_rpc._ObjectChangeHandler.dispatch_events" :: waited 0.000s {{(pid=93480) inner /usr/local/lib/python3.8/dist-packages/oslo_concurrency/lockutils.py:355}}
Jun 26 16:28:12.451377 dv-cinder-798189-1-smb neutron-server[93482]: DEBUG neutron.plugins.ml2.managers [None req-14e96ffd-3e84-41eb-ab57-9747d17e9a51 None None] Attempting to bind port 7d829178-ec3e-4b46-9eec-17ffe3442ab6 on host dv-cinder-798189-1-smb for vnic_type normal with profile {{(pid=93482) bind_port /opt/stack/neutron/neutron/plugins/ml2/managers.py:790}}
Jun 26 16:28:12.451868 dv-cinder-798189-1-smb neutron-server[93482]: DEBUG neutron.plugins.ml2.managers [None req-14e96ffd-3e84-41eb-ab57-9747d17e9a51 None None] Attempting to bind port 7d829178-ec3e-4b46-9eec-17ffe3442ab6 by drivers openvswitch,hyperv on host dv-cinder-798189-1-smb at level 0 using segments [{'id': '197f75b7-68d9-47ef-826c-86bcdaf9c37d', 'network_type': 'vlan', 'physical_network': 'physnet1', 'segmentation_id': 444, 'network_id': '46e5672a-9a61-4585-9d50-f34e982f2d11'}] {{(pid=93482) _bind_port_level /opt/stack/neutron/neutron/plugins/ml2/managers.py:815}}
Jun 26 16:28:12.452310 dv-cinder-798189-1-smb neutron-server[93482]: DEBUG neutron.plugins.ml2.drivers.mech_agent [None req-14e96ffd-3e84-41eb-ab57-9747d17e9a51 None None] Attempting to bind port 7d829178-ec3e-4b46-9eec-17ffe3442ab6 on network 46e5672a-9a61-4585-9d50-f34e982f2d11 {{(pid=93482) bind_port /opt/stack/neutron/neutron/plugins/ml2/drivers/mech_agent.py:86}}
Jun 26 16:28:12.459871 dv-cinder-798189-1-smb neutron-server[93482]: DEBUG neutron.plugins.ml2.drivers.mech_agent [None req-14e96ffd-3e84-41eb-ab57-9747d17e9a51 None None] Checking agent: {'id': '3c641353-1850-425d-844c-01983a0ce1bf', 'agent_type': 'Open vSwitch agent', 'binary': 'neutron-openvswitch-agent', 'topic': 'N/A', 'host': 'dv-cinder-798189-1-smb', 'admin_state_up': True, 'created_at': datetime.datetime(2021, 6, 26, 16, 19, 9), 'started_at': datetime.datetime(2021, 6, 26, 16, 19, 39), 'heartbeat_timestamp': datetime.datetime(2021, 6, 26, 16, 28, 9), 'description': None, 'resources_synced': None, 'availability_zone': None, 'alive': True, 'configurations': {'arp_responder_enabled': False, 'baremetal_smartnic': False, 'bridge_mappings': {'physnet1': 'br-data'}, 'datapath_type': 'system', 'devices': 0, 'enable_distributed_routing': False, 'extensions': [], 'in_distributed_mode': False, 'integration_bridge': 'br-int', 'l2_population': False, 'log_agent_heartbeats': False, 'ovs_capabilities': {'datapath_types': ['netdev', 'system'], 'iface_types': ['erspan', 'geneve', 'gre', 'internal', 'ip6erspan', 'ip6gre', 'lisp', 'patch', 'stt', 'system', 'tap', 'vxlan']}, 'ovs_hybrid_plug': False, 'resource_provider_bandwidths': {}, 'resource_provider_hypervisors': {'br-data': 'dv-cinder-798189-1-smb'}, 'resource_provider_inventory_defaults': {'allocation_ratio': 1.0, 'min_unit': 1, 'step_size': 1, 'reserved': 0}, 'tunnel_types': [], 'tunneling_ip': None, 'vhostuser_socket_dir': '/var/run/openvswitch'}, 'resource_versions': {'AddressGroup': '1.2', 'ConntrackHelper': '1.0', 'Log': '1.0', 'Network': '1.1', 'Port': '1.7', 'PortForwarding': '1.2', 'QosPolicy': '1.8', 'SecurityGroup': '1.4', 'SecurityGroupRule': '1.2', 'SubPort': '1.0', 'Subnet': '1.1', 'Trunk': '1.1'}} {{(pid=93482) bind_port /opt/stack/neutron/neutron/plugins/ml2/drivers/mech_agent.py:105}}
Jun 26 16:28:12.460406 dv-cinder-798189-1-smb neutron-server[93482]: DEBUG neutron.plugins.ml2.drivers.mech_agent [None req-14e96ffd-3e84-41eb-ab57-9747d17e9a51 None None] Checking segment: {'id': '197f75b7-68d9-47ef-826c-86bcdaf9c37d', 'network_type': 'vlan', 'physical_network': 'physnet1', 'segmentation_id': 444, 'network_id': '46e5672a-9a61-4585-9d50-f34e982f2d11'} for mappings: {'physnet1': 'br-data'} with network types: ['local', 'flat', 'vlan'] {{(pid=93482) check_segment_for_agent /opt/stack/neutron/neutron/plugins/ml2/drivers/mech_agent.py:341}}
Jun 26 16:28:12.469098 dv-cinder-798189-1-smb neutron-server[93482]: DEBUG neutron_lib.callbacks.manager [None req-14e96ffd-3e84-41eb-ab57-9747d17e9a51 None None] Notify callbacks [] for ovs_bridge_name, before_read {{(pid=93482) _notify_loop /usr/local/lib/python3.8/dist-packages/neutron_lib/callbacks/manager.py:192}}
Jun 26 16:28:12.469098 dv-cinder-798189-1-smb neutron-server[93482]: DEBUG neutron.plugins.ml2.drivers.mech_agent [None req-14e96ffd-3e84-41eb-ab57-9747d17e9a51 None None] Bound using segment: {'id': '197f75b7-68d9-47ef-826c-86bcdaf9c37d', 'network_type': 'vlan', 'physical_network': 'physnet1', 'segmentation_id': 444, 'network_id': '46e5672a-9a61-4585-9d50-f34e982f2d11'} {{(pid=93482) bind_port /opt/stack/neutron/neutron/plugins/ml2/drivers/mech_agent.py:115}}
Jun 26 16:28:12.469098 dv-cinder-798189-1-smb neutron-server[93482]: DEBUG neutron.plugins.ml2.managers [None req-14e96ffd-3e84-41eb-ab57-9747d17e9a51 None None] Bound port: 7d829178-ec3e-4b46-9eec-17ffe3442ab6, host: dv-cinder-798189-1-smb, vif_type: ovs, vif_details: {"connectivity": "l2", "port_filter": true, "ovs_hybrid_plug": false, "datapath_type": "system", "bridge_name": "br-int"}, binding_levels: [{'bound_driver': 'openvswitch', 'bound_segment': {'id': '197f75b7-68d9-47ef-826c-86bcdaf9c37d', 'network_type': 'vlan', 'physical_network': 'physnet1', 'segmentation_id': 444, 'network_id': '46e5672a-9a61-4585-9d50-f34e982f2d11'}}] {{(pid=93482) _bind_port_level /opt/stack/neutron/neutron/plugins/ml2/managers.py:928}}
Jun 26 16:28:12.469098 dv-cinder-798189-1-smb neutron-server[93482]: DEBUG neutron_lib.callbacks.manager [None req-14e96ffd-3e84-41eb-ab57-9747d17e9a51 None None] Notify callbacks ['neutron.plugins.ml2.plugin.SecurityGroupDbMixin._ensure_default_security_group_handler-1974843'] for port, before_update {{(pid=93482) _notify_loop /usr/local/lib/python3.8/dist-packages/neutron_lib/callbacks/manager.py:192}}
Jun 26 16:28:12.471551 dv-cinder-798189-1-smb neutron-server[93480]: DEBUG neutron.api.rpc.handlers.resources_rpc [None req-a98f813f-e74b-4d70-83f1-9bbf8e9c0c00 admin admin] Pushing event deleted for resources: {'SecurityGroup': ['ID=9843c887-3df7-4178-8b15-295bb6df9457,revision_number=None']} {{(pid=93480) push /opt/stack/neutron/neutron/api/rpc/handlers/resources_rpc.py:237}}
Jun 26 16:28:12.486664 dv-cinder-798189-1-smb neutron-server[93480]: DEBUG oslo_concurrency.lockutils [None req-a98f813f-e74b-4d70-83f1-9bbf8e9c0c00 admin admin] Lock "event-dispatch" released by "neutron.plugins.ml2.ovo_rpc._ObjectChangeHandler.dispatch_events" :: held 0.043s {{(pid=93480) inner /usr/local/lib/python3.8/dist-packages/oslo_concurrency/lockutils.py:367}}
Jun 26 16:28:12.489002 dv-cinder-798189-1-smb neutron-server[93481]: DEBUG neutron_lib.callbacks.manager [None req-5371539e-ad09-4dda-8997-686a68d8bfdb admin admin] Notify callbacks [] for security_group, before_create {{(pid=93481) _notify_loop /usr/local/lib/python3.8/dist-packages/neutron_lib/callbacks/manager.py:192}}
Jun 26 16:28:12.577245 dv-cinder-798189-1-smb neutron-server[93482]: DEBUG neutron.plugins.ml2.db [None req-14e96ffd-3e84-41eb-ab57-9747d17e9a51 None None] For port 7d829178-ec3e-4b46-9eec-17ffe3442ab6, host dv-cinder-798189-1-smb, cleared binding levels {{(pid=93482) clear_binding_levels /opt/stack/neutron/neutron/plugins/ml2/db.py:87}}
Jun 26 16:28:12.582773 dv-cinder-798189-1-smb neutron-server[93482]: DEBUG neutron.plugins.ml2.db [None req-14e96ffd-3e84-41eb-ab57-9747d17e9a51 None None] For port 7d829178-ec3e-4b46-9eec-17ffe3442ab6, host dv-cinder-798189-1-smb, set binding levels [PortBindingLevel(driver='openvswitch',host='dv-cinder-798189-1-smb',level=0,port_id=7d829178-ec3e-4b46-9eec-17ffe3442ab6,segment=NetworkSegment(197f75b7-68d9-47ef-826c-86bcdaf9c37d),segment_id=197f75b7-68d9-47ef-826c-86bcdaf9c37d)] {{(pid=93482) set_binding_levels /opt/stack/neutron/neutron/plugins/ml2/db.py:59}}
Jun 26 16:28:12.638008 dv-cinder-798189-1-smb neutron-server[93480]: INFO neutron.wsgi [req-99d6e92a-65a2-493a-bb04-09d9c4dfbf13 req-d92ecff3-3dca-47c6-b093-88c46dc77c36 tempest-VolumesActionsTest-2097773845 tempest-VolumesActionsTest-2097773845-project] 10.222.0.45 "GET /v2.0/ports?device_id=9d06e646-5402-42eb-aa07-396679d6ce25 HTTP/1.1" status: 200 len: 210 time: 0.0437107
Jun 26 16:28:12.657656 dv-cinder-798189-1-smb neutron-server[93481]: DEBUG neutron_lib.callbacks.manager [None req-5371539e-ad09-4dda-8997-686a68d8bfdb admin admin] Notify callbacks [] for security_group, precommit_create {{(pid=93481) _notify_loop /usr/local/lib/python3.8/dist-packages/neutron_lib/callbacks/manager.py:192}}
Jun 26 16:28:12.669796 dv-cinder-798189-1-smb neutron-server[93482]: DEBUG neutron_lib.callbacks.manager [None req-14e96ffd-3e84-41eb-ab57-9747d17e9a51 None None] Notify callbacks ['neutron.plugins.ml2.plugin.SecurityGroupServerNotifierRpcMixin.notify_sg_on_port_change-1974899', 'neutron.plugins.ml2.ovo_rpc._ObjectChangeHandler.handle_event-191974', 'neutron.api.rpc.agentnotifiers.dhcp_rpc_agent_api.DhcpAgentNotifyAPI._native_event_send_dhcp_notification-619823', 'neutron.db.l3_db.L3RpcNotifierMixin._notify_gateway_port_ip_changed-8790156670648', 'neutron.db.l3_dvrscheduler_db._notify_l3_agent_port_update-8790156278007', 'neutron.db.l3_hascheduler_db._notify_l3_agent_ha_port_update-8790156230952'] for port, after_update {{(pid=93482) _notify_loop /usr/local/lib/python3.8/dist-packages/neutron_lib/callbacks/manager.py:192}}
Jun 26 16:28:12.674807 dv-cinder-798189-1-smb neutron-server[93482]: DEBUG oslo_concurrency.lockutils [None req-2b21e594-124c-4de7-854f-4be20dfdd3fb None None] Lock "event-dispatch" acquired by "neutron.plugins.ml2.ovo_rpc._ObjectChangeHandler.dispatch_events" :: waited 0.000s {{(pid=93482) inner /usr/local/lib/python3.8/dist-packages/oslo_concurrency/lockutils.py:355}}
Jun 26 16:28:12.693848 dv-cinder-798189-1-smb neutron-server[93481]: DEBUG neutron.wsgi [-] (93481) accepted ('10.222.0.45', 38640) {{(pid=93481) server /usr/local/lib/python3.8/dist-packages/eventlet/wsgi.py:982}}
Jun 26 16:28:12.716073 dv-cinder-798189-1-smb neutron-server[93481]: DEBUG neutron_lib.callbacks.manager [None req-5371539e-ad09-4dda-8997-686a68d8bfdb admin admin] Notify callbacks ['neutron.plugins.ml2.ovo_rpc._ObjectChangeHandler.handle_event-160857'] for security_group, after_create {{(pid=93481) _notify_loop /usr/local/lib/python3.8/dist-packages/neutron_lib/callbacks/manager.py:192}}
Jun 26 16:28:12.719960 dv-cinder-798189-1-smb neutron-server[93481]: DEBUG oslo_concurrency.lockutils [None req-dbf7584c-e47e-47d3-8fe7-89249321e562 admin admin] Lock "event-dispatch" acquired by "neutron.plugins.ml2.ovo_rpc._ObjectChangeHandler.dispatch_events" :: waited 0.000s {{(pid=93481) inner /usr/local/lib/python3.8/dist-packages/oslo_concurrency/lockutils.py:355}}
Jun 26 16:28:12.805368 dv-cinder-798189-1-smb neutron-server[93482]: DEBUG neutron.db.l3_dvrscheduler_db [None req-14e96ffd-3e84-41eb-ab57-9747d17e9a51 None None] Routers {'ecdbf9e9-44a1-4197-b3a5-f6a4fc042a4d'} bound to L3 agent in host dv-cinder-798189-1-smb {{(pid=93482) _get_router_ids_for_agent /opt/stack/neutron/neutron/db/l3_dvrscheduler_db.py:420}}
Jun 26 16:28:12.806023 dv-cinder-798189-1-smb neutron-server[93482]: DEBUG neutron.db.l3_hamode_db [None req-14e96ffd-3e84-41eb-ab57-9747d17e9a51 None None] neutron.services.l3_router.l3_router_plugin.L3RouterPlugin method get_ha_sync_data_for_host called with arguments (, 'dv-cinder-798189-1-smb', Agent(admin_state_up=True,agent_type='L3 agent',availability_zone='nova',binary='neutron-l3-agent',configurations={"agent_mode": "legacy", "ex_gw_ports": 3, "extensions": [], "floating_ips": 1, "handle_internal_only_routers": true, "interface_driver": "openvswitch", "interfaces": 3, "log_agent_heartbeats": false, "routers": 3},created_at=2021-06-26T16:19:09Z,description=,heartbeat_timestamp=2021-06-26T16:28:09Z,host='dv-cinder-798189-1-smb',id=52929e6f-9ca3-498e-b2c4-e86c99542fb3,load=0,resource_versions=,resources_synced=,started_at=2021-06-26T16:19:09Z,topic='l3_agent')) {'router_ids': ['ecdbf9e9-44a1-4197-b3a5-f6a4fc042a4d'], 'active': True} {{(pid=93482) wrapper /usr/local/lib/python3.8/dist-packages/oslo_log/helpers.py:65}}
Jun 26 16:28:12.823171 dv-cinder-798189-1-smb neutron-server[93481]: INFO neutron.wsgi [None req-5371539e-ad09-4dda-8997-686a68d8bfdb admin admin] 10.222.0.45 "GET /v2.0/security-groups?tenant_id=cc20710556aa4503ae9acabf44a4166e&name=default HTTP/1.1" status: 200 len: 2979 time: 0.5383453
Jun 26 16:28:12.823171 dv-cinder-798189-1-smb neutron-server[93481]: DEBUG neutron.api.rpc.handlers.resources_rpc [None req-5371539e-ad09-4dda-8997-686a68d8bfdb admin admin] Pushing event updated for resources: {'SecurityGroup': ['ID=e8aec462-cc9e-48ba-ad6e-9f74fc1f9443,revision_number=1']} {{(pid=93481) push /opt/stack/neutron/neutron/api/rpc/handlers/resources_rpc.py:237}}
Jun 26 16:28:12.859550 dv-cinder-798189-1-smb neutron-server[93481]: DEBUG neutron.wsgi [-] (93481) accepted ('10.222.0.45', 38646) {{(pid=93481) server /usr/local/lib/python3.8/dist-packages/eventlet/wsgi.py:982}}
Jun 26 16:28:12.880574 dv-cinder-798189-1-smb neutron-server[93481]: DEBUG oslo_concurrency.lockutils [None req-5371539e-ad09-4dda-8997-686a68d8bfdb admin admin] Lock "event-dispatch" released by "neutron.plugins.ml2.ovo_rpc._ObjectChangeHandler.dispatch_events" :: held 0.161s {{(pid=93481) inner /usr/local/lib/python3.8/dist-packages/oslo_concurrency/lockutils.py:367}}
Jun 26 16:28:12.895140 dv-cinder-798189-1-smb neutron-server[93480]: INFO neutron.wsgi [req-eaadf264-12a9-4070-8096-e418528073b8 req-893821e6-3627-4642-9c9a-06ab0897e143 tempest-AttachVolumeNegativeTest-1754213145 tempest-AttachVolumeNegativeTest-1754213145-project] 10.222.0.45 "GET /v2.0/ports?device_id=a3644c8a-640a-4f6a-b12b-4f7e70d1dc40 HTTP/1.1" status: 200 len: 210 time: 0.1039574
Jun 26 16:28:12.976622 dv-cinder-798189-1-smb neutron-server[93481]: DEBUG neutron_lib.callbacks.manager [None req-7690ee9d-4c4a-4847-8f6b-bbe93c4ef7cd admin admin] Notify callbacks [] for security_group, before_delete {{(pid=93481) _notify_loop /usr/local/lib/python3.8/dist-packages/neutron_lib/callbacks/manager.py:192}}
Jun 26 16:28:12.989375 dv-cinder-798189-1-smb neutron-server[93482]: DEBUG neutron.api.rpc.handlers.resources_rpc [None req-a5bf2cf2-d05a-42e7-aa4e-6b167a4bf7a3 None None] Pushing event updated for resources: {'Port': ['ID=7d829178-ec3e-4b46-9eec-17ffe3442ab6,revision_number=4']} {{(pid=93482) push /opt/stack/neutron/neutron/api/rpc/handlers/resources_rpc.py:237}}
Jun 26 16:28:12.994697 dv-cinder-798189-1-smb neutron-server[93482]: DEBUG oslo_concurrency.lockutils [None req-a5bf2cf2-d05a-42e7-aa4e-6b167a4bf7a3 None None] Lock "event-dispatch" released by "neutron.plugins.ml2.ovo_rpc._ObjectChangeHandler.dispatch_events" :: held 0.320s {{(pid=93482) inner /usr/local/lib/python3.8/dist-packages/oslo_concurrency/lockutils.py:367}}
Jun 26 16:28:13.039015 dv-cinder-798189-1-smb neutron-server[93481]: DEBUG neutron_lib.callbacks.manager [None req-7690ee9d-4c4a-4847-8f6b-bbe93c4ef7cd admin admin] Notify callbacks [] for security_group, precommit_delete {{(pid=93481) _notify_loop /usr/local/lib/python3.8/dist-packages/neutron_lib/callbacks/manager.py:192}}
Jun 26 16:28:13.133589 dv-cinder-798189-1-smb neutron-server[93481]: DEBUG neutron_lib.callbacks.manager [None req-285bd9b8-74b0-4a9b-9741-22c73b0641d0 admin admin] Notify callbacks [] for security_group, before_create {{(pid=93481) _notify_loop /usr/local/lib/python3.8/dist-packages/neutron_lib/callbacks/manager.py:192}}
Jun 26 16:28:13.170306 dv-cinder-798189-1-smb neutron-server[93482]: DEBUG neutron.db.l3_dvr_db [None req-14e96ffd-3e84-41eb-ab57-9747d17e9a51 None None] Set router ecdbf9e9-44a1-4197-b3a5-f6a4fc042a4d gateway port host: dv-cinder-798189-1-smb {{(pid=93482) _build_routers_list /opt/stack/neutron/neutron/db/l3_dvr_db.py:894}}
Jun 26 16:28:13.255565 dv-cinder-798189-1-smb neutron-server[93481]: DEBUG neutron_lib.callbacks.manager [None req-7690ee9d-4c4a-4847-8f6b-bbe93c4ef7cd admin admin] Notify callbacks ['neutron.plugins.ml2.ovo_rpc._ObjectChangeHandler.handle_event-160857'] for security_group, after_delete {{(pid=93481) _notify_loop /usr/local/lib/python3.8/dist-packages/neutron_lib/callbacks/manager.py:192}}
Jun 26 16:28:13.258700 dv-cinder-798189-1-smb neutron-server[93481]: DEBUG neutron_lib.callbacks.manager [None req-7690ee9d-4c4a-4847-8f6b-bbe93c4ef7cd admin admin] Notify callbacks [] for security_group, before_response {{(pid=93481) _notify_loop /usr/local/lib/python3.8/dist-packages/neutron_lib/callbacks/manager.py:192}}
Jun 26 16:28:13.259916 dv-cinder-798189-1-smb neutron-server[93481]: INFO neutron.wsgi [None req-7690ee9d-4c4a-4847-8f6b-bbe93c4ef7cd admin admin] 10.222.0.45 "DELETE /v2.0/security-groups/e8aec462-cc9e-48ba-ad6e-9f74fc1f9443 HTTP/1.1" status: 204 len: 168 time: 0.3954372
Jun 26 16:28:13.269205 dv-cinder-798189-1-smb neutron-server[93481]: DEBUG oslo_concurrency.lockutils [None req-817a51f7-dbc9-41ca-904b-75926ec729f5 admin admin] Lock "event-dispatch" acquired by "neutron.plugins.ml2.ovo_rpc._ObjectChangeHandler.dispatch_events" :: waited 0.000s {{(pid=93481) inner /usr/local/lib/python3.8/dist-packages/oslo_concurrency/lockutils.py:355}}
Jun 26 16:28:13.307569 dv-cinder-798189-1-smb neutron-server[93481]: DEBUG neutron.api.rpc.handlers.resources_rpc [None req-7690ee9d-4c4a-4847-8f6b-bbe93c4ef7cd admin admin] Pushing event deleted for resources: {'SecurityGroup': ['ID=e8aec462-cc9e-48ba-ad6e-9f74fc1f9443,revision_number=None']} {{(pid=93481) push /opt/stack/neutron/neutron/api/rpc/handlers/resources_rpc.py:237}}
Jun 26 16:28:13.318303 dv-cinder-798189-1-smb neutron-server[93481]: DEBUG oslo_concurrency.lockutils [None req-7690ee9d-4c4a-4847-8f6b-bbe93c4ef7cd admin admin] Lock "event-dispatch" released by "neutron.plugins.ml2.ovo_rpc._ObjectChangeHandler.dispatch_events" :: held 0.049s {{(pid=93481) inner /usr/local/lib/python3.8/dist-packages/oslo_concurrency/lockutils.py:367}}
Jun 26 16:28:13.336811 dv-cinder-798189-1-smb neutron-server[93480]: DEBUG neutron.pecan_wsgi.hooks.policy_enforcement [req-d91b2b86-a993-447d-881e-5221ed0346c4 req-8a2744b6-bc4f-4de1-acc1-bd5eeb3ea689 tempest-AttachVolumeNegativeTest-1754213145 tempest-AttachVolumeNegativeTest-1754213145-project] Attributes excluded by policy engine: ['standard_attr_id', 'vlan_transparent', 'provider:network_type', 'provider:physical_network', 'provider:segmentation_id'] {{(pid=93480) _exclude_attributes_by_policy /opt/stack/neutron/neutron/pecan_wsgi/hooks/policy_enforcement.py:255}}
Jun 26 16:28:13.338809 dv-cinder-798189-1-smb neutron-server[93480]: INFO neutron.wsgi [req-d91b2b86-a993-447d-881e-5221ed0346c4 req-8a2744b6-bc4f-4de1-acc1-bd5eeb3ea689 tempest-AttachVolumeNegativeTest-1754213145 tempest-AttachVolumeNegativeTest-1754213145-project] 10.222.0.15 "GET /v2.0/networks?id=15b8c63f-37f4-4eba-9565-6a28e340e36c HTTP/1.1" status: 200 len: 815 time: 0.2879090
Jun 26 16:28:13.370259 dv-cinder-798189-1-smb neutron-server[93480]: DEBUG neutron.pecan_wsgi.hooks.policy_enforcement [req-b7b08454-d453-4455-b284-7f67cf2e158a req-fce20659-19f0-4db5-aa2d-24c57f2ed18d tempest-ServerRescueNegativeTestJSON-1456972897 tempest-ServerRescueNegativeTestJSON-1456972897-project] Attributes excluded by policy engine: ['standard_attr_id', 'binding:profile', 'binding:host_id', 'binding:vif_type', 'binding:vif_details'] {{(pid=93480) _exclude_attributes_by_policy /opt/stack/neutron/neutron/pecan_wsgi/hooks/policy_enforcement.py:255}}
Jun 26 16:28:13.371795 dv-cinder-798189-1-smb neutron-server[93480]: INFO neutron.wsgi [req-b7b08454-d453-4455-b284-7f67cf2e158a req-fce20659-19f0-4db5-aa2d-24c57f2ed18d tempest-ServerRescueNegativeTestJSON-1456972897 tempest-ServerRescueNegativeTestJSON-1456972897-project] 10.222.0.45 "GET /v2.0/ports?device_id=5931de45-4b6b-429c-850f-cd31dc01d5b1 HTTP/1.1" status: 200 len: 945 time: 0.2523096
Jun 26 16:28:13.379108 dv-cinder-798189-1-smb neutron-server[93480]: DEBUG neutron.api.v2.base [req-d91b2b86-a993-447d-881e-5221ed0346c4 req-cac6bff2-36e8-4905-8396-e5928128162a tempest-AttachVolumeNegativeTest-1754213145 tempest-AttachVolumeNegativeTest-1754213145-project] Request body: {'port': {'device_id': 'a3644c8a-640a-4f6a-b12b-4f7e70d1dc40', 'network_id': '15b8c63f-37f4-4eba-9565-6a28e340e36c', 'admin_state_up': True, 'tenant_id': 'cb8d0e36b9ad4186b68cd12c445b1068'}} {{(pid=93480) prepare_request_body /opt/stack/neutron/neutron/api/v2/base.py:729}}
Jun 26 16:28:13.389491 dv-cinder-798189-1-smb neutron-server[93481]: DEBUG neutron_lib.callbacks.manager [None req-285bd9b8-74b0-4a9b-9741-22c73b0641d0 admin admin] Notify callbacks [] for security_group, precommit_create {{(pid=93481) _notify_loop /usr/local/lib/python3.8/dist-packages/neutron_lib/callbacks/manager.py:192}}
Jun 26 16:28:13.416525 dv-cinder-798189-1-smb neutron-server[93481]: DEBUG neutron.wsgi [-] (93481) accepted ('10.222.0.45', 38660) {{(pid=93481) server /usr/local/lib/python3.8/dist-packages/eventlet/wsgi.py:982}}
Jun 26 16:28:13.427755 dv-cinder-798189-1-smb neutron-server[93481]: DEBUG neutron.api.v2.base [None req-17177ae2-3459-4cb7-bc10-feb25e34963e tempest-AttachVolumeTestJSON-1651022171 tempest-AttachVolumeTestJSON-1651022171-project] Request body: {'security_group': {'name': 'tempest-securitygroup--737532184', 'description': 'tempest-description--2109361419'}} {{(pid=93481) prepare_request_body /opt/stack/neutron/neutron/api/v2/base.py:729}}
Jun 26 16:28:13.507909 dv-cinder-798189-1-smb neutron-server[93482]: DEBUG neutron.plugins.ml2.rpc [None req-0cc35996-158f-49bc-8307-ed4865f9ca57 None None] Device 75cf5ee3-2597-4a14-8bfb-b0852916707e up at agent ovs-agent-dv-cinder-798189-1-smb {{(pid=93482) update_device_up /opt/stack/neutron/neutron/plugins/ml2/rpc.py:296}}
Jun 26 16:28:13.519270 dv-cinder-798189-1-smb neutron-server[93481]: DEBUG neutron_lib.callbacks.manager [None req-285bd9b8-74b0-4a9b-9741-22c73b0641d0 admin admin] Notify callbacks ['neutron.plugins.ml2.ovo_rpc._ObjectChangeHandler.handle_event-160857'] for security_group, after_create {{(pid=93481) _notify_loop /usr/local/lib/python3.8/dist-packages/neutron_lib/callbacks/manager.py:192}}
Jun 26 16:28:13.549745 dv-cinder-798189-1-smb neutron-server[93480]: INFO neutron.wsgi [req-b7b08454-d453-4455-b284-7f67cf2e158a req-64626027-90f7-44cd-bcc8-0745525fdab6 tempest-ServerRescueNegativeTestJSON-1456972897 tempest-ServerRescueNegativeTestJSON-1456972897-project] 10.222.0.45 "GET /v2.0/security-groups?id=a626b593-3d84-4cba-afb9-8dbdbeee6b29&fields=id&fields=name HTTP/1.1" status: 200 len: 286 time: 0.1648421
Jun 26 16:28:13.575912 dv-cinder-798189-1-smb neutron-server[93481]: DEBUG oslo_concurrency.lockutils [None req-1bbe3d56-bc17-4c27-9d81-910d6283e49b admin admin] Lock "event-dispatch" acquired by "neutron.plugins.ml2.ovo_rpc._ObjectChangeHandler.dispatch_events" :: waited 0.000s {{(pid=93481) inner /usr/local/lib/python3.8/dist-packages/oslo_concurrency/lockutils.py:355}}
Jun 26 16:28:13.629803 dv-cinder-798189-1-smb neutron-server[93482]: DEBUG neutron.db.provisioning_blocks [None req-0cc35996-158f-49bc-8307-ed4865f9ca57 None None] Provisioning complete for port 75cf5ee3-2597-4a14-8bfb-b0852916707e triggered by entity L2. {{(pid=93482) provisioning_complete /opt/stack/neutron/neutron/db/provisioning_blocks.py:139}}
Jun 26 16:28:13.630518 dv-cinder-798189-1-smb neutron-server[93482]: DEBUG neutron_lib.callbacks.manager [None req-0cc35996-158f-49bc-8307-ed4865f9ca57 None None] Notify callbacks ['neutron.plugins.ml2.plugin.Ml2Plugin._port_provisioned-1928689'] for port, provisioning_complete {{(pid=93482) _notify_loop /usr/local/lib/python3.8/dist-packages/neutron_lib/callbacks/manager.py:192}}
Jun 26 16:28:13.649661 dv-cinder-798189-1-smb neutron-server[93481]: INFO neutron.wsgi [None req-285bd9b8-74b0-4a9b-9741-22c73b0641d0 admin admin] 10.222.0.45 "GET /v2.0/security-groups?tenant_id=7d243d8369f44d5bb8475159e32eb088&name=default HTTP/1.1" status: 200 len: 2979 time: 0.9499369
Jun 26 16:28:13.654719 dv-cinder-798189-1-smb neutron-server[93480]: DEBUG neutron.wsgi [-] (93480) accepted ('10.222.0.45', 38668) {{(pid=93480) server /usr/local/lib/python3.8/dist-packages/eventlet/wsgi.py:982}}
Jun 26 16:28:13.701119 dv-cinder-798189-1-smb neutron-server[93481]: DEBUG neutron.api.rpc.handlers.resources_rpc [None req-285bd9b8-74b0-4a9b-9741-22c73b0641d0 admin admin] Pushing event updated for resources: {'SecurityGroup': ['ID=6e88b8ca-da9e-4064-a632-5f4e8c747dee,revision_number=1']} {{(pid=93481) push /opt/stack/neutron/neutron/api/rpc/handlers/resources_rpc.py:237}}
Jun 26 16:28:13.705790 dv-cinder-798189-1-smb neutron-server[93481]: DEBUG oslo_concurrency.lockutils [None req-285bd9b8-74b0-4a9b-9741-22c73b0641d0 admin admin] Lock "event-dispatch" released by "neutron.plugins.ml2.ovo_rpc._ObjectChangeHandler.dispatch_events" :: held 0.130s {{(pid=93481) inner /usr/local/lib/python3.8/dist-packages/oslo_concurrency/lockutils.py:367}}
Jun 26 16:28:13.714372 dv-cinder-798189-1-smb neutron-server[93480]: DEBUG neutron_lib.callbacks.manager [None req-948bd60c-ef35-4cf9-85b5-cb5d6c308380 admin admin] Notify callbacks [] for security_group, before_delete {{(pid=93480) _notify_loop /usr/local/lib/python3.8/dist-packages/neutron_lib/callbacks/manager.py:192}}
Jun 26 16:28:13.738966 dv-cinder-798189-1-smb neutron-server[93481]: DEBUG neutron_lib.callbacks.manager [None req-17177ae2-3459-4cb7-bc10-feb25e34963e tempest-AttachVolumeTestJSON-1651022171 tempest-AttachVolumeTestJSON-1651022171-project] Notify callbacks [] for security_group, before_create {{(pid=93481) _notify_loop /usr/local/lib/python3.8/dist-packages/neutron_lib/callbacks/manager.py:192}}
Jun 26 16:28:13.747407 dv-cinder-798189-1-smb neutron-server[93480]: DEBUG neutron_lib.callbacks.manager [None req-948bd60c-ef35-4cf9-85b5-cb5d6c308380 admin admin] Notify callbacks [] for security_group, precommit_delete {{(pid=93480) _notify_loop /usr/local/lib/python3.8/dist-packages/neutron_lib/callbacks/manager.py:192}}
Jun 26 16:28:13.781561 dv-cinder-798189-1-smb neutron-server[93481]: DEBUG neutron_lib.db.api [None req-17177ae2-3459-4cb7-bc10-feb25e34963e tempest-AttachVolumeTestJSON-1651022171 tempest-AttachVolumeTestJSON-1651022171-project] Retry wrapper got retriable exception: (pymysql.err.OperationalError) (1213, 'Deadlock found when trying to get lock; try restarting transaction')
Jun 26 16:28:13.781561 dv-cinder-798189-1-smb neutron-server[93481]: [SQL: DELETE FROM reservations WHERE reservations.project_id = %(project_id_1)s AND reservations.expiration < %(expiration_1)s]
Jun 26 16:28:13.781561 dv-cinder-798189-1-smb neutron-server[93481]: [parameters: {'project_id_1': 'c02d6e50b6c44b7faee21ad462016554', 'expiration_1': datetime.datetime(2021, 6, 26, 16, 28, 13, 762545)}]
Jun 26 16:28:13.781561 dv-cinder-798189-1-smb neutron-server[93481]: (Background on this error at: http://sqlalche.me/e/14/e3q8) {{(pid=93481) wrapped /usr/local/lib/python3.8/dist-packages/neutron_lib/db/api.py:183}}
Jun 26 16:28:13.782503 dv-cinder-798189-1-smb neutron-server[93481]: DEBUG oslo_db.api [None req-17177ae2-3459-4cb7-bc10-feb25e34963e tempest-AttachVolumeTestJSON-1651022171 tempest-AttachVolumeTestJSON-1651022171-project] Performing DB retry for function neutron.db.securitygroups_db.SecurityGroupDbMixin.create_security_group {{(pid=93481) wrapper /usr/local/lib/python3.8/dist-packages/oslo_db/api.py:155}}
