Jun 27 12:53:48.547140 dv-cinder-798099-1-smb devstack@n-api.service[93593]: DEBUG oslo_concurrency.lockutils [None req-b8f1e3e5-76e5-431f-af48-aa8ea3c44777 tempest-AttachVolumeTestJSON-965343515 tempest-AttachVolumeTestJSON-965343515-project] Lock "d4b38186-6a29-44e0-8756-34d7cb1184b7" acquired by "nova.context.set_target_cell..get_or_set_cached_cell_and_set_connections" :: waited 0.000s {{(pid=93593) inner /usr/local/lib/python3.8/dist-packages/oslo_concurrency/lockutils.py:355}}
Jun 27 12:53:48.547824 dv-cinder-798099-1-smb devstack@n-api.service[93593]: DEBUG oslo_concurrency.lockutils [None req-b8f1e3e5-76e5-431f-af48-aa8ea3c44777 tempest-AttachVolumeTestJSON-965343515 tempest-AttachVolumeTestJSON-965343515-project] Lock "d4b38186-6a29-44e0-8756-34d7cb1184b7" released by "nova.context.set_target_cell..get_or_set_cached_cell_and_set_connections" :: held 0.001s {{(pid=93593) inner /usr/local/lib/python3.8/dist-packages/oslo_concurrency/lockutils.py:367}}
Jun 27 12:53:48.727808 dv-cinder-798099-1-smb devstack@n-api.service[93593]: INFO nova.api.openstack.requestlog [None req-b8f1e3e5-76e5-431f-af48-aa8ea3c44777 tempest-AttachVolumeTestJSON-965343515 tempest-AttachVolumeTestJSON-965343515-project] 10.222.0.41 "POST /compute/v2.1/servers/7836de6e-5c92-452a-a654-625048bd0aa3/action" status: 200 len: 28062 microversion: 2.1 time: 0.207704
Jun 27 12:53:48.729130 dv-cinder-798099-1-smb devstack@n-api.service[93593]: [pid: 93593|app: 0|req: 94/180] 10.222.0.41 () {60 vars in 1278 bytes} [Sun Jun 27 12:53:48 2021] POST /compute/v2.1/servers/7836de6e-5c92-452a-a654-625048bd0aa3/action => generated 28062 bytes in 209 msecs (HTTP/1.1 200) 9 headers in 359 bytes (2 switches on core 0)
Jun 27 12:53:48.864303 dv-cinder-798099-1-smb devstack@n-api.service[93594]: DEBUG nova.objects.instance [None req-1eb5ef18-212c-400d-a2ce-d27a7e310ccc tempest-AttachVolumeNegativeTest-698956470 tempest-AttachVolumeNegativeTest-698956470-project] Lazy-loading 'services' on Instance uuid 99ea9ab6-5b75-43b3-8532-2b60a7f6eb64 {{(pid=93594) obj_load_attr /opt/stack/nova/nova/objects/instance.py:1098}}
Jun 27 12:53:48.956313 dv-cinder-798099-1-smb devstack@n-api.service[93593]: DEBUG nova.api.openstack.wsgi [None req-6c91f4e7-49fa-4660-a47f-8c1b3ff568a7 tempest-VolumesActionsTest-1897320591 tempest-VolumesActionsTest-1897320591-project] Calling method '>' {{(pid=93593) _process_stack /opt/stack/nova/nova/api/openstack/wsgi.py:513}}
Jun 27 12:53:48.956954 dv-cinder-798099-1-smb devstack@n-api.service[93593]: DEBUG nova.compute.api [None req-6c91f4e7-49fa-4660-a47f-8c1b3ff568a7 tempest-VolumesActionsTest-1897320591 tempest-VolumesActionsTest-1897320591-project] [instance: cdedd29e-5840-4efc-bbf4-98e67a5ce7bc] Fetching instance by UUID {{(pid=93593) get /opt/stack/nova/nova/compute/api.py:2815}}
Jun 27 12:53:48.965387 dv-cinder-798099-1-smb devstack@n-api.service[93593]: DEBUG oslo_concurrency.lockutils [None req-6c91f4e7-49fa-4660-a47f-8c1b3ff568a7 tempest-VolumesActionsTest-1897320591 tempest-VolumesActionsTest-1897320591-project] Lock "d4b38186-6a29-44e0-8756-34d7cb1184b7" acquired by "nova.context.set_target_cell..get_or_set_cached_cell_and_set_connections" :: waited 0.000s {{(pid=93593) inner /usr/local/lib/python3.8/dist-packages/oslo_concurrency/lockutils.py:355}}
Jun 27 12:53:48.966128 dv-cinder-798099-1-smb devstack@n-api.service[93593]: DEBUG oslo_concurrency.lockutils [None req-6c91f4e7-49fa-4660-a47f-8c1b3ff568a7 tempest-VolumesActionsTest-1897320591 tempest-VolumesActionsTest-1897320591-project] Lock "d4b38186-6a29-44e0-8756-34d7cb1184b7" released by "nova.context.set_target_cell..get_or_set_cached_cell_and_set_connections" :: held 0.001s {{(pid=93593) inner /usr/local/lib/python3.8/dist-packages/oslo_concurrency/lockutils.py:367}}
Jun 27 12:53:48.967108 dv-cinder-798099-1-smb devstack@n-api.service[93593]: DEBUG oslo_concurrency.lockutils [None req-6c91f4e7-49fa-4660-a47f-8c1b3ff568a7 tempest-VolumesActionsTest-1897320591 tempest-VolumesActionsTest-1897320591-project] Lock "d4b38186-6a29-44e0-8756-34d7cb1184b7" acquired by "nova.context.set_target_cell..get_or_set_cached_cell_and_set_connections" :: waited 0.000s {{(pid=93593) inner /usr/local/lib/python3.8/dist-packages/oslo_concurrency/lockutils.py:355}}
Jun 27 12:53:48.967541 dv-cinder-798099-1-smb devstack@n-api.service[93593]: DEBUG oslo_concurrency.lockutils [None req-6c91f4e7-49fa-4660-a47f-8c1b3ff568a7 tempest-VolumesActionsTest-1897320591 tempest-VolumesActionsTest-1897320591-project] Lock "d4b38186-6a29-44e0-8756-34d7cb1184b7" released by "nova.context.set_target_cell..get_or_set_cached_cell_and_set_connections" :: held 0.000s {{(pid=93593) inner /usr/local/lib/python3.8/dist-packages/oslo_concurrency/lockutils.py:367}}
Jun 27 12:53:49.140612 dv-cinder-798099-1-smb devstack@n-api.service[93593]: DEBUG nova.policy [None req-6c91f4e7-49fa-4660-a47f-8c1b3ff568a7 tempest-VolumesActionsTest-1897320591 tempest-VolumesActionsTest-1897320591-project] Policy check for os_compute_api:os-extended-server-attributes failed with credentials {'is_admin': False, 'user_id': '3735f9d8ab5c43c09edd0d4b33c946f6', 'user_domain_id': 'default', 'system_scope': None, 'domain_id': None, 'project_id': '1cb921c3ae284816bfcfabbd695a8dd0', 'project_domain_id': 'default', 'roles': ['member', 'reader'], 'is_admin_project': True, 'service_user_id': None, 'service_user_domain_id': None, 'service_project_id': None, 'service_project_domain_id': None, 'service_roles': []} {{(pid=93593) authorize /opt/stack/nova/nova/policy.py:199}}
Jun 27 12:53:49.148829 dv-cinder-798099-1-smb devstack@n-api.service[93593]: INFO nova.api.openstack.requestlog [None req-6c91f4e7-49fa-4660-a47f-8c1b3ff568a7 tempest-VolumesActionsTest-1897320591 tempest-VolumesActionsTest-1897320591-project] 10.222.0.41 "GET /compute/v2.1/servers/cdedd29e-5840-4efc-bbf4-98e67a5ce7bc" status: 200 len: 1271 microversion: 2.1 time: 0.204165
Jun 27 12:53:49.149388 dv-cinder-798099-1-smb devstack@n-api.service[93593]: [pid: 93593|app: 0|req: 95/181] 10.222.0.41 () {58 vars in 1236 bytes} [Sun Jun 27 12:53:48 2021] GET /compute/v2.1/servers/cdedd29e-5840-4efc-bbf4-98e67a5ce7bc => generated 1271 bytes in 206 msecs (HTTP/1.1 200) 9 headers in 358 bytes (2 switches on core 0)
Jun 27 12:53:49.321813 dv-cinder-798099-1-smb devstack@n-api.service[93594]: INFO nova.api.openstack.requestlog [None req-1eb5ef18-212c-400d-a2ce-d27a7e310ccc tempest-AttachVolumeNegativeTest-698956470 tempest-AttachVolumeNegativeTest-698956470-project] 10.222.0.41 "DELETE /compute/v2.1/servers/99ea9ab6-5b75-43b3-8532-2b60a7f6eb64/os-volume_attachments/e2ea152e-c4bd-4c40-afd8-98d7a160c283" status: 202 len: 0 microversion: 2.1 time: 0.832422
Jun 27 12:53:49.322924 dv-cinder-798099-1-smb devstack@n-api.service[93594]: [pid: 93594|app: 0|req: 87/182] 10.222.0.41 () {58 vars in 1416 bytes} [Sun Jun 27 12:53:48 2021] DELETE /compute/v2.1/servers/99ea9ab6-5b75-43b3-8532-2b60a7f6eb64/os-volume_attachments/e2ea152e-c4bd-4c40-afd8-98d7a160c283 => generated 0 bytes in 836 msecs (HTTP/1.1 202) 9 headers in 361 bytes (1 switches on core 0)
Jun 27 12:53:49.739856 dv-cinder-798099-1-smb devstack@n-api.service[93593]: DEBUG nova.api.openstack.wsgi [None req-b6eec2de-778c-418c-adf4-cdfc5b95f660 tempest-AttachVolumeTestJSON-965343515 tempest-AttachVolumeTestJSON-965343515-project] Action: 'action', calling method: >, body: {"os-getConsoleOutput": {}} {{(pid=93593) _process_stack /opt/stack/nova/nova/api/openstack/wsgi.py:511}}
Jun 27 12:53:49.741379 dv-cinder-798099-1-smb devstack@n-api.service[93593]: DEBUG nova.compute.api [None req-b6eec2de-778c-418c-adf4-cdfc5b95f660 tempest-AttachVolumeTestJSON-965343515 tempest-AttachVolumeTestJSON-965343515-project] [instance: 7836de6e-5c92-452a-a654-625048bd0aa3] Fetching instance by UUID {{(pid=93593) get /opt/stack/nova/nova/compute/api.py:2815}}
Jun 27 12:53:49.750803 dv-cinder-798099-1-smb devstack@n-api.service[93593]: DEBUG oslo_concurrency.lockutils [None req-b6eec2de-778c-418c-adf4-cdfc5b95f660 tempest-AttachVolumeTestJSON-965343515 tempest-AttachVolumeTestJSON-965343515-project] Lock "d4b38186-6a29-44e0-8756-34d7cb1184b7" acquired by "nova.context.set_target_cell..get_or_set_cached_cell_and_set_connections" :: waited 0.000s {{(pid=93593) inner /usr/local/lib/python3.8/dist-packages/oslo_concurrency/lockutils.py:355}}
Jun 27 12:53:49.751505 dv-cinder-798099-1-smb devstack@n-api.service[93593]: DEBUG oslo_concurrency.lockutils [None req-b6eec2de-778c-418c-adf4-cdfc5b95f660 tempest-AttachVolumeTestJSON-965343515 tempest-AttachVolumeTestJSON-965343515-project] Lock "d4b38186-6a29-44e0-8756-34d7cb1184b7" released by "nova.context.set_target_cell..get_or_set_cached_cell_and_set_connections" :: held 0.001s {{(pid=93593) inner /usr/local/lib/python3.8/dist-packages/oslo_concurrency/lockutils.py:367}}
Jun 27 12:53:49.753238 dv-cinder-798099-1-smb devstack@n-api.service[93593]: DEBUG oslo_concurrency.lockutils [None req-b6eec2de-778c-418c-adf4-cdfc5b95f660 tempest-AttachVolumeTestJSON-965343515 tempest-AttachVolumeTestJSON-965343515-project] Lock "d4b38186-6a29-44e0-8756-34d7cb1184b7" acquired by "nova.context.set_target_cell..get_or_set_cached_cell_and_set_connections" :: waited 0.000s {{(pid=93593) inner /usr/local/lib/python3.8/dist-packages/oslo_concurrency/lockutils.py:355}}
Jun 27 12:53:49.754063 dv-cinder-798099-1-smb devstack@n-api.service[93593]: DEBUG oslo_concurrency.lockutils [None req-b6eec2de-778c-418c-adf4-cdfc5b95f660 tempest-AttachVolumeTestJSON-965343515 tempest-AttachVolumeTestJSON-965343515-project] Lock "d4b38186-6a29-44e0-8756-34d7cb1184b7" released by "nova.context.set_target_cell..get_or_set_cached_cell_and_set_connections" :: held 0.001s {{(pid=93593) inner /usr/local/lib/python3.8/dist-packages/oslo_concurrency/lockutils.py:367}}
Jun 27 12:53:49.962923 dv-cinder-798099-1-smb devstack@n-api.service[93593]: INFO nova.api.openstack.requestlog [None req-b6eec2de-778c-418c-adf4-cdfc5b95f660 tempest-AttachVolumeTestJSON-965343515 tempest-AttachVolumeTestJSON-965343515-project] 10.222.0.41 "POST /compute/v2.1/servers/7836de6e-5c92-452a-a654-625048bd0aa3/action" status: 200 len: 28179 microversion: 2.1 time: 0.226740
Jun 27 12:53:49.964443 dv-cinder-798099-1-smb devstack@n-api.service[93593]: [pid: 93593|app: 0|req: 96/183] 10.222.0.41 () {60 vars in 1278 bytes} [Sun Jun 27 12:53:49 2021] POST /compute/v2.1/servers/7836de6e-5c92-452a-a654-625048bd0aa3/action => generated 28179 bytes in 229 msecs (HTTP/1.1 200) 9 headers in 359 bytes (1 switches on core 0)
Jun 27 12:53:50.169738 dv-cinder-798099-1-smb devstack@n-api.service[93594]: DEBUG nova.api.openstack.wsgi [None req-68b0723e-a8d0-48c0-bcdc-a15248c065e3 tempest-VolumesActionsTest-1897320591 tempest-VolumesActionsTest-1897320591-project] Calling method '>' {{(pid=93594) _process_stack /opt/stack/nova/nova/api/openstack/wsgi.py:513}}
Jun 27 12:53:50.170681 dv-cinder-798099-1-smb devstack@n-api.service[93594]: DEBUG nova.compute.api [None req-68b0723e-a8d0-48c0-bcdc-a15248c065e3 tempest-VolumesActionsTest-1897320591 tempest-VolumesActionsTest-1897320591-project] [instance: cdedd29e-5840-4efc-bbf4-98e67a5ce7bc] Fetching instance by UUID {{(pid=93594) get /opt/stack/nova/nova/compute/api.py:2815}}
Jun 27 12:53:50.181815 dv-cinder-798099-1-smb devstack@n-api.service[93594]: DEBUG oslo_concurrency.lockutils [None req-68b0723e-a8d0-48c0-bcdc-a15248c065e3 tempest-VolumesActionsTest-1897320591 tempest-VolumesActionsTest-1897320591-project] Lock "d4b38186-6a29-44e0-8756-34d7cb1184b7" acquired by "nova.context.set_target_cell..get_or_set_cached_cell_and_set_connections" :: waited 0.000s {{(pid=93594) inner /usr/local/lib/python3.8/dist-packages/oslo_concurrency/lockutils.py:355}}
Jun 27 12:53:50.183349 dv-cinder-798099-1-smb devstack@n-api.service[93594]: DEBUG oslo_concurrency.lockutils [None req-68b0723e-a8d0-48c0-bcdc-a15248c065e3 tempest-VolumesActionsTest-1897320591 tempest-VolumesActionsTest-1897320591-project] Lock "d4b38186-6a29-44e0-8756-34d7cb1184b7" released by "nova.context.set_target_cell..get_or_set_cached_cell_and_set_connections" :: held 0.002s {{(pid=93594) inner /usr/local/lib/python3.8/dist-packages/oslo_concurrency/lockutils.py:367}}
Jun 27 12:53:50.185276 dv-cinder-798099-1-smb devstack@n-api.service[93594]: DEBUG oslo_concurrency.lockutils [None req-68b0723e-a8d0-48c0-bcdc-a15248c065e3 tempest-VolumesActionsTest-1897320591 tempest-VolumesActionsTest-1897320591-project] Lock "d4b38186-6a29-44e0-8756-34d7cb1184b7" acquired by "nova.context.set_target_cell..get_or_set_cached_cell_and_set_connections" :: waited 0.000s {{(pid=93594) inner /usr/local/lib/python3.8/dist-packages/oslo_concurrency/lockutils.py:355}}
Jun 27 12:53:50.186112 dv-cinder-798099-1-smb devstack@n-api.service[93594]: DEBUG oslo_concurrency.lockutils [None req-68b0723e-a8d0-48c0-bcdc-a15248c065e3 tempest-VolumesActionsTest-1897320591 tempest-VolumesActionsTest-1897320591-project] Lock "d4b38186-6a29-44e0-8756-34d7cb1184b7" released by "nova.context.set_target_cell..get_or_set_cached_cell_and_set_connections" :: held 0.001s {{(pid=93594) inner /usr/local/lib/python3.8/dist-packages/oslo_concurrency/lockutils.py:367}}
Jun 27 12:53:50.978860 dv-cinder-798099-1-smb devstack@n-api.service[93593]: DEBUG nova.api.openstack.wsgi [None req-721c35a4-3499-4eb9-b87b-2ef839dedb43 tempest-AttachVolumeTestJSON-965343515 tempest-AttachVolumeTestJSON-965343515-project] Action: 'action', calling method: >, body: {"os-getConsoleOutput": {}} {{(pid=93593) _process_stack /opt/stack/nova/nova/api/openstack/wsgi.py:511}}
Jun 27 12:53:50.983166 dv-cinder-798099-1-smb devstack@n-api.service[93593]: DEBUG nova.compute.api [None req-721c35a4-3499-4eb9-b87b-2ef839dedb43 tempest-AttachVolumeTestJSON-965343515 tempest-AttachVolumeTestJSON-965343515-project] [instance: 7836de6e-5c92-452a-a654-625048bd0aa3] Fetching instance by UUID {{(pid=93593) get /opt/stack/nova/nova/compute/api.py:2815}}
Jun 27 12:53:51.009385 dv-cinder-798099-1-smb devstack@n-api.service[93593]: DEBUG oslo_concurrency.lockutils [None req-721c35a4-3499-4eb9-b87b-2ef839dedb43 tempest-AttachVolumeTestJSON-965343515 tempest-AttachVolumeTestJSON-965343515-project] Lock "d4b38186-6a29-44e0-8756-34d7cb1184b7" acquired by "nova.context.set_target_cell..get_or_set_cached_cell_and_set_connections" :: waited 0.000s {{(pid=93593) inner /usr/local/lib/python3.8/dist-packages/oslo_concurrency/lockutils.py:355}}
Jun 27 12:53:51.011512 dv-cinder-798099-1-smb devstack@n-api.service[93593]: DEBUG oslo_concurrency.lockutils [None req-721c35a4-3499-4eb9-b87b-2ef839dedb43 tempest-AttachVolumeTestJSON-965343515 tempest-AttachVolumeTestJSON-965343515-project] Lock "d4b38186-6a29-44e0-8756-34d7cb1184b7" released by "nova.context.set_target_cell..get_or_set_cached_cell_and_set_connections" :: held 0.002s {{(pid=93593) inner /usr/local/lib/python3.8/dist-packages/oslo_concurrency/lockutils.py:367}}
Jun 27 12:53:51.012708 dv-cinder-798099-1-smb devstack@n-api.service[93593]: DEBUG oslo_concurrency.lockutils [None req-721c35a4-3499-4eb9-b87b-2ef839dedb43 tempest-AttachVolumeTestJSON-965343515 tempest-AttachVolumeTestJSON-965343515-project] Lock "d4b38186-6a29-44e0-8756-34d7cb1184b7" acquired by "nova.context.set_target_cell..get_or_set_cached_cell_and_set_connections" :: waited 0.000s {{(pid=93593) inner /usr/local/lib/python3.8/dist-packages/oslo_concurrency/lockutils.py:355}}
Jun 27 12:53:51.014532 dv-cinder-798099-1-smb devstack@n-api.service[93593]: DEBUG oslo_concurrency.lockutils [None req-721c35a4-3499-4eb9-b87b-2ef839dedb43 tempest-AttachVolumeTestJSON-965343515 tempest-AttachVolumeTestJSON-965343515-project] Lock "d4b38186-6a29-44e0-8756-34d7cb1184b7" released by "nova.context.set_target_cell..get_or_set_cached_cell_and_set_connections" :: held 0.002s {{(pid=93593) inner /usr/local/lib/python3.8/dist-packages/oslo_concurrency/lockutils.py:367}}
Jun 27 12:53:51.021321 dv-cinder-798099-1-smb devstack@n-api.service[93594]: DEBUG nova.policy [None req-68b0723e-a8d0-48c0-bcdc-a15248c065e3 tempest-VolumesActionsTest-1897320591 tempest-VolumesActionsTest-1897320591-project] Policy check for os_compute_api:os-extended-server-attributes failed with credentials {'is_admin': False, 'user_id': '3735f9d8ab5c43c09edd0d4b33c946f6', 'user_domain_id': 'default', 'system_scope': None, 'domain_id': None, 'project_id': '1cb921c3ae284816bfcfabbd695a8dd0', 'project_domain_id': 'default', 'roles': ['member', 'reader'], 'is_admin_project': True, 'service_user_id': None, 'service_user_domain_id': None, 'service_project_id': None, 'service_project_domain_id': None, 'service_roles': []} {{(pid=93594) authorize /opt/stack/nova/nova/policy.py:199}}
Jun 27 12:53:51.033426 dv-cinder-798099-1-smb devstack@n-api.service[93594]: INFO nova.api.openstack.requestlog [None req-68b0723e-a8d0-48c0-bcdc-a15248c065e3 tempest-VolumesActionsTest-1897320591 tempest-VolumesActionsTest-1897320591-project] 10.222.0.41 "GET /compute/v2.1/servers/cdedd29e-5840-4efc-bbf4-98e67a5ce7bc" status: 200 len: 1313 microversion: 2.1 time: 0.869087
Jun 27 12:53:51.036844 dv-cinder-798099-1-smb devstack@n-api.service[93594]: [pid: 93594|app: 0|req: 88/184] 10.222.0.41 () {58 vars in 1236 bytes} [Sun Jun 27 12:53:50 2021] GET /compute/v2.1/servers/cdedd29e-5840-4efc-bbf4-98e67a5ce7bc => generated 1313 bytes in 874 msecs (HTTP/1.1 200) 9 headers in 358 bytes (1 switches on core 0)
Jun 27 12:53:51.143505 dv-cinder-798099-1-smb devstack@n-api.service[93594]: DEBUG nova.api.openstack.wsgi [None req-458eb798-5b13-412a-8371-a6edf481e2b0 tempest-AttachVolumeNegativeTest-698956470 tempest-AttachVolumeNegativeTest-698956470-project] Action: 'create', calling method: >, body: {"server": {"name": "tempest-AttachVolumeNegativeTest-server-1936396736", "imageRef": "4cd5a8ad-b6ac-433c-9b17-da6f603a0187", "flavorRef": "452", "networks": [{"uuid": "ad63dbb5-11bf-4177-9d20-5e29a67dca80"}]}} {{(pid=93594) _process_stack /opt/stack/nova/nova/api/openstack/wsgi.py:511}}
Jun 27 12:53:51.159840 dv-cinder-798099-1-smb devstack@n-api.service[93593]: INFO nova.api.openstack.requestlog [None req-721c35a4-3499-4eb9-b87b-2ef839dedb43 tempest-AttachVolumeTestJSON-965343515 tempest-AttachVolumeTestJSON-965343515-project] 10.222.0.41 "POST /compute/v2.1/servers/7836de6e-5c92-452a-a654-625048bd0aa3/action" status: 200 len: 28179 microversion: 2.1 time: 0.186110
Jun 27 12:53:51.161290 dv-cinder-798099-1-smb devstack@n-api.service[93593]: [pid: 93593|app: 0|req: 97/185] 10.222.0.41 () {60 vars in 1278 bytes} [Sun Jun 27 12:53:50 2021] POST /compute/v2.1/servers/7836de6e-5c92-452a-a654-625048bd0aa3/action => generated 28179 bytes in 189 msecs (HTTP/1.1 200) 9 headers in 359 bytes (2 switches on core 0)
Jun 27 12:53:51.219824 dv-cinder-798099-1-smb devstack@n-api.service[93594]: DEBUG nova.network.neutron [None req-458eb798-5b13-412a-8371-a6edf481e2b0 tempest-AttachVolumeNegativeTest-698956470 tempest-AttachVolumeNegativeTest-698956470-project] validate_networks() for [('ad63dbb5-11bf-4177-9d20-5e29a67dca80', None, None, None)] {{(pid=93594) validate_networks /opt/stack/nova/nova/network/neutron.py:2367}}
Jun 27 12:53:52.054353 dv-cinder-798099-1-smb devstack@n-api.service[93593]: DEBUG nova.api.openstack.wsgi [None req-49e4cc62-0e98-40e5-b470-43573e768876 tempest-VolumesActionsTest-1897320591 tempest-VolumesActionsTest-1897320591-project] Calling method '>' {{(pid=93593) _process_stack /opt/stack/nova/nova/api/openstack/wsgi.py:513}}
Jun 27 12:53:52.055086 dv-cinder-798099-1-smb devstack@n-api.service[93593]: DEBUG nova.compute.api [None req-49e4cc62-0e98-40e5-b470-43573e768876 tempest-VolumesActionsTest-1897320591 tempest-VolumesActionsTest-1897320591-project] [instance: cdedd29e-5840-4efc-bbf4-98e67a5ce7bc] Fetching instance by UUID {{(pid=93593) get /opt/stack/nova/nova/compute/api.py:2815}}
Jun 27 12:53:52.066591 dv-cinder-798099-1-smb devstack@n-api.service[93593]: DEBUG oslo_concurrency.lockutils [None req-49e4cc62-0e98-40e5-b470-43573e768876 tempest-VolumesActionsTest-1897320591 tempest-VolumesActionsTest-1897320591-project] Lock "d4b38186-6a29-44e0-8756-34d7cb1184b7" acquired by "nova.context.set_target_cell..get_or_set_cached_cell_and_set_connections" :: waited 0.000s {{(pid=93593) inner /usr/local/lib/python3.8/dist-packages/oslo_concurrency/lockutils.py:355}}
Jun 27 12:53:52.070043 dv-cinder-798099-1-smb devstack@n-api.service[93593]: DEBUG oslo_concurrency.lockutils [None req-49e4cc62-0e98-40e5-b470-43573e768876 tempest-VolumesActionsTest-1897320591 tempest-VolumesActionsTest-1897320591-project] Lock "d4b38186-6a29-44e0-8756-34d7cb1184b7" released by "nova.context.set_target_cell..get_or_set_cached_cell_and_set_connections" :: held 0.003s {{(pid=93593) inner /usr/local/lib/python3.8/dist-packages/oslo_concurrency/lockutils.py:367}}
Jun 27 12:53:52.071253 dv-cinder-798099-1-smb devstack@n-api.service[93593]: DEBUG oslo_concurrency.lockutils [None req-49e4cc62-0e98-40e5-b470-43573e768876 tempest-VolumesActionsTest-1897320591 tempest-VolumesActionsTest-1897320591-project] Lock "d4b38186-6a29-44e0-8756-34d7cb1184b7" acquired by "nova.context.set_target_cell..get_or_set_cached_cell_and_set_connections" :: waited 0.000s {{(pid=93593) inner /usr/local/lib/python3.8/dist-packages/oslo_concurrency/lockutils.py:355}}
Jun 27 12:53:52.072012 dv-cinder-798099-1-smb devstack@n-api.service[93593]: DEBUG oslo_concurrency.lockutils [None req-49e4cc62-0e98-40e5-b470-43573e768876 tempest-VolumesActionsTest-1897320591 tempest-VolumesActionsTest-1897320591-project] Lock "d4b38186-6a29-44e0-8756-34d7cb1184b7" released by "nova.context.set_target_cell..get_or_set_cached_cell_and_set_connections" :: held 0.004s {{(pid=93593) inner /usr/local/lib/python3.8/dist-packages/oslo_concurrency/lockutils.py:367}}
Jun 27 12:53:52.544049 dv-cinder-798099-1-smb devstack@n-api.service[93593]: DEBUG nova.policy [None req-49e4cc62-0e98-40e5-b470-43573e768876 tempest-VolumesActionsTest-1897320591 tempest-VolumesActionsTest-1897320591-project] Policy check for os_compute_api:os-extended-server-attributes failed with credentials {'is_admin': False, 'user_id': '3735f9d8ab5c43c09edd0d4b33c946f6', 'user_domain_id': 'default', 'system_scope': None, 'domain_id': None, 'project_id': '1cb921c3ae284816bfcfabbd695a8dd0', 'project_domain_id': 'default', 'roles': ['member', 'reader'], 'is_admin_project': True, 'service_user_id': None, 'service_user_domain_id': None, 'service_project_id': None, 'service_project_domain_id': None, 'service_roles': []} {{(pid=93593) authorize /opt/stack/nova/nova/policy.py:199}}
Jun 27 12:53:52.566099 dv-cinder-798099-1-smb devstack@n-api.service[93593]: INFO nova.api.openstack.requestlog [None req-49e4cc62-0e98-40e5-b470-43573e768876 tempest-VolumesActionsTest-1897320591 tempest-VolumesActionsTest-1897320591-project] 10.222.0.41 "GET /compute/v2.1/servers/cdedd29e-5840-4efc-bbf4-98e67a5ce7bc" status: 200 len: 1313 microversion: 2.1 time: 0.504782
Jun 27 12:53:52.566099 dv-cinder-798099-1-smb devstack@n-api.service[93593]: [pid: 93593|app: 0|req: 98/186] 10.222.0.41 () {58 vars in 1236 bytes} [Sun Jun 27 12:53:52 2021] GET /compute/v2.1/servers/cdedd29e-5840-4efc-bbf4-98e67a5ce7bc => generated 1313 bytes in 506 msecs (HTTP/1.1 200) 9 headers in 358 bytes (2 switches on core 0)
Jun 27 12:53:52.566099 dv-cinder-798099-1-smb devstack@n-api.service[93593]: DEBUG nova.api.openstack.wsgi [None req-c8303030-76e5-44a6-bf82-52c54b84fb08 tempest-AttachVolumeTestJSON-965343515 tempest-AttachVolumeTestJSON-965343515-project] Action: 'action', calling method: >, body: {"os-getConsoleOutput": {}} {{(pid=93593) _process_stack /opt/stack/nova/nova/api/openstack/wsgi.py:511}}
Jun 27 12:53:52.566099 dv-cinder-798099-1-smb devstack@n-api.service[93593]: DEBUG nova.compute.api [None req-c8303030-76e5-44a6-bf82-52c54b84fb08 tempest-AttachVolumeTestJSON-965343515 tempest-AttachVolumeTestJSON-965343515-project] [instance: 7836de6e-5c92-452a-a654-625048bd0aa3] Fetching instance by UUID {{(pid=93593) get /opt/stack/nova/nova/compute/api.py:2815}}
Jun 27 12:53:52.576270 dv-cinder-798099-1-smb devstack@n-api.service[93593]: DEBUG oslo_concurrency.lockutils [None req-c8303030-76e5-44a6-bf82-52c54b84fb08 tempest-AttachVolumeTestJSON-965343515 tempest-AttachVolumeTestJSON-965343515-project] Lock "d4b38186-6a29-44e0-8756-34d7cb1184b7" acquired by "nova.context.set_target_cell..get_or_set_cached_cell_and_set_connections" :: waited 0.000s {{(pid=93593) inner /usr/local/lib/python3.8/dist-packages/oslo_concurrency/lockutils.py:355}}
Jun 27 12:53:52.577384 dv-cinder-798099-1-smb devstack@n-api.service[93593]: DEBUG oslo_concurrency.lockutils [None req-c8303030-76e5-44a6-bf82-52c54b84fb08 tempest-AttachVolumeTestJSON-965343515 tempest-AttachVolumeTestJSON-965343515-project] Lock "d4b38186-6a29-44e0-8756-34d7cb1184b7" released by "nova.context.set_target_cell..get_or_set_cached_cell_and_set_connections" :: held 0.001s {{(pid=93593) inner /usr/local/lib/python3.8/dist-packages/oslo_concurrency/lockutils.py:367}}
Jun 27 12:53:52.577921 dv-cinder-798099-1-smb devstack@n-api.service[93593]: DEBUG oslo_concurrency.lockutils [None req-c8303030-76e5-44a6-bf82-52c54b84fb08 tempest-AttachVolumeTestJSON-965343515 tempest-AttachVolumeTestJSON-965343515-project] Lock "d4b38186-6a29-44e0-8756-34d7cb1184b7" acquired by "nova.context.set_target_cell..get_or_set_cached_cell_and_set_connections" :: waited 0.000s {{(pid=93593) inner /usr/local/lib/python3.8/dist-packages/oslo_concurrency/lockutils.py:355}}
Jun 27 12:53:52.578468 dv-cinder-798099-1-smb devstack@n-api.service[93593]: DEBUG oslo_concurrency.lockutils [None req-c8303030-76e5-44a6-bf82-52c54b84fb08 tempest-AttachVolumeTestJSON-965343515 tempest-AttachVolumeTestJSON-965343515-project] Lock "d4b38186-6a29-44e0-8756-34d7cb1184b7" released by "nova.context.set_target_cell..get_or_set_cached_cell_and_set_connections" :: held 0.001s {{(pid=93593) inner /usr/local/lib/python3.8/dist-packages/oslo_concurrency/lockutils.py:367}}
Jun 27 12:53:52.712042 dv-cinder-798099-1-smb devstack@n-api.service[93593]: INFO nova.api.openstack.requestlog [None req-c8303030-76e5-44a6-bf82-52c54b84fb08 tempest-AttachVolumeTestJSON-965343515 tempest-AttachVolumeTestJSON-965343515-project] 10.222.0.41 "POST /compute/v2.1/servers/7836de6e-5c92-452a-a654-625048bd0aa3/action" status: 200 len: 28179 microversion: 2.1 time: 0.155809
Jun 27 12:53:52.713107 dv-cinder-798099-1-smb devstack@n-api.service[93593]: [pid: 93593|app: 0|req: 99/187] 10.222.0.41 () {60 vars in 1278 bytes} [Sun Jun 27 12:53:52 2021] POST /compute/v2.1/servers/7836de6e-5c92-452a-a654-625048bd0aa3/action => generated 28179 bytes in 157 msecs (HTTP/1.1 200) 9 headers in 359 bytes (1 switches on core 0)
Jun 27 12:53:52.720074 dv-cinder-798099-1-smb devstack@n-api.service[93593]: DEBUG nova.api.openstack.wsgi [req-4357d350-bf70-484d-a6e4-6fd023922efd req-b576f232-9f2d-4126-ad3f-2babf472c6de service nova] Action: 'create', calling method: >, body: {"events": [{"name": "network-changed", "server_uuid": "cdedd29e-5840-4efc-bbf4-98e67a5ce7bc", "tag": "bafe732a-5fe1-481b-b68b-0aa30e62bb41"}]} {{(pid=93593) _process_stack /opt/stack/nova/nova/api/openstack/wsgi.py:511}}
Jun 27 12:53:52.721792 dv-cinder-798099-1-smb devstack@n-api.service[93593]: /usr/local/lib/python3.8/dist-packages/oslo_policy/policy.py:1054: UserWarning: Policy os_compute_api:os-server-external-events:create failed scope check. The token used to make the request was project scoped but the policy requires ['system'] scope. This behavior may change in the future where using the intended scope is required
Jun 27 12:53:52.721792 dv-cinder-798099-1-smb devstack@n-api.service[93593]: warnings.warn(msg)
Jun 27 12:53:52.764210 dv-cinder-798099-1-smb devstack@n-api.service[93593]: DEBUG oslo_concurrency.lockutils [req-4357d350-bf70-484d-a6e4-6fd023922efd req-b576f232-9f2d-4126-ad3f-2babf472c6de service nova] Lock "d4b38186-6a29-44e0-8756-34d7cb1184b7" acquired by "nova.context.set_target_cell..get_or_set_cached_cell_and_set_connections" :: waited 0.000s {{(pid=93593) inner /usr/local/lib/python3.8/dist-packages/oslo_concurrency/lockutils.py:355}}
Jun 27 12:53:52.764645 dv-cinder-798099-1-smb devstack@n-api.service[93593]: DEBUG oslo_concurrency.lockutils [req-4357d350-bf70-484d-a6e4-6fd023922efd req-b576f232-9f2d-4126-ad3f-2babf472c6de service nova] Lock "d4b38186-6a29-44e0-8756-34d7cb1184b7" released by "nova.context.set_target_cell..get_or_set_cached_cell_and_set_connections" :: held 0.001s {{(pid=93593) inner /usr/local/lib/python3.8/dist-packages/oslo_concurrency/lockutils.py:367}}
Jun 27 12:53:52.819132 dv-cinder-798099-1-smb devstack@n-api.service[93593]: INFO nova.api.openstack.compute.server_external_events [req-4357d350-bf70-484d-a6e4-6fd023922efd req-b576f232-9f2d-4126-ad3f-2babf472c6de service nova] Creating event network-changed:bafe732a-5fe1-481b-b68b-0aa30e62bb41 for instance cdedd29e-5840-4efc-bbf4-98e67a5ce7bc on hv-cinder-79809
Jun 27 12:53:52.824729 dv-cinder-798099-1-smb devstack@n-api.service[93593]: INFO nova.api.openstack.requestlog [req-4357d350-bf70-484d-a6e4-6fd023922efd req-b576f232-9f2d-4126-ad3f-2babf472c6de service nova] 10.222.0.41 "POST /compute/v2.1/os-server-external-events" status: 200 len: 179 microversion: 2.1 time: 0.109999
Jun 27 12:53:52.825897 dv-cinder-798099-1-smb devstack@n-api.service[93593]: [pid: 93593|app: 0|req: 100/188] 10.222.0.41 () {64 vars in 1318 bytes} [Sun Jun 27 12:53:52 2021] POST /compute/v2.1/os-server-external-events => generated 179 bytes in 112 msecs (HTTP/1.1 200) 9 headers in 357 bytes (1 switches on core 0)
Jun 27 12:53:52.867318 dv-cinder-798099-1-smb devstack@n-api.service[93594]: DEBUG nova.virt.hardware [None req-458eb798-5b13-412a-8371-a6edf481e2b0 tempest-AttachVolumeNegativeTest-698956470 tempest-AttachVolumeNegativeTest-698956470-project] Flavor limits 0:0:0 {{(pid=93594) get_cpu_topology_constraints /opt/stack/nova/nova/virt/hardware.py:344}}
Jun 27 12:53:52.868326 dv-cinder-798099-1-smb devstack@n-api.service[93594]: DEBUG nova.virt.hardware [None req-458eb798-5b13-412a-8371-a6edf481e2b0 tempest-AttachVolumeNegativeTest-698956470 tempest-AttachVolumeNegativeTest-698956470-project] Image limits 0:0:0 {{(pid=93594) get_cpu_topology_constraints /opt/stack/nova/nova/virt/hardware.py:348}}
Jun 27 12:53:52.868998 dv-cinder-798099-1-smb devstack@n-api.service[93594]: DEBUG nova.virt.hardware [None req-458eb798-5b13-412a-8371-a6edf481e2b0 tempest-AttachVolumeNegativeTest-698956470 tempest-AttachVolumeNegativeTest-698956470-project] Flavor pref 0:0:0 {{(pid=93594) get_cpu_topology_constraints /opt/stack/nova/nova/virt/hardware.py:384}}
Jun 27 12:53:52.869767 dv-cinder-798099-1-smb devstack@n-api.service[93594]: DEBUG nova.virt.hardware [None req-458eb798-5b13-412a-8371-a6edf481e2b0 tempest-AttachVolumeNegativeTest-698956470 tempest-AttachVolumeNegativeTest-698956470-project] Image pref 0:0:0 {{(pid=93594) get_cpu_topology_constraints /opt/stack/nova/nova/virt/hardware.py:388}}
Jun 27 12:53:52.870497 dv-cinder-798099-1-smb devstack@n-api.service[93594]: DEBUG nova.virt.hardware [None req-458eb798-5b13-412a-8371-a6edf481e2b0 tempest-AttachVolumeNegativeTest-698956470 tempest-AttachVolumeNegativeTest-698956470-project] Chose sockets=0, cores=0, threads=0; limits were sockets=65536, cores=65536, threads=65536 {{(pid=93594) get_cpu_topology_constraints /opt/stack/nova/nova/virt/hardware.py:426}}
Jun 27 12:53:52.880928 dv-cinder-798099-1-smb devstack@n-api.service[93594]: DEBUG oslo_concurrency.lockutils [None req-458eb798-5b13-412a-8371-a6edf481e2b0 tempest-AttachVolumeNegativeTest-698956470 tempest-AttachVolumeNegativeTest-698956470-project] Lock "00000000-0000-0000-0000-000000000000" acquired by "nova.context.set_target_cell..get_or_set_cached_cell_and_set_connections" :: waited 0.000s {{(pid=93594) inner /usr/local/lib/python3.8/dist-packages/oslo_concurrency/lockutils.py:355}}
Jun 27 12:53:52.881931 dv-cinder-798099-1-smb devstack@n-api.service[93594]: DEBUG oslo_concurrency.lockutils [None req-458eb798-5b13-412a-8371-a6edf481e2b0 tempest-AttachVolumeNegativeTest-698956470 tempest-AttachVolumeNegativeTest-698956470-project] Lock "00000000-0000-0000-0000-000000000000" released by "nova.context.set_target_cell..get_or_set_cached_cell_and_set_connections" :: held 0.001s {{(pid=93594) inner /usr/local/lib/python3.8/dist-packages/oslo_concurrency/lockutils.py:367}}
Jun 27 12:53:52.884809 dv-cinder-798099-1-smb devstack@n-api.service[93594]: DEBUG oslo_concurrency.lockutils [None req-458eb798-5b13-412a-8371-a6edf481e2b0 tempest-AttachVolumeNegativeTest-698956470 tempest-AttachVolumeNegativeTest-698956470-project] Lock "d4b38186-6a29-44e0-8756-34d7cb1184b7" acquired by "nova.context.set_target_cell..get_or_set_cached_cell_and_set_connections" :: waited 0.000s {{(pid=93594) inner /usr/local/lib/python3.8/dist-packages/oslo_concurrency/lockutils.py:355}}
Jun 27 12:53:52.884809 dv-cinder-798099-1-smb devstack@n-api.service[93594]: DEBUG oslo_concurrency.lockutils [None req-458eb798-5b13-412a-8371-a6edf481e2b0 tempest-AttachVolumeNegativeTest-698956470 tempest-AttachVolumeNegativeTest-698956470-project] Lock "d4b38186-6a29-44e0-8756-34d7cb1184b7" released by "nova.context.set_target_cell..get_or_set_cached_cell_and_set_connections" :: held 0.001s {{(pid=93594) inner /usr/local/lib/python3.8/dist-packages/oslo_concurrency/lockutils.py:367}}
Jun 27 12:53:52.906405 dv-cinder-798099-1-smb devstack@n-api.service[93594]: DEBUG nova.quota [None req-458eb798-5b13-412a-8371-a6edf481e2b0 tempest-AttachVolumeNegativeTest-698956470 tempest-AttachVolumeNegativeTest-698956470-project] Getting quotas for project fcb92e9377bb46debad9fdb20f60124f. Resources: {'ram', 'cores', 'instances'} {{(pid=93594) _get_quotas /opt/stack/nova/nova/quota.py:387}}
Jun 27 12:53:52.912705 dv-cinder-798099-1-smb devstack@n-api.service[93594]: DEBUG nova.quota [None req-458eb798-5b13-412a-8371-a6edf481e2b0 tempest-AttachVolumeNegativeTest-698956470 tempest-AttachVolumeNegativeTest-698956470-project] Getting quotas for user 653434eec8434fe0a0e53c4018c05055 and project fcb92e9377bb46debad9fdb20f60124f. Resources: {'ram', 'cores', 'instances'} {{(pid=93594) _get_quotas /opt/stack/nova/nova/quota.py:377}}
Jun 27 12:53:52.927402 dv-cinder-798099-1-smb devstack@n-api.service[93594]: DEBUG nova.compute.api [None req-458eb798-5b13-412a-8371-a6edf481e2b0 tempest-AttachVolumeNegativeTest-698956470 tempest-AttachVolumeNegativeTest-698956470-project] Going to run 1 instances... {{(pid=93594) _provision_instances /opt/stack/nova/nova/compute/api.py:1283}}
Jun 27 12:53:52.930224 dv-cinder-798099-1-smb devstack@n-api.service[93594]: DEBUG nova.compute.api [None req-458eb798-5b13-412a-8371-a6edf481e2b0 tempest-AttachVolumeNegativeTest-698956470 tempest-AttachVolumeNegativeTest-698956470-project] [instance: e3974d97-12d3-4cce-8313-e77d10b697cb] block_device_mapping [BlockDeviceMapping(attachment_id=,boot_index=0,connection_info=None,created_at=,delete_on_termination=True,deleted=,deleted_at=,destination_type='local',device_name=None,device_type='disk',disk_bus=None,guest_format=None,id=,image_id='4cd5a8ad-b6ac-433c-9b17-da6f603a0187',instance=,instance_uuid=,no_device=False,snapshot_id=None,source_type='image',tag=None,updated_at=,uuid=,volume_id=None,volume_size=None,volume_type=None)] {{(pid=93594) _bdm_validate_set_size_and_instance /opt/stack/nova/nova/compute/api.py:1684}}
Jun 27 12:53:53.152010 dv-cinder-798099-1-smb devstack@n-api.service[93594]: INFO nova.api.openstack.requestlog [None req-458eb798-5b13-412a-8371-a6edf481e2b0 tempest-AttachVolumeNegativeTest-698956470 tempest-AttachVolumeNegativeTest-698956470-project] 10.222.0.41 "POST /compute/v2.1/servers" status: 202 len: 380 microversion: 2.1 time: 2.012314
Jun 27 12:53:53.155129 dv-cinder-798099-1-smb devstack@n-api.service[93594]: [pid: 93594|app: 0|req: 89/189] 10.222.0.41 () {60 vars in 1147 bytes} [Sun Jun 27 12:53:51 2021] POST /compute/v2.1/servers => generated 380 bytes in 2016 msecs (HTTP/1.1 202) 10 headers in 451 bytes (2 switches on core 0)
Jun 27 12:53:53.167993 dv-cinder-798099-1-smb devstack@n-api.service[93593]: DEBUG nova.api.openstack.wsgi [None req-19b9895e-538a-45d1-93ad-cfbfba20b674 tempest-AttachVolumeNegativeTest-698956470 tempest-AttachVolumeNegativeTest-698956470-project] Calling method '>' {{(pid=93593) _process_stack /opt/stack/nova/nova/api/openstack/wsgi.py:513}}
Jun 27 12:53:53.169418 dv-cinder-798099-1-smb devstack@n-api.service[93593]: DEBUG nova.compute.api [None req-19b9895e-538a-45d1-93ad-cfbfba20b674 tempest-AttachVolumeNegativeTest-698956470 tempest-AttachVolumeNegativeTest-698956470-project] [instance: e3974d97-12d3-4cce-8313-e77d10b697cb] Fetching instance by UUID {{(pid=93593) get /opt/stack/nova/nova/compute/api.py:2815}}
Jun 27 12:53:53.573276 dv-cinder-798099-1-smb devstack@n-api.service[93594]: DEBUG nova.api.openstack.wsgi [None req-0f903b38-b879-4155-a278-c2b01fa3b375 tempest-VolumesActionsTest-1897320591 tempest-VolumesActionsTest-1897320591-project] Calling method '>' {{(pid=93594) _process_stack /opt/stack/nova/nova/api/openstack/wsgi.py:513}}
Jun 27 12:53:53.574340 dv-cinder-798099-1-smb devstack@n-api.service[93594]: DEBUG nova.compute.api [None req-0f903b38-b879-4155-a278-c2b01fa3b375 tempest-VolumesActionsTest-1897320591 tempest-VolumesActionsTest-1897320591-project] [instance: cdedd29e-5840-4efc-bbf4-98e67a5ce7bc] Fetching instance by UUID {{(pid=93594) get /opt/stack/nova/nova/compute/api.py:2815}}
Jun 27 12:53:53.598146 dv-cinder-798099-1-smb devstack@n-api.service[93594]: DEBUG oslo_concurrency.lockutils [None req-0f903b38-b879-4155-a278-c2b01fa3b375 tempest-VolumesActionsTest-1897320591 tempest-VolumesActionsTest-1897320591-project] Lock "d4b38186-6a29-44e0-8756-34d7cb1184b7" acquired by "nova.context.set_target_cell..get_or_set_cached_cell_and_set_connections" :: waited 0.000s {{(pid=93594) inner /usr/local/lib/python3.8/dist-packages/oslo_concurrency/lockutils.py:355}}
Jun 27 12:53:53.598775 dv-cinder-798099-1-smb devstack@n-api.service[93594]: DEBUG oslo_concurrency.lockutils [None req-0f903b38-b879-4155-a278-c2b01fa3b375 tempest-VolumesActionsTest-1897320591 tempest-VolumesActionsTest-1897320591-project] Lock "d4b38186-6a29-44e0-8756-34d7cb1184b7" released by "nova.context.set_target_cell..get_or_set_cached_cell_and_set_connections" :: held 0.001s {{(pid=93594) inner /usr/local/lib/python3.8/dist-packages/oslo_concurrency/lockutils.py:367}}
Jun 27 12:53:53.599589 dv-cinder-798099-1-smb devstack@n-api.service[93594]: DEBUG oslo_concurrency.lockutils [None req-0f903b38-b879-4155-a278-c2b01fa3b375 tempest-VolumesActionsTest-1897320591 tempest-VolumesActionsTest-1897320591-project] Lock "d4b38186-6a29-44e0-8756-34d7cb1184b7" acquired by "nova.context.set_target_cell..get_or_set_cached_cell_and_set_connections" :: waited 0.000s {{(pid=93594) inner /usr/local/lib/python3.8/dist-packages/oslo_concurrency/lockutils.py:355}}
Jun 27 12:53:53.602604 dv-cinder-798099-1-smb devstack@n-api.service[93594]: DEBUG oslo_concurrency.lockutils [None req-0f903b38-b879-4155-a278-c2b01fa3b375 tempest-VolumesActionsTest-1897320591 tempest-VolumesActionsTest-1897320591-project] Lock "d4b38186-6a29-44e0-8756-34d7cb1184b7" released by "nova.context.set_target_cell..get_or_set_cached_cell_and_set_connections" :: held 0.003s {{(pid=93594) inner /usr/local/lib/python3.8/dist-packages/oslo_concurrency/lockutils.py:367}}
Jun 27 12:53:53.618291 dv-cinder-798099-1-smb devstack@n-api.service[93593]: DEBUG nova.policy [None req-19b9895e-538a-45d1-93ad-cfbfba20b674 tempest-AttachVolumeNegativeTest-698956470 tempest-AttachVolumeNegativeTest-698956470-project] Policy check for os_compute_api:os-extended-server-attributes failed with credentials {'is_admin': False, 'user_id': '653434eec8434fe0a0e53c4018c05055', 'user_domain_id': 'default', 'system_scope': None, 'domain_id': None, 'project_id': 'fcb92e9377bb46debad9fdb20f60124f', 'project_domain_id': 'default', 'roles': ['member', 'reader'], 'is_admin_project': True, 'service_user_id': None, 'service_user_domain_id': None, 'service_project_id': None, 'service_project_domain_id': None, 'service_roles': []} {{(pid=93593) authorize /opt/stack/nova/nova/policy.py:199}}
Jun 27 12:53:53.626866 dv-cinder-798099-1-smb devstack@n-api.service[93593]: INFO nova.api.openstack.requestlog [None req-19b9895e-538a-45d1-93ad-cfbfba20b674 tempest-AttachVolumeNegativeTest-698956470 tempest-AttachVolumeNegativeTest-698956470-project] 10.222.0.41 "GET /compute/v2.1/servers/e3974d97-12d3-4cce-8313-e77d10b697cb" status: 200 len: 1218 microversion: 2.1 time: 0.464059
Jun 27 12:53:53.626958 dv-cinder-798099-1-smb devstack@n-api.service[93593]: [pid: 93593|app: 0|req: 101/190] 10.222.0.41 () {58 vars in 1236 bytes} [Sun Jun 27 12:53:53 2021] GET /compute/v2.1/servers/e3974d97-12d3-4cce-8313-e77d10b697cb => generated 1218 bytes in 466 msecs (HTTP/1.1 200) 9 headers in 358 bytes (1 switches on core 0)
Jun 27 12:53:53.724226 dv-cinder-798099-1-smb devstack@n-api.service[93593]: DEBUG nova.api.openstack.wsgi [None req-79565bea-2282-45db-909d-077eda34f9ac tempest-AttachVolumeTestJSON-965343515 tempest-AttachVolumeTestJSON-965343515-project] Action: 'action', calling method: >, body: {"os-getConsoleOutput": {}} {{(pid=93593) _process_stack /opt/stack/nova/nova/api/openstack/wsgi.py:511}}
Jun 27 12:53:53.725154 dv-cinder-798099-1-smb devstack@n-api.service[93593]: DEBUG nova.compute.api [None req-79565bea-2282-45db-909d-077eda34f9ac tempest-AttachVolumeTestJSON-965343515 tempest-AttachVolumeTestJSON-965343515-project] [instance: 7836de6e-5c92-452a-a654-625048bd0aa3] Fetching instance by UUID {{(pid=93593) get /opt/stack/nova/nova/compute/api.py:2815}}
Jun 27 12:53:53.780825 dv-cinder-798099-1-smb devstack@n-api.service[93593]: DEBUG oslo_concurrency.lockutils [None req-79565bea-2282-45db-909d-077eda34f9ac tempest-AttachVolumeTestJSON-965343515 tempest-AttachVolumeTestJSON-965343515-project] Lock "d4b38186-6a29-44e0-8756-34d7cb1184b7" acquired by "nova.context.set_target_cell..get_or_set_cached_cell_and_set_connections" :: waited 0.000s {{(pid=93593) inner /usr/local/lib/python3.8/dist-packages/oslo_concurrency/lockutils.py:355}}
Jun 27 12:53:53.781297 dv-cinder-798099-1-smb devstack@n-api.service[93593]: DEBUG oslo_concurrency.lockutils [None req-79565bea-2282-45db-909d-077eda34f9ac tempest-AttachVolumeTestJSON-965343515 tempest-AttachVolumeTestJSON-965343515-project] Lock "d4b38186-6a29-44e0-8756-34d7cb1184b7" released by "nova.context.set_target_cell..get_or_set_cached_cell_and_set_connections" :: held 0.001s {{(pid=93593) inner /usr/local/lib/python3.8/dist-packages/oslo_concurrency/lockutils.py:367}}
Jun 27 12:53:53.797666 dv-cinder-798099-1-smb devstack@n-api.service[93593]: DEBUG oslo_concurrency.lockutils [None req-79565bea-2282-45db-909d-077eda34f9ac tempest-AttachVolumeTestJSON-965343515 tempest-AttachVolumeTestJSON-965343515-project] Lock "d4b38186-6a29-44e0-8756-34d7cb1184b7" acquired by "nova.context.set_target_cell..get_or_set_cached_cell_and_set_connections" :: waited 0.000s {{(pid=93593) inner /usr/local/lib/python3.8/dist-packages/oslo_concurrency/lockutils.py:355}}
Jun 27 12:53:53.799037 dv-cinder-798099-1-smb devstack@n-api.service[93593]: DEBUG oslo_concurrency.lockutils [None req-79565bea-2282-45db-909d-077eda34f9ac tempest-AttachVolumeTestJSON-965343515 tempest-AttachVolumeTestJSON-965343515-project] Lock "d4b38186-6a29-44e0-8756-34d7cb1184b7" released by "nova.context.set_target_cell..get_or_set_cached_cell_and_set_connections" :: held 0.016s {{(pid=93593) inner /usr/local/lib/python3.8/dist-packages/oslo_concurrency/lockutils.py:367}}
Jun 27 12:53:54.151294 dv-cinder-798099-1-smb devstack@n-api.service[93594]: DEBUG nova.policy [None req-0f903b38-b879-4155-a278-c2b01fa3b375 tempest-VolumesActionsTest-1897320591 tempest-VolumesActionsTest-1897320591-project] Policy check for os_compute_api:os-extended-server-attributes failed with credentials {'is_admin': False, 'user_id': '3735f9d8ab5c43c09edd0d4b33c946f6', 'user_domain_id': 'default', 'system_scope': None, 'domain_id': None, 'project_id': '1cb921c3ae284816bfcfabbd695a8dd0', 'project_domain_id': 'default', 'roles': ['member', 'reader'], 'is_admin_project': True, 'service_user_id': None, 'service_user_domain_id': None, 'service_project_id': None, 'service_project_domain_id': None, 'service_roles': []} {{(pid=93594) authorize /opt/stack/nova/nova/policy.py:199}}
Jun 27 12:53:54.164132 dv-cinder-798099-1-smb devstack@n-api.service[93593]: INFO nova.api.openstack.requestlog [None req-79565bea-2282-45db-909d-077eda34f9ac tempest-AttachVolumeTestJSON-965343515 tempest-AttachVolumeTestJSON-965343515-project] 10.222.0.41 "POST /compute/v2.1/servers/7836de6e-5c92-452a-a654-625048bd0aa3/action" status: 200 len: 28179 microversion: 2.1 time: 0.443718
Jun 27 12:53:54.166874 dv-cinder-798099-1-smb devstack@n-api.service[93593]: [pid: 93593|app: 0|req: 102/191] 10.222.0.41 () {60 vars in 1278 bytes} [Sun Jun 27 12:53:53 2021] POST /compute/v2.1/servers/7836de6e-5c92-452a-a654-625048bd0aa3/action => generated 28179 bytes in 447 msecs (HTTP/1.1 200) 9 headers in 359 bytes (2 switches on core 0)
Jun 27 12:53:54.184577 dv-cinder-798099-1-smb devstack@n-api.service[93594]: INFO nova.api.openstack.requestlog [None req-0f903b38-b879-4155-a278-c2b01fa3b375 tempest-VolumesActionsTest-1897320591 tempest-VolumesActionsTest-1897320591-project] 10.222.0.41 "GET /compute/v2.1/servers/cdedd29e-5840-4efc-bbf4-98e67a5ce7bc" status: 200 len: 1313 microversion: 2.1 time: 0.615039
Jun 27 12:53:54.189421 dv-cinder-798099-1-smb devstack@n-api.service[93594]: [pid: 93594|app: 0|req: 90/192] 10.222.0.41 () {58 vars in 1236 bytes} [Sun Jun 27 12:53:53 2021] GET /compute/v2.1/servers/cdedd29e-5840-4efc-bbf4-98e67a5ce7bc => generated 1313 bytes in 621 msecs (HTTP/1.1 200) 9 headers in 358 bytes (2 switches on core 0)
Jun 27 12:53:54.646221 dv-cinder-798099-1-smb devstack@n-api.service[93593]: DEBUG nova.api.openstack.wsgi [None req-b8291e40-68a9-4d52-97a5-0345a7cb29c0 tempest-AttachVolumeNegativeTest-698956470 tempest-AttachVolumeNegativeTest-698956470-project] Calling method '>' {{(pid=93593) _process_stack /opt/stack/nova/nova/api/openstack/wsgi.py:513}}
Jun 27 12:53:54.647055 dv-cinder-798099-1-smb devstack@n-api.service[93593]: DEBUG nova.compute.api [None req-b8291e40-68a9-4d52-97a5-0345a7cb29c0 tempest-AttachVolumeNegativeTest-698956470 tempest-AttachVolumeNegativeTest-698956470-project] [instance: e3974d97-12d3-4cce-8313-e77d10b697cb] Fetching instance by UUID {{(pid=93593) get /opt/stack/nova/nova/compute/api.py:2815}}
Jun 27 12:53:54.670594 dv-cinder-798099-1-smb devstack@n-api.service[93593]: DEBUG oslo_concurrency.lockutils [None req-b8291e40-68a9-4d52-97a5-0345a7cb29c0 tempest-AttachVolumeNegativeTest-698956470 tempest-AttachVolumeNegativeTest-698956470-project] Lock "d4b38186-6a29-44e0-8756-34d7cb1184b7" acquired by "nova.context.set_target_cell..get_or_set_cached_cell_and_set_connections" :: waited 0.000s {{(pid=93593) inner /usr/local/lib/python3.8/dist-packages/oslo_concurrency/lockutils.py:355}}
Jun 27 12:53:54.671493 dv-cinder-798099-1-smb devstack@n-api.service[93593]: DEBUG oslo_concurrency.lockutils [None req-b8291e40-68a9-4d52-97a5-0345a7cb29c0 tempest-AttachVolumeNegativeTest-698956470 tempest-AttachVolumeNegativeTest-698956470-project] Lock "d4b38186-6a29-44e0-8756-34d7cb1184b7" released by "nova.context.set_target_cell..get_or_set_cached_cell_and_set_connections" :: held 0.006s {{(pid=93593) inner /usr/local/lib/python3.8/dist-packages/oslo_concurrency/lockutils.py:367}}
Jun 27 12:53:54.672583 dv-cinder-798099-1-smb devstack@n-api.service[93593]: DEBUG oslo_concurrency.lockutils [None req-b8291e40-68a9-4d52-97a5-0345a7cb29c0 tempest-AttachVolumeNegativeTest-698956470 tempest-AttachVolumeNegativeTest-698956470-project] Lock "d4b38186-6a29-44e0-8756-34d7cb1184b7" acquired by "nova.context.set_target_cell..get_or_set_cached_cell_and_set_connections" :: waited 0.000s {{(pid=93593) inner /usr/local/lib/python3.8/dist-packages/oslo_concurrency/lockutils.py:355}}
Jun 27 12:53:54.674602 dv-cinder-798099-1-smb devstack@n-api.service[93593]: DEBUG oslo_concurrency.lockutils [None req-b8291e40-68a9-4d52-97a5-0345a7cb29c0 tempest-AttachVolumeNegativeTest-698956470 tempest-AttachVolumeNegativeTest-698956470-project] Lock "d4b38186-6a29-44e0-8756-34d7cb1184b7" released by "nova.context.set_target_cell..get_or_set_cached_cell_and_set_connections" :: held 0.002s {{(pid=93593) inner /usr/local/lib/python3.8/dist-packages/oslo_concurrency/lockutils.py:367}}
Jun 27 12:53:54.926557 dv-cinder-798099-1-smb devstack@n-api.service[93593]: DEBUG nova.policy [None req-b8291e40-68a9-4d52-97a5-0345a7cb29c0 tempest-AttachVolumeNegativeTest-698956470 tempest-AttachVolumeNegativeTest-698956470-project] Policy check for os_compute_api:os-extended-server-attributes failed with credentials {'is_admin': False, 'user_id': '653434eec8434fe0a0e53c4018c05055', 'user_domain_id': 'default', 'system_scope': None, 'domain_id': None, 'project_id': 'fcb92e9377bb46debad9fdb20f60124f', 'project_domain_id': 'default', 'roles': ['member', 'reader'], 'is_admin_project': True, 'service_user_id': None, 'service_user_domain_id': None, 'service_project_id': None, 'service_project_domain_id': None, 'service_roles': []} {{(pid=93593) authorize /opt/stack/nova/nova/policy.py:199}}
Jun 27 12:53:54.945541 dv-cinder-798099-1-smb devstack@n-api.service[93593]: INFO nova.api.openstack.requestlog [None req-b8291e40-68a9-4d52-97a5-0345a7cb29c0 tempest-AttachVolumeNegativeTest-698956470 tempest-AttachVolumeNegativeTest-698956470-project] 10.222.0.41 "GET /compute/v2.1/servers/e3974d97-12d3-4cce-8313-e77d10b697cb" status: 200 len: 1214 microversion: 2.1 time: 0.304352
