Jun 27 12:19:15.660499 dv-cinder-798098-1-iscsi devstack@n-api.service[88685]: DEBUG nova.context [None req-ca8be9e1-82ac-4fc3-963b-557f4636072f None None] Found 2 cells: 00000000-0000-0000-0000-000000000000(cell0),221472fc-e29f-4475-b5c2-727c69904e6a(cell1) {{(pid=88685) load_cells /opt/stack/nova/nova/context.py:465}}
Jun 27 12:19:15.664709 dv-cinder-798098-1-iscsi devstack@n-api.service[88685]: DEBUG oslo_concurrency.lockutils [None req-ca8be9e1-82ac-4fc3-963b-557f4636072f None None] Lock "00000000-0000-0000-0000-000000000000" acquired by "nova.context.set_target_cell..get_or_set_cached_cell_and_set_connections" :: waited 0.000s {{(pid=88685) inner /usr/local/lib/python3.8/dist-packages/oslo_concurrency/lockutils.py:355}}
Jun 27 12:19:15.666385 dv-cinder-798098-1-iscsi devstack@n-api.service[88685]: DEBUG oslo_concurrency.lockutils [None req-ca8be9e1-82ac-4fc3-963b-557f4636072f None None] Lock "00000000-0000-0000-0000-000000000000" released by "nova.context.set_target_cell..get_or_set_cached_cell_and_set_connections" :: held 0.002s {{(pid=88685) inner /usr/local/lib/python3.8/dist-packages/oslo_concurrency/lockutils.py:367}}
Jun 27 12:19:15.667200 dv-cinder-798098-1-iscsi devstack@n-api.service[88685]: DEBUG oslo_concurrency.lockutils [None req-ca8be9e1-82ac-4fc3-963b-557f4636072f None None] Lock "221472fc-e29f-4475-b5c2-727c69904e6a" acquired by "nova.context.set_target_cell..get_or_set_cached_cell_and_set_connections" :: waited 0.000s {{(pid=88685) inner /usr/local/lib/python3.8/dist-packages/oslo_concurrency/lockutils.py:355}}
Jun 27 12:19:15.669222 dv-cinder-798098-1-iscsi devstack@n-api.service[88685]: DEBUG oslo_concurrency.lockutils [None req-ca8be9e1-82ac-4fc3-963b-557f4636072f None None] Lock "221472fc-e29f-4475-b5c2-727c69904e6a" released by "nova.context.set_target_cell..get_or_set_cached_cell_and_set_connections" :: held 0.002s {{(pid=88685) inner /usr/local/lib/python3.8/dist-packages/oslo_concurrency/lockutils.py:367}}
Jun 27 12:19:15.685881 dv-cinder-798098-1-iscsi devstack@n-api.service[88686]: DEBUG nova.context [None req-f66fa59c-b5b1-400b-9241-fb455192cb50 None None] Found 2 cells: 00000000-0000-0000-0000-000000000000(cell0),221472fc-e29f-4475-b5c2-727c69904e6a(cell1) {{(pid=88686) load_cells /opt/stack/nova/nova/context.py:465}}
Jun 27 12:19:15.690386 dv-cinder-798098-1-iscsi devstack@n-api.service[88686]: DEBUG oslo_concurrency.lockutils [None req-f66fa59c-b5b1-400b-9241-fb455192cb50 None None] Lock "00000000-0000-0000-0000-000000000000" acquired by "nova.context.set_target_cell..get_or_set_cached_cell_and_set_connections" :: waited 0.000s {{(pid=88686) inner /usr/local/lib/python3.8/dist-packages/oslo_concurrency/lockutils.py:355}}
Jun 27 12:19:15.692886 dv-cinder-798098-1-iscsi devstack@n-api.service[88686]: DEBUG oslo_concurrency.lockutils [None req-f66fa59c-b5b1-400b-9241-fb455192cb50 None None] Lock "00000000-0000-0000-0000-000000000000" released by "nova.context.set_target_cell..get_or_set_cached_cell_and_set_connections" :: held 0.003s {{(pid=88686) inner /usr/local/lib/python3.8/dist-packages/oslo_concurrency/lockutils.py:367}}
Jun 27 12:19:15.693717 dv-cinder-798098-1-iscsi devstack@n-api.service[88686]: DEBUG oslo_concurrency.lockutils [None req-f66fa59c-b5b1-400b-9241-fb455192cb50 None None] Lock "221472fc-e29f-4475-b5c2-727c69904e6a" acquired by "nova.context.set_target_cell..get_or_set_cached_cell_and_set_connections" :: waited 0.000s {{(pid=88686) inner /usr/local/lib/python3.8/dist-packages/oslo_concurrency/lockutils.py:355}}
Jun 27 12:19:15.695665 dv-cinder-798098-1-iscsi devstack@n-api.service[88685]: DEBUG oslo_db.sqlalchemy.engines [None req-ca8be9e1-82ac-4fc3-963b-557f4636072f None None] MySQL server mode set to STRICT_TRANS_TABLES,STRICT_ALL_TABLES,NO_ZERO_IN_DATE,NO_ZERO_DATE,ERROR_FOR_DIVISION_BY_ZERO,TRADITIONAL,NO_ENGINE_SUBSTITUTION {{(pid=88685) _check_effective_sql_mode /usr/local/lib/python3.8/dist-packages/oslo_db/sqlalchemy/engines.py:304}}
Jun 27 12:19:15.695822 dv-cinder-798098-1-iscsi devstack@n-api.service[88686]: DEBUG oslo_concurrency.lockutils [None req-f66fa59c-b5b1-400b-9241-fb455192cb50 None None] Lock "221472fc-e29f-4475-b5c2-727c69904e6a" released by "nova.context.set_target_cell..get_or_set_cached_cell_and_set_connections" :: held 0.002s {{(pid=88686) inner /usr/local/lib/python3.8/dist-packages/oslo_concurrency/lockutils.py:367}}
Jun 27 12:19:15.696838 dv-cinder-798098-1-iscsi devstack@n-api.service[88685]: DEBUG oslo_db.sqlalchemy.engines [None req-ca8be9e1-82ac-4fc3-963b-557f4636072f None None] MySQL server mode set to STRICT_TRANS_TABLES,STRICT_ALL_TABLES,NO_ZERO_IN_DATE,NO_ZERO_DATE,ERROR_FOR_DIVISION_BY_ZERO,TRADITIONAL,NO_ENGINE_SUBSTITUTION {{(pid=88685) _check_effective_sql_mode /usr/local/lib/python3.8/dist-packages/oslo_db/sqlalchemy/engines.py:304}}
Jun 27 12:19:15.721542 dv-cinder-798098-1-iscsi devstack@n-api.service[88686]: DEBUG oslo_db.sqlalchemy.engines [None req-f66fa59c-b5b1-400b-9241-fb455192cb50 None None] MySQL server mode set to STRICT_TRANS_TABLES,STRICT_ALL_TABLES,NO_ZERO_IN_DATE,NO_ZERO_DATE,ERROR_FOR_DIVISION_BY_ZERO,TRADITIONAL,NO_ENGINE_SUBSTITUTION {{(pid=88686) _check_effective_sql_mode /usr/local/lib/python3.8/dist-packages/oslo_db/sqlalchemy/engines.py:304}}
Jun 27 12:19:15.722466 dv-cinder-798098-1-iscsi devstack@n-api.service[88686]: DEBUG oslo_db.sqlalchemy.engines [None req-f66fa59c-b5b1-400b-9241-fb455192cb50 None None] MySQL server mode set to STRICT_TRANS_TABLES,STRICT_ALL_TABLES,NO_ZERO_IN_DATE,NO_ZERO_DATE,ERROR_FOR_DIVISION_BY_ZERO,TRADITIONAL,NO_ENGINE_SUBSTITUTION {{(pid=88686) _check_effective_sql_mode /usr/local/lib/python3.8/dist-packages/oslo_db/sqlalchemy/engines.py:304}}
Jun 27 12:19:15.727854 dv-cinder-798098-1-iscsi devstack@n-api.service[88685]: DEBUG oslo_db.sqlalchemy.engines [None req-ca8be9e1-82ac-4fc3-963b-557f4636072f None None] MySQL server mode set to STRICT_TRANS_TABLES,STRICT_ALL_TABLES,NO_ZERO_IN_DATE,NO_ZERO_DATE,ERROR_FOR_DIVISION_BY_ZERO,TRADITIONAL,NO_ENGINE_SUBSTITUTION {{(pid=88685) _check_effective_sql_mode /usr/local/lib/python3.8/dist-packages/oslo_db/sqlalchemy/engines.py:304}}
Jun 27 12:19:15.751758 dv-cinder-798098-1-iscsi devstack@n-api.service[88686]: DEBUG oslo_db.sqlalchemy.engines [None req-f66fa59c-b5b1-400b-9241-fb455192cb50 None None] MySQL server mode set to STRICT_TRANS_TABLES,STRICT_ALL_TABLES,NO_ZERO_IN_DATE,NO_ZERO_DATE,ERROR_FOR_DIVISION_BY_ZERO,TRADITIONAL,NO_ENGINE_SUBSTITUTION {{(pid=88686) _check_effective_sql_mode /usr/local/lib/python3.8/dist-packages/oslo_db/sqlalchemy/engines.py:304}}
Jun 27 12:19:15.975306 dv-cinder-798098-1-iscsi devstack@n-api.service[88685]: INFO keyring.backend [None req-ca8be9e1-82ac-4fc3-963b-557f4636072f None None] Loading KWallet
Jun 27 12:19:15.984517 dv-cinder-798098-1-iscsi devstack@n-api.service[88685]: INFO keyring.backend [None req-ca8be9e1-82ac-4fc3-963b-557f4636072f None None] Loading SecretService
Jun 27 12:19:15.989405 dv-cinder-798098-1-iscsi devstack@n-api.service[88685]: INFO keyring.backend [None req-ca8be9e1-82ac-4fc3-963b-557f4636072f None None] Loading Windows
Jun 27 12:19:15.991632 dv-cinder-798098-1-iscsi devstack@n-api.service[88685]: INFO keyring.backend [None req-ca8be9e1-82ac-4fc3-963b-557f4636072f None None] Loading chainer
Jun 27 12:19:15.992505 dv-cinder-798098-1-iscsi devstack@n-api.service[88685]: INFO keyring.backend [None req-ca8be9e1-82ac-4fc3-963b-557f4636072f None None] Loading macOS
Jun 27 12:19:15.993712 dv-cinder-798098-1-iscsi devstack@n-api.service[88686]: INFO keyring.backend [None req-f66fa59c-b5b1-400b-9241-fb455192cb50 None None] Loading KWallet
Jun 27 12:19:16.002966 dv-cinder-798098-1-iscsi devstack@n-api.service[88686]: INFO keyring.backend [None req-f66fa59c-b5b1-400b-9241-fb455192cb50 None None] Loading SecretService
Jun 27 12:19:16.006864 dv-cinder-798098-1-iscsi devstack@n-api.service[88686]: INFO keyring.backend [None req-f66fa59c-b5b1-400b-9241-fb455192cb50 None None] Loading Windows
Jun 27 12:19:16.008765 dv-cinder-798098-1-iscsi devstack@n-api.service[88686]: INFO keyring.backend [None req-f66fa59c-b5b1-400b-9241-fb455192cb50 None None] Loading chainer
Jun 27 12:19:16.009562 dv-cinder-798098-1-iscsi devstack@n-api.service[88686]: INFO keyring.backend [None req-f66fa59c-b5b1-400b-9241-fb455192cb50 None None] Loading macOS
Jun 27 12:19:16.252907 dv-cinder-798098-1-iscsi devstack@n-api.service[88685]: WARNING keystonemiddleware.auth_token [None req-ca8be9e1-82ac-4fc3-963b-557f4636072f None None] AuthToken middleware is set with keystone_authtoken.service_token_roles_required set to False. This is backwards compatible but deprecated behaviour. Please set this to True.
Jun 27 12:19:16.259682 dv-cinder-798098-1-iscsi devstack@n-api.service[88685]: WARNING keystonemiddleware.auth_token [None req-ca8be9e1-82ac-4fc3-963b-557f4636072f None None] Configuring www_authenticate_uri to point to the public identity endpoint is required; clients may not be able to authenticate against an admin endpoint
Jun 27 12:19:16.266698 dv-cinder-798098-1-iscsi devstack@n-api.service[88686]: WARNING keystonemiddleware.auth_token [None req-f66fa59c-b5b1-400b-9241-fb455192cb50 None None] AuthToken middleware is set with keystone_authtoken.service_token_roles_required set to False. This is backwards compatible but deprecated behaviour. Please set this to True.
Jun 27 12:19:16.273866 dv-cinder-798098-1-iscsi devstack@n-api.service[88686]: WARNING keystonemiddleware.auth_token [None req-f66fa59c-b5b1-400b-9241-fb455192cb50 None None] Configuring www_authenticate_uri to point to the public identity endpoint is required; clients may not be able to authenticate against an admin endpoint
Jun 27 12:19:16.476821 dv-cinder-798098-1-iscsi devstack@n-api.service[88685]: WARNING keystonemiddleware.auth_token [None req-ca8be9e1-82ac-4fc3-963b-557f4636072f None None] AuthToken middleware is set with keystone_authtoken.service_token_roles_required set to False. This is backwards compatible but deprecated behaviour. Please set this to True.
Jun 27 12:19:16.482018 dv-cinder-798098-1-iscsi devstack@n-api.service[88685]: WARNING keystonemiddleware.auth_token [None req-ca8be9e1-82ac-4fc3-963b-557f4636072f None None] Configuring www_authenticate_uri to point to the public identity endpoint is required; clients may not be able to authenticate against an admin endpoint
Jun 27 12:19:16.487409 dv-cinder-798098-1-iscsi devstack@n-api.service[88685]: WSGI app 0 (mountpoint='') ready in 5 seconds on interpreter 0x55a9954509c0 pid: 88685 (default app)
Jun 27 12:19:16.489868 dv-cinder-798098-1-iscsi devstack@n-api.service[88686]: WARNING keystonemiddleware.auth_token [None req-f66fa59c-b5b1-400b-9241-fb455192cb50 None None] AuthToken middleware is set with keystone_authtoken.service_token_roles_required set to False. This is backwards compatible but deprecated behaviour. Please set this to True.
Jun 27 12:19:16.495118 dv-cinder-798098-1-iscsi devstack@n-api.service[88686]: WARNING keystonemiddleware.auth_token [None req-f66fa59c-b5b1-400b-9241-fb455192cb50 None None] Configuring www_authenticate_uri to point to the public identity endpoint is required; clients may not be able to authenticate against an admin endpoint
Jun 27 12:19:16.500380 dv-cinder-798098-1-iscsi devstack@n-api.service[88686]: WSGI app 0 (mountpoint='') ready in 5 seconds on interpreter 0x55a9954509c0 pid: 88686 (default app)
Jun 27 12:19:58.941507 dv-cinder-798098-1-iscsi devstack@n-api.service[88685]: DEBUG nova.api.openstack.wsgi [None req-f392e41e-bba3-4661-a8f3-f4087563a5b1 tempest-VolumesSnapshotsTestJSON-1537583628 tempest-VolumesSnapshotsTestJSON-1537583628-project] Action: 'create', calling method: .version_select at 0x7f41655cce50>, body: {"volume": {"size": 1, "display_name": "tempest-VolumesSnapshotsTestJSON-volume-422671141"}} {{(pid=88685) _process_stack /opt/stack/nova/nova/api/openstack/wsgi.py:511}}
Jun 27 12:20:00.885152 dv-cinder-798098-1-iscsi devstack@n-api.service[88685]: INFO nova.api.openstack.requestlog [None req-f392e41e-bba3-4661-a8f3-f4087563a5b1 tempest-VolumesSnapshotsTestJSON-1537583628 tempest-VolumesSnapshotsTestJSON-1537583628-project] 10.222.0.21 "POST /compute/v2.1/os-volumes" status: 200 len: 344 microversion: 2.1 time: 3.638788
Jun 27 12:20:00.888535 dv-cinder-798098-1-iscsi devstack@n-api.service[88685]: [pid: 88685|app: 0|req: 1/1] 10.222.0.21 () {60 vars in 1155 bytes} [Sun Jun 27 12:19:57 2021] POST /compute/v2.1/os-volumes => generated 344 bytes in 3642 msecs (HTTP/1.1 200) 10 headers in 448 bytes (1 switches on core 0)
Jun 27 12:20:01.551019 dv-cinder-798098-1-iscsi devstack@n-api.service[88686]: DEBUG nova.api.openstack.wsgi [None req-5b626f8f-7c88-46c8-b1e5-68631b31508c tempest-VolumesSnapshotsTestJSON-1537583628 tempest-VolumesSnapshotsTestJSON-1537583628-project] Calling method '.version_select at 0x7f4165f5c1f0>' {{(pid=88686) _process_stack /opt/stack/nova/nova/api/openstack/wsgi.py:513}}
Jun 27 12:20:02.130838 dv-cinder-798098-1-iscsi devstack@n-api.service[88685]: DEBUG nova.api.openstack.wsgi [None req-f6b0e916-2972-4790-8cc4-18b50b090bcc tempest-DeleteServersTestJSON-1169943143 tempest-DeleteServersTestJSON-1169943143-project] Action: 'create', calling method: >, body: {"server": {"name": "tempest-DeleteServersTestJSON-server-1833087832", "imageRef": "84d565fd-678a-4f6f-94a5-b0f03ef6f756", "flavorRef": "452", "networks": [{"uuid": "04d3af6a-f9d3-43bc-b12d-cc5b29386377"}]}} {{(pid=88685) _process_stack /opt/stack/nova/nova/api/openstack/wsgi.py:511}}
Jun 27 12:20:02.211519 dv-cinder-798098-1-iscsi devstack@n-api.service[88686]: INFO nova.api.openstack.requestlog [None req-5b626f8f-7c88-46c8-b1e5-68631b31508c tempest-VolumesSnapshotsTestJSON-1537583628 tempest-VolumesSnapshotsTestJSON-1537583628-project] 10.222.0.21 "GET /compute/v2.1/os-volumes/74deee5b-9284-4156-a346-db8c32f6c979" status: 200 len: 344 microversion: 2.1 time: 1.315444
Jun 27 12:20:02.213039 dv-cinder-798098-1-iscsi devstack@n-api.service[88686]: [pid: 88686|app: 0|req: 1/2] 10.222.0.21 () {58 vars in 1245 bytes} [Sun Jun 27 12:20:00 2021] GET /compute/v2.1/os-volumes/74deee5b-9284-4156-a346-db8c32f6c979 => generated 344 bytes in 1318 msecs (HTTP/1.1 200) 9 headers in 357 bytes (1 switches on core 0)
Jun 27 12:20:02.246313 dv-cinder-798098-1-iscsi devstack@n-api.service[88685]: DEBUG nova.network.neutron [None req-f6b0e916-2972-4790-8cc4-18b50b090bcc tempest-DeleteServersTestJSON-1169943143 tempest-DeleteServersTestJSON-1169943143-project] validate_networks() for [('04d3af6a-f9d3-43bc-b12d-cc5b29386377', None, None, None)] {{(pid=88685) validate_networks /opt/stack/nova/nova/network/neutron.py:2347}}
Jun 27 12:20:02.349922 dv-cinder-798098-1-iscsi devstack@n-api.service[88686]: DEBUG nova.api.openstack.wsgi [None req-a7488624-3fd5-46da-9125-3f368ce1ad4b tempest-VolumesTestJSON-1151913343 tempest-VolumesTestJSON-1151913343-project] Calling method '.version_select at 0x7f4165472700>' {{(pid=88686) _process_stack /opt/stack/nova/nova/api/openstack/wsgi.py:513}}
Jun 27 12:20:02.480511 dv-cinder-798098-1-iscsi devstack@n-api.service[88686]: INFO nova.api.openstack.requestlog [None req-a7488624-3fd5-46da-9125-3f368ce1ad4b tempest-VolumesTestJSON-1151913343 tempest-VolumesTestJSON-1151913343-project] 10.222.0.21 "GET /compute/v2.1/os-volumes/75baa2ea-f658-4384-9f56-5d1e55e16090" status: 200 len: 351 microversion: 2.1 time: 0.141538
Jun 27 12:20:02.481092 dv-cinder-798098-1-iscsi devstack@n-api.service[88686]: [pid: 88686|app: 0|req: 2/3] 10.222.0.21 () {58 vars in 1245 bytes} [Sun Jun 27 12:20:02 2021] GET /compute/v2.1/os-volumes/75baa2ea-f658-4384-9f56-5d1e55e16090 => generated 351 bytes in 143 msecs (HTTP/1.1 200) 9 headers in 357 bytes (2 switches on core 0)
Jun 27 12:20:03.231826 dv-cinder-798098-1-iscsi devstack@n-api.service[88686]: DEBUG nova.api.openstack.wsgi [None req-a29bf634-b1db-411f-a36e-199454c330f1 tempest-VolumesSnapshotsTestJSON-1537583628 tempest-VolumesSnapshotsTestJSON-1537583628-project] Calling method '.version_select at 0x7f4165472e50>' {{(pid=88686) _process_stack /opt/stack/nova/nova/api/openstack/wsgi.py:513}}
Jun 27 12:20:03.461279 dv-cinder-798098-1-iscsi devstack@n-api.service[88685]: DEBUG nova.virt.hardware [None req-f6b0e916-2972-4790-8cc4-18b50b090bcc tempest-DeleteServersTestJSON-1169943143 tempest-DeleteServersTestJSON-1169943143-project] Flavor limits 0:0:0 {{(pid=88685) get_cpu_topology_constraints /opt/stack/nova/nova/virt/hardware.py:345}}
Jun 27 12:20:03.461794 dv-cinder-798098-1-iscsi devstack@n-api.service[88685]: DEBUG nova.virt.hardware [None req-f6b0e916-2972-4790-8cc4-18b50b090bcc tempest-DeleteServersTestJSON-1169943143 tempest-DeleteServersTestJSON-1169943143-project] Image limits 0:0:0 {{(pid=88685) get_cpu_topology_constraints /opt/stack/nova/nova/virt/hardware.py:349}}
Jun 27 12:20:03.462279 dv-cinder-798098-1-iscsi devstack@n-api.service[88685]: DEBUG nova.virt.hardware [None req-f6b0e916-2972-4790-8cc4-18b50b090bcc tempest-DeleteServersTestJSON-1169943143 tempest-DeleteServersTestJSON-1169943143-project] Flavor pref 0:0:0 {{(pid=88685) get_cpu_topology_constraints /opt/stack/nova/nova/virt/hardware.py:385}}
Jun 27 12:20:03.462682 dv-cinder-798098-1-iscsi devstack@n-api.service[88685]: DEBUG nova.virt.hardware [None req-f6b0e916-2972-4790-8cc4-18b50b090bcc tempest-DeleteServersTestJSON-1169943143 tempest-DeleteServersTestJSON-1169943143-project] Image pref 0:0:0 {{(pid=88685) get_cpu_topology_constraints /opt/stack/nova/nova/virt/hardware.py:389}}
Jun 27 12:20:03.463089 dv-cinder-798098-1-iscsi devstack@n-api.service[88685]: DEBUG nova.virt.hardware [None req-f6b0e916-2972-4790-8cc4-18b50b090bcc tempest-DeleteServersTestJSON-1169943143 tempest-DeleteServersTestJSON-1169943143-project] Chose sockets=0, cores=0, threads=0; limits were sockets=65536, cores=65536, threads=65536 {{(pid=88685) get_cpu_topology_constraints /opt/stack/nova/nova/virt/hardware.py:427}}
Jun 27 12:20:03.489513 dv-cinder-798098-1-iscsi devstack@n-api.service[88685]: DEBUG oslo_concurrency.lockutils [None req-f6b0e916-2972-4790-8cc4-18b50b090bcc tempest-DeleteServersTestJSON-1169943143 tempest-DeleteServersTestJSON-1169943143-project] Lock "00000000-0000-0000-0000-000000000000" acquired by "nova.context.set_target_cell..get_or_set_cached_cell_and_set_connections" :: waited 0.000s {{(pid=88685) inner /usr/local/lib/python3.8/dist-packages/oslo_concurrency/lockutils.py:355}}
Jun 27 12:20:03.492545 dv-cinder-798098-1-iscsi devstack@n-api.service[88685]: DEBUG oslo_concurrency.lockutils [None req-f6b0e916-2972-4790-8cc4-18b50b090bcc tempest-DeleteServersTestJSON-1169943143 tempest-DeleteServersTestJSON-1169943143-project] Lock "00000000-0000-0000-0000-000000000000" released by "nova.context.set_target_cell..get_or_set_cached_cell_and_set_connections" :: held 0.003s {{(pid=88685) inner /usr/local/lib/python3.8/dist-packages/oslo_concurrency/lockutils.py:367}}
Jun 27 12:20:03.494975 dv-cinder-798098-1-iscsi devstack@n-api.service[88685]: DEBUG oslo_concurrency.lockutils [None req-f6b0e916-2972-4790-8cc4-18b50b090bcc tempest-DeleteServersTestJSON-1169943143 tempest-DeleteServersTestJSON-1169943143-project] Lock "221472fc-e29f-4475-b5c2-727c69904e6a" acquired by "nova.context.set_target_cell..get_or_set_cached_cell_and_set_connections" :: waited 0.000s {{(pid=88685) inner /usr/local/lib/python3.8/dist-packages/oslo_concurrency/lockutils.py:355}}
Jun 27 12:20:03.495609 dv-cinder-798098-1-iscsi devstack@n-api.service[88685]: DEBUG oslo_concurrency.lockutils [None req-f6b0e916-2972-4790-8cc4-18b50b090bcc tempest-DeleteServersTestJSON-1169943143 tempest-DeleteServersTestJSON-1169943143-project] Lock "221472fc-e29f-4475-b5c2-727c69904e6a" released by "nova.context.set_target_cell..get_or_set_cached_cell_and_set_connections" :: held 0.001s {{(pid=88685) inner /usr/local/lib/python3.8/dist-packages/oslo_concurrency/lockutils.py:367}}
Jun 27 12:20:03.551503 dv-cinder-798098-1-iscsi devstack@n-api.service[88685]: DEBUG nova.quota [None req-f6b0e916-2972-4790-8cc4-18b50b090bcc tempest-DeleteServersTestJSON-1169943143 tempest-DeleteServersTestJSON-1169943143-project] Getting quotas for project ce14925fba3242129c38aaf6df0ac8a4. Resources: {'cores', 'ram', 'instances'} {{(pid=88685) _get_quotas /opt/stack/nova/nova/quota.py:387}}
Jun 27 12:20:03.556758 dv-cinder-798098-1-iscsi devstack@n-api.service[88685]: DEBUG nova.quota [None req-f6b0e916-2972-4790-8cc4-18b50b090bcc tempest-DeleteServersTestJSON-1169943143 tempest-DeleteServersTestJSON-1169943143-project] Getting quotas for user a8a8bce3a4fc4889b1c3898e46cb2ff4 and project ce14925fba3242129c38aaf6df0ac8a4. Resources: {'cores', 'ram', 'instances'} {{(pid=88685) _get_quotas /opt/stack/nova/nova/quota.py:377}}
Jun 27 12:20:03.570193 dv-cinder-798098-1-iscsi devstack@n-api.service[88685]: DEBUG nova.compute.api [None req-f6b0e916-2972-4790-8cc4-18b50b090bcc tempest-DeleteServersTestJSON-1169943143 tempest-DeleteServersTestJSON-1169943143-project] Going to run 1 instances... {{(pid=88685) _provision_instances /opt/stack/nova/nova/compute/api.py:1282}}
Jun 27 12:20:03.575173 dv-cinder-798098-1-iscsi devstack@n-api.service[88685]: DEBUG nova.compute.api [None req-f6b0e916-2972-4790-8cc4-18b50b090bcc tempest-DeleteServersTestJSON-1169943143 tempest-DeleteServersTestJSON-1169943143-project] [instance: 71e64b73-10b8-4bf9-8a2f-d0e8c833afc7] block_device_mapping [BlockDeviceMapping(attachment_id=,boot_index=0,connection_info=None,created_at=,delete_on_termination=True,deleted=,deleted_at=,destination_type='local',device_name=None,device_type='disk',disk_bus=None,guest_format=None,id=,image_id='84d565fd-678a-4f6f-94a5-b0f03ef6f756',instance=,instance_uuid=,no_device=False,snapshot_id=None,source_type='image',tag=None,updated_at=,uuid=,volume_id=None,volume_size=None,volume_type=None)] {{(pid=88685) _bdm_validate_set_size_and_instance /opt/stack/nova/nova/compute/api.py:1679}}
Jun 27 12:20:03.632203 dv-cinder-798098-1-iscsi devstack@n-api.service[88686]: INFO nova.api.openstack.requestlog [None req-a29bf634-b1db-411f-a36e-199454c330f1 tempest-VolumesSnapshotsTestJSON-1537583628 tempest-VolumesSnapshotsTestJSON-1537583628-project] 10.222.0.21 "GET /compute/v2.1/os-volumes/74deee5b-9284-4156-a346-db8c32f6c979" status: 200 len: 345 microversion: 2.1 time: 0.410666
Jun 27 12:20:03.632926 dv-cinder-798098-1-iscsi devstack@n-api.service[88686]: [pid: 88686|app: 0|req: 3/4] 10.222.0.21 () {58 vars in 1245 bytes} [Sun Jun 27 12:20:03 2021] GET /compute/v2.1/os-volumes/74deee5b-9284-4156-a346-db8c32f6c979 => generated 345 bytes in 412 msecs (HTTP/1.1 200) 9 headers in 357 bytes (1 switches on core 0)
Jun 27 12:20:03.663057 dv-cinder-798098-1-iscsi devstack@n-api.service[88686]: DEBUG nova.api.openstack.wsgi [None req-7f48e996-e6eb-4e02-a6e5-2edbe0aea816 tempest-VolumesSnapshotsTestJSON-1537583628 tempest-VolumesSnapshotsTestJSON-1537583628-project] Action: 'create', calling method: .version_select at 0x7f416542b4c0>, body: {"snapshot": {"volume_id": "74deee5b-9284-4156-a346-db8c32f6c979", "display_name": "tempest-VolumesSnapshotsTestJSON-Snapshot-441410571"}} {{(pid=88686) _process_stack /opt/stack/nova/nova/api/openstack/wsgi.py:511}}
Jun 27 12:20:03.865054 dv-cinder-798098-1-iscsi devstack@n-api.service[88685]: INFO nova.api.openstack.requestlog [None req-f6b0e916-2972-4790-8cc4-18b50b090bcc tempest-DeleteServersTestJSON-1169943143 tempest-DeleteServersTestJSON-1169943143-project] 10.222.0.21 "POST /compute/v2.1/servers" status: 202 len: 380 microversion: 2.1 time: 1.878043
Jun 27 12:20:03.865460 dv-cinder-798098-1-iscsi devstack@n-api.service[88685]: [pid: 88685|app: 0|req: 2/5] 10.222.0.21 () {60 vars in 1147 bytes} [Sun Jun 27 12:20:01 2021] POST /compute/v2.1/servers => generated 380 bytes in 1881 msecs (HTTP/1.1 202) 10 headers in 451 bytes (1 switches on core 0)
Jun 27 12:20:03.908097 dv-cinder-798098-1-iscsi devstack@n-api.service[88685]: DEBUG nova.api.openstack.wsgi [None req-c8344c7e-4ec8-4396-b612-40c294232c9f tempest-DeleteServersTestJSON-1169943143 tempest-DeleteServersTestJSON-1169943143-project] Calling method '>' {{(pid=88685) _process_stack /opt/stack/nova/nova/api/openstack/wsgi.py:513}}
Jun 27 12:20:03.909234 dv-cinder-798098-1-iscsi devstack@n-api.service[88685]: DEBUG nova.compute.api [None req-c8344c7e-4ec8-4396-b612-40c294232c9f tempest-DeleteServersTestJSON-1169943143 tempest-DeleteServersTestJSON-1169943143-project] [instance: 71e64b73-10b8-4bf9-8a2f-d0e8c833afc7] Fetching instance by UUID {{(pid=88685) get /opt/stack/nova/nova/compute/api.py:2810}}
Jun 27 12:20:04.196108 dv-cinder-798098-1-iscsi devstack@n-api.service[88685]: DEBUG nova.policy [None req-c8344c7e-4ec8-4396-b612-40c294232c9f tempest-DeleteServersTestJSON-1169943143 tempest-DeleteServersTestJSON-1169943143-project] Policy check for os_compute_api:os-extended-server-attributes failed with credentials {'is_admin': False, 'user_id': 'a8a8bce3a4fc4889b1c3898e46cb2ff4', 'user_domain_id': 'default', 'system_scope': None, 'domain_id': None, 'project_id': 'ce14925fba3242129c38aaf6df0ac8a4', 'project_domain_id': 'default', 'roles': ['member', 'reader'], 'is_admin_project': True, 'service_user_id': None, 'service_user_domain_id': None, 'service_project_id': None, 'service_project_domain_id': None, 'service_roles': []} {{(pid=88685) authorize /opt/stack/nova/nova/policy.py:222}}
Jun 27 12:20:04.212023 dv-cinder-798098-1-iscsi devstack@n-api.service[88685]: INFO nova.api.openstack.requestlog [None req-c8344c7e-4ec8-4396-b612-40c294232c9f tempest-DeleteServersTestJSON-1169943143 tempest-DeleteServersTestJSON-1169943143-project] 10.222.0.21 "GET /compute/v2.1/servers/71e64b73-10b8-4bf9-8a2f-d0e8c833afc7" status: 200 len: 1215 microversion: 2.1 time: 0.338638
Jun 27 12:20:04.213528 dv-cinder-798098-1-iscsi devstack@n-api.service[88685]: [pid: 88685|app: 0|req: 3/6] 10.222.0.21 () {58 vars in 1236 bytes} [Sun Jun 27 12:20:03 2021] GET /compute/v2.1/servers/71e64b73-10b8-4bf9-8a2f-d0e8c833afc7 => generated 1215 bytes in 341 msecs (HTTP/1.1 200) 9 headers in 358 bytes (1 switches on core 0)
Jun 27 12:20:04.562508 dv-cinder-798098-1-iscsi devstack@n-api.service[88686]: INFO nova.api.openstack.requestlog [None req-7f48e996-e6eb-4e02-a6e5-2edbe0aea816 tempest-VolumesSnapshotsTestJSON-1537583628 tempest-VolumesSnapshotsTestJSON-1537583628-project] 10.222.0.21 "POST /compute/v2.1/os-snapshots" status: 200 len: 286 microversion: 2.1 time: 0.919084
Jun 27 12:20:04.565087 dv-cinder-798098-1-iscsi devstack@n-api.service[88686]: [pid: 88686|app: 0|req: 4/7] 10.222.0.21 () {60 vars in 1162 bytes} [Sun Jun 27 12:20:03 2021] POST /compute/v2.1/os-snapshots => generated 286 bytes in 922 msecs (HTTP/1.1 200) 9 headers in 357 bytes (1 switches on core 0)
Jun 27 12:20:04.589208 dv-cinder-798098-1-iscsi devstack@n-api.service[88685]: DEBUG nova.api.openstack.wsgi [None req-379fe65b-45c6-4a27-ab1d-6c9c260ecf70 tempest-VolumesSnapshotsTestJSON-1537583628 tempest-VolumesSnapshotsTestJSON-1537583628-project] Calling method '.version_select at 0x7f4165303670>' {{(pid=88685) _process_stack /opt/stack/nova/nova/api/openstack/wsgi.py:513}}
Jun 27 12:20:04.710616 dv-cinder-798098-1-iscsi devstack@n-api.service[88685]: INFO nova.api.openstack.requestlog [None req-379fe65b-45c6-4a27-ab1d-6c9c260ecf70 tempest-VolumesSnapshotsTestJSON-1537583628 tempest-VolumesSnapshotsTestJSON-1537583628-project] 10.222.0.21 "GET /compute/v2.1/os-snapshots/3eeb1cba-7b6e-4ab3-bc8f-1dcd1ed6759d" status: 200 len: 286 microversion: 2.1 time: 0.139136
Jun 27 12:20:04.711514 dv-cinder-798098-1-iscsi devstack@n-api.service[88685]: [pid: 88685|app: 0|req: 4/8] 10.222.0.21 () {58 vars in 1251 bytes} [Sun Jun 27 12:20:04 2021] GET /compute/v2.1/os-snapshots/3eeb1cba-7b6e-4ab3-bc8f-1dcd1ed6759d => generated 286 bytes in 141 msecs (HTTP/1.1 200) 9 headers in 357 bytes (1 switches on core 0)
Jun 27 12:20:04.730913 dv-cinder-798098-1-iscsi devstack@n-api.service[88686]: DEBUG nova.api.openstack.wsgi [None req-dc770c3d-a7c1-49c7-a26d-dbb83c4a9ddf tempest-VolumesSnapshotsTestJSON-1537583628 tempest-VolumesSnapshotsTestJSON-1537583628-project] Calling method '.version_select at 0x7f4165472ca0>' {{(pid=88686) _process_stack /opt/stack/nova/nova/api/openstack/wsgi.py:513}}
Jun 27 12:20:04.888079 dv-cinder-798098-1-iscsi devstack@n-api.service[88685]: DEBUG nova.api.openstack.wsgi [None req-49ede3df-1ab1-4c9d-a96b-0fc200fe7acf tempest-VolumesTestJSON-1151913343 tempest-VolumesTestJSON-1151913343-project] Calling method '.version_select at 0x7f4165330280>' {{(pid=88685) _process_stack /opt/stack/nova/nova/api/openstack/wsgi.py:513}}
Jun 27 12:20:04.939852 dv-cinder-798098-1-iscsi devstack@n-api.service[88686]: INFO nova.api.openstack.requestlog [None req-dc770c3d-a7c1-49c7-a26d-dbb83c4a9ddf tempest-VolumesSnapshotsTestJSON-1537583628 tempest-VolumesSnapshotsTestJSON-1537583628-project] 10.222.0.21 "GET /compute/v2.1/os-snapshots" status: 200 len: 289 microversion: 2.1 time: 0.222190
Jun 27 12:20:04.940700 dv-cinder-798098-1-iscsi devstack@n-api.service[88686]: [pid: 88686|app: 0|req: 5/9] 10.222.0.21 () {58 vars in 1140 bytes} [Sun Jun 27 12:20:04 2021] GET /compute/v2.1/os-snapshots => generated 289 bytes in 224 msecs (HTTP/1.1 200) 9 headers in 357 bytes (1 switches on core 0)
Jun 27 12:20:04.960618 dv-cinder-798098-1-iscsi devstack@n-api.service[88686]: DEBUG nova.api.openstack.wsgi [None req-6fde0bee-0942-4df2-abe1-33ca2af2c2eb tempest-VolumesSnapshotsTestJSON-1537583628 tempest-VolumesSnapshotsTestJSON-1537583628-project] Calling method '.version_select at 0x7f416542bb80>' {{(pid=88686) _process_stack /opt/stack/nova/nova/api/openstack/wsgi.py:513}}
Jun 27 12:20:05.058602 dv-cinder-798098-1-iscsi devstack@n-api.service[88685]: INFO nova.api.openstack.requestlog [None req-49ede3df-1ab1-4c9d-a96b-0fc200fe7acf tempest-VolumesTestJSON-1151913343 tempest-VolumesTestJSON-1151913343-project] 10.222.0.21 "GET /compute/v2.1/os-volumes/6551a3d5-61b8-4048-897e-4d5007887fc6" status: 200 len: 351 microversion: 2.1 time: 0.180518
Jun 27 12:20:05.065087 dv-cinder-798098-1-iscsi devstack@n-api.service[88685]: [pid: 88685|app: 0|req: 5/10] 10.222.0.21 () {58 vars in 1245 bytes} [Sun Jun 27 12:20:04 2021] GET /compute/v2.1/os-volumes/6551a3d5-61b8-4048-897e-4d5007887fc6 => generated 351 bytes in 183 msecs (HTTP/1.1 200) 9 headers in 357 bytes (1 switches on core 0)
Jun 27 12:20:05.097970 dv-cinder-798098-1-iscsi devstack@n-api.service[88686]: INFO nova.api.openstack.requestlog [None req-6fde0bee-0942-4df2-abe1-33ca2af2c2eb tempest-VolumesSnapshotsTestJSON-1537583628 tempest-VolumesSnapshotsTestJSON-1537583628-project] 10.222.0.21 "GET /compute/v2.1/os-snapshots/3eeb1cba-7b6e-4ab3-bc8f-1dcd1ed6759d" status: 200 len: 286 microversion: 2.1 time: 0.151078
Jun 27 12:20:05.098541 dv-cinder-798098-1-iscsi devstack@n-api.service[88686]: [pid: 88686|app: 0|req: 6/11] 10.222.0.21 () {58 vars in 1251 bytes} [Sun Jun 27 12:20:04 2021] GET /compute/v2.1/os-snapshots/3eeb1cba-7b6e-4ab3-bc8f-1dcd1ed6759d => generated 286 bytes in 152 msecs (HTTP/1.1 200) 9 headers in 357 bytes (2 switches on core 0)
Jun 27 12:20:05.243252 dv-cinder-798098-1-iscsi devstack@n-api.service[88685]: DEBUG nova.api.openstack.wsgi [None req-80238efb-f15a-40ff-9ad8-2597a3186a9d tempest-DeleteServersTestJSON-1169943143 tempest-DeleteServersTestJSON-1169943143-project] Calling method '>' {{(pid=88685) _process_stack /opt/stack/nova/nova/api/openstack/wsgi.py:513}}
Jun 27 12:20:05.243882 dv-cinder-798098-1-iscsi devstack@n-api.service[88685]: DEBUG nova.compute.api [None req-80238efb-f15a-40ff-9ad8-2597a3186a9d tempest-DeleteServersTestJSON-1169943143 tempest-DeleteServersTestJSON-1169943143-project] [instance: 71e64b73-10b8-4bf9-8a2f-d0e8c833afc7] Fetching instance by UUID {{(pid=88685) get /opt/stack/nova/nova/compute/api.py:2810}}
Jun 27 12:20:05.382888 dv-cinder-798098-1-iscsi devstack@n-api.service[88685]: DEBUG nova.policy [None req-80238efb-f15a-40ff-9ad8-2597a3186a9d tempest-DeleteServersTestJSON-1169943143 tempest-DeleteServersTestJSON-1169943143-project] Policy check for os_compute_api:os-extended-server-attributes failed with credentials {'is_admin': False, 'user_id': 'a8a8bce3a4fc4889b1c3898e46cb2ff4', 'user_domain_id': 'default', 'system_scope': None, 'domain_id': None, 'project_id': 'ce14925fba3242129c38aaf6df0ac8a4', 'project_domain_id': 'default', 'roles': ['member', 'reader'], 'is_admin_project': True, 'service_user_id': None, 'service_user_domain_id': None, 'service_project_id': None, 'service_project_domain_id': None, 'service_roles': []} {{(pid=88685) authorize /opt/stack/nova/nova/policy.py:222}}
Jun 27 12:20:05.394238 dv-cinder-798098-1-iscsi devstack@n-api.service[88685]: INFO nova.api.openstack.requestlog [None req-80238efb-f15a-40ff-9ad8-2597a3186a9d tempest-DeleteServersTestJSON-1169943143 tempest-DeleteServersTestJSON-1169943143-project] 10.222.0.21 "GET /compute/v2.1/servers/71e64b73-10b8-4bf9-8a2f-d0e8c833afc7" status: 200 len: 1215 microversion: 2.1 time: 0.168945
Jun 27 12:20:05.395656 dv-cinder-798098-1-iscsi devstack@n-api.service[88685]: [pid: 88685|app: 0|req: 6/12] 10.222.0.21 () {58 vars in 1236 bytes} [Sun Jun 27 12:20:05 2021] GET /compute/v2.1/servers/71e64b73-10b8-4bf9-8a2f-d0e8c833afc7 => generated 1215 bytes in 170 msecs (HTTP/1.1 200) 9 headers in 358 bytes (1 switches on core 0)
Jun 27 12:20:06.127107 dv-cinder-798098-1-iscsi devstack@n-api.service[88686]: DEBUG nova.api.openstack.wsgi [None req-daa815a5-7020-4645-9b7f-69866cbf11f8 tempest-VolumesSnapshotsTestJSON-1537583628 tempest-VolumesSnapshotsTestJSON-1537583628-project] Calling method '.version_select at 0x7f41654393a0>' {{(pid=88686) _process_stack /opt/stack/nova/nova/api/openstack/wsgi.py:513}}
Jun 27 12:20:06.281637 dv-cinder-798098-1-iscsi devstack@n-api.service[88686]: INFO nova.api.openstack.requestlog [None req-daa815a5-7020-4645-9b7f-69866cbf11f8 tempest-VolumesSnapshotsTestJSON-1537583628 tempest-VolumesSnapshotsTestJSON-1537583628-project] 10.222.0.21 "GET /compute/v2.1/os-snapshots/3eeb1cba-7b6e-4ab3-bc8f-1dcd1ed6759d" status: 200 len: 286 microversion: 2.1 time: 0.174368
Jun 27 12:20:06.281637 dv-cinder-798098-1-iscsi devstack@n-api.service[88686]: [pid: 88686|app: 0|req: 7/13] 10.222.0.21 () {58 vars in 1251 bytes} [Sun Jun 27 12:20:06 2021] GET /compute/v2.1/os-snapshots/3eeb1cba-7b6e-4ab3-bc8f-1dcd1ed6759d => generated 286 bytes in 176 msecs (HTTP/1.1 200) 9 headers in 357 bytes (1 switches on core 0)
Jun 27 12:20:06.419697 dv-cinder-798098-1-iscsi devstack@n-api.service[88685]: DEBUG nova.api.openstack.wsgi [None req-a4fbf4f9-cb36-4ed3-aff3-b5da454bcc7a tempest-DeleteServersTestJSON-1169943143 tempest-DeleteServersTestJSON-1169943143-project] Calling method '>' {{(pid=88685) _process_stack /opt/stack/nova/nova/api/openstack/wsgi.py:513}}
Jun 27 12:20:06.420370 dv-cinder-798098-1-iscsi devstack@n-api.service[88685]: DEBUG nova.compute.api [None req-a4fbf4f9-cb36-4ed3-aff3-b5da454bcc7a tempest-DeleteServersTestJSON-1169943143 tempest-DeleteServersTestJSON-1169943143-project] [instance: 71e64b73-10b8-4bf9-8a2f-d0e8c833afc7] Fetching instance by UUID {{(pid=88685) get /opt/stack/nova/nova/compute/api.py:2810}}
Jun 27 12:20:06.567995 dv-cinder-798098-1-iscsi devstack@n-api.service[88685]: DEBUG nova.policy [None req-a4fbf4f9-cb36-4ed3-aff3-b5da454bcc7a tempest-DeleteServersTestJSON-1169943143 tempest-DeleteServersTestJSON-1169943143-project] Policy check for os_compute_api:os-extended-server-attributes failed with credentials {'is_admin': False, 'user_id': 'a8a8bce3a4fc4889b1c3898e46cb2ff4', 'user_domain_id': 'default', 'system_scope': None, 'domain_id': None, 'project_id': 'ce14925fba3242129c38aaf6df0ac8a4', 'project_domain_id': 'default', 'roles': ['member', 'reader'], 'is_admin_project': True, 'service_user_id': None, 'service_user_domain_id': None, 'service_project_id': None, 'service_project_domain_id': None, 'service_roles': []} {{(pid=88685) authorize /opt/stack/nova/nova/policy.py:222}}
Jun 27 12:20:06.605873 dv-cinder-798098-1-iscsi devstack@n-api.service[88685]: INFO nova.api.openstack.requestlog [None req-a4fbf4f9-cb36-4ed3-aff3-b5da454bcc7a tempest-DeleteServersTestJSON-1169943143 tempest-DeleteServersTestJSON-1169943143-project] 10.222.0.21 "GET /compute/v2.1/servers/71e64b73-10b8-4bf9-8a2f-d0e8c833afc7" status: 200 len: 1215 microversion: 2.1 time: 0.198867
Jun 27 12:20:06.607068 dv-cinder-798098-1-iscsi devstack@n-api.service[88685]: [pid: 88685|app: 0|req: 7/14] 10.222.0.21 () {58 vars in 1236 bytes} [Sun Jun 27 12:20:06 2021] GET /compute/v2.1/servers/71e64b73-10b8-4bf9-8a2f-d0e8c833afc7 => generated 1215 bytes in 201 msecs (HTTP/1.1 200) 9 headers in 358 bytes (1 switches on core 0)
Jun 27 12:20:07.303903 dv-cinder-798098-1-iscsi devstack@n-api.service[88686]: DEBUG nova.api.openstack.wsgi [None req-1b43a571-ee24-4880-b463-be3cda418b50 tempest-VolumesSnapshotsTestJSON-1537583628 tempest-VolumesSnapshotsTestJSON-1537583628-project] Calling method '.version_select at 0x7f416542bc10>' {{(pid=88686) _process_stack /opt/stack/nova/nova/api/openstack/wsgi.py:513}}
Jun 27 12:20:07.474391 dv-cinder-798098-1-iscsi devstack@n-api.service[88686]: INFO nova.api.openstack.requestlog [None req-1b43a571-ee24-4880-b463-be3cda418b50 tempest-VolumesSnapshotsTestJSON-1537583628 tempest-VolumesSnapshotsTestJSON-1537583628-project] 10.222.0.21 "GET /compute/v2.1/os-snapshots/3eeb1cba-7b6e-4ab3-bc8f-1dcd1ed6759d" status: 200 len: 286 microversion: 2.1 time: 0.185219
Jun 27 12:20:07.475787 dv-cinder-798098-1-iscsi devstack@n-api.service[88686]: [pid: 88686|app: 0|req: 8/15] 10.222.0.21 () {58 vars in 1251 bytes} [Sun Jun 27 12:20:07 2021] GET /compute/v2.1/os-snapshots/3eeb1cba-7b6e-4ab3-bc8f-1dcd1ed6759d => generated 286 bytes in 187 msecs (HTTP/1.1 200) 9 headers in 357 bytes (1 switches on core 0)
Jun 27 12:20:07.660619 dv-cinder-798098-1-iscsi devstack@n-api.service[88685]: DEBUG nova.api.openstack.wsgi [None req-79537567-8c6e-4f76-8659-34f7a767d03a tempest-DeleteServersTestJSON-1169943143 tempest-DeleteServersTestJSON-1169943143-project] Calling method '>' {{(pid=88685) _process_stack /opt/stack/nova/nova/api/openstack/wsgi.py:513}}
Jun 27 12:20:07.661537 dv-cinder-798098-1-iscsi devstack@n-api.service[88685]: DEBUG nova.compute.api [None req-79537567-8c6e-4f76-8659-34f7a767d03a tempest-DeleteServersTestJSON-1169943143 tempest-DeleteServersTestJSON-1169943143-project] [instance: 71e64b73-10b8-4bf9-8a2f-d0e8c833afc7] Fetching instance by UUID {{(pid=88685) get /opt/stack/nova/nova/compute/api.py:2810}}
Jun 27 12:20:07.672865 dv-cinder-798098-1-iscsi devstack@n-api.service[88685]: DEBUG oslo_concurrency.lockutils [None req-79537567-8c6e-4f76-8659-34f7a767d03a tempest-DeleteServersTestJSON-1169943143 tempest-DeleteServersTestJSON-1169943143-project] Lock "221472fc-e29f-4475-b5c2-727c69904e6a" acquired by "nova.context.set_target_cell..get_or_set_cached_cell_and_set_connections" :: waited 0.000s {{(pid=88685) inner /usr/local/lib/python3.8/dist-packages/oslo_concurrency/lockutils.py:355}}
Jun 27 12:20:07.672865 dv-cinder-798098-1-iscsi devstack@n-api.service[88685]: DEBUG oslo_concurrency.lockutils [None req-79537567-8c6e-4f76-8659-34f7a767d03a tempest-DeleteServersTestJSON-1169943143 tempest-DeleteServersTestJSON-1169943143-project] Lock "221472fc-e29f-4475-b5c2-727c69904e6a" released by "nova.context.set_target_cell..get_or_set_cached_cell_and_set_connections" :: held 0.001s {{(pid=88685) inner /usr/local/lib/python3.8/dist-packages/oslo_concurrency/lockutils.py:367}}
Jun 27 12:20:07.672865 dv-cinder-798098-1-iscsi devstack@n-api.service[88685]: DEBUG oslo_concurrency.lockutils [None req-79537567-8c6e-4f76-8659-34f7a767d03a tempest-DeleteServersTestJSON-1169943143 tempest-DeleteServersTestJSON-1169943143-project] Lock "221472fc-e29f-4475-b5c2-727c69904e6a" acquired by "nova.context.set_target_cell..get_or_set_cached_cell_and_set_connections" :: waited 0.000s {{(pid=88685) inner /usr/local/lib/python3.8/dist-packages/oslo_concurrency/lockutils.py:355}}
Jun 27 12:20:07.672865 dv-cinder-798098-1-iscsi devstack@n-api.service[88685]: DEBUG oslo_concurrency.lockutils [None req-79537567-8c6e-4f76-8659-34f7a767d03a tempest-DeleteServersTestJSON-1169943143 tempest-DeleteServersTestJSON-1169943143-project] Lock "221472fc-e29f-4475-b5c2-727c69904e6a" released by "nova.context.set_target_cell..get_or_set_cached_cell_and_set_connections" :: held 0.001s {{(pid=88685) inner /usr/local/lib/python3.8/dist-packages/oslo_concurrency/lockutils.py:367}}
Jun 27 12:20:08.007825 dv-cinder-798098-1-iscsi devstack@n-api.service[88685]: DEBUG nova.policy [None req-79537567-8c6e-4f76-8659-34f7a767d03a tempest-DeleteServersTestJSON-1169943143 tempest-DeleteServersTestJSON-1169943143-project] Policy check for os_compute_api:os-extended-server-attributes failed with credentials {'is_admin': False, 'user_id': 'a8a8bce3a4fc4889b1c3898e46cb2ff4', 'user_domain_id': 'default', 'system_scope': None, 'domain_id': None, 'project_id': 'ce14925fba3242129c38aaf6df0ac8a4', 'project_domain_id': 'default', 'roles': ['member', 'reader'], 'is_admin_project': True, 'service_user_id': None, 'service_user_domain_id': None, 'service_project_id': None, 'service_project_domain_id': None, 'service_roles': []} {{(pid=88685) authorize /opt/stack/nova/nova/policy.py:222}}
Jun 27 12:20:08.045152 dv-cinder-798098-1-iscsi devstack@n-api.service[88685]: INFO nova.api.openstack.requestlog [None req-79537567-8c6e-4f76-8659-34f7a767d03a tempest-DeleteServersTestJSON-1169943143 tempest-DeleteServersTestJSON-1169943143-project] 10.222.0.21 "GET /compute/v2.1/servers/71e64b73-10b8-4bf9-8a2f-d0e8c833afc7" status: 200 len: 1219 microversion: 2.1 time: 0.414590
Jun 27 12:20:08.047788 dv-cinder-798098-1-iscsi devstack@n-api.service[88685]: [pid: 88685|app: 0|req: 8/16] 10.222.0.21 () {58 vars in 1236 bytes} [Sun Jun 27 12:20:07 2021] GET /compute/v2.1/servers/71e64b73-10b8-4bf9-8a2f-d0e8c833afc7 => generated 1219 bytes in 429 msecs (HTTP/1.1 200) 9 headers in 358 bytes (1 switches on core 0)
Jun 27 12:20:08.497960 dv-cinder-798098-1-iscsi devstack@n-api.service[88686]: DEBUG nova.api.openstack.wsgi [None req-649e1a92-3cfa-4bf2-8205-4c40f1de3d0f tempest-VolumesSnapshotsTestJSON-1537583628 tempest-VolumesSnapshotsTestJSON-1537583628-project] Calling method '.version_select at 0x7f41655158b0>' {{(pid=88686) _process_stack /opt/stack/nova/nova/api/openstack/wsgi.py:513}}
Jun 27 12:20:08.647602 dv-cinder-798098-1-iscsi devstack@n-api.service[88686]: INFO nova.api.openstack.requestlog [None req-649e1a92-3cfa-4bf2-8205-4c40f1de3d0f tempest-VolumesSnapshotsTestJSON-1537583628 tempest-VolumesSnapshotsTestJSON-1537583628-project] 10.222.0.21 "GET /compute/v2.1/os-snapshots/3eeb1cba-7b6e-4ab3-bc8f-1dcd1ed6759d" status: 200 len: 286 microversion: 2.1 time: 0.164849
Jun 27 12:20:08.648989 dv-cinder-798098-1-iscsi devstack@n-api.service[88686]: [pid: 88686|app: 0|req: 9/17] 10.222.0.21 () {58 vars in 1251 bytes} [Sun Jun 27 12:20:08 2021] GET /compute/v2.1/os-snapshots/3eeb1cba-7b6e-4ab3-bc8f-1dcd1ed6759d => generated 286 bytes in 167 msecs (HTTP/1.1 200) 9 headers in 357 bytes (1 switches on core 0)
Jun 27 12:20:09.078645 dv-cinder-798098-1-iscsi devstack@n-api.service[88685]: DEBUG nova.api.openstack.wsgi [None req-11a00824-3235-4958-9057-70dc1171a1f4 tempest-DeleteServersTestJSON-1169943143 tempest-DeleteServersTestJSON-1169943143-project] Calling method '>' {{(pid=88685) _process_stack /opt/stack/nova/nova/api/openstack/wsgi.py:513}}
Jun 27 12:20:09.083847 dv-cinder-798098-1-iscsi devstack@n-api.service[88685]: DEBUG nova.compute.api [None req-11a00824-3235-4958-9057-70dc1171a1f4 tempest-DeleteServersTestJSON-1169943143 tempest-DeleteServersTestJSON-1169943143-project] [instance: 71e64b73-10b8-4bf9-8a2f-d0e8c833afc7] Fetching instance by UUID {{(pid=88685) get /opt/stack/nova/nova/compute/api.py:2810}}
Jun 27 12:20:09.104120 dv-cinder-798098-1-iscsi devstack@n-api.service[88685]: DEBUG oslo_concurrency.lockutils [None req-11a00824-3235-4958-9057-70dc1171a1f4 tempest-DeleteServersTestJSON-1169943143 tempest-DeleteServersTestJSON-1169943143-project] Lock "221472fc-e29f-4475-b5c2-727c69904e6a" acquired by "nova.context.set_target_cell..get_or_set_cached_cell_and_set_connections" :: waited 0.000s {{(pid=88685) inner /usr/local/lib/python3.8/dist-packages/oslo_concurrency/lockutils.py:355}}
Jun 27 12:20:09.105546 dv-cinder-798098-1-iscsi devstack@n-api.service[88685]: DEBUG oslo_concurrency.lockutils [None req-11a00824-3235-4958-9057-70dc1171a1f4 tempest-DeleteServersTestJSON-1169943143 tempest-DeleteServersTestJSON-1169943143-project] Lock "221472fc-e29f-4475-b5c2-727c69904e6a" released by "nova.context.set_target_cell..get_or_set_cached_cell_and_set_connections" :: held 0.002s {{(pid=88685) inner /usr/local/lib/python3.8/dist-packages/oslo_concurrency/lockutils.py:367}}
Jun 27 12:20:09.106495 dv-cinder-798098-1-iscsi devstack@n-api.service[88685]: DEBUG oslo_concurrency.lockutils [None req-11a00824-3235-4958-9057-70dc1171a1f4 tempest-DeleteServersTestJSON-1169943143 tempest-DeleteServersTestJSON-1169943143-project] Lock "221472fc-e29f-4475-b5c2-727c69904e6a" acquired by "nova.context.set_target_cell..get_or_set_cached_cell_and_set_connections" :: waited 0.000s {{(pid=88685) inner /usr/local/lib/python3.8/dist-packages/oslo_concurrency/lockutils.py:355}}
Jun 27 12:20:09.108222 dv-cinder-798098-1-iscsi devstack@n-api.service[88685]: DEBUG oslo_concurrency.lockutils [None req-11a00824-3235-4958-9057-70dc1171a1f4 tempest-DeleteServersTestJSON-1169943143 tempest-DeleteServersTestJSON-1169943143-project] Lock "221472fc-e29f-4475-b5c2-727c69904e6a" released by "nova.context.set_target_cell..get_or_set_cached_cell_and_set_connections" :: held 0.002s {{(pid=88685) inner /usr/local/lib/python3.8/dist-packages/oslo_concurrency/lockutils.py:367}}
Jun 27 12:20:09.337423 dv-cinder-798098-1-iscsi devstack@n-api.service[88685]: DEBUG nova.policy [None req-11a00824-3235-4958-9057-70dc1171a1f4 tempest-DeleteServersTestJSON-1169943143 tempest-DeleteServersTestJSON-1169943143-project] Policy check for os_compute_api:os-extended-server-attributes failed with credentials {'is_admin': False, 'user_id': 'a8a8bce3a4fc4889b1c3898e46cb2ff4', 'user_domain_id': 'default', 'system_scope': None, 'domain_id': None, 'project_id': 'ce14925fba3242129c38aaf6df0ac8a4', 'project_domain_id': 'default', 'roles': ['member', 'reader'], 'is_admin_project': True, 'service_user_id': None, 'service_user_domain_id': None, 'service_project_id': None, 'service_project_domain_id': None, 'service_roles': []} {{(pid=88685) authorize /opt/stack/nova/nova/policy.py:222}}
Jun 27 12:20:09.356220 dv-cinder-798098-1-iscsi devstack@n-api.service[88685]: INFO nova.api.openstack.requestlog [None req-11a00824-3235-4958-9057-70dc1171a1f4 tempest-DeleteServersTestJSON-1169943143 tempest-DeleteServersTestJSON-1169943143-project] 10.222.0.21 "GET /compute/v2.1/servers/71e64b73-10b8-4bf9-8a2f-d0e8c833afc7" status: 200 len: 1267 microversion: 2.1 time: 0.295093
Jun 27 12:20:09.373412 dv-cinder-798098-1-iscsi devstack@n-api.service[88685]: [pid: 88685|app: 0|req: 9/18] 10.222.0.21 () {58 vars in 1236 bytes} [Sun Jun 27 12:20:09 2021] GET /compute/v2.1/servers/71e64b73-10b8-4bf9-8a2f-d0e8c833afc7 => generated 1267 bytes in 313 msecs (HTTP/1.1 200) 9 headers in 358 bytes (1 switches on core 0)
Jun 27 12:20:09.670125 dv-cinder-798098-1-iscsi devstack@n-api.service[88686]: DEBUG nova.api.openstack.wsgi [None req-59072927-0e4a-4770-90f3-363fa9329bb0 tempest-VolumesSnapshotsTestJSON-1537583628 tempest-VolumesSnapshotsTestJSON-1537583628-project] Calling method '.version_select at 0x7f4165472940>' {{(pid=88686) _process_stack /opt/stack/nova/nova/api/openstack/wsgi.py:513}}
Jun 27 12:20:09.944320 dv-cinder-798098-1-iscsi devstack@n-api.service[88685]: DEBUG nova.api.openstack.wsgi [None req-ccadda40-4bf5-4578-8ba0-b697c354896f tempest-VolumesTestJSON-1151913343 tempest-VolumesTestJSON-1151913343-project] Calling method '.version_select at 0x7f416523b670>' {{(pid=88685) _process_stack /opt/stack/nova/nova/api/openstack/wsgi.py:513}}
Jun 27 12:20:10.060829 dv-cinder-798098-1-iscsi devstack@n-api.service[88686]: INFO nova.api.openstack.requestlog [None req-59072927-0e4a-4770-90f3-363fa9329bb0 tempest-VolumesSnapshotsTestJSON-1537583628 tempest-VolumesSnapshotsTestJSON-1537583628-project] 10.222.0.21 "GET /compute/v2.1/os-snapshots/3eeb1cba-7b6e-4ab3-bc8f-1dcd1ed6759d" status: 200 len: 287 microversion: 2.1 time: 0.399755
Jun 27 12:20:10.061502 dv-cinder-798098-1-iscsi devstack@n-api.service[88686]: [pid: 88686|app: 0|req: 10/19] 10.222.0.21 () {58 vars in 1251 bytes} [Sun Jun 27 12:20:09 2021] GET /compute/v2.1/os-snapshots/3eeb1cba-7b6e-4ab3-bc8f-1dcd1ed6759d => generated 287 bytes in 407 msecs (HTTP/1.1 200) 9 headers in 357 bytes (1 switches on core 0)
Jun 27 12:20:10.096533 dv-cinder-798098-1-iscsi devstack@n-api.service[88686]: DEBUG nova.api.openstack.wsgi [None req-3d4c904a-e2bb-4489-a4fd-89f5bc40982f tempest-VolumesSnapshotsTestJSON-1537583628 tempest-VolumesSnapshotsTestJSON-1537583628-project] Calling method '.version_select at 0x7f4165472c10>' {{(pid=88686) _process_stack /opt/stack/nova/nova/api/openstack/wsgi.py:513}}
Jun 27 12:20:10.322597 dv-cinder-798098-1-iscsi devstack@n-api.service[88685]: INFO nova.api.openstack.requestlog [None req-ccadda40-4bf5-4578-8ba0-b697c354896f tempest-VolumesTestJSON-1151913343 tempest-VolumesTestJSON-1151913343-project] 10.222.0.21 "GET /compute/v2.1/os-volumes/6f462812-70e8-4992-9012-a60371e2bfe6" status: 200 len: 351 microversion: 2.1 time: 0.391972
Jun 27 12:20:10.323182 dv-cinder-798098-1-iscsi devstack@n-api.service[88685]: [pid: 88685|app: 0|req: 10/20] 10.222.0.21 () {58 vars in 1245 bytes} [Sun Jun 27 12:20:09 2021] GET /compute/v2.1/os-volumes/6f462812-70e8-4992-9012-a60371e2bfe6 => generated 351 bytes in 393 msecs (HTTP/1.1 200) 9 headers in 357 bytes (1 switches on core 0)
