Jun 28 12:25:14.125836 dv-cinder-798094-1-smb neutron-server[79307]: DEBUG neutron.api.rpc.handlers.resources_rpc [None req-409cdac7-9573-4bc1-bb7b-439b52f7ddcd admin admin] Pushing event updated for resources: {'SecurityGroup': ['ID=e535ab7d-b730-46c9-80c4-83835fe50edc,revision_number=1']} {{(pid=79307) push /opt/stack/neutron/neutron/api/rpc/handlers/resources_rpc.py:237}}
Jun 28 12:25:14.134366 dv-cinder-798094-1-smb neutron-server[79307]: DEBUG neutron.api.rpc.callbacks.version_manager [None req-409cdac7-9573-4bc1-bb7b-439b52f7ddcd admin admin] Version for resource type AddressGroup changed None to 1.2 on consumer Open vSwitch agent@dv-cinder-798094-1-smb {{(pid=79307) _set_version /opt/stack/neutron/neutron/api/rpc/callbacks/version_manager.py:113}}
Jun 28 12:25:14.134707 dv-cinder-798094-1-smb neutron-server[79307]: DEBUG neutron.api.rpc.callbacks.version_manager [None req-409cdac7-9573-4bc1-bb7b-439b52f7ddcd admin admin] Version for resource type ConntrackHelper changed None to 1.0 on consumer Open vSwitch agent@dv-cinder-798094-1-smb {{(pid=79307) _set_version /opt/stack/neutron/neutron/api/rpc/callbacks/version_manager.py:113}}
Jun 28 12:25:14.135042 dv-cinder-798094-1-smb neutron-server[79307]: DEBUG neutron.api.rpc.callbacks.version_manager [None req-409cdac7-9573-4bc1-bb7b-439b52f7ddcd admin admin] Version for resource type Log changed None to 1.0 on consumer Open vSwitch agent@dv-cinder-798094-1-smb {{(pid=79307) _set_version /opt/stack/neutron/neutron/api/rpc/callbacks/version_manager.py:113}}
Jun 28 12:25:14.135364 dv-cinder-798094-1-smb neutron-server[79307]: DEBUG neutron.api.rpc.callbacks.version_manager [None req-409cdac7-9573-4bc1-bb7b-439b52f7ddcd admin admin] Version for resource type Network changed None to 1.1 on consumer Open vSwitch agent@dv-cinder-798094-1-smb {{(pid=79307) _set_version /opt/stack/neutron/neutron/api/rpc/callbacks/version_manager.py:113}}
Jun 28 12:25:14.135688 dv-cinder-798094-1-smb neutron-server[79307]: DEBUG neutron.api.rpc.callbacks.version_manager [None req-409cdac7-9573-4bc1-bb7b-439b52f7ddcd admin admin] Version for resource type Port changed None to 1.7 on consumer Open vSwitch agent@dv-cinder-798094-1-smb {{(pid=79307) _set_version /opt/stack/neutron/neutron/api/rpc/callbacks/version_manager.py:113}}
Jun 28 12:25:14.136008 dv-cinder-798094-1-smb neutron-server[79307]: DEBUG neutron.api.rpc.callbacks.version_manager [None req-409cdac7-9573-4bc1-bb7b-439b52f7ddcd admin admin] Version for resource type PortForwarding changed None to 1.2 on consumer Open vSwitch agent@dv-cinder-798094-1-smb {{(pid=79307) _set_version /opt/stack/neutron/neutron/api/rpc/callbacks/version_manager.py:113}}
Jun 28 12:25:14.136325 dv-cinder-798094-1-smb neutron-server[79307]: DEBUG neutron.api.rpc.callbacks.version_manager [None req-409cdac7-9573-4bc1-bb7b-439b52f7ddcd admin admin] Version for resource type QosPolicy changed None to 1.8 on consumer Open vSwitch agent@dv-cinder-798094-1-smb {{(pid=79307) _set_version /opt/stack/neutron/neutron/api/rpc/callbacks/version_manager.py:113}}
Jun 28 12:25:14.136637 dv-cinder-798094-1-smb neutron-server[79307]: DEBUG neutron.api.rpc.callbacks.version_manager [None req-409cdac7-9573-4bc1-bb7b-439b52f7ddcd admin admin] Version for resource type SecurityGroup changed None to 1.4 on consumer Open vSwitch agent@dv-cinder-798094-1-smb {{(pid=79307) _set_version /opt/stack/neutron/neutron/api/rpc/callbacks/version_manager.py:113}}
Jun 28 12:25:14.136952 dv-cinder-798094-1-smb neutron-server[79307]: DEBUG neutron.api.rpc.callbacks.version_manager [None req-409cdac7-9573-4bc1-bb7b-439b52f7ddcd admin admin] Version for resource type SecurityGroupRule changed None to 1.2 on consumer Open vSwitch agent@dv-cinder-798094-1-smb {{(pid=79307) _set_version /opt/stack/neutron/neutron/api/rpc/callbacks/version_manager.py:113}}
Jun 28 12:25:14.137263 dv-cinder-798094-1-smb neutron-server[79307]: DEBUG neutron.api.rpc.callbacks.version_manager [None req-409cdac7-9573-4bc1-bb7b-439b52f7ddcd admin admin] Version for resource type SubPort changed None to 1.0 on consumer Open vSwitch agent@dv-cinder-798094-1-smb {{(pid=79307) _set_version /opt/stack/neutron/neutron/api/rpc/callbacks/version_manager.py:113}}
Jun 28 12:25:14.137625 dv-cinder-798094-1-smb neutron-server[79307]: DEBUG neutron.api.rpc.callbacks.version_manager [None req-409cdac7-9573-4bc1-bb7b-439b52f7ddcd admin admin] Version for resource type Subnet changed None to 1.1 on consumer Open vSwitch agent@dv-cinder-798094-1-smb {{(pid=79307) _set_version /opt/stack/neutron/neutron/api/rpc/callbacks/version_manager.py:113}}
Jun 28 12:25:14.137947 dv-cinder-798094-1-smb neutron-server[79307]: DEBUG neutron.api.rpc.callbacks.version_manager [None req-409cdac7-9573-4bc1-bb7b-439b52f7ddcd admin admin] Version for resource type Trunk changed None to 1.1 on consumer Open vSwitch agent@dv-cinder-798094-1-smb {{(pid=79307) _set_version /opt/stack/neutron/neutron/api/rpc/callbacks/version_manager.py:113}}
Jun 28 12:25:14.141723 dv-cinder-798094-1-smb neutron-server[79307]: DEBUG oslo_concurrency.lockutils [None req-409cdac7-9573-4bc1-bb7b-439b52f7ddcd admin admin] Lock "event-dispatch" released by "neutron.plugins.ml2.ovo_rpc._ObjectChangeHandler.dispatch_events" :: held 0.063s {{(pid=79307) inner /usr/local/lib/python3.8/dist-packages/oslo_concurrency/lockutils.py:367}}
Jun 28 12:25:14.247609 dv-cinder-798094-1-smb neutron-server[79307]: DEBUG neutron.quota.resource [None req-409cdac7-9573-4bc1-bb7b-439b52f7ddcd admin admin] Unset dirty status for tenant:b84f1b629f4b4d99be2d00d994e6c27c on resource:security_group {{(pid=79307) _resync /opt/stack/neutron/neutron/quota/resource.py:233}}
Jun 28 12:25:14.248992 dv-cinder-798094-1-smb neutron-server[79307]: INFO neutron.wsgi [None req-409cdac7-9573-4bc1-bb7b-439b52f7ddcd admin admin] 10.222.0.37 "GET /v2.0/security-groups?tenant_id=9d0430f650834da08f4b2b58b6639be0&name=default HTTP/1.1" status: 200 len: 2975 time: 0.5093386
Jun 28 12:25:14.251752 dv-cinder-798094-1-smb neutron-server[79307]: DEBUG neutron.wsgi [-] (79307) accepted ('10.222.0.37', 47346) {{(pid=79307) server /usr/local/lib/python3.8/dist-packages/eventlet/wsgi.py:992}}
Jun 28 12:25:14.309847 dv-cinder-798094-1-smb neutron-server[79307]: DEBUG neutron_lib.callbacks.manager [None req-cfa1de51-6930-49bc-8f4f-ed60e2502e0f admin admin] Notify callbacks [] for security_group, before_delete {{(pid=79307) _notify_loop /usr/local/lib/python3.8/dist-packages/neutron_lib/callbacks/manager.py:192}}
Jun 28 12:25:14.335210 dv-cinder-798094-1-smb neutron-server[79307]: DEBUG neutron_lib.callbacks.manager [None req-cfa1de51-6930-49bc-8f4f-ed60e2502e0f admin admin] Notify callbacks [] for security_group, precommit_delete {{(pid=79307) _notify_loop /usr/local/lib/python3.8/dist-packages/neutron_lib/callbacks/manager.py:192}}
Jun 28 12:25:14.539707 dv-cinder-798094-1-smb neutron-server[79307]: DEBUG neutron_lib.callbacks.manager [None req-cfa1de51-6930-49bc-8f4f-ed60e2502e0f admin admin] Notify callbacks ['neutron.plugins.ml2.ovo_rpc._ObjectChangeHandler.handle_event-16349087'] for security_group, after_delete {{(pid=79307) _notify_loop /usr/local/lib/python3.8/dist-packages/neutron_lib/callbacks/manager.py:192}}
Jun 28 12:25:14.543682 dv-cinder-798094-1-smb neutron-server[79307]: DEBUG oslo_concurrency.lockutils [-] Lock "event-dispatch" acquired by "neutron.plugins.ml2.ovo_rpc._ObjectChangeHandler.dispatch_events" :: waited 0.000s {{(pid=79307) inner /usr/local/lib/python3.8/dist-packages/oslo_concurrency/lockutils.py:355}}
Jun 28 12:25:14.556770 dv-cinder-798094-1-smb neutron-server[79307]: DEBUG neutron.api.rpc.handlers.resources_rpc [None req-cfa1de51-6930-49bc-8f4f-ed60e2502e0f admin admin] Pushing event deleted for resources: {'SecurityGroup': ['ID=e535ab7d-b730-46c9-80c4-83835fe50edc,revision_number=None']} {{(pid=79307) push /opt/stack/neutron/neutron/api/rpc/handlers/resources_rpc.py:237}}
Jun 28 12:25:14.559626 dv-cinder-798094-1-smb neutron-server[79307]: DEBUG oslo_concurrency.lockutils [None req-cfa1de51-6930-49bc-8f4f-ed60e2502e0f admin admin] Lock "event-dispatch" released by "neutron.plugins.ml2.ovo_rpc._ObjectChangeHandler.dispatch_events" :: held 0.016s {{(pid=79307) inner /usr/local/lib/python3.8/dist-packages/oslo_concurrency/lockutils.py:367}}
Jun 28 12:25:14.561768 dv-cinder-798094-1-smb neutron-server[79307]: DEBUG neutron_lib.callbacks.manager [None req-cfa1de51-6930-49bc-8f4f-ed60e2502e0f admin admin] Notify callbacks [] for security_group, before_response {{(pid=79307) _notify_loop /usr/local/lib/python3.8/dist-packages/neutron_lib/callbacks/manager.py:192}}
Jun 28 12:25:14.562659 dv-cinder-798094-1-smb neutron-server[79307]: INFO neutron.wsgi [None req-cfa1de51-6930-49bc-8f4f-ed60e2502e0f admin admin] 10.222.0.37 "DELETE /v2.0/security-groups/e535ab7d-b730-46c9-80c4-83835fe50edc HTTP/1.1" status: 204 len: 168 time: 0.3099880
Jun 28 12:25:23.803187 dv-cinder-798094-1-smb neutron-server[79310]: DEBUG neutron.db.agents_db [None req-efb2c7a0-5d05-434a-a6f1-b88505b76bd3 None None] Agent healthcheck: found 5 active agents {{(pid=79310) agent_health_check /opt/stack/neutron/neutron/db/agents_db.py:328}}
Jun 28 12:25:31.796651 dv-cinder-798094-1-smb neutron-server[79309]: DEBUG neutron_lib.callbacks.manager [None req-1a6d34c0-dba4-449b-8ce4-f71c303749c7 None None] Notify callbacks ['neutron.services.segments.db._update_segment_host_mapping_for_agent-8748873948106', 'neutron.plugins.ml2.plugin.Ml2Plugin._retry_binding_revived_agents-1457048'] for agent, after_update {{(pid=79309) _notify_loop /usr/local/lib/python3.8/dist-packages/neutron_lib/callbacks/manager.py:192}}
Jun 28 12:25:32.115990 dv-cinder-798094-1-smb neutron-server[79309]: DEBUG neutron_lib.callbacks.manager [None req-347992c6-343e-4ab4-8197-49667e1532e9 None None] Notify callbacks ['neutron.services.segments.db._update_segment_host_mapping_for_agent-8748873948106', 'neutron.plugins.ml2.plugin.Ml2Plugin._retry_binding_revived_agents-1457048'] for agent, after_update {{(pid=79309) _notify_loop /usr/local/lib/python3.8/dist-packages/neutron_lib/callbacks/manager.py:192}}
Jun 28 12:25:34.356547 dv-cinder-798094-1-smb neutron-server[79309]: DEBUG neutron_lib.callbacks.manager [None req-fe1c88ac-8506-4b89-8ced-d8b85d393a41 None None] Notify callbacks ['neutron.services.segments.db._update_segment_host_mapping_for_agent-8748873948106', 'neutron.plugins.ml2.plugin.Ml2Plugin._retry_binding_revived_agents-1457048'] for agent, after_update {{(pid=79309) _notify_loop /usr/local/lib/python3.8/dist-packages/neutron_lib/callbacks/manager.py:192}}
Jun 28 12:25:35.350469 dv-cinder-798094-1-smb neutron-server[79309]: DEBUG neutron_lib.callbacks.manager [None req-61cf36c8-a359-44af-b3cc-4a1b2e18b534 None None] Notify callbacks ['neutron.services.segments.db._update_segment_host_mapping_for_agent-8748873948106', 'neutron.plugins.ml2.plugin.Ml2Plugin._retry_binding_revived_agents-1457048'] for agent, after_update {{(pid=79309) _notify_loop /usr/local/lib/python3.8/dist-packages/neutron_lib/callbacks/manager.py:192}}
Jun 28 12:25:36.710856 dv-cinder-798094-1-smb neutron-server[79309]: DEBUG neutron_lib.callbacks.manager [None req-28458824-a6c9-4646-a8d9-49a93195814c None None] Notify callbacks ['neutron.services.segments.db._update_segment_host_mapping_for_agent-8748873948106', 'neutron.plugins.ml2.plugin.Ml2Plugin._retry_binding_revived_agents-1457048'] for agent, after_update {{(pid=79309) _notify_loop /usr/local/lib/python3.8/dist-packages/neutron_lib/callbacks/manager.py:192}}
Jun 28 12:26:00.801840 dv-cinder-798094-1-smb neutron-server[79310]: DEBUG neutron.db.agents_db [None req-efb2c7a0-5d05-434a-a6f1-b88505b76bd3 None None] Agent healthcheck: found 5 active agents {{(pid=79310) agent_health_check /opt/stack/neutron/neutron/db/agents_db.py:328}}
Jun 28 12:26:01.807818 dv-cinder-798094-1-smb neutron-server[79309]: DEBUG neutron_lib.callbacks.manager [None req-bf006175-65c0-45f6-af28-bd56c2f1313f None None] Notify callbacks ['neutron.services.segments.db._update_segment_host_mapping_for_agent-8748873948106', 'neutron.plugins.ml2.plugin.Ml2Plugin._retry_binding_revived_agents-1457048'] for agent, after_update {{(pid=79309) _notify_loop /usr/local/lib/python3.8/dist-packages/neutron_lib/callbacks/manager.py:192}}
Jun 28 12:26:02.125478 dv-cinder-798094-1-smb neutron-server[79309]: DEBUG neutron_lib.callbacks.manager [None req-347992c6-343e-4ab4-8197-49667e1532e9 None None] Notify callbacks ['neutron.services.segments.db._update_segment_host_mapping_for_agent-8748873948106', 'neutron.plugins.ml2.plugin.Ml2Plugin._retry_binding_revived_agents-1457048'] for agent, after_update {{(pid=79309) _notify_loop /usr/local/lib/python3.8/dist-packages/neutron_lib/callbacks/manager.py:192}}
Jun 28 12:26:04.339097 dv-cinder-798094-1-smb neutron-server[79309]: DEBUG neutron_lib.callbacks.manager [None req-d62aa6f0-6430-46cf-bd6f-3d59d23229b5 None None] Notify callbacks ['neutron.services.segments.db._update_segment_host_mapping_for_agent-8748873948106', 'neutron.plugins.ml2.plugin.Ml2Plugin._retry_binding_revived_agents-1457048'] for agent, after_update {{(pid=79309) _notify_loop /usr/local/lib/python3.8/dist-packages/neutron_lib/callbacks/manager.py:192}}
Jun 28 12:26:05.396255 dv-cinder-798094-1-smb neutron-server[79309]: DEBUG neutron_lib.callbacks.manager [None req-61cf36c8-a359-44af-b3cc-4a1b2e18b534 None None] Notify callbacks ['neutron.services.segments.db._update_segment_host_mapping_for_agent-8748873948106', 'neutron.plugins.ml2.plugin.Ml2Plugin._retry_binding_revived_agents-1457048'] for agent, after_update {{(pid=79309) _notify_loop /usr/local/lib/python3.8/dist-packages/neutron_lib/callbacks/manager.py:192}}
Jun 28 12:26:06.781302 dv-cinder-798094-1-smb neutron-server[79309]: DEBUG neutron_lib.callbacks.manager [None req-28458824-a6c9-4646-a8d9-49a93195814c None None] Notify callbacks ['neutron.services.segments.db._update_segment_host_mapping_for_agent-8748873948106', 'neutron.plugins.ml2.plugin.Ml2Plugin._retry_binding_revived_agents-1457048'] for agent, after_update {{(pid=79309) _notify_loop /usr/local/lib/python3.8/dist-packages/neutron_lib/callbacks/manager.py:192}}
Jun 28 12:26:31.813051 dv-cinder-798094-1-smb neutron-server[79309]: DEBUG neutron_lib.callbacks.manager [None req-f0809a4a-d9bd-4c02-a568-22468ac4c58f None None] Notify callbacks ['neutron.services.segments.db._update_segment_host_mapping_for_agent-8748873948106', 'neutron.plugins.ml2.plugin.Ml2Plugin._retry_binding_revived_agents-1457048'] for agent, after_update {{(pid=79309) _notify_loop /usr/local/lib/python3.8/dist-packages/neutron_lib/callbacks/manager.py:192}}
Jun 28 12:26:32.098970 dv-cinder-798094-1-smb neutron-server[79309]: DEBUG neutron_lib.callbacks.manager [None req-347992c6-343e-4ab4-8197-49667e1532e9 None None] Notify callbacks ['neutron.services.segments.db._update_segment_host_mapping_for_agent-8748873948106', 'neutron.plugins.ml2.plugin.Ml2Plugin._retry_binding_revived_agents-1457048'] for agent, after_update {{(pid=79309) _notify_loop /usr/local/lib/python3.8/dist-packages/neutron_lib/callbacks/manager.py:192}}
Jun 28 12:26:34.372821 dv-cinder-798094-1-smb neutron-server[79309]: DEBUG neutron_lib.callbacks.manager [None req-5e88c56d-8d73-4d20-ae1c-4c800c3bca8d None None] Notify callbacks ['neutron.services.segments.db._update_segment_host_mapping_for_agent-8748873948106', 'neutron.plugins.ml2.plugin.Ml2Plugin._retry_binding_revived_agents-1457048'] for agent, after_update {{(pid=79309) _notify_loop /usr/local/lib/python3.8/dist-packages/neutron_lib/callbacks/manager.py:192}}
Jun 28 12:26:35.356188 dv-cinder-798094-1-smb neutron-server[79309]: DEBUG neutron_lib.callbacks.manager [None req-61cf36c8-a359-44af-b3cc-4a1b2e18b534 None None] Notify callbacks ['neutron.services.segments.db._update_segment_host_mapping_for_agent-8748873948106', 'neutron.plugins.ml2.plugin.Ml2Plugin._retry_binding_revived_agents-1457048'] for agent, after_update {{(pid=79309) _notify_loop /usr/local/lib/python3.8/dist-packages/neutron_lib/callbacks/manager.py:192}}
Jun 28 12:26:36.736797 dv-cinder-798094-1-smb neutron-server[79309]: DEBUG neutron_lib.callbacks.manager [None req-28458824-a6c9-4646-a8d9-49a93195814c None None] Notify callbacks ['neutron.services.segments.db._update_segment_host_mapping_for_agent-8748873948106', 'neutron.plugins.ml2.plugin.Ml2Plugin._retry_binding_revived_agents-1457048'] for agent, after_update {{(pid=79309) _notify_loop /usr/local/lib/python3.8/dist-packages/neutron_lib/callbacks/manager.py:192}}
Jun 28 12:26:37.801492 dv-cinder-798094-1-smb neutron-server[79310]: DEBUG neutron.db.agents_db [None req-efb2c7a0-5d05-434a-a6f1-b88505b76bd3 None None] Agent healthcheck: found 5 active agents {{(pid=79310) agent_health_check /opt/stack/neutron/neutron/db/agents_db.py:328}}
Jun 28 12:27:00.138248 dv-cinder-798094-1-smb neutron-server[79309]: DEBUG neutron_lib.callbacks.manager [None req-d6917fa3-c72e-4b06-8253-c435370ed1ec None None] Notify callbacks ['neutron.services.segments.db._update_segment_host_mapping_for_agent-8748873948106', 'neutron.services.l3_router.l3_router_plugin.DVRResourceOperationHandler.create_fip_agent_gw_ports-16312434'] for agent, after_create {{(pid=79309) _notify_loop /usr/local/lib/python3.8/dist-packages/neutron_lib/callbacks/manager.py:192}}
Jun 28 12:27:01.821892 dv-cinder-798094-1-smb neutron-server[79309]: DEBUG neutron_lib.callbacks.manager [None req-eca81014-b2a9-4f45-bab9-2272385b9d38 None None] Notify callbacks ['neutron.services.segments.db._update_segment_host_mapping_for_agent-8748873948106', 'neutron.plugins.ml2.plugin.Ml2Plugin._retry_binding_revived_agents-1457048'] for agent, after_update {{(pid=79309) _notify_loop /usr/local/lib/python3.8/dist-packages/neutron_lib/callbacks/manager.py:192}}
Jun 28 12:27:02.119115 dv-cinder-798094-1-smb neutron-server[79309]: DEBUG neutron_lib.callbacks.manager [None req-347992c6-343e-4ab4-8197-49667e1532e9 None None] Notify callbacks ['neutron.services.segments.db._update_segment_host_mapping_for_agent-8748873948106', 'neutron.plugins.ml2.plugin.Ml2Plugin._retry_binding_revived_agents-1457048'] for agent, after_update {{(pid=79309) _notify_loop /usr/local/lib/python3.8/dist-packages/neutron_lib/callbacks/manager.py:192}}
Jun 28 12:27:04.361201 dv-cinder-798094-1-smb neutron-server[79309]: DEBUG neutron_lib.callbacks.manager [None req-78c33d37-a906-4332-b72b-df1be01350b6 None None] Notify callbacks ['neutron.services.segments.db._update_segment_host_mapping_for_agent-8748873948106', 'neutron.plugins.ml2.plugin.Ml2Plugin._retry_binding_revived_agents-1457048'] for agent, after_update {{(pid=79309) _notify_loop /usr/local/lib/python3.8/dist-packages/neutron_lib/callbacks/manager.py:192}}
Jun 28 12:27:05.366774 dv-cinder-798094-1-smb neutron-server[79309]: DEBUG neutron_lib.callbacks.manager [None req-61cf36c8-a359-44af-b3cc-4a1b2e18b534 None None] Notify callbacks ['neutron.services.segments.db._update_segment_host_mapping_for_agent-8748873948106', 'neutron.plugins.ml2.plugin.Ml2Plugin._retry_binding_revived_agents-1457048'] for agent, after_update {{(pid=79309) _notify_loop /usr/local/lib/python3.8/dist-packages/neutron_lib/callbacks/manager.py:192}}
Jun 28 12:27:06.755363 dv-cinder-798094-1-smb neutron-server[79309]: DEBUG neutron_lib.callbacks.manager [None req-28458824-a6c9-4646-a8d9-49a93195814c None None] Notify callbacks ['neutron.services.segments.db._update_segment_host_mapping_for_agent-8748873948106', 'neutron.plugins.ml2.plugin.Ml2Plugin._retry_binding_revived_agents-1457048'] for agent, after_update {{(pid=79309) _notify_loop /usr/local/lib/python3.8/dist-packages/neutron_lib/callbacks/manager.py:192}}
Jun 28 12:27:14.801107 dv-cinder-798094-1-smb neutron-server[79310]: DEBUG neutron.db.agents_db [None req-efb2c7a0-5d05-434a-a6f1-b88505b76bd3 None None] Agent healthcheck: found 6 active agents {{(pid=79310) agent_health_check /opt/stack/neutron/neutron/db/agents_db.py:328}}
Jun 28 12:27:16.426025 dv-cinder-798094-1-smb neutron-server[79307]: DEBUG neutron.wsgi [-] (79307) accepted ('10.222.0.37', 47426) {{(pid=79307) server /usr/local/lib/python3.8/dist-packages/eventlet/wsgi.py:992}}
Jun 28 12:27:16.545467 dv-cinder-798094-1-smb neutron-server[79307]: INFO neutron.wsgi [None req-41ca1ca6-ca7a-4c90-8d69-931d99fb09a9 admin admin] 10.222.0.37 "GET /v2.0/agents HTTP/1.1" status: 200 len: 4291 time: 0.1182413
Jun 28 12:27:18.693135 dv-cinder-798094-1-smb neutron-server[79307]: DEBUG neutron.wsgi [-] (79307) accepted ('10.222.0.37', 47436) {{(pid=79307) server /usr/local/lib/python3.8/dist-packages/eventlet/wsgi.py:992}}
Jun 28 12:27:18.750607 dv-cinder-798094-1-smb neutron-server[79307]: INFO neutron.wsgi [None req-72ff35f4-14db-43a1-a11a-01406ef07f9a admin admin] 10.222.0.37 "GET /v2.0/agents HTTP/1.1" status: 200 len: 4291 time: 0.0563655
Jun 28 12:27:30.103746 dv-cinder-798094-1-smb neutron-server[79309]: DEBUG neutron_lib.callbacks.manager [None req-d6917fa3-c72e-4b06-8253-c435370ed1ec None None] Notify callbacks ['neutron.services.segments.db._update_segment_host_mapping_for_agent-8748873948106', 'neutron.plugins.ml2.plugin.Ml2Plugin._retry_binding_revived_agents-1457048'] for agent, after_update {{(pid=79309) _notify_loop /usr/local/lib/python3.8/dist-packages/neutron_lib/callbacks/manager.py:192}}
Jun 28 12:27:31.809180 dv-cinder-798094-1-smb neutron-server[79309]: DEBUG neutron_lib.callbacks.manager [None req-e1251bf6-b6e1-4cc5-b4d1-5f06888c2c32 None None] Notify callbacks ['neutron.services.segments.db._update_segment_host_mapping_for_agent-8748873948106', 'neutron.plugins.ml2.plugin.Ml2Plugin._retry_binding_revived_agents-1457048'] for agent, after_update {{(pid=79309) _notify_loop /usr/local/lib/python3.8/dist-packages/neutron_lib/callbacks/manager.py:192}}
Jun 28 12:27:32.109353 dv-cinder-798094-1-smb neutron-server[79309]: DEBUG neutron_lib.callbacks.manager [None req-347992c6-343e-4ab4-8197-49667e1532e9 None None] Notify callbacks ['neutron.services.segments.db._update_segment_host_mapping_for_agent-8748873948106', 'neutron.plugins.ml2.plugin.Ml2Plugin._retry_binding_revived_agents-1457048'] for agent, after_update {{(pid=79309) _notify_loop /usr/local/lib/python3.8/dist-packages/neutron_lib/callbacks/manager.py:192}}
Jun 28 12:27:34.346914 dv-cinder-798094-1-smb neutron-server[79309]: DEBUG neutron_lib.callbacks.manager [None req-e0ef5ae4-44c8-48f2-916d-7cf9e3d01298 None None] Notify callbacks ['neutron.services.segments.db._update_segment_host_mapping_for_agent-8748873948106', 'neutron.plugins.ml2.plugin.Ml2Plugin._retry_binding_revived_agents-1457048'] for agent, after_update {{(pid=79309) _notify_loop /usr/local/lib/python3.8/dist-packages/neutron_lib/callbacks/manager.py:192}}
Jun 28 12:27:35.386736 dv-cinder-798094-1-smb neutron-server[79309]: DEBUG neutron_lib.callbacks.manager [None req-61cf36c8-a359-44af-b3cc-4a1b2e18b534 None None] Notify callbacks ['neutron.services.segments.db._update_segment_host_mapping_for_agent-8748873948106', 'neutron.plugins.ml2.plugin.Ml2Plugin._retry_binding_revived_agents-1457048'] for agent, after_update {{(pid=79309) _notify_loop /usr/local/lib/python3.8/dist-packages/neutron_lib/callbacks/manager.py:192}}
Jun 28 12:27:36.778030 dv-cinder-798094-1-smb neutron-server[79309]: DEBUG neutron_lib.callbacks.manager [None req-28458824-a6c9-4646-a8d9-49a93195814c None None] Notify callbacks ['neutron.services.segments.db._update_segment_host_mapping_for_agent-8748873948106', 'neutron.plugins.ml2.plugin.Ml2Plugin._retry_binding_revived_agents-1457048'] for agent, after_update {{(pid=79309) _notify_loop /usr/local/lib/python3.8/dist-packages/neutron_lib/callbacks/manager.py:192}}
Jun 28 12:27:51.802745 dv-cinder-798094-1-smb neutron-server[79310]: DEBUG neutron.db.agents_db [None req-efb2c7a0-5d05-434a-a6f1-b88505b76bd3 None None] Agent healthcheck: found 6 active agents {{(pid=79310) agent_health_check /opt/stack/neutron/neutron/db/agents_db.py:328}}
Jun 28 12:28:00.097386 dv-cinder-798094-1-smb neutron-server[79309]: DEBUG neutron_lib.callbacks.manager [None req-d6917fa3-c72e-4b06-8253-c435370ed1ec None None] Notify callbacks ['neutron.services.segments.db._update_segment_host_mapping_for_agent-8748873948106', 'neutron.plugins.ml2.plugin.Ml2Plugin._retry_binding_revived_agents-1457048'] for agent, after_update {{(pid=79309) _notify_loop /usr/local/lib/python3.8/dist-packages/neutron_lib/callbacks/manager.py:192}}
Jun 28 12:28:01.831337 dv-cinder-798094-1-smb neutron-server[79309]: DEBUG neutron_lib.callbacks.manager [None req-b8104102-1e0c-4d90-b9a2-368607aa171b None None] Notify callbacks ['neutron.services.segments.db._update_segment_host_mapping_for_agent-8748873948106', 'neutron.plugins.ml2.plugin.Ml2Plugin._retry_binding_revived_agents-1457048'] for agent, after_update {{(pid=79309) _notify_loop /usr/local/lib/python3.8/dist-packages/neutron_lib/callbacks/manager.py:192}}
Jun 28 12:28:02.105770 dv-cinder-798094-1-smb neutron-server[79309]: DEBUG neutron_lib.callbacks.manager [None req-347992c6-343e-4ab4-8197-49667e1532e9 None None] Notify callbacks ['neutron.services.segments.db._update_segment_host_mapping_for_agent-8748873948106', 'neutron.plugins.ml2.plugin.Ml2Plugin._retry_binding_revived_agents-1457048'] for agent, after_update {{(pid=79309) _notify_loop /usr/local/lib/python3.8/dist-packages/neutron_lib/callbacks/manager.py:192}}
Jun 28 12:28:04.331733 dv-cinder-798094-1-smb neutron-server[79309]: DEBUG neutron_lib.callbacks.manager [None req-1bab2d3c-b7a9-4568-8138-60a97dfefbce None None] Notify callbacks ['neutron.services.segments.db._update_segment_host_mapping_for_agent-8748873948106', 'neutron.plugins.ml2.plugin.Ml2Plugin._retry_binding_revived_agents-1457048'] for agent, after_update {{(pid=79309) _notify_loop /usr/local/lib/python3.8/dist-packages/neutron_lib/callbacks/manager.py:192}}
Jun 28 12:28:05.397102 dv-cinder-798094-1-smb neutron-server[79309]: DEBUG neutron_lib.callbacks.manager [None req-61cf36c8-a359-44af-b3cc-4a1b2e18b534 None None] Notify callbacks ['neutron.services.segments.db._update_segment_host_mapping_for_agent-8748873948106', 'neutron.plugins.ml2.plugin.Ml2Plugin._retry_binding_revived_agents-1457048'] for agent, after_update {{(pid=79309) _notify_loop /usr/local/lib/python3.8/dist-packages/neutron_lib/callbacks/manager.py:192}}
Jun 28 12:28:06.754195 dv-cinder-798094-1-smb neutron-server[79309]: DEBUG neutron_lib.callbacks.manager [None req-28458824-a6c9-4646-a8d9-49a93195814c None None] Notify callbacks ['neutron.services.segments.db._update_segment_host_mapping_for_agent-8748873948106', 'neutron.plugins.ml2.plugin.Ml2Plugin._retry_binding_revived_agents-1457048'] for agent, after_update {{(pid=79309) _notify_loop /usr/local/lib/python3.8/dist-packages/neutron_lib/callbacks/manager.py:192}}
Jun 28 12:28:28.801977 dv-cinder-798094-1-smb neutron-server[79310]: DEBUG neutron.db.agents_db [None req-efb2c7a0-5d05-434a-a6f1-b88505b76bd3 None None] Agent healthcheck: found 6 active agents {{(pid=79310) agent_health_check /opt/stack/neutron/neutron/db/agents_db.py:328}}
Jun 28 12:28:30.137692 dv-cinder-798094-1-smb neutron-server[79309]: DEBUG neutron_lib.callbacks.manager [None req-d6917fa3-c72e-4b06-8253-c435370ed1ec None None] Notify callbacks ['neutron.services.segments.db._update_segment_host_mapping_for_agent-8748873948106', 'neutron.plugins.ml2.plugin.Ml2Plugin._retry_binding_revived_agents-1457048'] for agent, after_update {{(pid=79309) _notify_loop /usr/local/lib/python3.8/dist-packages/neutron_lib/callbacks/manager.py:192}}
Jun 28 12:28:31.805497 dv-cinder-798094-1-smb neutron-server[79309]: DEBUG neutron_lib.callbacks.manager [None req-e181575c-90f6-4869-932c-5d7e5cbe115e None None] Notify callbacks ['neutron.services.segments.db._update_segment_host_mapping_for_agent-8748873948106', 'neutron.plugins.ml2.plugin.Ml2Plugin._retry_binding_revived_agents-1457048'] for agent, after_update {{(pid=79309) _notify_loop /usr/local/lib/python3.8/dist-packages/neutron_lib/callbacks/manager.py:192}}
Jun 28 12:28:32.119797 dv-cinder-798094-1-smb neutron-server[79309]: DEBUG neutron_lib.callbacks.manager [None req-347992c6-343e-4ab4-8197-49667e1532e9 None None] Notify callbacks ['neutron.services.segments.db._update_segment_host_mapping_for_agent-8748873948106', 'neutron.plugins.ml2.plugin.Ml2Plugin._retry_binding_revived_agents-1457048'] for agent, after_update {{(pid=79309) _notify_loop /usr/local/lib/python3.8/dist-packages/neutron_lib/callbacks/manager.py:192}}
Jun 28 12:28:34.348122 dv-cinder-798094-1-smb neutron-server[79309]: DEBUG neutron_lib.callbacks.manager [None req-1b7c06e3-a47c-409c-8bdc-22e999685da3 None None] Notify callbacks ['neutron.services.segments.db._update_segment_host_mapping_for_agent-8748873948106', 'neutron.plugins.ml2.plugin.Ml2Plugin._retry_binding_revived_agents-1457048'] for agent, after_update {{(pid=79309) _notify_loop /usr/local/lib/python3.8/dist-packages/neutron_lib/callbacks/manager.py:192}}
Jun 28 12:28:35.376775 dv-cinder-798094-1-smb neutron-server[79309]: DEBUG neutron_lib.callbacks.manager [None req-61cf36c8-a359-44af-b3cc-4a1b2e18b534 None None] Notify callbacks ['neutron.services.segments.db._update_segment_host_mapping_for_agent-8748873948106', 'neutron.plugins.ml2.plugin.Ml2Plugin._retry_binding_revived_agents-1457048'] for agent, after_update {{(pid=79309) _notify_loop /usr/local/lib/python3.8/dist-packages/neutron_lib/callbacks/manager.py:192}}
Jun 28 12:28:36.750032 dv-cinder-798094-1-smb neutron-server[79309]: DEBUG neutron_lib.callbacks.manager [None req-28458824-a6c9-4646-a8d9-49a93195814c None None] Notify callbacks ['neutron.services.segments.db._update_segment_host_mapping_for_agent-8748873948106', 'neutron.plugins.ml2.plugin.Ml2Plugin._retry_binding_revived_agents-1457048'] for agent, after_update {{(pid=79309) _notify_loop /usr/local/lib/python3.8/dist-packages/neutron_lib/callbacks/manager.py:192}}
Jun 28 12:28:58.985304 dv-cinder-798094-1-smb neutron-server[79307]: DEBUG neutron.wsgi [-] (79307) accepted ('10.222.0.37', 47594) {{(pid=79307) server /usr/local/lib/python3.8/dist-packages/eventlet/wsgi.py:992}}
Jun 28 12:28:59.039011 dv-cinder-798094-1-smb neutron-server[79308]: DEBUG neutron.wsgi [-] (79308) accepted ('10.222.0.37', 47602) {{(pid=79308) server /usr/local/lib/python3.8/dist-packages/eventlet/wsgi.py:992}}
Jun 28 12:28:59.272914 dv-cinder-798094-1-smb neutron-server[79307]: DEBUG neutron.api.v2.base [None req-a2aee4af-23c7-4d9f-87ca-0c50e233f8cf admin admin] Request body: {'network': {'name': 'tempest-AttachVolumeTestJSON-2000646914-network', 'tenant_id': 'c1c390b339574f249054a6ff32b30b4d'}} {{(pid=79307) prepare_request_body /opt/stack/neutron/neutron/api/v2/base.py:729}}
Jun 28 12:28:59.278041 dv-cinder-798094-1-smb neutron-server[79307]: DEBUG neutron.db.quota.driver [None req-a2aee4af-23c7-4d9f-87ca-0c50e233f8cf admin admin] Resources subnetpool have unlimited quota limit. It is not required to calculate headroom {{(pid=79307) make_reservation /opt/stack/neutron/neutron/db/quota/driver.py:219}}
Jun 28 12:28:59.282185 dv-cinder-798094-1-smb neutron-server[79307]: DEBUG neutron.quota.resource [None req-a2aee4af-23c7-4d9f-87ca-0c50e233f8cf admin admin] Usage tracker for resource:network and tenant:c1c390b339574f249054a6ff32b30b4d is out of sync, need to count used quota {{(pid=79307) count_used /opt/stack/neutron/neutron/quota/resource.py:270}}
Jun 28 12:28:59.285721 dv-cinder-798094-1-smb neutron-server[79307]: DEBUG neutron.quota.resource [None req-a2aee4af-23c7-4d9f-87ca-0c50e233f8cf admin admin] Quota usage for network was recalculated. Used quota:0. {{(pid=79307) count_used /opt/stack/neutron/neutron/quota/resource.py:290}}
Jun 28 12:28:59.291821 dv-cinder-798094-1-smb neutron-server[79307]: DEBUG neutron.db.quota.driver [None req-a2aee4af-23c7-4d9f-87ca-0c50e233f8cf admin admin] Attempting to reserve 1 items for resource network. Total usage: 0; quota limit: 100; headroom:100 {{(pid=79307) make_reservation /opt/stack/neutron/neutron/db/quota/driver.py:246}}
Jun 28 12:28:59.310450 dv-cinder-798094-1-smb neutron-server[79308]: DEBUG neutron.api.v2.base [None req-1444008e-e161-4fb6-a00b-abb0ce3cfada admin admin] Request body: {'network': {'name': 'tempest-DeleteServersTestJSON-1999328028-network', 'tenant_id': 'f4169e585096409a94c41b12183bfe08'}} {{(pid=79308) prepare_request_body /opt/stack/neutron/neutron/api/v2/base.py:729}}
Jun 28 12:28:59.315173 dv-cinder-798094-1-smb neutron-server[79308]: DEBUG neutron.db.quota.driver [None req-1444008e-e161-4fb6-a00b-abb0ce3cfada admin admin] Resources subnetpool have unlimited quota limit. It is not required to calculate headroom {{(pid=79308) make_reservation /opt/stack/neutron/neutron/db/quota/driver.py:219}}
Jun 28 12:28:59.319723 dv-cinder-798094-1-smb neutron-server[79308]: DEBUG neutron.quota.resource [None req-1444008e-e161-4fb6-a00b-abb0ce3cfada admin admin] Usage tracker for resource:network and tenant:f4169e585096409a94c41b12183bfe08 is out of sync, need to count used quota {{(pid=79308) count_used /opt/stack/neutron/neutron/quota/resource.py:270}}
Jun 28 12:28:59.323002 dv-cinder-798094-1-smb neutron-server[79308]: DEBUG neutron.quota.resource [None req-1444008e-e161-4fb6-a00b-abb0ce3cfada admin admin] Quota usage for network was recalculated. Used quota:0. {{(pid=79308) count_used /opt/stack/neutron/neutron/quota/resource.py:290}}
Jun 28 12:28:59.328676 dv-cinder-798094-1-smb neutron-server[79308]: DEBUG neutron.db.quota.driver [None req-1444008e-e161-4fb6-a00b-abb0ce3cfada admin admin] Attempting to reserve 1 items for resource network. Total usage: 0; quota limit: 100; headroom:100 {{(pid=79308) make_reservation /opt/stack/neutron/neutron/db/quota/driver.py:246}}
Jun 28 12:28:59.389353 dv-cinder-798094-1-smb neutron-server[79307]: DEBUG neutron.pecan_wsgi.hooks.quota_enforcement [None req-a2aee4af-23c7-4d9f-87ca-0c50e233f8cf admin admin] Made reservation on behalf of c1c390b339574f249054a6ff32b30b4d for: {'network': 1} {{(pid=79307) before /opt/stack/neutron/neutron/pecan_wsgi/hooks/quota_enforcement.py:53}}
Jun 28 12:28:59.391825 dv-cinder-798094-1-smb neutron-server[79307]: DEBUG neutron_lib.callbacks.manager [None req-a2aee4af-23c7-4d9f-87ca-0c50e233f8cf admin admin] Notify callbacks ['neutron.plugins.ml2.plugin.SecurityGroupDbMixin._ensure_default_security_group_handler-1510354'] for network, before_create {{(pid=79307) _notify_loop /usr/local/lib/python3.8/dist-packages/neutron_lib/callbacks/manager.py:192}}
Jun 28 12:28:59.406129 dv-cinder-798094-1-smb neutron-server[79308]: DEBUG neutron.pecan_wsgi.hooks.quota_enforcement [None req-1444008e-e161-4fb6-a00b-abb0ce3cfada admin admin] Made reservation on behalf of f4169e585096409a94c41b12183bfe08 for: {'network': 1} {{(pid=79308) before /opt/stack/neutron/neutron/pecan_wsgi/hooks/quota_enforcement.py:53}}
Jun 28 12:28:59.408404 dv-cinder-798094-1-smb neutron-server[79308]: DEBUG neutron_lib.callbacks.manager [None req-1444008e-e161-4fb6-a00b-abb0ce3cfada admin admin] Notify callbacks ['neutron.plugins.ml2.plugin.SecurityGroupDbMixin._ensure_default_security_group_handler-1510354'] for network, before_create {{(pid=79308) _notify_loop /usr/local/lib/python3.8/dist-packages/neutron_lib/callbacks/manager.py:192}}
Jun 28 12:28:59.417029 dv-cinder-798094-1-smb neutron-server[79307]: DEBUG neutron_lib.callbacks.manager [None req-a2aee4af-23c7-4d9f-87ca-0c50e233f8cf admin admin] Notify callbacks [] for security_group, before_create {{(pid=79307) _notify_loop /usr/local/lib/python3.8/dist-packages/neutron_lib/callbacks/manager.py:192}}
Jun 28 12:28:59.432524 dv-cinder-798094-1-smb neutron-server[79308]: DEBUG neutron_lib.callbacks.manager [None req-1444008e-e161-4fb6-a00b-abb0ce3cfada admin admin] Notify callbacks [] for security_group, before_create {{(pid=79308) _notify_loop /usr/local/lib/python3.8/dist-packages/neutron_lib/callbacks/manager.py:192}}
Jun 28 12:28:59.448269 dv-cinder-798094-1-smb neutron-server[79307]: DEBUG neutron.db.quota.driver [None req-a2aee4af-23c7-4d9f-87ca-0c50e233f8cf admin admin] Resources subnetpool have unlimited quota limit. It is not required to calculate headroom {{(pid=79307) make_reservation /opt/stack/neutron/neutron/db/quota/driver.py:219}}
Jun 28 12:28:59.451305 dv-cinder-798094-1-smb neutron-server[79308]: DEBUG neutron.db.quota.driver [None req-1444008e-e161-4fb6-a00b-abb0ce3cfada admin admin] Resources subnetpool have unlimited quota limit. It is not required to calculate headroom {{(pid=79308) make_reservation /opt/stack/neutron/neutron/db/quota/driver.py:219}}
Jun 28 12:28:59.455231 dv-cinder-798094-1-smb neutron-server[79308]: DEBUG neutron.quota.resource [None req-1444008e-e161-4fb6-a00b-abb0ce3cfada admin admin] Usage tracker for resource:security_group_rule and tenant:f4169e585096409a94c41b12183bfe08 is out of sync, need to count used quota {{(pid=79308) count_used /opt/stack/neutron/neutron/quota/resource.py:270}}
Jun 28 12:28:59.457199 dv-cinder-798094-1-smb neutron-server[79307]: DEBUG neutron.quota.resource [None req-a2aee4af-23c7-4d9f-87ca-0c50e233f8cf admin admin] Usage tracker for resource:security_group_rule and tenant:c1c390b339574f249054a6ff32b30b4d is out of sync, need to count used quota {{(pid=79307) count_used /opt/stack/neutron/neutron/quota/resource.py:270}}
Jun 28 12:28:59.461030 dv-cinder-798094-1-smb neutron-server[79307]: DEBUG neutron.quota.resource [None req-a2aee4af-23c7-4d9f-87ca-0c50e233f8cf admin admin] Quota usage for security_group_rule was recalculated. Used quota:0. {{(pid=79307) count_used /opt/stack/neutron/neutron/quota/resource.py:290}}
Jun 28 12:28:59.463217 dv-cinder-798094-1-smb neutron-server[79308]: DEBUG neutron.quota.resource [None req-1444008e-e161-4fb6-a00b-abb0ce3cfada admin admin] Quota usage for security_group_rule was recalculated. Used quota:0. {{(pid=79308) count_used /opt/stack/neutron/neutron/quota/resource.py:290}}
Jun 28 12:28:59.470099 dv-cinder-798094-1-smb neutron-server[79307]: DEBUG neutron.db.quota.driver [None req-a2aee4af-23c7-4d9f-87ca-0c50e233f8cf admin admin] Attempting to reserve 4 items for resource security_group_rule. Total usage: 0; quota limit: 100; headroom:100 {{(pid=79307) make_reservation /opt/stack/neutron/neutron/db/quota/driver.py:246}}
Jun 28 12:28:59.478202 dv-cinder-798094-1-smb neutron-server[79308]: DEBUG neutron.db.quota.driver [None req-1444008e-e161-4fb6-a00b-abb0ce3cfada admin admin] Attempting to reserve 4 items for resource security_group_rule. Total usage: 0; quota limit: 100; headroom:100 {{(pid=79308) make_reservation /opt/stack/neutron/neutron/db/quota/driver.py:246}}
Jun 28 12:28:59.599230 dv-cinder-798094-1-smb neutron-server[79307]: DEBUG neutron_lib.callbacks.manager [None req-a2aee4af-23c7-4d9f-87ca-0c50e233f8cf admin admin] Notify callbacks [] for security_group, precommit_create {{(pid=79307) _notify_loop /usr/local/lib/python3.8/dist-packages/neutron_lib/callbacks/manager.py:192}}
Jun 28 12:28:59.613350 dv-cinder-798094-1-smb neutron-server[79308]: DEBUG neutron_lib.callbacks.manager [None req-1444008e-e161-4fb6-a00b-abb0ce3cfada admin admin] Notify callbacks [] for security_group, precommit_create {{(pid=79308) _notify_loop /usr/local/lib/python3.8/dist-packages/neutron_lib/callbacks/manager.py:192}}
Jun 28 12:28:59.685127 dv-cinder-798094-1-smb neutron-server[79307]: DEBUG neutron_lib.callbacks.manager [None req-a2aee4af-23c7-4d9f-87ca-0c50e233f8cf admin admin] Notify callbacks ['neutron.plugins.ml2.ovo_rpc._ObjectChangeHandler.handle_event-16349087'] for security_group, after_create {{(pid=79307) _notify_loop /usr/local/lib/python3.8/dist-packages/neutron_lib/callbacks/manager.py:192}}
Jun 28 12:28:59.688816 dv-cinder-798094-1-smb neutron-server[79307]: DEBUG oslo_concurrency.lockutils [None req-409cdac7-9573-4bc1-bb7b-439b52f7ddcd admin admin] Lock "event-dispatch" acquired by "neutron.plugins.ml2.ovo_rpc._ObjectChangeHandler.dispatch_events" :: waited 0.000s {{(pid=79307) inner /usr/local/lib/python3.8/dist-packages/oslo_concurrency/lockutils.py:355}}
Jun 28 12:28:59.717894 dv-cinder-798094-1-smb neutron-server[79307]: DEBUG neutron.plugins.ml2.drivers.helpers [None req-a2aee4af-23c7-4d9f-87ca-0c50e233f8cf admin admin] vlan segment allocate from pool success with {'vlan_id': 542, 'physical_network': 'physnet1'} {{(pid=79307) allocate_partially_specified_segment /opt/stack/neutron/neutron/plugins/ml2/drivers/helpers.py:153}}
Jun 28 12:28:59.726942 dv-cinder-798094-1-smb neutron-server[79307]: DEBUG neutron.api.rpc.handlers.resources_rpc [None req-a2aee4af-23c7-4d9f-87ca-0c50e233f8cf admin admin] Pushing event updated for resources: {'SecurityGroup': ['ID=36216fe9-1115-4d1d-b10c-c7632cd15c9a,revision_number=1']} {{(pid=79307) push /opt/stack/neutron/neutron/api/rpc/handlers/resources_rpc.py:237}}
Jun 28 12:28:59.736197 dv-cinder-798094-1-smb neutron-server[79307]: DEBUG neutron_lib.callbacks.manager [None req-a2aee4af-23c7-4d9f-87ca-0c50e233f8cf admin admin] Notify callbacks ['neutron.plugins.ml2.plugin.Ml2Plugin._handle_segment_change-1462913'] for segment, precommit_create {{(pid=79307) _notify_loop /usr/local/lib/python3.8/dist-packages/neutron_lib/callbacks/manager.py:192}}
Jun 28 12:28:59.736539 dv-cinder-798094-1-smb neutron-server[79307]: INFO neutron.db.segments_db [None req-a2aee4af-23c7-4d9f-87ca-0c50e233f8cf admin admin] Added segment e931efc0-893e-44f5-9a6f-f2196ebe13e0 of type vlan for network 8809ae2e-fc02-4ead-99c0-bc180ed14c24
Jun 28 12:28:59.738106 dv-cinder-798094-1-smb neutron-server[79308]: DEBUG neutron_lib.callbacks.manager [None req-1444008e-e161-4fb6-a00b-abb0ce3cfada admin admin] Notify callbacks ['neutron.plugins.ml2.ovo_rpc._ObjectChangeHandler.handle_event-16349087'] for security_group, after_create {{(pid=79308) _notify_loop /usr/local/lib/python3.8/dist-packages/neutron_lib/callbacks/manager.py:192}}
Jun 28 12:28:59.738327 dv-cinder-798094-1-smb neutron-server[79307]: DEBUG neutron.api.rpc.callbacks.version_manager [None req-a2aee4af-23c7-4d9f-87ca-0c50e233f8cf admin admin] Version for resource type AddressGroup changed None to 1.2 on consumer Open vSwitch agent@dv-cinder-798094-1-smb {{(pid=79307) _set_version /opt/stack/neutron/neutron/api/rpc/callbacks/version_manager.py:113}}
Jun 28 12:28:59.738611 dv-cinder-798094-1-smb neutron-server[79307]: DEBUG neutron.api.rpc.callbacks.version_manager [None req-a2aee4af-23c7-4d9f-87ca-0c50e233f8cf admin admin] Version for resource type ConntrackHelper changed None to 1.0 on consumer Open vSwitch agent@dv-cinder-798094-1-smb {{(pid=79307) _set_version /opt/stack/neutron/neutron/api/rpc/callbacks/version_manager.py:113}}
Jun 28 12:28:59.738948 dv-cinder-798094-1-smb neutron-server[79307]: DEBUG neutron.api.rpc.callbacks.version_manager [None req-a2aee4af-23c7-4d9f-87ca-0c50e233f8cf admin admin] Version for resource type Log changed None to 1.0 on consumer Open vSwitch agent@dv-cinder-798094-1-smb {{(pid=79307) _set_version /opt/stack/neutron/neutron/api/rpc/callbacks/version_manager.py:113}}
Jun 28 12:28:59.739212 dv-cinder-798094-1-smb neutron-server[79307]: DEBUG neutron.api.rpc.callbacks.version_manager [None req-a2aee4af-23c7-4d9f-87ca-0c50e233f8cf admin admin] Version for resource type Network changed None to 1.1 on consumer Open vSwitch agent@dv-cinder-798094-1-smb {{(pid=79307) _set_version /opt/stack/neutron/neutron/api/rpc/callbacks/version_manager.py:113}}
Jun 28 12:28:59.739522 dv-cinder-798094-1-smb neutron-server[79307]: DEBUG neutron.api.rpc.callbacks.version_manager [None req-a2aee4af-23c7-4d9f-87ca-0c50e233f8cf admin admin] Version for resource type Port changed None to 1.7 on consumer Open vSwitch agent@dv-cinder-798094-1-smb {{(pid=79307) _set_version /opt/stack/neutron/neutron/api/rpc/callbacks/version_manager.py:113}}
Jun 28 12:28:59.739851 dv-cinder-798094-1-smb neutron-server[79307]: DEBUG neutron.api.rpc.callbacks.version_manager [None req-a2aee4af-23c7-4d9f-87ca-0c50e233f8cf admin admin] Version for resource type PortForwarding changed None to 1.2 on consumer Open vSwitch agent@dv-cinder-798094-1-smb {{(pid=79307) _set_version /opt/stack/neutron/neutron/api/rpc/callbacks/version_manager.py:113}}
Jun 28 12:28:59.740196 dv-cinder-798094-1-smb neutron-server[79307]: DEBUG neutron.api.rpc.callbacks.version_manager [None req-a2aee4af-23c7-4d9f-87ca-0c50e233f8cf admin admin] Version for resource type QosPolicy changed None to 1.8 on consumer Open vSwitch agent@dv-cinder-798094-1-smb {{(pid=79307) _set_version /opt/stack/neutron/neutron/api/rpc/callbacks/version_manager.py:113}}
Jun 28 12:28:59.740721 dv-cinder-798094-1-smb neutron-server[79307]: DEBUG neutron.api.rpc.callbacks.version_manager [None req-a2aee4af-23c7-4d9f-87ca-0c50e233f8cf admin admin] Version for resource type SecurityGroup changed None to 1.4 on consumer Open vSwitch agent@dv-cinder-798094-1-smb {{(pid=79307) _set_version /opt/stack/neutron/neutron/api/rpc/callbacks/version_manager.py:113}}
Jun 28 12:28:59.741538 dv-cinder-798094-1-smb neutron-server[79307]: DEBUG neutron.api.rpc.callbacks.version_manager [None req-a2aee4af-23c7-4d9f-87ca-0c50e233f8cf admin admin] Version for resource type SecurityGroupRule changed None to 1.2 on consumer Open vSwitch agent@dv-cinder-798094-1-smb {{(pid=79307) _set_version /opt/stack/neutron/neutron/api/rpc/callbacks/version_manager.py:113}}
Jun 28 12:28:59.741538 dv-cinder-798094-1-smb neutron-server[79307]: DEBUG neutron.api.rpc.callbacks.version_manager [None req-a2aee4af-23c7-4d9f-87ca-0c50e233f8cf admin admin] Version for resource type SubPort changed None to 1.0 on consumer Open vSwitch agent@dv-cinder-798094-1-smb {{(pid=79307) _set_version /opt/stack/neutron/neutron/api/rpc/callbacks/version_manager.py:113}}
Jun 28 12:28:59.741812 dv-cinder-798094-1-smb neutron-server[79307]: DEBUG neutron.api.rpc.callbacks.version_manager [None req-a2aee4af-23c7-4d9f-87ca-0c50e233f8cf admin admin] Version for resource type Subnet changed None to 1.1 on consumer Open vSwitch agent@dv-cinder-798094-1-smb {{(pid=79307) _set_version /opt/stack/neutron/neutron/api/rpc/callbacks/version_manager.py:113}}
Jun 28 12:28:59.746207 dv-cinder-798094-1-smb neutron-server[79307]: DEBUG neutron.api.rpc.callbacks.version_manager [None req-a2aee4af-23c7-4d9f-87ca-0c50e233f8cf admin admin] Version for resource type Trunk changed None to 1.1 on consumer Open vSwitch agent@dv-cinder-798094-1-smb {{(pid=79307) _set_version /opt/stack/neutron/neutron/api/rpc/callbacks/version_manager.py:113}}
Jun 28 12:28:59.746838 dv-cinder-798094-1-smb neutron-server[79308]: DEBUG oslo_concurrency.lockutils [None req-bc1036dd-3563-41f1-864d-7f530edc71e6 admin admin] Lock "event-dispatch" acquired by "neutron.plugins.ml2.ovo_rpc._ObjectChangeHandler.dispatch_events" :: waited 0.000s {{(pid=79308) inner /usr/local/lib/python3.8/dist-packages/oslo_concurrency/lockutils.py:355}}
Jun 28 12:28:59.746947 dv-cinder-798094-1-smb neutron-server[79307]: DEBUG neutron.api.rpc.callbacks.version_manager [None req-a2aee4af-23c7-4d9f-87ca-0c50e233f8cf admin admin] Tracked resource versions report:
Jun 28 12:28:59.746947 dv-cinder-798094-1-smb neutron-server[79307]: pushed versions:
Jun 28 12:28:59.746947 dv-cinder-798094-1-smb neutron-server[79307]: { 'AddressGroup': {'1.2'},
Jun 28 12:28:59.746947 dv-cinder-798094-1-smb neutron-server[79307]: 'ConntrackHelper': {'1.0'},
Jun 28 12:28:59.746947 dv-cinder-798094-1-smb neutron-server[79307]: 'Log': {'1.0'},
Jun 28 12:28:59.746947 dv-cinder-798094-1-smb neutron-server[79307]: 'Network': {'1.1'},
Jun 28 12:28:59.746947 dv-cinder-798094-1-smb neutron-server[79307]: 'Port': {'1.7'},
Jun 28 12:28:59.746947 dv-cinder-798094-1-smb neutron-server[79307]: 'PortForwarding': {'1.2'},
Jun 28 12:28:59.746947 dv-cinder-798094-1-smb neutron-server[79307]: 'QosPolicy': {'1.8'},
Jun 28 12:28:59.746947 dv-cinder-798094-1-smb neutron-server[79307]: 'SecurityGroup': {'1.4'},
Jun 28 12:28:59.746947 dv-cinder-798094-1-smb neutron-server[79307]: 'SecurityGroupRule': {'1.2'},
Jun 28 12:28:59.746947 dv-cinder-798094-1-smb neutron-server[79307]: 'SubPort': {'1.0'},
Jun 28 12:28:59.746947 dv-cinder-798094-1-smb neutron-server[79307]: 'Subnet': {'1.1'},
Jun 28 12:28:59.746947 dv-cinder-798094-1-smb neutron-server[79307]: 'Trunk': {'1.1'}}
Jun 28 12:28:59.746947 dv-cinder-798094-1-smb neutron-server[79307]: consumer versions:
Jun 28 12:28:59.746947 dv-cinder-798094-1-smb neutron-server[79307]: { DHCP agent@dv-cinder-798094-1-smb: {},
Jun 28 12:28:59.746947 dv-cinder-798094-1-smb neutron-server[79307]: HyperV agent@hv-cinder-79809: {},
Jun 28 12:28:59.746947 dv-cinder-798094-1-smb neutron-server[79307]: L3 agent@dv-cinder-798094-1-smb: {},
Jun 28 12:28:59.746947 dv-cinder-798094-1-smb neutron-server[79307]: Metadata agent@dv-cinder-798094-1-smb: {},
Jun 28 12:28:59.746947 dv-cinder-798094-1-smb neutron-server[79307]: Metering agent@dv-cinder-798094-1-smb: {},
Jun 28 12:28:59.746947 dv-cinder-798094-1-smb neutron-server[79307]: Open vSwitch agent@dv-cinder-798094-1-smb: { 'AddressGroup': '1.2',
Jun 28 12:28:59.746947 dv-cinder-798094-1-smb neutron-server[79307]: 'ConntrackHelper': '1.0',
Jun 28 12:28:59.746947 dv-cinder-798094-1-smb neutron-server[79307]: 'Log': '1.0',
Jun 28 12:28:59.746947 dv-cinder-798094-1-smb neutron-server[79307]: 'Network': '1.1',
Jun 28 12:28:59.746947 dv-cinder-798094-1-smb neutron-server[79307]: 'Port': '1.7',
Jun 28 12:28:59.746947 dv-cinder-798094-1-smb neutron-server[79307]: 'PortForwarding': '1.2',
Jun 28 12:28:59.746947 dv-cinder-798094-1-smb neutron-server[79307]: 'QosPolicy': '1.8',
Jun 28 12:28:59.746947 dv-cinder-798094-1-smb neutron-server[79307]: 'SecurityGroup': '1.4',
Jun 28 12:28:59.746947 dv-cinder-798094-1-smb neutron-server[79307]: 'SecurityGroupRule': '1.2',
Jun 28 12:28:59.746947 dv-cinder-798094-1-smb neutron-server[79307]: 'SubPort': '1.0',
Jun 28 12:28:59.746947 dv-cinder-798094-1-smb neutron-server[79307]: 'Subnet': '1.1',
Jun 28 12:28:59.746947 dv-cinder-798094-1-smb neutron-server[79307]: 'Trunk': '1.1'}}
