Jun 25 14:31:58.251212 dv-cinder-798088-1-iscsi neutron-server[78418]: DEBUG neutron.api.rpc.handlers.resources_rpc [None req-766a2f27-f4dd-420a-b3d0-7674a9aff46d None None] Pushing event updated for resources: {'Port': ['ID=db1dae07-ded7-4c23-b442-13a705c0aa4a,revision_number=5']} {{(pid=78418) push /opt/stack/neutron/neutron/api/rpc/handlers/resources_rpc.py:237}}
Jun 25 14:31:58.255088 dv-cinder-798088-1-iscsi neutron-server[78418]: DEBUG oslo_concurrency.lockutils [None req-766a2f27-f4dd-420a-b3d0-7674a9aff46d None None] Lock "event-dispatch" released by "neutron.plugins.ml2.ovo_rpc._ObjectChangeHandler.dispatch_events" :: held 0.096s {{(pid=78418) inner /usr/local/lib/python3.8/dist-packages/oslo_concurrency/lockutils.py:367}}
Jun 25 14:31:58.298273 dv-cinder-798088-1-iscsi neutron-server[78417]: DEBUG neutron.plugins.ml2.managers [req-b9c5fc0d-46d3-4579-b610-b97075f8e29c req-619e8bb9-fbd6-4104-8baf-bcb059ca3c58 service neutron] Attempting to bind port 37c49bf3-2a68-4fb9-b25d-c0b9be7cef4f on host hv-cinder-79808 for vnic_type normal with profile {{(pid=78417) bind_port /opt/stack/neutron/neutron/plugins/ml2/managers.py:790}}
Jun 25 14:31:58.298806 dv-cinder-798088-1-iscsi neutron-server[78417]: DEBUG neutron.plugins.ml2.managers [req-b9c5fc0d-46d3-4579-b610-b97075f8e29c req-619e8bb9-fbd6-4104-8baf-bcb059ca3c58 service neutron] Attempting to bind port 37c49bf3-2a68-4fb9-b25d-c0b9be7cef4f by drivers openvswitch,hyperv on host hv-cinder-79808 at level 0 using segments [{'id': '484c5cd3-47b7-4e54-a631-7314fe766325', 'network_type': 'vlan', 'physical_network': 'physnet1', 'segmentation_id': 113, 'network_id': '01fef63b-37a8-409d-9cc2-b6d54ee3cd0e'}] {{(pid=78417) _bind_port_level /opt/stack/neutron/neutron/plugins/ml2/managers.py:815}}
Jun 25 14:31:58.299355 dv-cinder-798088-1-iscsi neutron-server[78417]: DEBUG neutron.plugins.ml2.drivers.mech_agent [req-b9c5fc0d-46d3-4579-b610-b97075f8e29c req-619e8bb9-fbd6-4104-8baf-bcb059ca3c58 service neutron] Attempting to bind port 37c49bf3-2a68-4fb9-b25d-c0b9be7cef4f on network 01fef63b-37a8-409d-9cc2-b6d54ee3cd0e {{(pid=78417) bind_port /opt/stack/neutron/neutron/plugins/ml2/drivers/mech_agent.py:86}}
Jun 25 14:31:58.323650 dv-cinder-798088-1-iscsi neutron-server[78417]: DEBUG neutron.plugins.ml2.drivers.mech_agent [req-b9c5fc0d-46d3-4579-b610-b97075f8e29c req-619e8bb9-fbd6-4104-8baf-bcb059ca3c58 service neutron] Port 37c49bf3-2a68-4fb9-b25d-c0b9be7cef4f on network 01fef63b-37a8-409d-9cc2-b6d54ee3cd0e not bound, no agent of type Open vSwitch agent registered on host hv-cinder-79808 {{(pid=78417) bind_port /opt/stack/neutron/neutron/plugins/ml2/drivers/mech_agent.py:98}}
Jun 25 14:31:58.324185 dv-cinder-798088-1-iscsi neutron-server[78417]: DEBUG neutron.plugins.ml2.drivers.mech_agent [req-b9c5fc0d-46d3-4579-b610-b97075f8e29c req-619e8bb9-fbd6-4104-8baf-bcb059ca3c58 service neutron] Attempting to bind port 37c49bf3-2a68-4fb9-b25d-c0b9be7cef4f on network 01fef63b-37a8-409d-9cc2-b6d54ee3cd0e {{(pid=78417) bind_port /opt/stack/neutron/neutron/plugins/ml2/drivers/mech_agent.py:86}}
Jun 25 14:31:58.345722 dv-cinder-798088-1-iscsi neutron-server[78417]: DEBUG neutron.plugins.ml2.drivers.mech_agent [req-b9c5fc0d-46d3-4579-b610-b97075f8e29c req-619e8bb9-fbd6-4104-8baf-bcb059ca3c58 service neutron] Checking agent: {'id': '0abc8273-d4ba-4ec3-8674-f947f6ce29c8', 'agent_type': 'HyperV agent', 'binary': 'neutron-hyperv-agent', 'topic': 'N/A', 'host': 'hv-cinder-79808', 'admin_state_up': True, 'created_at': datetime.datetime(2021, 6, 25, 14, 29, 8), 'started_at': datetime.datetime(2021, 6, 25, 14, 29, 8), 'heartbeat_timestamp': datetime.datetime(2021, 6, 25, 14, 31, 39), 'description': None, 'resources_synced': None, 'availability_zone': None, 'alive': True, 'configurations': {'vswitch_mappings': {'physnet1$': 'br-data'}}, 'resource_versions': {}} {{(pid=78417) bind_port /opt/stack/neutron/neutron/plugins/ml2/drivers/mech_agent.py:105}}
Jun 25 14:31:58.346269 dv-cinder-798088-1-iscsi neutron-server[78417]: DEBUG neutron.plugins.ml2.drivers.mech_agent [req-b9c5fc0d-46d3-4579-b610-b97075f8e29c req-619e8bb9-fbd6-4104-8baf-bcb059ca3c58 service neutron] Checking segment: {'id': '484c5cd3-47b7-4e54-a631-7314fe766325', 'network_type': 'vlan', 'physical_network': 'physnet1', 'segmentation_id': 113, 'network_id': '01fef63b-37a8-409d-9cc2-b6d54ee3cd0e'} for mappings: {'physnet1$': 'br-data'} with network types: ['local', 'flat', 'vlan'] {{(pid=78417) check_segment_for_agent /opt/stack/neutron/neutron/plugins/ml2/drivers/mech_agent.py:341}}
Jun 25 14:31:58.346907 dv-cinder-798088-1-iscsi neutron-server[78417]: DEBUG neutron.plugins.ml2.drivers.mech_agent [req-b9c5fc0d-46d3-4579-b610-b97075f8e29c req-619e8bb9-fbd6-4104-8baf-bcb059ca3c58 service neutron] Bound using segment: {'id': '484c5cd3-47b7-4e54-a631-7314fe766325', 'network_type': 'vlan', 'physical_network': 'physnet1', 'segmentation_id': 113, 'network_id': '01fef63b-37a8-409d-9cc2-b6d54ee3cd0e'} {{(pid=78417) bind_port /opt/stack/neutron/neutron/plugins/ml2/drivers/mech_agent.py:115}}
Jun 25 14:31:58.347710 dv-cinder-798088-1-iscsi neutron-server[78417]: DEBUG neutron.plugins.ml2.managers [req-b9c5fc0d-46d3-4579-b610-b97075f8e29c req-619e8bb9-fbd6-4104-8baf-bcb059ca3c58 service neutron] Bound port: 37c49bf3-2a68-4fb9-b25d-c0b9be7cef4f, host: hv-cinder-79808, vif_type: hyperv, vif_details: {"connectivity": "legacy", "port_filter": false}, binding_levels: [{'bound_driver': 'hyperv', 'bound_segment': {'id': '484c5cd3-47b7-4e54-a631-7314fe766325', 'network_type': 'vlan', 'physical_network': 'physnet1', 'segmentation_id': 113, 'network_id': '01fef63b-37a8-409d-9cc2-b6d54ee3cd0e'}}] {{(pid=78417) _bind_port_level /opt/stack/neutron/neutron/plugins/ml2/managers.py:928}}
Jun 25 14:31:58.348286 dv-cinder-798088-1-iscsi neutron-server[78417]: DEBUG neutron_lib.callbacks.manager [req-b9c5fc0d-46d3-4579-b610-b97075f8e29c req-619e8bb9-fbd6-4104-8baf-bcb059ca3c58 service neutron] Notify callbacks ['neutron.plugins.ml2.plugin.SecurityGroupDbMixin._ensure_default_security_group_handler-1383073'] for port, before_update {{(pid=78417) _notify_loop /usr/local/lib/python3.8/dist-packages/neutron_lib/callbacks/manager.py:192}}
Jun 25 14:31:58.638134 dv-cinder-798088-1-iscsi neutron-server[78417]: DEBUG neutron.pecan_wsgi.hooks.policy_enforcement [req-9ce43c20-dd37-4ef7-bc2e-aeb1c70d6402 req-f65bee99-8203-4a0c-9aec-f18667bab7f0 tempest-DeleteServersTestJSON-183298585 tempest-DeleteServersTestJSON-183298585-project] Attributes excluded by policy engine: ['standard_attr_id', 'binding:profile', 'binding:host_id', 'binding:vif_type', 'binding:vif_details'] {{(pid=78417) _exclude_attributes_by_policy /opt/stack/neutron/neutron/pecan_wsgi/hooks/policy_enforcement.py:255}}
Jun 25 14:31:58.651822 dv-cinder-798088-1-iscsi neutron-server[78417]: INFO neutron.wsgi [req-9ce43c20-dd37-4ef7-bc2e-aeb1c70d6402 req-f65bee99-8203-4a0c-9aec-f18667bab7f0 tempest-DeleteServersTestJSON-183298585 tempest-DeleteServersTestJSON-183298585-project] 10.222.0.61 "GET /v2.0/ports?device_id=b17dbe6c-4b96-4fb4-9985-d7944070398c HTTP/1.1" status: 200 len: 945 time: 0.5747559
Jun 25 14:31:58.768383 dv-cinder-798088-1-iscsi neutron-server[78417]: DEBUG neutron.plugins.ml2.db [req-b9c5fc0d-46d3-4579-b610-b97075f8e29c req-619e8bb9-fbd6-4104-8baf-bcb059ca3c58 service neutron] For port 37c49bf3-2a68-4fb9-b25d-c0b9be7cef4f, host hv-cinder-79808, cleared binding levels {{(pid=78417) clear_binding_levels /opt/stack/neutron/neutron/plugins/ml2/db.py:88}}
Jun 25 14:31:58.774987 dv-cinder-798088-1-iscsi neutron-server[78417]: INFO neutron.wsgi [req-9ce43c20-dd37-4ef7-bc2e-aeb1c70d6402 req-d57f8729-d4cc-4d83-a818-7458117704c5 tempest-DeleteServersTestJSON-183298585 tempest-DeleteServersTestJSON-183298585-project] 10.222.0.61 "GET /v2.0/security-groups?id=3059e428-775f-4a28-84f0-b489d4415709&fields=id&fields=name HTTP/1.1" status: 200 len: 286 time: 0.1203589
Jun 25 14:31:58.778329 dv-cinder-798088-1-iscsi neutron-server[78417]: DEBUG neutron.plugins.ml2.db [req-b9c5fc0d-46d3-4579-b610-b97075f8e29c req-619e8bb9-fbd6-4104-8baf-bcb059ca3c58 service neutron] For port 37c49bf3-2a68-4fb9-b25d-c0b9be7cef4f, host hv-cinder-79808, set binding levels [PortBindingLevel(driver='hyperv',host='hv-cinder-79808',level=0,port_id=37c49bf3-2a68-4fb9-b25d-c0b9be7cef4f,segment=NetworkSegment(484c5cd3-47b7-4e54-a631-7314fe766325),segment_id=484c5cd3-47b7-4e54-a631-7314fe766325)] {{(pid=78417) set_binding_levels /opt/stack/neutron/neutron/plugins/ml2/db.py:60}}
Jun 25 14:31:58.792502 dv-cinder-798088-1-iscsi neutron-server[78417]: DEBUG neutron.pecan_wsgi.hooks.policy_enforcement [req-48f9b8c0-400b-4995-83ca-6778e7096694 req-4baaaa1d-33df-460d-8b35-33493e88f115 tempest-AttachVolumeShelveTestJSON-215532624 tempest-AttachVolumeShelveTestJSON-215532624-project] Attributes excluded by policy engine: ['standard_attr_id', 'binding:profile', 'binding:host_id', 'binding:vif_type', 'binding:vif_details'] {{(pid=78417) _exclude_attributes_by_policy /opt/stack/neutron/neutron/pecan_wsgi/hooks/policy_enforcement.py:255}}
Jun 25 14:31:58.801020 dv-cinder-798088-1-iscsi neutron-server[78417]: INFO neutron.wsgi [req-48f9b8c0-400b-4995-83ca-6778e7096694 req-4baaaa1d-33df-460d-8b35-33493e88f115 tempest-AttachVolumeShelveTestJSON-215532624 tempest-AttachVolumeShelveTestJSON-215532624-project] 10.222.0.61 "GET /v2.0/ports?device_id=aa23a724-1b79-4d6e-a319-448febe50d2a HTTP/1.1" status: 200 len: 943 time: 0.4351912
Jun 25 14:31:58.822863 dv-cinder-798088-1-iscsi neutron-server[78417]: DEBUG neutron_lib.callbacks.manager [req-b9c5fc0d-46d3-4579-b610-b97075f8e29c req-619e8bb9-fbd6-4104-8baf-bcb059ca3c58 service neutron] Notify callbacks ['neutron.plugins.ml2.plugin.SecurityGroupServerNotifierRpcMixin.notify_sg_on_port_change-1383136', 'neutron.plugins.ml2.ovo_rpc._ObjectChangeHandler.handle_event-227406', 'neutron.api.rpc.agentnotifiers.dhcp_rpc_agent_api.DhcpAgentNotifyAPI._native_event_send_dhcp_notification-546706', 'neutron.db.l3_db.L3RpcNotifierMixin._notify_gateway_port_ip_changed-8793052572106', 'neutron.db.l3_dvrscheduler_db._notify_l3_agent_port_update-8793052127775', 'neutron.db.l3_hascheduler_db._notify_l3_agent_ha_port_update-8793052127820'] for port, after_update {{(pid=78417) _notify_loop /usr/local/lib/python3.8/dist-packages/neutron_lib/callbacks/manager.py:192}}
Jun 25 14:31:58.852316 dv-cinder-798088-1-iscsi neutron-server[78417]: DEBUG oslo_concurrency.lockutils [-] Lock "event-dispatch" acquired by "neutron.plugins.ml2.ovo_rpc._ObjectChangeHandler.dispatch_events" :: waited 0.000s {{(pid=78417) inner /usr/local/lib/python3.8/dist-packages/oslo_concurrency/lockutils.py:355}}
Jun 25 14:31:58.872675 dv-cinder-798088-1-iscsi neutron-server[78416]: DEBUG neutron.pecan_wsgi.hooks.policy_enforcement [req-d2c4db1e-21ba-4cc4-b303-3fe835bbf3f5 req-200622ea-da47-474d-85ea-0757b5dd4b58 service neutron] Attributes excluded by policy engine: ['standard_attr_id', 'vlan_transparent'] {{(pid=78416) _exclude_attributes_by_policy /opt/stack/neutron/neutron/pecan_wsgi/hooks/policy_enforcement.py:255}}
Jun 25 14:31:58.874180 dv-cinder-798088-1-iscsi neutron-server[78416]: INFO neutron.wsgi [req-d2c4db1e-21ba-4cc4-b303-3fe835bbf3f5 req-200622ea-da47-474d-85ea-0757b5dd4b58 service neutron] 10.222.0.69 "GET /v2.0/networks?tenant_id=445a61d727034821bf08ebd2c102dc6c&shared=False HTTP/1.1" status: 200 len: 920 time: 0.4098983
Jun 25 14:31:58.875820 dv-cinder-798088-1-iscsi neutron-server[78416]: DEBUG neutron.wsgi [-] (78416) accepted ('10.222.0.61', 49862) {{(pid=78416) server /usr/local/lib/python3.8/dist-packages/eventlet/wsgi.py:992}}
Jun 25 14:31:58.896585 dv-cinder-798088-1-iscsi neutron-server[78416]: DEBUG neutron_lib.callbacks.manager [None req-d4488c89-e9d9-4537-a4ae-5cbdf724dea1 admin admin] Notify callbacks [] for security_group, before_create {{(pid=78416) _notify_loop /usr/local/lib/python3.8/dist-packages/neutron_lib/callbacks/manager.py:192}}
Jun 25 14:31:59.068992 dv-cinder-798088-1-iscsi neutron-server[78416]: DEBUG neutron.pecan_wsgi.hooks.policy_enforcement [req-d2c4db1e-21ba-4cc4-b303-3fe835bbf3f5 req-de85137b-962e-4944-9795-52de87899d01 service neutron] Attributes excluded by policy engine: ['standard_attr_id', 'vlan_transparent'] {{(pid=78416) _exclude_attributes_by_policy /opt/stack/neutron/neutron/pecan_wsgi/hooks/policy_enforcement.py:255}}
Jun 25 14:31:59.070458 dv-cinder-798088-1-iscsi neutron-server[78416]: INFO neutron.wsgi [req-d2c4db1e-21ba-4cc4-b303-3fe835bbf3f5 req-de85137b-962e-4944-9795-52de87899d01 service neutron] 10.222.0.69 "GET /v2.0/networks?shared=True HTTP/1.1" status: 200 len: 870 time: 0.1601975
Jun 25 14:31:59.117558 dv-cinder-798088-1-iscsi neutron-server[78416]: DEBUG neutron.db.quota.driver [None req-d4488c89-e9d9-4537-a4ae-5cbdf724dea1 admin admin] Resources subnetpool have unlimited quota limit. It is not required to calculate headroom {{(pid=78416) make_reservation /opt/stack/neutron/neutron/db/quota/driver.py:219}}
Jun 25 14:31:59.143961 dv-cinder-798088-1-iscsi neutron-server[78416]: DEBUG neutron.pecan_wsgi.hooks.policy_enforcement [req-e13b5dcf-9528-4ac0-be29-0abf47c77780 req-12d7f27e-fad1-43bb-a9b7-07313584659b service neutron] Attributes excluded by policy engine: ['standard_attr_id'] {{(pid=78416) _exclude_attributes_by_policy /opt/stack/neutron/neutron/pecan_wsgi/hooks/policy_enforcement.py:255}}
Jun 25 14:31:59.152645 dv-cinder-798088-1-iscsi neutron-server[78416]: INFO neutron.wsgi [req-e13b5dcf-9528-4ac0-be29-0abf47c77780 req-12d7f27e-fad1-43bb-a9b7-07313584659b service neutron] 10.222.0.69 "GET /v2.0/ports?tenant_id=445a61d727034821bf08ebd2c102dc6c&device_id=b7194a32-bcbf-415f-b50b-41766594692c HTTP/1.1" status: 200 len: 1096 time: 0.4988389
Jun 25 14:31:59.161356 dv-cinder-798088-1-iscsi neutron-server[78416]: DEBUG neutron.quota.resource [None req-d4488c89-e9d9-4537-a4ae-5cbdf724dea1 admin admin] Usage tracker for resource:security_group_rule and tenant:2d63644b977c498b9b8913601a415f3a is out of sync, need to count used quota {{(pid=78416) count_used /opt/stack/neutron/neutron/quota/resource.py:270}}
Jun 25 14:31:59.215346 dv-cinder-798088-1-iscsi neutron-server[78417]: DEBUG neutron.pecan_wsgi.hooks.policy_enforcement [req-b9c5fc0d-46d3-4579-b610-b97075f8e29c req-619e8bb9-fbd6-4104-8baf-bcb059ca3c58 service neutron] Attributes excluded by policy engine: ['standard_attr_id'] {{(pid=78417) _exclude_attributes_by_policy /opt/stack/neutron/neutron/pecan_wsgi/hooks/policy_enforcement.py:255}}
Jun 25 14:31:59.216464 dv-cinder-798088-1-iscsi neutron-server[78417]: DEBUG neutron_lib.callbacks.manager [req-b9c5fc0d-46d3-4579-b610-b97075f8e29c req-619e8bb9-fbd6-4104-8baf-bcb059ca3c58 service neutron] Notify callbacks ['neutron.notifiers.nova.Notifier._send_nova_notification-42096', 'neutron.api.rpc.agentnotifiers.dhcp_rpc_agent_api.DhcpAgentNotifyAPI._send_dhcp_notification-546692'] for port, before_response {{(pid=78417) _notify_loop /usr/local/lib/python3.8/dist-packages/neutron_lib/callbacks/manager.py:192}}
Jun 25 14:31:59.218905 dv-cinder-798088-1-iscsi neutron-server[78417]: INFO neutron.wsgi [req-b9c5fc0d-46d3-4579-b610-b97075f8e29c req-619e8bb9-fbd6-4104-8baf-bcb059ca3c58 service neutron] 10.222.0.69 "PUT /v2.0/ports/37c49bf3-2a68-4fb9-b25d-c0b9be7cef4f HTTP/1.1" status: 200 len: 1093 time: 3.7408388
Jun 25 14:31:59.233818 dv-cinder-798088-1-iscsi neutron-server[78417]: DEBUG neutron.notifiers.nova [-] Sending events: [{'name': 'network-changed', 'server_uuid': 'aa23a724-1b79-4d6e-a319-448febe50d2a', 'tag': '37c49bf3-2a68-4fb9-b25d-c0b9be7cef4f'}] {{(pid=78417) send_events /opt/stack/neutron/neutron/notifiers/nova.py:262}}
Jun 25 14:31:59.279743 dv-cinder-798088-1-iscsi neutron-server[78417]: INFO neutron.wsgi [req-48f9b8c0-400b-4995-83ca-6778e7096694 req-688e24a4-5fea-4878-b2b5-4e2b69b30855 tempest-AttachVolumeShelveTestJSON-215532624 tempest-AttachVolumeShelveTestJSON-215532624-project] 10.222.0.61 "GET /v2.0/security-groups?id=9453f1a2-27a1-4ca8-866b-943ae0b0d723&fields=id&fields=name HTTP/1.1" status: 200 len: 312 time: 0.4775290
Jun 25 14:31:59.353910 dv-cinder-798088-1-iscsi neutron-server[78416]: DEBUG neutron.quota.resource [None req-d4488c89-e9d9-4537-a4ae-5cbdf724dea1 admin admin] Quota usage for security_group_rule was recalculated. Used quota:0. {{(pid=78416) count_used /opt/stack/neutron/neutron/quota/resource.py:290}}
Jun 25 14:31:59.581648 dv-cinder-798088-1-iscsi neutron-server[78416]: DEBUG neutron.db.quota.driver [None req-d4488c89-e9d9-4537-a4ae-5cbdf724dea1 admin admin] Attempting to reserve 4 items for resource security_group_rule. Total usage: 0; quota limit: 100; headroom:100 {{(pid=78416) make_reservation /opt/stack/neutron/neutron/db/quota/driver.py:246}}
Jun 25 14:31:59.629790 dv-cinder-798088-1-iscsi neutron-server[78417]: DEBUG neutron.api.rpc.handlers.resources_rpc [None req-619e8bb9-fbd6-4104-8baf-bcb059ca3c58 service neutron] Pushing event updated for resources: {'Port': ['ID=37c49bf3-2a68-4fb9-b25d-c0b9be7cef4f,revision_number=3']} {{(pid=78417) push /opt/stack/neutron/neutron/api/rpc/handlers/resources_rpc.py:237}}
Jun 25 14:31:59.634813 dv-cinder-798088-1-iscsi neutron-server[78417]: DEBUG oslo_concurrency.lockutils [None req-619e8bb9-fbd6-4104-8baf-bcb059ca3c58 service neutron] Lock "event-dispatch" released by "neutron.plugins.ml2.ovo_rpc._ObjectChangeHandler.dispatch_events" :: held 0.783s {{(pid=78417) inner /usr/local/lib/python3.8/dist-packages/oslo_concurrency/lockutils.py:367}}
Jun 25 14:31:59.700107 dv-cinder-798088-1-iscsi neutron-server[78417]: DEBUG neutron.pecan_wsgi.hooks.policy_enforcement [req-d3798b29-7a7c-46a0-bf7c-1ae3978fbaeb req-a8be8364-dce0-4af3-ae73-adcfc06cd1f8 tempest-ServerRescueNegativeTestJSON-1094226291 tempest-ServerRescueNegativeTestJSON-1094226291-project] Attributes excluded by policy engine: ['standard_attr_id', 'binding:profile', 'binding:host_id', 'binding:vif_type', 'binding:vif_details'] {{(pid=78417) _exclude_attributes_by_policy /opt/stack/neutron/neutron/pecan_wsgi/hooks/policy_enforcement.py:255}}
Jun 25 14:31:59.711857 dv-cinder-798088-1-iscsi neutron-server[78417]: INFO neutron.wsgi [req-d3798b29-7a7c-46a0-bf7c-1ae3978fbaeb req-a8be8364-dce0-4af3-ae73-adcfc06cd1f8 tempest-ServerRescueNegativeTestJSON-1094226291 tempest-ServerRescueNegativeTestJSON-1094226291-project] 10.222.0.61 "GET /v2.0/ports?device_id=b7194a32-bcbf-415f-b50b-41766594692c HTTP/1.1" status: 200 len: 943 time: 0.4567213
Jun 25 14:31:59.743766 dv-cinder-798088-1-iscsi neutron-server[78418]: INFO neutron.notifiers.nova [-] Nova event response: {'server_uuid': 'b17dbe6c-4b96-4fb4-9985-d7944070398c', 'name': 'network-vif-plugged', 'status': 'completed', 'tag': 'db1dae07-ded7-4c23-b442-13a705c0aa4a', 'code': 200}
Jun 25 14:31:59.752280 dv-cinder-798088-1-iscsi neutron-server[78417]: DEBUG neutron.pecan_wsgi.hooks.policy_enforcement [req-b9c5fc0d-46d3-4579-b610-b97075f8e29c req-d2e5f909-7b54-46dc-a3b9-a5f5f3f86faa service neutron] Attributes excluded by policy engine: ['standard_attr_id'] {{(pid=78417) _exclude_attributes_by_policy /opt/stack/neutron/neutron/pecan_wsgi/hooks/policy_enforcement.py:255}}
Jun 25 14:31:59.754569 dv-cinder-798088-1-iscsi neutron-server[78417]: INFO neutron.wsgi [req-b9c5fc0d-46d3-4579-b610-b97075f8e29c req-d2e5f909-7b54-46dc-a3b9-a5f5f3f86faa service neutron] 10.222.0.69 "GET /v2.0/ports?tenant_id=1e3a525bd5684b0e8516b71090c07dd2&device_id=aa23a724-1b79-4d6e-a319-448febe50d2a HTTP/1.1" status: 200 len: 1096 time: 0.3375361
Jun 25 14:31:59.809842 dv-cinder-798088-1-iscsi neutron-server[78417]: INFO neutron.wsgi [req-d3798b29-7a7c-46a0-bf7c-1ae3978fbaeb req-623410bb-8f46-4055-96f0-f24f5f7e68c1 tempest-ServerRescueNegativeTestJSON-1094226291 tempest-ServerRescueNegativeTestJSON-1094226291-project] 10.222.0.61 "GET /v2.0/security-groups?id=8100c343-ae9f-460f-82fa-33c6af48eb5a&fields=id&fields=name HTTP/1.1" status: 200 len: 286 time: 0.0924296
Jun 25 14:31:59.996112 dv-cinder-798088-1-iscsi neutron-server[78416]: DEBUG neutron.pecan_wsgi.hooks.policy_enforcement [req-e13b5dcf-9528-4ac0-be29-0abf47c77780 req-61c340ad-2da5-4d38-9e95-bdec928af308 service neutron] Attributes excluded by policy engine: ['standard_attr_id', 'vlan_transparent'] {{(pid=78416) _exclude_attributes_by_policy /opt/stack/neutron/neutron/pecan_wsgi/hooks/policy_enforcement.py:255}}
Jun 25 14:32:00.000879 dv-cinder-798088-1-iscsi neutron-server[78416]: INFO neutron.wsgi [req-e13b5dcf-9528-4ac0-be29-0abf47c77780 req-61c340ad-2da5-4d38-9e95-bdec928af308 service neutron] 10.222.0.69 "GET /v2.0/networks?tenant_id=445a61d727034821bf08ebd2c102dc6c&shared=False HTTP/1.1" status: 200 len: 920 time: 0.8260853
Jun 25 14:32:00.105612 dv-cinder-798088-1-iscsi neutron-server[78417]: INFO neutron.wsgi [req-b9c5fc0d-46d3-4579-b610-b97075f8e29c req-567d810d-0343-4adf-9486-00032225a046 service neutron] 10.222.0.69 "GET /v2.0/floatingips?fixed_ip_address=172.20.0.5&port_id=37c49bf3-2a68-4fb9-b25d-c0b9be7cef4f HTTP/1.1" status: 200 len: 217 time: 0.3108821
Jun 25 14:32:00.109313 dv-cinder-798088-1-iscsi neutron-server[78417]: INFO neutron.notifiers.nova [-] Nova event response: {'name': 'network-changed', 'server_uuid': 'aa23a724-1b79-4d6e-a319-448febe50d2a', 'tag': '37c49bf3-2a68-4fb9-b25d-c0b9be7cef4f', 'status': 'completed', 'code': 200}
Jun 25 14:32:00.263292 dv-cinder-798088-1-iscsi neutron-server[78416]: DEBUG neutron_lib.callbacks.manager [None req-d4488c89-e9d9-4537-a4ae-5cbdf724dea1 admin admin] Notify callbacks [] for security_group, precommit_create {{(pid=78416) _notify_loop /usr/local/lib/python3.8/dist-packages/neutron_lib/callbacks/manager.py:192}}
Jun 25 14:32:00.296138 dv-cinder-798088-1-iscsi neutron-server[78417]: DEBUG neutron.pecan_wsgi.hooks.policy_enforcement [req-b9c5fc0d-46d3-4579-b610-b97075f8e29c req-e99d0699-6364-44d0-98fa-ecf28afbda80 service neutron] Attributes excluded by policy engine: ['standard_attr_id', 'shared'] {{(pid=78417) _exclude_attributes_by_policy /opt/stack/neutron/neutron/pecan_wsgi/hooks/policy_enforcement.py:255}}
Jun 25 14:32:00.308400 dv-cinder-798088-1-iscsi neutron-server[78417]: INFO neutron.wsgi [req-b9c5fc0d-46d3-4579-b610-b97075f8e29c req-e99d0699-6364-44d0-98fa-ecf28afbda80 service neutron] 10.222.0.69 "GET /v2.0/subnets?id=d342de52-d2d2-45a2-92c2-62e59e532739 HTTP/1.1" status: 200 len: 856 time: 0.1918530
Jun 25 14:32:00.373321 dv-cinder-798088-1-iscsi neutron-server[78416]: DEBUG neutron_lib.callbacks.manager [None req-d4488c89-e9d9-4537-a4ae-5cbdf724dea1 admin admin] Notify callbacks ['neutron.plugins.ml2.ovo_rpc._ObjectChangeHandler.handle_event-512649'] for security_group, after_create {{(pid=78416) _notify_loop /usr/local/lib/python3.8/dist-packages/neutron_lib/callbacks/manager.py:192}}
Jun 25 14:32:00.402132 dv-cinder-798088-1-iscsi neutron-server[78416]: DEBUG oslo_concurrency.lockutils [None req-53f57548-db4f-4333-81bc-dba5f3e154dc admin admin] Lock "event-dispatch" acquired by "neutron.plugins.ml2.ovo_rpc._ObjectChangeHandler.dispatch_events" :: waited 0.000s {{(pid=78416) inner /usr/local/lib/python3.8/dist-packages/oslo_concurrency/lockutils.py:355}}
Jun 25 14:32:00.440679 dv-cinder-798088-1-iscsi neutron-server[78416]: DEBUG neutron.pecan_wsgi.hooks.policy_enforcement [req-e587502e-b508-4239-9c0a-02fc16a5777a req-8d3a29ef-7742-4df1-9c13-ac5f25622c9a service neutron] Attributes excluded by policy engine: ['standard_attr_id'] {{(pid=78416) _exclude_attributes_by_policy /opt/stack/neutron/neutron/pecan_wsgi/hooks/policy_enforcement.py:255}}
Jun 25 14:32:00.443540 dv-cinder-798088-1-iscsi neutron-server[78416]: INFO neutron.wsgi [req-e587502e-b508-4239-9c0a-02fc16a5777a req-8d3a29ef-7742-4df1-9c13-ac5f25622c9a service neutron] 10.222.0.69 "GET /v2.0/ports?tenant_id=445a61d727034821bf08ebd2c102dc6c&device_id=e71a0c50-61d3-46e3-81bf-f5c74dfc5518 HTTP/1.1" status: 200 len: 1097 time: 1.2881973
Jun 25 14:32:00.677593 dv-cinder-798088-1-iscsi neutron-server[78416]: INFO neutron.wsgi [req-e587502e-b508-4239-9c0a-02fc16a5777a req-9d53dd20-88a2-4d9d-88ec-bbe32a7c012f service neutron] 10.222.0.69 "GET /v2.0/floatingips?fixed_ip_address=172.20.0.13&port_id=178ffd9d-d308-4b60-be05-3f0b57872341 HTTP/1.1" status: 200 len: 217 time: 0.2209411
Jun 25 14:32:00.707378 dv-cinder-798088-1-iscsi neutron-server[78416]: INFO neutron.wsgi [None req-d4488c89-e9d9-4537-a4ae-5cbdf724dea1 admin admin] 10.222.0.61 "GET /v2.0/security-groups?tenant_id=2d63644b977c498b9b8913601a415f3a&name=default HTTP/1.1" status: 200 len: 2979 time: 1.8252861
Jun 25 14:32:00.787993 dv-cinder-798088-1-iscsi neutron-server[78416]: DEBUG neutron.pecan_wsgi.hooks.policy_enforcement [req-e587502e-b508-4239-9c0a-02fc16a5777a req-1fc7dc3b-81e7-4045-9c3d-6b34c74c1ed5 service neutron] Attributes excluded by policy engine: ['standard_attr_id', 'shared'] {{(pid=78416) _exclude_attributes_by_policy /opt/stack/neutron/neutron/pecan_wsgi/hooks/policy_enforcement.py:255}}
Jun 25 14:32:00.787993 dv-cinder-798088-1-iscsi neutron-server[78416]: INFO neutron.wsgi [req-e587502e-b508-4239-9c0a-02fc16a5777a req-1fc7dc3b-81e7-4045-9c3d-6b34c74c1ed5 service neutron] 10.222.0.69 "GET /v2.0/subnets?id=25fa1d40-6698-4460-a719-5f9a049dbbb9 HTTP/1.1" status: 200 len: 859 time: 0.0718315
Jun 25 14:32:00.787993 dv-cinder-798088-1-iscsi neutron-server[78416]: DEBUG neutron.wsgi [-] (78416) accepted ('10.222.0.61', 49930) {{(pid=78416) server /usr/local/lib/python3.8/dist-packages/eventlet/wsgi.py:992}}
Jun 25 14:32:00.801924 dv-cinder-798088-1-iscsi neutron-server[78416]: DEBUG neutron.api.rpc.handlers.resources_rpc [None req-d4488c89-e9d9-4537-a4ae-5cbdf724dea1 admin admin] Pushing event updated for resources: {'SecurityGroup': ['ID=5e6d1aac-3aca-4575-badf-7ab854d6210b,revision_number=1']} {{(pid=78416) push /opt/stack/neutron/neutron/api/rpc/handlers/resources_rpc.py:237}}
Jun 25 14:32:00.852665 dv-cinder-798088-1-iscsi neutron-server[78416]: INFO neutron.wsgi [req-e587502e-b508-4239-9c0a-02fc16a5777a req-7eb39c4f-17f6-4aee-8580-059fce278fd2 service neutron] 10.222.0.69 "GET /v2.0/ports?network_id=4dc45219-5875-4c3b-97df-d5e5edc87f68&device_owner=network%3Adhcp HTTP/1.1" status: 200 len: 210 time: 0.0443747
Jun 25 14:32:00.875651 dv-cinder-798088-1-iscsi neutron-server[78416]: DEBUG oslo_concurrency.lockutils [None req-d4488c89-e9d9-4537-a4ae-5cbdf724dea1 admin admin] Lock "event-dispatch" released by "neutron.plugins.ml2.ovo_rpc._ObjectChangeHandler.dispatch_events" :: held 0.464s {{(pid=78416) inner /usr/local/lib/python3.8/dist-packages/oslo_concurrency/lockutils.py:367}}
Jun 25 14:32:01.163626 dv-cinder-798088-1-iscsi neutron-server[78416]: INFO neutron.wsgi [req-e587502e-b508-4239-9c0a-02fc16a5777a req-a87b688c-09ec-427e-b6d6-3f6fa6020fea service neutron] 10.222.0.69 "GET /v2.0/networks/4dc45219-5875-4c3b-97df-d5e5edc87f68?fields=segments HTTP/1.1" status: 200 len: 212 time: 0.2959721
Jun 25 14:32:01.164311 dv-cinder-798088-1-iscsi neutron-server[78416]: DEBUG neutron.pecan_wsgi.hooks.policy_enforcement [req-e13b5dcf-9528-4ac0-be29-0abf47c77780 req-778e4592-0421-4c98-b887-41138dcabb9e service neutron] Attributes excluded by policy engine: ['standard_attr_id', 'vlan_transparent'] {{(pid=78416) _exclude_attributes_by_policy /opt/stack/neutron/neutron/pecan_wsgi/hooks/policy_enforcement.py:255}}
Jun 25 14:32:01.165467 dv-cinder-798088-1-iscsi neutron-server[78416]: INFO neutron.wsgi [req-e13b5dcf-9528-4ac0-be29-0abf47c77780 req-778e4592-0421-4c98-b887-41138dcabb9e service neutron] 10.222.0.69 "GET /v2.0/networks?shared=True HTTP/1.1" status: 200 len: 870 time: 1.1475520
Jun 25 14:32:01.281133 dv-cinder-798088-1-iscsi neutron-server[78417]: DEBUG neutron.pecan_wsgi.hooks.policy_enforcement [req-b9c5fc0d-46d3-4579-b610-b97075f8e29c req-b0b5f550-494f-4f17-a790-15011ea48a76 service neutron] Attributes excluded by policy engine: ['standard_attr_id'] {{(pid=78417) _exclude_attributes_by_policy /opt/stack/neutron/neutron/pecan_wsgi/hooks/policy_enforcement.py:255}}
Jun 25 14:32:01.281930 dv-cinder-798088-1-iscsi neutron-server[78417]: INFO neutron.wsgi [req-b9c5fc0d-46d3-4579-b610-b97075f8e29c req-b0b5f550-494f-4f17-a790-15011ea48a76 service neutron] 10.222.0.69 "GET /v2.0/ports?network_id=01fef63b-37a8-409d-9cc2-b6d54ee3cd0e&device_owner=network%3Adhcp HTTP/1.1" status: 200 len: 1175 time: 0.9663892
Jun 25 14:32:01.285017 dv-cinder-798088-1-iscsi neutron-server[78417]: DEBUG neutron.pecan_wsgi.hooks.policy_enforcement [req-b918a798-0299-404f-8b76-a6ebc673482d req-6d1ffe6d-9023-4dd7-81c2-d44d7799b019 service neutron] Attributes excluded by policy engine: ['standard_attr_id'] {{(pid=78417) _exclude_attributes_by_policy /opt/stack/neutron/neutron/pecan_wsgi/hooks/policy_enforcement.py:255}}
Jun 25 14:32:01.286815 dv-cinder-798088-1-iscsi neutron-server[78417]: INFO neutron.wsgi [req-b918a798-0299-404f-8b76-a6ebc673482d req-6d1ffe6d-9023-4dd7-81c2-d44d7799b019 service neutron] 10.222.0.69 "GET /v2.0/ports?device_id=b17dbe6c-4b96-4fb4-9985-d7944070398c HTTP/1.1" status: 200 len: 1098 time: 0.7239974
Jun 25 14:32:01.307750 dv-cinder-798088-1-iscsi neutron-server[78417]: DEBUG neutron.pecan_wsgi.hooks.policy_enforcement [req-bd464119-0084-4912-a13a-a0ca0ab8cd2e req-8aa774c1-bf16-4f40-b0a3-1f0bd5819ae9 tempest-DeleteServersTestJSON-183298585 tempest-DeleteServersTestJSON-183298585-project] Attributes excluded by policy engine: ['standard_attr_id', 'binding:profile', 'binding:host_id', 'binding:vif_type', 'binding:vif_details'] {{(pid=78417) _exclude_attributes_by_policy /opt/stack/neutron/neutron/pecan_wsgi/hooks/policy_enforcement.py:255}}
Jun 25 14:32:01.309553 dv-cinder-798088-1-iscsi neutron-server[78417]: INFO neutron.wsgi [req-bd464119-0084-4912-a13a-a0ca0ab8cd2e req-8aa774c1-bf16-4f40-b0a3-1f0bd5819ae9 tempest-DeleteServersTestJSON-183298585 tempest-DeleteServersTestJSON-183298585-project] 10.222.0.61 "GET /v2.0/ports?device_id=b17dbe6c-4b96-4fb4-9985-d7944070398c HTTP/1.1" status: 200 len: 945 time: 0.7540798
Jun 25 14:32:01.335975 dv-cinder-798088-1-iscsi neutron-server[78416]: DEBUG neutron_lib.callbacks.manager [None req-2f5ac100-5481-4099-ad2d-fa2ff5cb7375 admin admin] Notify callbacks [] for security_group, before_delete {{(pid=78416) _notify_loop /usr/local/lib/python3.8/dist-packages/neutron_lib/callbacks/manager.py:192}}
Jun 25 14:32:01.393299 dv-cinder-798088-1-iscsi neutron-server[78417]: DEBUG neutron_lib.callbacks.manager [req-b918a798-0299-404f-8b76-a6ebc673482d req-212506bf-1478-4781-af75-b85102e1a94c service neutron] Notify callbacks [] for security_group, before_create {{(pid=78417) _notify_loop /usr/local/lib/python3.8/dist-packages/neutron_lib/callbacks/manager.py:192}}
Jun 25 14:32:01.416830 dv-cinder-798088-1-iscsi neutron-server[78417]: DEBUG neutron.pecan_wsgi.hooks.policy_enforcement [req-3b8e0304-1e19-4743-94b4-bdd2a3305704 req-84c1f760-dc30-4ab5-b34e-92628785d3ae tempest-AttachVolumeShelveTestJSON-215532624 tempest-AttachVolumeShelveTestJSON-215532624-project] Attributes excluded by policy engine: ['standard_attr_id', 'binding:profile', 'binding:host_id', 'binding:vif_type', 'binding:vif_details'] {{(pid=78417) _exclude_attributes_by_policy /opt/stack/neutron/neutron/pecan_wsgi/hooks/policy_enforcement.py:255}}
Jun 25 14:32:01.425482 dv-cinder-798088-1-iscsi neutron-server[78417]: INFO neutron.wsgi [req-3b8e0304-1e19-4743-94b4-bdd2a3305704 req-84c1f760-dc30-4ab5-b34e-92628785d3ae tempest-AttachVolumeShelveTestJSON-215532624 tempest-AttachVolumeShelveTestJSON-215532624-project] 10.222.0.61 "GET /v2.0/ports?device_id=aa23a724-1b79-4d6e-a319-448febe50d2a HTTP/1.1" status: 200 len: 943 time: 0.7243817
Jun 25 14:32:01.503655 dv-cinder-798088-1-iscsi neutron-server[78417]: DEBUG neutron.db.quota.driver [req-b918a798-0299-404f-8b76-a6ebc673482d req-212506bf-1478-4781-af75-b85102e1a94c service neutron] Resources subnetpool have unlimited quota limit. It is not required to calculate headroom {{(pid=78417) make_reservation /opt/stack/neutron/neutron/db/quota/driver.py:219}}
Jun 25 14:32:01.534300 dv-cinder-798088-1-iscsi neutron-server[78417]: DEBUG neutron.quota.resource [req-b918a798-0299-404f-8b76-a6ebc673482d req-212506bf-1478-4781-af75-b85102e1a94c service neutron] Usage tracker for resource:security_group_rule and tenant:4b4cc32eb9b84b5ca3bbc58d9360aacc is out of sync, need to count used quota {{(pid=78417) count_used /opt/stack/neutron/neutron/quota/resource.py:270}}
Jun 25 14:32:01.544172 dv-cinder-798088-1-iscsi neutron-server[78416]: DEBUG neutron_lib.callbacks.manager [None req-2f5ac100-5481-4099-ad2d-fa2ff5cb7375 admin admin] Notify callbacks [] for security_group, precommit_delete {{(pid=78416) _notify_loop /usr/local/lib/python3.8/dist-packages/neutron_lib/callbacks/manager.py:192}}
Jun 25 14:32:01.545507 dv-cinder-798088-1-iscsi neutron-server[78417]: DEBUG neutron.quota.resource [req-b918a798-0299-404f-8b76-a6ebc673482d req-212506bf-1478-4781-af75-b85102e1a94c service neutron] Quota usage for security_group_rule was recalculated. Used quota:0. {{(pid=78417) count_used /opt/stack/neutron/neutron/quota/resource.py:290}}
Jun 25 14:32:01.568652 dv-cinder-798088-1-iscsi neutron-server[78417]: INFO neutron.wsgi [req-bd464119-0084-4912-a13a-a0ca0ab8cd2e req-5e1d8299-07ca-4943-8cc1-2198d28a6e06 tempest-DeleteServersTestJSON-183298585 tempest-DeleteServersTestJSON-183298585-project] 10.222.0.61 "GET /v2.0/security-groups?id=3059e428-775f-4a28-84f0-b489d4415709&fields=id&fields=name HTTP/1.1" status: 200 len: 286 time: 0.2225251
Jun 25 14:32:01.633528 dv-cinder-798088-1-iscsi neutron-server[78417]: DEBUG neutron.db.quota.driver [req-b918a798-0299-404f-8b76-a6ebc673482d req-212506bf-1478-4781-af75-b85102e1a94c service neutron] Attempting to reserve 4 items for resource security_group_rule. Total usage: 0; quota limit: 100; headroom:100 {{(pid=78417) make_reservation /opt/stack/neutron/neutron/db/quota/driver.py:246}}
Jun 25 14:32:01.640995 dv-cinder-798088-1-iscsi neutron-server[78416]: INFO neutron.wsgi [req-e587502e-b508-4239-9c0a-02fc16a5777a req-b7d62abc-b557-4075-80f9-2687c9bdfa52 service neutron] 10.222.0.69 "GET /v2.0/networks/4dc45219-5875-4c3b-97df-d5e5edc87f68?fields=provider%3Aphysical_network&fields=provider%3Anetwork_type HTTP/1.1" status: 200 len: 281 time: 0.4588356
Jun 25 14:32:01.673856 dv-cinder-798088-1-iscsi neutron-server[78416]: DEBUG neutron.pecan_wsgi.hooks.policy_enforcement [req-d27ae874-5531-4b2e-ac47-0614b7b10326 req-13193c80-6213-4cee-bb19-203e734ccb6f service neutron] Attributes excluded by policy engine: ['standard_attr_id'] {{(pid=78416) _exclude_attributes_by_policy /opt/stack/neutron/neutron/pecan_wsgi/hooks/policy_enforcement.py:255}}
Jun 25 14:32:01.675457 dv-cinder-798088-1-iscsi neutron-server[78416]: INFO neutron.wsgi [req-d27ae874-5531-4b2e-ac47-0614b7b10326 req-13193c80-6213-4cee-bb19-203e734ccb6f service neutron] 10.222.0.69 "GET /v2.0/ports?tenant_id=445a61d727034821bf08ebd2c102dc6c&device_id=b7194a32-bcbf-415f-b50b-41766594692c HTTP/1.1" status: 200 len: 1096 time: 0.4000001
Jun 25 14:32:01.699732 dv-cinder-798088-1-iscsi neutron-server[78416]: DEBUG neutron_lib.callbacks.manager [None req-2f5ac100-5481-4099-ad2d-fa2ff5cb7375 admin admin] Notify callbacks ['neutron.plugins.ml2.ovo_rpc._ObjectChangeHandler.handle_event-512649'] for security_group, after_delete {{(pid=78416) _notify_loop /usr/local/lib/python3.8/dist-packages/neutron_lib/callbacks/manager.py:192}}
Jun 25 14:32:01.703781 dv-cinder-798088-1-iscsi neutron-server[78416]: DEBUG oslo_concurrency.lockutils [-] Lock "event-dispatch" acquired by "neutron.plugins.ml2.ovo_rpc._ObjectChangeHandler.dispatch_events" :: waited 0.000s {{(pid=78416) inner /usr/local/lib/python3.8/dist-packages/oslo_concurrency/lockutils.py:355}}
Jun 25 14:32:01.857086 dv-cinder-798088-1-iscsi neutron-server[78417]: INFO neutron.wsgi [req-3b8e0304-1e19-4743-94b4-bdd2a3305704 req-9ae6fc78-7231-4f9c-923d-1f585d416aaf tempest-AttachVolumeShelveTestJSON-215532624 tempest-AttachVolumeShelveTestJSON-215532624-project] 10.222.0.61 "GET /v2.0/security-groups?id=9453f1a2-27a1-4ca8-866b-943ae0b0d723&fields=id&fields=name HTTP/1.1" status: 200 len: 312 time: 0.4302597
Jun 25 14:32:01.891984 dv-cinder-798088-1-iscsi neutron-server[78416]: DEBUG neutron.api.rpc.handlers.resources_rpc [None req-2f5ac100-5481-4099-ad2d-fa2ff5cb7375 admin admin] Pushing event deleted for resources: {'SecurityGroup': ['ID=5e6d1aac-3aca-4575-badf-7ab854d6210b,revision_number=None']} {{(pid=78416) push /opt/stack/neutron/neutron/api/rpc/handlers/resources_rpc.py:237}}
Jun 25 14:32:01.896040 dv-cinder-798088-1-iscsi neutron-server[78416]: DEBUG oslo_concurrency.lockutils [None req-2f5ac100-5481-4099-ad2d-fa2ff5cb7375 admin admin] Lock "event-dispatch" released by "neutron.plugins.ml2.ovo_rpc._ObjectChangeHandler.dispatch_events" :: held 0.192s {{(pid=78416) inner /usr/local/lib/python3.8/dist-packages/oslo_concurrency/lockutils.py:367}}
Jun 25 14:32:01.903438 dv-cinder-798088-1-iscsi neutron-server[78416]: INFO neutron.wsgi [req-d27ae874-5531-4b2e-ac47-0614b7b10326 req-dec15129-1209-473c-83f0-c637ceb48c47 service neutron] 10.222.0.69 "GET /v2.0/floatingips?fixed_ip_address=172.20.0.4&port_id=729d4a3d-a80f-4702-96f0-246886a863bf HTTP/1.1" status: 200 len: 217 time: 0.1655102
Jun 25 14:32:01.931525 dv-cinder-798088-1-iscsi neutron-server[78417]: INFO neutron.wsgi [req-b9c5fc0d-46d3-4579-b610-b97075f8e29c req-e0ac098b-8d9b-4895-8b58-871773ef97e5 service neutron] 10.222.0.69 "GET /v2.0/networks/01fef63b-37a8-409d-9cc2-b6d54ee3cd0e?fields=segments HTTP/1.1" status: 200 len: 212 time: 0.6336286
Jun 25 14:32:02.046115 dv-cinder-798088-1-iscsi neutron-server[78416]: DEBUG neutron_lib.callbacks.manager [None req-2f5ac100-5481-4099-ad2d-fa2ff5cb7375 admin admin] Notify callbacks [] for security_group, before_response {{(pid=78416) _notify_loop /usr/local/lib/python3.8/dist-packages/neutron_lib/callbacks/manager.py:192}}
Jun 25 14:32:02.050147 dv-cinder-798088-1-iscsi neutron-server[78416]: INFO neutron.wsgi [None req-2f5ac100-5481-4099-ad2d-fa2ff5cb7375 admin admin] 10.222.0.61 "DELETE /v2.0/security-groups/5e6d1aac-3aca-4575-badf-7ab854d6210b HTTP/1.1" status: 204 len: 168 time: 1.2475526
Jun 25 14:32:02.121377 dv-cinder-798088-1-iscsi neutron-server[78416]: DEBUG neutron.pecan_wsgi.hooks.policy_enforcement [req-d27ae874-5531-4b2e-ac47-0614b7b10326 req-c03f57f0-7039-44c4-824d-d8fec3358aec service neutron] Attributes excluded by policy engine: ['standard_attr_id', 'shared'] {{(pid=78416) _exclude_attributes_by_policy /opt/stack/neutron/neutron/pecan_wsgi/hooks/policy_enforcement.py:255}}
Jun 25 14:32:02.123366 dv-cinder-798088-1-iscsi neutron-server[78416]: INFO neutron.wsgi [req-d27ae874-5531-4b2e-ac47-0614b7b10326 req-c03f57f0-7039-44c4-824d-d8fec3358aec service neutron] 10.222.0.69 "GET /v2.0/subnets?id=25fa1d40-6698-4460-a719-5f9a049dbbb9 HTTP/1.1" status: 200 len: 859 time: 0.2122114
Jun 25 14:32:02.222426 dv-cinder-798088-1-iscsi neutron-server[78416]: INFO neutron.wsgi [req-d27ae874-5531-4b2e-ac47-0614b7b10326 req-18a570f8-0cc6-4d99-b49b-b7e4491edeab service neutron] 10.222.0.69 "GET /v2.0/ports?network_id=4dc45219-5875-4c3b-97df-d5e5edc87f68&device_owner=network%3Adhcp HTTP/1.1" status: 200 len: 210 time: 0.0908091
Jun 25 14:32:02.312323 dv-cinder-798088-1-iscsi neutron-server[78417]: DEBUG neutron_lib.callbacks.manager [req-b918a798-0299-404f-8b76-a6ebc673482d req-212506bf-1478-4781-af75-b85102e1a94c service neutron] Notify callbacks [] for security_group, precommit_create {{(pid=78417) _notify_loop /usr/local/lib/python3.8/dist-packages/neutron_lib/callbacks/manager.py:192}}
Jun 25 14:32:02.334956 dv-cinder-798088-1-iscsi neutron-server[78417]: DEBUG neutron.pecan_wsgi.hooks.policy_enforcement [req-f97c2b4e-3723-4af1-acaf-ae6be4e22a3d req-62c7f7bc-b14b-495a-a0ee-6ec9e9d9e96d tempest-ServerRescueNegativeTestJSON-1094226291 tempest-ServerRescueNegativeTestJSON-1094226291-project] Attributes excluded by policy engine: ['standard_attr_id', 'binding:profile', 'binding:host_id', 'binding:vif_type', 'binding:vif_details'] {{(pid=78417) _exclude_attributes_by_policy /opt/stack/neutron/neutron/pecan_wsgi/hooks/policy_enforcement.py:255}}
Jun 25 14:32:02.343911 dv-cinder-798088-1-iscsi neutron-server[78417]: INFO neutron.wsgi [req-f97c2b4e-3723-4af1-acaf-ae6be4e22a3d req-62c7f7bc-b14b-495a-a0ee-6ec9e9d9e96d tempest-ServerRescueNegativeTestJSON-1094226291 tempest-ServerRescueNegativeTestJSON-1094226291-project] 10.222.0.61 "GET /v2.0/ports?device_id=b7194a32-bcbf-415f-b50b-41766594692c HTTP/1.1" status: 200 len: 943 time: 0.2684803
Jun 25 14:32:02.371823 dv-cinder-798088-1-iscsi neutron-server[78417]: DEBUG neutron_lib.callbacks.manager [req-b918a798-0299-404f-8b76-a6ebc673482d req-212506bf-1478-4781-af75-b85102e1a94c service neutron] Notify callbacks ['neutron.plugins.ml2.ovo_rpc._ObjectChangeHandler.handle_event-512649'] for security_group, after_create {{(pid=78417) _notify_loop /usr/local/lib/python3.8/dist-packages/neutron_lib/callbacks/manager.py:192}}
Jun 25 14:32:02.395966 dv-cinder-798088-1-iscsi neutron-server[78417]: DEBUG oslo_concurrency.lockutils [-] Lock "event-dispatch" acquired by "neutron.plugins.ml2.ovo_rpc._ObjectChangeHandler.dispatch_events" :: waited 0.000s {{(pid=78417) inner /usr/local/lib/python3.8/dist-packages/oslo_concurrency/lockutils.py:355}}
Jun 25 14:32:02.405347 dv-cinder-798088-1-iscsi neutron-server[78417]: INFO neutron.wsgi [req-b9c5fc0d-46d3-4579-b610-b97075f8e29c req-8e56333a-6bcd-45ce-8809-2892569c1ac2 service neutron] 10.222.0.69 "GET /v2.0/networks/01fef63b-37a8-409d-9cc2-b6d54ee3cd0e?fields=provider%3Aphysical_network&fields=provider%3Anetwork_type HTTP/1.1" status: 200 len: 281 time: 0.4671357
Jun 25 14:32:02.435007 dv-cinder-798088-1-iscsi neutron-server[78417]: INFO neutron.wsgi [req-b918a798-0299-404f-8b76-a6ebc673482d req-212506bf-1478-4781-af75-b85102e1a94c service neutron] 10.222.0.69 "GET /v2.0/security-groups?id=3059e428-775f-4a28-84f0-b489d4415709&fields=id&fields=name HTTP/1.1" status: 200 len: 286 time: 1.1391704
Jun 25 14:32:02.468124 dv-cinder-798088-1-iscsi neutron-server[78417]: INFO neutron.wsgi [req-f97c2b4e-3723-4af1-acaf-ae6be4e22a3d req-a9873b08-ccba-4cd1-aa42-b632eb878d4e tempest-ServerRescueNegativeTestJSON-1094226291 tempest-ServerRescueNegativeTestJSON-1094226291-project] 10.222.0.61 "GET /v2.0/security-groups?id=8100c343-ae9f-460f-82fa-33c6af48eb5a&fields=id&fields=name HTTP/1.1" status: 200 len: 286 time: 0.1229808
Jun 25 14:32:02.469221 dv-cinder-798088-1-iscsi neutron-server[78417]: DEBUG neutron.api.rpc.handlers.resources_rpc [None req-212506bf-1478-4781-af75-b85102e1a94c service neutron] Pushing event updated for resources: {'SecurityGroup': ['ID=8ec75a13-b033-4756-8c6f-c78c1e6d3a5f,revision_number=1']} {{(pid=78417) push /opt/stack/neutron/neutron/api/rpc/handlers/resources_rpc.py:237}}
Jun 25 14:32:02.474210 dv-cinder-798088-1-iscsi neutron-server[78417]: DEBUG oslo_concurrency.lockutils [None req-212506bf-1478-4781-af75-b85102e1a94c service neutron] Lock "event-dispatch" released by "neutron.plugins.ml2.ovo_rpc._ObjectChangeHandler.dispatch_events" :: held 0.078s {{(pid=78417) inner /usr/local/lib/python3.8/dist-packages/oslo_concurrency/lockutils.py:367}}
Jun 25 14:32:02.514148 dv-cinder-798088-1-iscsi neutron-server[78416]: INFO neutron.wsgi [req-d27ae874-5531-4b2e-ac47-0614b7b10326 req-da23a6fe-dbff-4ea6-adff-42ab9b7ef2e1 service neutron] 10.222.0.69 "GET /v2.0/networks/4dc45219-5875-4c3b-97df-d5e5edc87f68?fields=segments HTTP/1.1" status: 200 len: 212 time: 0.2843428
Jun 25 14:32:02.550589 dv-cinder-798088-1-iscsi neutron-server[78418]: DEBUG neutron_lib.callbacks.manager [None req-e155e172-792f-48cb-9b3d-40963986acd8 None None] Notify callbacks ['neutron.services.segments.db._update_segment_host_mapping_for_agent-8793052630218', 'neutron.plugins.ml2.plugin.Ml2Plugin._retry_binding_revived_agents-1452267'] for agent, after_update {{(pid=78418) _notify_loop /usr/local/lib/python3.8/dist-packages/neutron_lib/callbacks/manager.py:192}}
Jun 25 14:32:02.991909 dv-cinder-798088-1-iscsi neutron-server[78418]: DEBUG neutron_lib.callbacks.manager [None req-44b03a7a-9ccb-4a48-959d-aecd9a2f0461 None None] Notify callbacks ['neutron.services.segments.db._update_segment_host_mapping_for_agent-8793052630218', 'neutron.plugins.ml2.plugin.Ml2Plugin._retry_binding_revived_agents-1452267'] for agent, after_update {{(pid=78418) _notify_loop /usr/local/lib/python3.8/dist-packages/neutron_lib/callbacks/manager.py:192}}
Jun 25 14:32:03.195918 dv-cinder-798088-1-iscsi neutron-server[78416]: INFO neutron.wsgi [req-d27ae874-5531-4b2e-ac47-0614b7b10326 req-e4596cc5-129d-4e94-a0fa-d73a6a1db619 service neutron] 10.222.0.69 "GET /v2.0/networks/4dc45219-5875-4c3b-97df-d5e5edc87f68?fields=provider%3Aphysical_network&fields=provider%3Anetwork_type HTTP/1.1" status: 200 len: 281 time: 0.4033198
Jun 25 14:32:03.216540 dv-cinder-798088-1-iscsi neutron-server[78417]: DEBUG neutron.pecan_wsgi.hooks.policy_enforcement [req-8b6cdcce-ec27-475b-ba74-707076520f28 req-59251999-52af-49bb-8f63-c8251cdeedf5 service neutron] Attributes excluded by policy engine: ['standard_attr_id'] {{(pid=78417) _exclude_attributes_by_policy /opt/stack/neutron/neutron/pecan_wsgi/hooks/policy_enforcement.py:255}}
Jun 25 14:32:03.219613 dv-cinder-798088-1-iscsi neutron-server[78417]: INFO neutron.wsgi [req-8b6cdcce-ec27-475b-ba74-707076520f28 req-59251999-52af-49bb-8f63-c8251cdeedf5 service neutron] 10.222.0.69 "GET /v2.0/ports?tenant_id=1e3a525bd5684b0e8516b71090c07dd2&device_id=aa23a724-1b79-4d6e-a319-448febe50d2a HTTP/1.1" status: 200 len: 1096 time: 0.3769114
Jun 25 14:32:03.249915 dv-cinder-798088-1-iscsi neutron-server[78417]: DEBUG neutron.pecan_wsgi.hooks.policy_enforcement [req-cf7cfd04-d4da-4a41-b03f-478fd6ad4877 req-5bcce2fc-e642-4dea-bf35-09425f1764b5 tempest-DeleteServersTestJSON-183298585 tempest-DeleteServersTestJSON-183298585-project] Attributes excluded by policy engine: ['standard_attr_id', 'binding:profile', 'binding:host_id', 'binding:vif_type', 'binding:vif_details'] {{(pid=78417) _exclude_attributes_by_policy /opt/stack/neutron/neutron/pecan_wsgi/hooks/policy_enforcement.py:255}}
Jun 25 14:32:03.256176 dv-cinder-798088-1-iscsi neutron-server[78417]: INFO neutron.wsgi [req-cf7cfd04-d4da-4a41-b03f-478fd6ad4877 req-5bcce2fc-e642-4dea-bf35-09425f1764b5 tempest-DeleteServersTestJSON-183298585 tempest-DeleteServersTestJSON-183298585-project] 10.222.0.61 "GET /v2.0/ports?device_id=b17dbe6c-4b96-4fb4-9985-d7944070398c HTTP/1.1" status: 200 len: 945 time: 0.3478863
Jun 25 14:32:03.729493 dv-cinder-798088-1-iscsi neutron-server[78417]: INFO neutron.wsgi [req-cf7cfd04-d4da-4a41-b03f-478fd6ad4877 req-6221d723-6762-4c41-91eb-59197b7a7aa2 tempest-DeleteServersTestJSON-183298585 tempest-DeleteServersTestJSON-183298585-project] 10.222.0.61 "GET /v2.0/security-groups?id=3059e428-775f-4a28-84f0-b489d4415709&fields=id&fields=name HTTP/1.1" status: 200 len: 286 time: 0.2898223
Jun 25 14:32:03.827676 dv-cinder-798088-1-iscsi neutron-server[78417]: DEBUG neutron.pecan_wsgi.hooks.policy_enforcement [req-226910c7-b8b7-4fa9-8143-7c3955162dd2 req-a36a5ad9-e55f-4e2a-be43-61b7d8b3efac tempest-AttachVolumeShelveTestJSON-215532624 tempest-AttachVolumeShelveTestJSON-215532624-project] Attributes excluded by policy engine: ['standard_attr_id', 'binding:profile', 'binding:host_id', 'binding:vif_type', 'binding:vif_details'] {{(pid=78417) _exclude_attributes_by_policy /opt/stack/neutron/neutron/pecan_wsgi/hooks/policy_enforcement.py:255}}
Jun 25 14:32:03.830643 dv-cinder-798088-1-iscsi neutron-server[78417]: INFO neutron.wsgi [req-226910c7-b8b7-4fa9-8143-7c3955162dd2 req-a36a5ad9-e55f-4e2a-be43-61b7d8b3efac tempest-AttachVolumeShelveTestJSON-215532624 tempest-AttachVolumeShelveTestJSON-215532624-project] 10.222.0.61 "GET /v2.0/ports?device_id=aa23a724-1b79-4d6e-a319-448febe50d2a HTTP/1.1" status: 200 len: 943 time: 0.5013478
Jun 25 14:32:03.942476 dv-cinder-798088-1-iscsi neutron-server[78417]: DEBUG neutron.pecan_wsgi.hooks.policy_enforcement [req-8b6cdcce-ec27-475b-ba74-707076520f28 req-05725d2a-e490-49d6-bdbc-afea4c8fc656 service neutron] Attributes excluded by policy engine: ['standard_attr_id', 'vlan_transparent'] {{(pid=78417) _exclude_attributes_by_policy /opt/stack/neutron/neutron/pecan_wsgi/hooks/policy_enforcement.py:255}}
Jun 25 14:32:03.945340 dv-cinder-798088-1-iscsi neutron-server[78417]: INFO neutron.wsgi [req-8b6cdcce-ec27-475b-ba74-707076520f28 req-05725d2a-e490-49d6-bdbc-afea4c8fc656 service neutron] 10.222.0.69 "GET /v2.0/networks?id=01fef63b-37a8-409d-9cc2-b6d54ee3cd0e HTTP/1.1" status: 200 len: 918 time: 0.6875505
Jun 25 14:32:04.093060 dv-cinder-798088-1-iscsi neutron-server[78417]: INFO neutron.wsgi [req-8b6cdcce-ec27-475b-ba74-707076520f28 req-c75615c0-7ce7-417a-b356-f632857fafd2 service neutron] 10.222.0.69 "GET /v2.0/floatingips?fixed_ip_address=172.20.0.5&port_id=37c49bf3-2a68-4fb9-b25d-c0b9be7cef4f HTTP/1.1" status: 200 len: 217 time: 0.1262219
Jun 25 14:32:04.107044 dv-cinder-798088-1-iscsi neutron-server[78417]: INFO neutron.wsgi [req-226910c7-b8b7-4fa9-8143-7c3955162dd2 req-2b731b33-9ead-44db-887e-d92dfe140fce tempest-AttachVolumeShelveTestJSON-215532624 tempest-AttachVolumeShelveTestJSON-215532624-project] 10.222.0.61 "GET /v2.0/security-groups?id=9453f1a2-27a1-4ca8-866b-943ae0b0d723&fields=id&fields=name HTTP/1.1" status: 200 len: 312 time: 0.2449508
Jun 25 14:32:04.482505 dv-cinder-798088-1-iscsi neutron-server[78418]: DEBUG neutron.plugins.ml2.rpc [None req-766a2f27-f4dd-420a-b3d0-7674a9aff46d None None] Device 37c49bf3-2a68-4fb9-b25d-c0b9be7cef4f details requested by agent hyperv_hv-cinder-79808 with host hv-cinder-79808 {{(pid=78418) get_device_details /opt/stack/neutron/neutron/plugins/ml2/rpc.py:88}}
