Oct 27 09:37:20.587513 dv-cinder-797970-7-iscsi neutron-server[104690]: DEBUG neutron.pecan_wsgi.hooks.policy_enforcement [req-33f40ec8-a661-4600-a0c4-37bf5aa8bd9a req-267406d8-6a25-4466-92c6-d86fc7dc9f89 service neutron] Attributes excluded by policy engine: ['standard_attr_id'] {{(pid=104690) _exclude_attributes_by_policy /opt/stack/neutron/neutron/pecan_wsgi/hooks/policy_enforcement.py:259}}
Oct 27 09:37:20.608876 dv-cinder-797970-7-iscsi neutron-server[104690]: INFO neutron.wsgi [req-33f40ec8-a661-4600-a0c4-37bf5aa8bd9a req-267406d8-6a25-4466-92c6-d86fc7dc9f89 service neutron] 10.222.0.72 "GET /networking/v2.0/ports?network_id=778ab2d7-84d8-46e7-a293-9e88d4d9fee2&device_owner=network%3Adhcp HTTP/1.1" status: 200 len: 1212 time: 0.3800671
Oct 27 09:37:20.608876 dv-cinder-797970-7-iscsi neutron-server[104690]: INFO neutron.wsgi [req-5dd01470-0bd7-4b53-b0a3-6e5a9bafece8 req-68d5458a-f5c1-41af-8bf8-89845ac4a434 service neutron] 10.222.0.72 "GET /networking/v2.0/networks/7c24dd54-2ed4-445c-a41b-4cf4e86b679d?fields=segments HTTP/1.1" status: 200 len: 212 time: 0.4424186
Oct 27 09:37:20.630070 dv-cinder-797970-7-iscsi neutron-server[104691]: DEBUG neutron.notifiers.nova [None req-d12d01b2-c1ec-4f6f-a449-b3c01ab4f96f None None] Ignoring state change previous_port_status: DOWN current_port_status: BUILD port_id 0e6b0478-48aa-4f67-86d8-eb4b392e3971 {{(pid=104691) record_port_status_changed /opt/stack/neutron/neutron/notifiers/nova.py:235}}
Oct 27 09:37:20.658050 dv-cinder-797970-7-iscsi neutron-server[104689]: DEBUG neutron.pecan_wsgi.hooks.policy_enforcement [req-b127daf1-2821-4d2f-a91c-33b895ac92d2 req-680d3787-67cd-4c14-a225-355b7c16bfa3 tempest-AttachVolumeShelveTestJSON-2051091653 tempest-AttachVolumeShelveTestJSON-2051091653-project] Attributes excluded by policy engine: ['standard_attr_id', 'binding:profile', 'binding:host_id', 'binding:vif_type', 'binding:vif_details'] {{(pid=104689) _exclude_attributes_by_policy /opt/stack/neutron/neutron/pecan_wsgi/hooks/policy_enforcement.py:259}}
Oct 27 09:37:20.659564 dv-cinder-797970-7-iscsi neutron-server[104689]: INFO neutron.wsgi [req-b127daf1-2821-4d2f-a91c-33b895ac92d2 req-680d3787-67cd-4c14-a225-355b7c16bfa3 tempest-AttachVolumeShelveTestJSON-2051091653 tempest-AttachVolumeShelveTestJSON-2051091653-project] 10.222.0.70 "GET /networking/v2.0/ports?device_id=8ac6a130-38c4-4843-b9a8-118d25c11c18 HTTP/1.1" status: 200 len: 943 time: 0.5333281
Oct 27 09:37:20.668308 dv-cinder-797970-7-iscsi neutron-server[104691]: DEBUG neutron.plugins.ml2.db [None req-d12d01b2-c1ec-4f6f-a449-b3c01ab4f96f None None] For port 0e6b0478-48aa-4f67-86d8-eb4b392e3971, host hv-cinder-79797, got binding levels [PortBindingLevel(driver='hyperv',host='hv-cinder-79797',level=0,port_id=0e6b0478-48aa-4f67-86d8-eb4b392e3971,segment=NetworkSegment(2202b65d-bd7c-44e9-93eb-42ad6fe6406d),segment_id=2202b65d-bd7c-44e9-93eb-42ad6fe6406d)] {{(pid=104691) get_binding_level_objs /opt/stack/neutron/neutron/plugins/ml2/db.py:74}}
Oct 27 09:37:20.707021 dv-cinder-797970-7-iscsi neutron-server[104691]: DEBUG neutron_lib.callbacks.manager [None req-d12d01b2-c1ec-4f6f-a449-b3c01ab4f96f None None] Publish callbacks ['neutron.plugins.ml2.plugin.SecurityGroupServerNotifierRpcMixin._notify_sg_on_port_change-1375929', 'neutron.plugins.ml2.ovo_rpc._ObjectChangeHandler.handle_event-133635', 'neutron.api.rpc.agentnotifiers.dhcp_rpc_agent_api.DhcpAgentNotifyAPI._native_event_send_dhcp_notification-1509646', 'neutron.db.l3_db.L3RpcNotifierMixin._notify_gateway_port_ip_changed-8766798819449', 'neutron.db.l3_dvrscheduler_db._notify_l3_agent_port_update-8766798443403', 'neutron.db.l3_hascheduler_db._notify_l3_agent_ha_port_update-8766798443421'] for port (0e6b0478-48aa-4f67-86d8-eb4b392e3971), after_update {{(pid=104691) _notify_loop /usr/local/lib/python3.8/dist-packages/neutron_lib/callbacks/manager.py:176}}
Oct 27 09:37:20.707696 dv-cinder-797970-7-iscsi neutron-server[104691]: DEBUG neutron.plugins.ml2.rpc [None req-d12d01b2-c1ec-4f6f-a449-b3c01ab4f96f None None] Device 8ce4a07b-23e9-45ec-a2f8-1e00ccb8e740 details requested by agent hyperv_hv-cinder-79797 with host hv-cinder-79797 {{(pid=104691) get_device_details /opt/stack/neutron/neutron/plugins/ml2/rpc.py:102}}
Oct 27 09:37:20.727347 dv-cinder-797970-7-iscsi neutron-server[104689]: DEBUG neutron.wsgi [-] (104689) accepted ('10.222.0.70', 57248) {{(pid=104689) server /usr/local/lib/python3.8/dist-packages/eventlet/wsgi.py:1004}}
Oct 27 09:37:20.748805 dv-cinder-797970-7-iscsi neutron-server[104690]: DEBUG neutron.wsgi [-] (104690) accepted ('10.222.0.70', 57250) {{(pid=104690) server /usr/local/lib/python3.8/dist-packages/eventlet/wsgi.py:1004}}
Oct 27 09:37:20.777247 dv-cinder-797970-7-iscsi neutron-server[104689]: INFO neutron.wsgi [req-94e5b19a-3fa2-4f9e-9b18-096a7307903a req-7fc4f3ae-d327-400c-a084-a9aae3faf7b1 tempest-ServerRescueNegativeTestJSON-1374072368 tempest-ServerRescueNegativeTestJSON-1374072368-project] 10.222.0.70 "GET /networking/v2.0/security-groups?id=31a2b944-2c75-4145-bbbc-a8cecd701c95&fields=id&fields=name HTTP/1.1" status: 200 len: 286 time: 0.3921027
Oct 27 09:37:20.784919 dv-cinder-797970-7-iscsi neutron-server[104689]: INFO neutron.wsgi [req-9ef70643-be50-4ba0-9ef4-30f329f5116d req-32d264f1-1dd0-43a2-9a10-e2f821f24411 service neutron] 10.222.0.72 "GET /networking/v2.0/networks/778ab2d7-84d8-46e7-a293-9e88d4d9fee2?fields=segments HTTP/1.1" status: 200 len: 212 time: 0.6864085
Oct 27 09:37:20.808908 dv-cinder-797970-7-iscsi neutron-server[104690]: DEBUG neutron_lib.callbacks.manager [None req-bb2fbc62-dfb2-4d3c-a3fa-c39dcf824eb7 admin admin] Publish callbacks [] for security_group (None), before_create {{(pid=104690) _notify_loop /usr/local/lib/python3.8/dist-packages/neutron_lib/callbacks/manager.py:176}}
Oct 27 09:37:20.824272 dv-cinder-797970-7-iscsi neutron-server[104689]: INFO neutron.wsgi [req-277fae63-2f35-401e-aea4-eb3587d19071 req-20d658db-b598-4c29-b75b-a20f4390d564 service neutron] 10.222.0.72 "GET /networking/v2.0/networks/27e1c21a-a41e-4b69-8864-f162b04c2923?fields=provider%3Aphysical_network&fields=provider%3Anetwork_type HTTP/1.1" status: 200 len: 281 time: 0.6712973
Oct 27 09:37:20.905087 dv-cinder-797970-7-iscsi neutron-server[104690]: DEBUG dbcounter [-] [104690] Writing DB stats neutron:SELECT=98,neutron:INSERT=2 {{(pid=104690) stat_writer /usr/local/lib/python3.8/dist-packages/dbcounter.py:114}}
Oct 27 09:37:20.907773 dv-cinder-797970-7-iscsi neutron-server[104689]: INFO neutron.wsgi [req-b127daf1-2821-4d2f-a91c-33b895ac92d2 req-6256d786-aa8c-43ee-9ffe-40c77ec9708a tempest-AttachVolumeShelveTestJSON-2051091653 tempest-AttachVolumeShelveTestJSON-2051091653-project] 10.222.0.70 "GET /networking/v2.0/security-groups?id=09b37477-ab24-4872-b38d-bef4c5fe8e2a&fields=id&fields=name HTTP/1.1" status: 200 len: 313 time: 0.2382014
Oct 27 09:37:20.956776 dv-cinder-797970-7-iscsi neutron-server[104689]: DEBUG dbcounter [-] [104689] Writing DB stats neutron:SELECT=99,neutron:DELETE=1 {{(pid=104689) stat_writer /usr/local/lib/python3.8/dist-packages/dbcounter.py:114}}
Oct 27 09:37:20.968300 dv-cinder-797970-7-iscsi neutron-server[104689]: INFO neutron.wsgi [req-9ef70643-be50-4ba0-9ef4-30f329f5116d req-9594fae9-1251-4128-a951-7524a94d4002 service neutron] 10.222.0.72 "GET /networking/v2.0/networks/778ab2d7-84d8-46e7-a293-9e88d4d9fee2?fields=provider%3Aphysical_network&fields=provider%3Anetwork_type HTTP/1.1" status: 200 len: 281 time: 0.1462734
Oct 27 09:37:21.030797 dv-cinder-797970-7-iscsi neutron-server[104690]: DEBUG neutron_lib.callbacks.manager [None req-bb2fbc62-dfb2-4d3c-a3fa-c39dcf824eb7 admin admin] Publish callbacks [] for security_group (98235fdc-55f7-45cc-941d-b1aac536ac89), precommit_create {{(pid=104690) _notify_loop /usr/local/lib/python3.8/dist-packages/neutron_lib/callbacks/manager.py:176}}
Oct 27 09:37:21.046380 dv-cinder-797970-7-iscsi neutron-server[104691]: DEBUG neutron_lib.db.resource_extend [None req-d12d01b2-c1ec-4f6f-a449-b3c01ab4f96f None None] It took 0.26 seconds to run function 'neutron_lib.db.resource_extend.apply_funcs' {{(pid=104691) wrapper /usr/local/lib/python3.8/dist-packages/oslo_utils/timeutils.py:322}}
Oct 27 09:37:21.084748 dv-cinder-797970-7-iscsi neutron-server[104691]: DEBUG neutron.api.rpc.handlers.resources_rpc [None req-d12d01b2-c1ec-4f6f-a449-b3c01ab4f96f None None] Pushing event updated for resources: {'Port': ['ID=0e6b0478-48aa-4f67-86d8-eb4b392e3971,revision_number=4']} {{(pid=104691) push /opt/stack/neutron/neutron/api/rpc/handlers/resources_rpc.py:237}}
Oct 27 09:37:21.085473 dv-cinder-797970-7-iscsi neutron-server[104690]: INFO neutron.wsgi [req-5dd01470-0bd7-4b53-b0a3-6e5a9bafece8 req-2d16dfc0-d258-4677-a951-2b3e362ba20b service neutron] 10.222.0.72 "GET /networking/v2.0/networks/7c24dd54-2ed4-445c-a41b-4cf4e86b679d?fields=provider%3Aphysical_network&fields=provider%3Anetwork_type HTTP/1.1" status: 200 len: 281 time: 0.4729099
Oct 27 09:37:21.097083 dv-cinder-797970-7-iscsi neutron-server[104690]: INFO neutron.wsgi [req-33f40ec8-a661-4600-a0c4-37bf5aa8bd9a req-2975c4a4-0833-4ecb-b1af-13e5d64c17c0 service neutron] 10.222.0.72 "GET /networking/v2.0/networks/778ab2d7-84d8-46e7-a293-9e88d4d9fee2?fields=segments HTTP/1.1" status: 200 len: 212 time: 0.4843411
Oct 27 09:37:21.099035 dv-cinder-797970-7-iscsi neutron-server[104690]: DEBUG neutron_lib.callbacks.manager [None req-bb2fbc62-dfb2-4d3c-a3fa-c39dcf824eb7 admin admin] Publish callbacks ['neutron.plugins.ml2.ovo_rpc._ObjectChangeHandler.handle_event-450575'] for security_group (98235fdc-55f7-45cc-941d-b1aac536ac89), after_create {{(pid=104690) _notify_loop /usr/local/lib/python3.8/dist-packages/neutron_lib/callbacks/manager.py:176}}
Oct 27 09:37:21.175347 dv-cinder-797970-7-iscsi neutron-server[104689]: DEBUG neutron.pecan_wsgi.hooks.policy_enforcement [req-321d3741-0900-4853-bc26-677546394196 req-a4e15d74-7ea9-4955-acaa-bd6b0d34d80c tempest-DeleteServersTestJSON-1805650151 tempest-DeleteServersTestJSON-1805650151-project] Attributes excluded by policy engine: ['standard_attr_id', 'binding:profile', 'binding:host_id', 'binding:vif_type', 'binding:vif_details'] {{(pid=104689) _exclude_attributes_by_policy /opt/stack/neutron/neutron/pecan_wsgi/hooks/policy_enforcement.py:259}}
Oct 27 09:37:21.184205 dv-cinder-797970-7-iscsi neutron-server[104689]: INFO neutron.wsgi [req-321d3741-0900-4853-bc26-677546394196 req-a4e15d74-7ea9-4955-acaa-bd6b0d34d80c tempest-DeleteServersTestJSON-1805650151 tempest-DeleteServersTestJSON-1805650151-project] 10.222.0.70 "GET /networking/v2.0/ports?device_id=41afcd63-98f3-468b-a15d-f925bd7aba8a HTTP/1.1" status: 200 len: 944 time: 0.1555021
Oct 27 09:37:21.198028 dv-cinder-797970-7-iscsi neutron-server[104691]: DEBUG neutron.plugins.ml2.db [None req-d12d01b2-c1ec-4f6f-a449-b3c01ab4f96f None None] For port 8ce4a07b-23e9-45ec-a2f8-1e00ccb8e740, host hv-cinder-79797, got binding levels [PortBindingLevel(driver='hyperv',host='hv-cinder-79797',level=0,port_id=8ce4a07b-23e9-45ec-a2f8-1e00ccb8e740,segment=NetworkSegment(debb13a4-2caa-4e59-99f2-b5a2c1b16aa2),segment_id=debb13a4-2caa-4e59-99f2-b5a2c1b16aa2)] {{(pid=104691) get_binding_level_objs /opt/stack/neutron/neutron/plugins/ml2/db.py:74}}
Oct 27 09:37:21.211306 dv-cinder-797970-7-iscsi neutron-server[104691]: DEBUG neutron.plugins.ml2.rpc [None req-d12d01b2-c1ec-4f6f-a449-b3c01ab4f96f None None] Returning: {'device': '8ce4a07b-23e9-45ec-a2f8-1e00ccb8e740', 'network_id': '778ab2d7-84d8-46e7-a293-9e88d4d9fee2', 'port_id': '8ce4a07b-23e9-45ec-a2f8-1e00ccb8e740', 'mac_address': 'fa:16:3e:3d:a1:5f', 'admin_state_up': True, 'network_type': 'vlan', 'segmentation_id': 838, 'physical_network': 'physnet1', 'mtu': 1500, 'fixed_ips': [{'subnet_id': 'aa908abd-e61d-494e-9706-b97099e8fcb2', 'ip_address': '172.20.0.4'}], 'device_owner': 'compute:nova', 'allowed_address_pairs': [], 'port_security_enabled': True, 'qos_policy_id': None, 'qos_network_policy_id': None, 'profile': {}, 'propagate_uplink_status': False} {{(pid=104691) _get_device_details /opt/stack/neutron/neutron/plugins/ml2/rpc.py:184}}
Oct 27 09:37:21.224803 dv-cinder-797970-7-iscsi neutron-server[104689]: DEBUG neutron.pecan_wsgi.hooks.policy_enforcement [req-b7d2d661-0ee8-4a51-8622-99dba112eed1 req-f2348c0d-bb2f-49b4-ac9f-5be45e58d77e tempest-AttachVolumeTestJSON-2091910305 tempest-AttachVolumeTestJSON-2091910305-project] Attributes excluded by policy engine: ['standard_attr_id', 'binding:profile', 'binding:host_id', 'binding:vif_type', 'binding:vif_details'] {{(pid=104689) _exclude_attributes_by_policy /opt/stack/neutron/neutron/pecan_wsgi/hooks/policy_enforcement.py:259}}
Oct 27 09:37:21.226294 dv-cinder-797970-7-iscsi neutron-server[104689]: INFO neutron.wsgi [req-b7d2d661-0ee8-4a51-8622-99dba112eed1 req-f2348c0d-bb2f-49b4-ac9f-5be45e58d77e tempest-AttachVolumeTestJSON-2091910305 tempest-AttachVolumeTestJSON-2091910305-project] 10.222.0.70 "GET /networking/v2.0/ports?device_id=5232c748-ed0e-4ba8-a76d-1b8b9ffd523c HTTP/1.1" status: 200 len: 944 time: 0.1396234
Oct 27 09:37:21.227604 dv-cinder-797970-7-iscsi neutron-server[104689]: DEBUG neutron_lib.callbacks.manager [None req-676295fb-2c1c-4568-ad63-4283f19a5f7a admin admin] Publish callbacks [] for security_group (None), before_create {{(pid=104689) _notify_loop /usr/local/lib/python3.8/dist-packages/neutron_lib/callbacks/manager.py:176}}
Oct 27 09:37:21.255506 dv-cinder-797970-7-iscsi neutron-server[104691]: DEBUG neutron.plugins.ml2.plugin [None req-d12d01b2-c1ec-4f6f-a449-b3c01ab4f96f None None] Current status of the port 8ce4a07b-23e9-45ec-a2f8-1e00ccb8e740 is: DOWN; New status is: BUILD {{(pid=104691) _update_individual_port_db_status /opt/stack/neutron/neutron/plugins/ml2/plugin.py:2333}}
Oct 27 09:37:21.255892 dv-cinder-797970-7-iscsi neutron-server[104691]: DEBUG neutron_lib.callbacks.manager [None req-d12d01b2-c1ec-4f6f-a449-b3c01ab4f96f None None] Publish callbacks ['neutron.plugins.ml2.plugin.SecurityGroupDbMixin._ensure_default_security_group_handler-1375998'] for port (8ce4a07b-23e9-45ec-a2f8-1e00ccb8e740), before_update {{(pid=104691) _notify_loop /usr/local/lib/python3.8/dist-packages/neutron_lib/callbacks/manager.py:176}}
Oct 27 09:37:21.277919 dv-cinder-797970-7-iscsi neutron-server[104691]: DEBUG neutron.notifiers.nova [None req-d12d01b2-c1ec-4f6f-a449-b3c01ab4f96f None None] Ignoring state change previous_port_status: DOWN current_port_status: BUILD port_id 8ce4a07b-23e9-45ec-a2f8-1e00ccb8e740 {{(pid=104691) record_port_status_changed /opt/stack/neutron/neutron/notifiers/nova.py:235}}
Oct 27 09:37:21.285511 dv-cinder-797970-7-iscsi neutron-server[104690]: INFO neutron.wsgi [None req-bb2fbc62-dfb2-4d3c-a3fa-c39dcf824eb7 admin admin] 10.222.0.70 "GET /networking/v2.0/security-groups?tenant_id=5efbf0eeb65d47efa636377c34e2f3d6&name=default HTTP/1.1" status: 200 len: 2996 time: 0.5318785
Oct 27 09:37:21.287759 dv-cinder-797970-7-iscsi neutron-server[104690]: DEBUG neutron.api.rpc.handlers.resources_rpc [None req-bb2fbc62-dfb2-4d3c-a3fa-c39dcf824eb7 admin admin] Pushing event updated for resources: {'SecurityGroup': ['ID=98235fdc-55f7-45cc-941d-b1aac536ac89,revision_number=1']} {{(pid=104690) push /opt/stack/neutron/neutron/api/rpc/handlers/resources_rpc.py:237}}
Oct 27 09:37:21.291737 dv-cinder-797970-7-iscsi neutron-server[104690]: DEBUG neutron.wsgi [-] (104690) accepted ('10.222.0.70', 57266) {{(pid=104690) server /usr/local/lib/python3.8/dist-packages/eventlet/wsgi.py:1004}}
Oct 27 09:37:21.298143 dv-cinder-797970-7-iscsi neutron-server[104689]: INFO neutron.wsgi [req-321d3741-0900-4853-bc26-677546394196 req-68c0a7fb-af8b-45d5-9166-c4f84e850390 tempest-DeleteServersTestJSON-1805650151 tempest-DeleteServersTestJSON-1805650151-project] 10.222.0.70 "GET /networking/v2.0/security-groups?id=0ffe8dee-19e6-433c-a955-7aa00f5320ab&fields=id&fields=name HTTP/1.1" status: 200 len: 286 time: 0.1129308
Oct 27 09:37:21.313305 dv-cinder-797970-7-iscsi neutron-server[104691]: DEBUG neutron.plugins.ml2.db [None req-d12d01b2-c1ec-4f6f-a449-b3c01ab4f96f None None] For port 8ce4a07b-23e9-45ec-a2f8-1e00ccb8e740, host hv-cinder-79797, got binding levels [PortBindingLevel(driver='hyperv',host='hv-cinder-79797',level=0,port_id=8ce4a07b-23e9-45ec-a2f8-1e00ccb8e740,segment=NetworkSegment(debb13a4-2caa-4e59-99f2-b5a2c1b16aa2),segment_id=debb13a4-2caa-4e59-99f2-b5a2c1b16aa2)] {{(pid=104691) get_binding_level_objs /opt/stack/neutron/neutron/plugins/ml2/db.py:74}}
Oct 27 09:37:21.318736 dv-cinder-797970-7-iscsi neutron-server[104691]: DEBUG neutron_lib.callbacks.manager [None req-d12d01b2-c1ec-4f6f-a449-b3c01ab4f96f None None] Publish callbacks ['neutron.plugins.ml2.plugin.SecurityGroupServerNotifierRpcMixin._notify_sg_on_port_change-1375929', 'neutron.plugins.ml2.ovo_rpc._ObjectChangeHandler.handle_event-133635', 'neutron.api.rpc.agentnotifiers.dhcp_rpc_agent_api.DhcpAgentNotifyAPI._native_event_send_dhcp_notification-1509646', 'neutron.db.l3_db.L3RpcNotifierMixin._notify_gateway_port_ip_changed-8766798819449', 'neutron.db.l3_dvrscheduler_db._notify_l3_agent_port_update-8766798443403', 'neutron.db.l3_hascheduler_db._notify_l3_agent_ha_port_update-8766798443421'] for port (8ce4a07b-23e9-45ec-a2f8-1e00ccb8e740), after_update {{(pid=104691) _notify_loop /usr/local/lib/python3.8/dist-packages/neutron_lib/callbacks/manager.py:176}}
Oct 27 09:37:21.361490 dv-cinder-797970-7-iscsi neutron-server[104690]: INFO neutron.wsgi [req-33f40ec8-a661-4600-a0c4-37bf5aa8bd9a req-f9329e49-5f5d-4da7-bd2f-2348901675b1 service neutron] 10.222.0.72 "GET /networking/v2.0/networks/778ab2d7-84d8-46e7-a293-9e88d4d9fee2?fields=provider%3Aphysical_network&fields=provider%3Anetwork_type HTTP/1.1" status: 200 len: 281 time: 0.2294631
Oct 27 09:37:21.370433 dv-cinder-797970-7-iscsi neutron-server[104689]: INFO neutron.wsgi [req-b7d2d661-0ee8-4a51-8622-99dba112eed1 req-f89b9e23-961e-4290-b285-47a2088ec24e tempest-AttachVolumeTestJSON-2091910305 tempest-AttachVolumeTestJSON-2091910305-project] 10.222.0.70 "GET /networking/v2.0/security-groups?id=0acbc868-504a-4faf-a7f1-04a4f0a41414&fields=id&fields=name HTTP/1.1" status: 200 len: 312 time: 0.1296518
Oct 27 09:37:21.384182 dv-cinder-797970-7-iscsi neutron-server[104690]: DEBUG neutron_lib.callbacks.manager [None req-ef9beb43-b3f1-4725-be8b-2764788dbe1a admin admin] Publish callbacks [] for security_group (98235fdc-55f7-45cc-941d-b1aac536ac89), before_delete {{(pid=104690) _notify_loop /usr/local/lib/python3.8/dist-packages/neutron_lib/callbacks/manager.py:176}}
Oct 27 09:37:21.412321 dv-cinder-797970-7-iscsi neutron-server[104691]: DEBUG neutron.api.rpc.handlers.resources_rpc [None req-d12d01b2-c1ec-4f6f-a449-b3c01ab4f96f None None] Pushing event updated for resources: {'Port': ['ID=8ce4a07b-23e9-45ec-a2f8-1e00ccb8e740,revision_number=4']} {{(pid=104691) push /opt/stack/neutron/neutron/api/rpc/handlers/resources_rpc.py:237}}
Oct 27 09:37:21.425461 dv-cinder-797970-7-iscsi neutron-server[104690]: DEBUG neutron_lib.callbacks.manager [None req-ef9beb43-b3f1-4725-be8b-2764788dbe1a admin admin] Publish callbacks [] for security_group (98235fdc-55f7-45cc-941d-b1aac536ac89), precommit_delete {{(pid=104690) _notify_loop /usr/local/lib/python3.8/dist-packages/neutron_lib/callbacks/manager.py:176}}
Oct 27 09:37:21.427790 dv-cinder-797970-7-iscsi neutron-server[104689]: DEBUG neutron_lib.callbacks.manager [None req-676295fb-2c1c-4568-ad63-4283f19a5f7a admin admin] Publish callbacks [] for security_group (4e94c3e4-c8ac-4cb2-8d03-12a5033e7ea8), precommit_create {{(pid=104689) _notify_loop /usr/local/lib/python3.8/dist-packages/neutron_lib/callbacks/manager.py:176}}
Oct 27 09:37:21.433203 dv-cinder-797970-7-iscsi neutron-server[104689]: DEBUG neutron_lib.callbacks.manager [None req-676295fb-2c1c-4568-ad63-4283f19a5f7a admin admin] Publish callbacks ['neutron.plugins.ml2.ovo_rpc._ObjectChangeHandler.handle_event-450575'] for security_group (4e94c3e4-c8ac-4cb2-8d03-12a5033e7ea8), after_create {{(pid=104689) _notify_loop /usr/local/lib/python3.8/dist-packages/neutron_lib/callbacks/manager.py:176}}
Oct 27 09:37:21.471154 dv-cinder-797970-7-iscsi neutron-server[104689]: DEBUG neutron.api.rpc.handlers.resources_rpc [None req-676295fb-2c1c-4568-ad63-4283f19a5f7a admin admin] Pushing event updated for resources: {'SecurityGroup': ['ID=4e94c3e4-c8ac-4cb2-8d03-12a5033e7ea8,revision_number=1']} {{(pid=104689) push /opt/stack/neutron/neutron/api/rpc/handlers/resources_rpc.py:237}}
Oct 27 09:37:21.477944 dv-cinder-797970-7-iscsi neutron-server[104689]: INFO neutron.wsgi [None req-676295fb-2c1c-4568-ad63-4283f19a5f7a admin admin] 10.222.0.70 "GET /networking/v2.0/security-groups?tenant_id=0019184a911946438dbdae1892ac1a06&name=default HTTP/1.1" status: 200 len: 2996 time: 0.7419424
Oct 27 09:37:21.478712 dv-cinder-797970-7-iscsi neutron-server[104690]: DEBUG neutron.pecan_wsgi.hooks.policy_enforcement [req-33f40ec8-a661-4600-a0c4-37bf5aa8bd9a req-ac318c10-5283-4fb8-9d6a-f494c71ceadd service neutron] Attributes excluded by policy engine: ['standard_attr_id'] {{(pid=104690) _exclude_attributes_by_policy /opt/stack/neutron/neutron/pecan_wsgi/hooks/policy_enforcement.py:259}}
Oct 27 09:37:21.479053 dv-cinder-797970-7-iscsi neutron-server[104689]: DEBUG neutron.wsgi [-] (104689) accepted ('10.222.0.70', 57268) {{(pid=104689) server /usr/local/lib/python3.8/dist-packages/eventlet/wsgi.py:1004}}
Oct 27 09:37:21.479867 dv-cinder-797970-7-iscsi neutron-server[104690]: INFO neutron.wsgi [req-33f40ec8-a661-4600-a0c4-37bf5aa8bd9a req-ac318c10-5283-4fb8-9d6a-f494c71ceadd service neutron] 10.222.0.72 "GET /networking/v2.0/ports?tenant_id=7295248456c446bbb3f7d2d5953c9360&device_id=8ac6a130-38c4-4843-b9a8-118d25c11c18 HTTP/1.1" status: 200 len: 1128 time: 0.0706580
Oct 27 09:37:21.527592 dv-cinder-797970-7-iscsi neutron-server[104689]: DEBUG neutron_lib.callbacks.manager [None req-10561f3c-7640-4fd2-b424-04d25584f92a admin admin] Publish callbacks [] for security_group (4e94c3e4-c8ac-4cb2-8d03-12a5033e7ea8), before_delete {{(pid=104689) _notify_loop /usr/local/lib/python3.8/dist-packages/neutron_lib/callbacks/manager.py:176}}
Oct 27 09:37:21.535016 dv-cinder-797970-7-iscsi neutron-server[104689]: DEBUG dbcounter [-] [104689] Writing DB stats neutron:SELECT=94,neutron:INSERT=5,neutron:UPDATE=1 {{(pid=104689) stat_writer /usr/local/lib/python3.8/dist-packages/dbcounter.py:114}}
Oct 27 09:37:21.549117 dv-cinder-797970-7-iscsi neutron-server[104689]: DEBUG neutron_lib.callbacks.manager [None req-10561f3c-7640-4fd2-b424-04d25584f92a admin admin] Publish callbacks [] for security_group (4e94c3e4-c8ac-4cb2-8d03-12a5033e7ea8), precommit_delete {{(pid=104689) _notify_loop /usr/local/lib/python3.8/dist-packages/neutron_lib/callbacks/manager.py:176}}
Oct 27 09:37:21.559365 dv-cinder-797970-7-iscsi neutron-server[104690]: DEBUG neutron_lib.callbacks.manager [None req-ef9beb43-b3f1-4725-be8b-2764788dbe1a admin admin] Publish callbacks ['neutron.plugins.ml2.ovo_rpc._ObjectChangeHandler.handle_event-450575'] for security_group (98235fdc-55f7-45cc-941d-b1aac536ac89), after_delete {{(pid=104690) _notify_loop /usr/local/lib/python3.8/dist-packages/neutron_lib/callbacks/manager.py:176}}
Oct 27 09:37:21.562090 dv-cinder-797970-7-iscsi neutron-server[104690]: DEBUG neutron_lib.callbacks.manager [None req-ef9beb43-b3f1-4725-be8b-2764788dbe1a admin admin] Publish callbacks [] for security_group (None), before_response {{(pid=104690) _notify_loop /usr/local/lib/python3.8/dist-packages/neutron_lib/callbacks/manager.py:176}}
Oct 27 09:37:21.563412 dv-cinder-797970-7-iscsi neutron-server[104690]: INFO neutron.wsgi [None req-ef9beb43-b3f1-4725-be8b-2764788dbe1a admin admin] 10.222.0.70 "DELETE /networking/v2.0/security-groups/98235fdc-55f7-45cc-941d-b1aac536ac89 HTTP/1.1" status: 204 len: 168 time: 0.2705660
Oct 27 09:37:21.575789 dv-cinder-797970-7-iscsi neutron-server[104690]: DEBUG neutron.api.rpc.handlers.resources_rpc [None req-ef9beb43-b3f1-4725-be8b-2764788dbe1a admin admin] Pushing event deleted for resources: {'SecurityGroup': ['ID=98235fdc-55f7-45cc-941d-b1aac536ac89,revision_number=None']} {{(pid=104690) push /opt/stack/neutron/neutron/api/rpc/handlers/resources_rpc.py:237}}
Oct 27 09:37:21.580153 dv-cinder-797970-7-iscsi neutron-server[104690]: DEBUG dbcounter [-] [104690] Writing DB stats neutron:SELECT=86,neutron:INSERT=11,neutron:UPDATE=1,neutron:DELETE=2 {{(pid=104690) stat_writer /usr/local/lib/python3.8/dist-packages/dbcounter.py:114}}
Oct 27 09:37:21.594774 dv-cinder-797970-7-iscsi neutron-server[104690]: DEBUG neutron.pecan_wsgi.hooks.policy_enforcement [req-33f40ec8-a661-4600-a0c4-37bf5aa8bd9a req-b0779c25-9032-4626-944d-e8337a19e1cf service neutron] Attributes excluded by policy engine: ['standard_attr_id', 'vlan_transparent'] {{(pid=104690) _exclude_attributes_by_policy /opt/stack/neutron/neutron/pecan_wsgi/hooks/policy_enforcement.py:259}}
Oct 27 09:37:21.596313 dv-cinder-797970-7-iscsi neutron-server[104690]: INFO neutron.wsgi [req-33f40ec8-a661-4600-a0c4-37bf5aa8bd9a req-b0779c25-9032-4626-944d-e8337a19e1cf service neutron] 10.222.0.72 "GET /networking/v2.0/networks?id=54e57d1c-1c3b-4e76-95bb-f2706c028f98 HTTP/1.1" status: 200 len: 918 time: 0.1077702
Oct 27 09:37:21.604125 dv-cinder-797970-7-iscsi neutron-server[104689]: DEBUG neutron_lib.callbacks.manager [None req-10561f3c-7640-4fd2-b424-04d25584f92a admin admin] Publish callbacks ['neutron.plugins.ml2.ovo_rpc._ObjectChangeHandler.handle_event-450575'] for security_group (4e94c3e4-c8ac-4cb2-8d03-12a5033e7ea8), after_delete {{(pid=104689) _notify_loop /usr/local/lib/python3.8/dist-packages/neutron_lib/callbacks/manager.py:176}}
Oct 27 09:37:21.607531 dv-cinder-797970-7-iscsi neutron-server[104689]: DEBUG neutron_lib.callbacks.manager [None req-10561f3c-7640-4fd2-b424-04d25584f92a admin admin] Publish callbacks [] for security_group (None), before_response {{(pid=104689) _notify_loop /usr/local/lib/python3.8/dist-packages/neutron_lib/callbacks/manager.py:176}}
Oct 27 09:37:21.612465 dv-cinder-797970-7-iscsi neutron-server[104689]: INFO neutron.wsgi [None req-10561f3c-7640-4fd2-b424-04d25584f92a admin admin] 10.222.0.70 "DELETE /networking/v2.0/security-groups/4e94c3e4-c8ac-4cb2-8d03-12a5033e7ea8 HTTP/1.1" status: 204 len: 168 time: 0.1332014
Oct 27 09:37:21.645406 dv-cinder-797970-7-iscsi neutron-server[104689]: DEBUG neutron.api.rpc.handlers.resources_rpc [None req-10561f3c-7640-4fd2-b424-04d25584f92a admin admin] Pushing event deleted for resources: {'SecurityGroup': ['ID=4e94c3e4-c8ac-4cb2-8d03-12a5033e7ea8,revision_number=None']} {{(pid=104689) push /opt/stack/neutron/neutron/api/rpc/handlers/resources_rpc.py:237}}
Oct 27 09:37:21.657500 dv-cinder-797970-7-iscsi neutron-server[104690]: INFO neutron.wsgi [req-33f40ec8-a661-4600-a0c4-37bf5aa8bd9a req-d56e27c9-9e15-4f2f-8077-6f46dbdae254 service neutron] 10.222.0.72 "GET /networking/v2.0/floatingips?fixed_ip_address=172.20.0.4&port_id=0e6b0478-48aa-4f67-86d8-eb4b392e3971 HTTP/1.1" status: 200 len: 217 time: 0.0536060
Oct 27 09:37:21.719663 dv-cinder-797970-7-iscsi neutron-server[104690]: DEBUG neutron.pecan_wsgi.hooks.policy_enforcement [req-33f40ec8-a661-4600-a0c4-37bf5aa8bd9a req-b43d8e05-8389-4fd4-8a22-267b0e530c7a service neutron] Attributes excluded by policy engine: ['standard_attr_id', 'shared', 'segment_id'] {{(pid=104690) _exclude_attributes_by_policy /opt/stack/neutron/neutron/pecan_wsgi/hooks/policy_enforcement.py:259}}
Oct 27 09:37:21.721919 dv-cinder-797970-7-iscsi neutron-server[104690]: INFO neutron.wsgi [req-33f40ec8-a661-4600-a0c4-37bf5aa8bd9a req-b43d8e05-8389-4fd4-8a22-267b0e530c7a service neutron] 10.222.0.72 "GET /networking/v2.0/subnets?id=7530261c-bfeb-4e61-a84b-e8da49b85b27 HTTP/1.1" status: 200 len: 856 time: 0.0561447
Oct 27 09:37:21.773907 dv-cinder-797970-7-iscsi neutron-server[104690]: DEBUG neutron.pecan_wsgi.hooks.policy_enforcement [req-33f40ec8-a661-4600-a0c4-37bf5aa8bd9a req-0d8d2450-973d-4189-ac94-924e90cd98ef service neutron] Attributes excluded by policy engine: ['standard_attr_id'] {{(pid=104690) _exclude_attributes_by_policy /opt/stack/neutron/neutron/pecan_wsgi/hooks/policy_enforcement.py:259}}
Oct 27 09:37:21.776021 dv-cinder-797970-7-iscsi neutron-server[104690]: INFO neutron.wsgi [req-33f40ec8-a661-4600-a0c4-37bf5aa8bd9a req-0d8d2450-973d-4189-ac94-924e90cd98ef service neutron] 10.222.0.72 "GET /networking/v2.0/ports?network_id=54e57d1c-1c3b-4e76-95bb-f2706c028f98&device_owner=network%3Adhcp HTTP/1.1" status: 200 len: 1212 time: 0.0468543
Oct 27 09:37:21.934753 dv-cinder-797970-7-iscsi neutron-server[104690]: INFO neutron.wsgi [req-33f40ec8-a661-4600-a0c4-37bf5aa8bd9a req-bf68ff61-b69d-4157-aae9-77719a1616da service neutron] 10.222.0.72 "GET /networking/v2.0/networks/54e57d1c-1c3b-4e76-95bb-f2706c028f98?fields=segments HTTP/1.1" status: 200 len: 212 time: 0.1511931
Oct 27 09:37:21.979003 dv-cinder-797970-7-iscsi neutron-server[104689]: DEBUG neutron.pecan_wsgi.hooks.policy_enforcement [req-952a0d00-f4a1-4c86-a7c0-2cce062e0845 req-beca6b2a-02ea-42dc-bdfc-99b26ba67759 tempest-ServerRescueNegativeTestJSON-1374072368 tempest-ServerRescueNegativeTestJSON-1374072368-project] Attributes excluded by policy engine: ['standard_attr_id', 'binding:profile', 'binding:host_id', 'binding:vif_type', 'binding:vif_details'] {{(pid=104689) _exclude_attributes_by_policy /opt/stack/neutron/neutron/pecan_wsgi/hooks/policy_enforcement.py:259}}
Oct 27 09:37:21.981003 dv-cinder-797970-7-iscsi neutron-server[104689]: INFO neutron.wsgi [req-952a0d00-f4a1-4c86-a7c0-2cce062e0845 req-beca6b2a-02ea-42dc-bdfc-99b26ba67759 tempest-ServerRescueNegativeTestJSON-1374072368 tempest-ServerRescueNegativeTestJSON-1374072368-project] 10.222.0.70 "GET /networking/v2.0/ports?device_id=9d7180c7-c669-4b10-b463-9910c0eebbdd HTTP/1.1" status: 200 len: 944 time: 0.0708702
Oct 27 09:37:22.066782 dv-cinder-797970-7-iscsi neutron-server[104689]: DEBUG neutron.wsgi [-] (104689) accepted ('10.222.0.70', 57300) {{(pid=104689) server /usr/local/lib/python3.8/dist-packages/eventlet/wsgi.py:1004}}
Oct 27 09:37:22.091509 dv-cinder-797970-7-iscsi neutron-server[104690]: INFO neutron.wsgi [req-33f40ec8-a661-4600-a0c4-37bf5aa8bd9a req-82081dbd-0b5c-4d3f-8cf9-a5e85efb85fb service neutron] 10.222.0.72 "GET /networking/v2.0/networks/54e57d1c-1c3b-4e76-95bb-f2706c028f98?fields=provider%3Aphysical_network&fields=provider%3Anetwork_type HTTP/1.1" status: 200 len: 281 time: 0.1492920
Oct 27 09:37:22.091813 dv-cinder-797970-7-iscsi neutron-server[104689]: INFO neutron.wsgi [req-952a0d00-f4a1-4c86-a7c0-2cce062e0845 req-52c931c8-5010-417e-88a7-eedce22adf54 tempest-ServerRescueNegativeTestJSON-1374072368 tempest-ServerRescueNegativeTestJSON-1374072368-project] 10.222.0.70 "GET /networking/v2.0/security-groups?id=31a2b944-2c75-4145-bbbc-a8cecd701c95&fields=id&fields=name HTTP/1.1" status: 200 len: 286 time: 0.1043236
Oct 27 09:37:22.104873 dv-cinder-797970-7-iscsi neutron-server[104689]: DEBUG neutron_lib.callbacks.manager [None req-dfe1a5b6-c51b-4eab-b6fb-688382882071 admin admin] Publish callbacks [] for security_group (None), before_create {{(pid=104689) _notify_loop /usr/local/lib/python3.8/dist-packages/neutron_lib/callbacks/manager.py:176}}
Oct 27 09:37:22.129525 dv-cinder-797970-7-iscsi neutron-server[104689]: DEBUG neutron.pecan_wsgi.hooks.policy_enforcement [req-e74f3aaf-8070-4ee3-9cf5-40c05790f315 req-9bac446f-9e5b-4690-ab00-4abccd83da9d tempest-AttachVolumeShelveTestJSON-2051091653 tempest-AttachVolumeShelveTestJSON-2051091653-project] Attributes excluded by policy engine: ['standard_attr_id', 'binding:profile', 'binding:host_id', 'binding:vif_type', 'binding:vif_details'] {{(pid=104689) _exclude_attributes_by_policy /opt/stack/neutron/neutron/pecan_wsgi/hooks/policy_enforcement.py:259}}
Oct 27 09:37:22.131274 dv-cinder-797970-7-iscsi neutron-server[104689]: INFO neutron.wsgi [req-e74f3aaf-8070-4ee3-9cf5-40c05790f315 req-9bac446f-9e5b-4690-ab00-4abccd83da9d tempest-AttachVolumeShelveTestJSON-2051091653 tempest-AttachVolumeShelveTestJSON-2051091653-project] 10.222.0.70 "GET /networking/v2.0/ports?device_id=8ac6a130-38c4-4843-b9a8-118d25c11c18 HTTP/1.1" status: 200 len: 944 time: 0.0900691
Oct 27 09:37:22.222135 dv-cinder-797970-7-iscsi neutron-server[104689]: INFO neutron.wsgi [req-e74f3aaf-8070-4ee3-9cf5-40c05790f315 req-bffe99bd-9bd5-4a6b-b715-5440b4757f3d tempest-AttachVolumeShelveTestJSON-2051091653 tempest-AttachVolumeShelveTestJSON-2051091653-project] 10.222.0.70 "GET /networking/v2.0/security-groups?id=09b37477-ab24-4872-b38d-bef4c5fe8e2a&fields=id&fields=name HTTP/1.1" status: 200 len: 313 time: 0.0844119
Oct 27 09:37:22.260192 dv-cinder-797970-7-iscsi neutron-server[104689]: DEBUG neutron_lib.callbacks.manager [None req-dfe1a5b6-c51b-4eab-b6fb-688382882071 admin admin] Publish callbacks [] for security_group (346e150d-97da-46d6-8605-bc7105446ae5), precommit_create {{(pid=104689) _notify_loop /usr/local/lib/python3.8/dist-packages/neutron_lib/callbacks/manager.py:176}}
Oct 27 09:37:22.265591 dv-cinder-797970-7-iscsi neutron-server[104689]: DEBUG neutron_lib.callbacks.manager [None req-dfe1a5b6-c51b-4eab-b6fb-688382882071 admin admin] Publish callbacks ['neutron.plugins.ml2.ovo_rpc._ObjectChangeHandler.handle_event-450575'] for security_group (346e150d-97da-46d6-8605-bc7105446ae5), after_create {{(pid=104689) _notify_loop /usr/local/lib/python3.8/dist-packages/neutron_lib/callbacks/manager.py:176}}
Oct 27 09:37:22.277821 dv-cinder-797970-7-iscsi neutron-server[104691]: DEBUG neutron.plugins.ml2.db [None req-d12d01b2-c1ec-4f6f-a449-b3c01ab4f96f None None] get_ports_and_sgs() called for port_ids ['8ce4a07b-23e9-45ec-a2f8-1e00ccb8e740'] {{(pid=104691) get_ports_and_sgs /opt/stack/neutron/neutron/plugins/ml2/db.py:163}}
Oct 27 09:37:22.294024 dv-cinder-797970-7-iscsi neutron-server[104689]: DEBUG dbcounter [-] [104689] Writing DB stats neutron:SELECT=87,neutron:INSERT=11,neutron:DELETE=2 {{(pid=104689) stat_writer /usr/local/lib/python3.8/dist-packages/dbcounter.py:114}}
Oct 27 09:37:22.314485 dv-cinder-797970-7-iscsi neutron-server[104689]: DEBUG neutron.api.rpc.handlers.resources_rpc [None req-dfe1a5b6-c51b-4eab-b6fb-688382882071 admin admin] Pushing event updated for resources: {'SecurityGroup': ['ID=346e150d-97da-46d6-8605-bc7105446ae5,revision_number=1']} {{(pid=104689) push /opt/stack/neutron/neutron/api/rpc/handlers/resources_rpc.py:237}}
Oct 27 09:37:22.325115 dv-cinder-797970-7-iscsi neutron-server[104690]: DEBUG neutron.wsgi [-] (104690) accepted ('10.222.0.70', 57310) {{(pid=104690) server /usr/local/lib/python3.8/dist-packages/eventlet/wsgi.py:1004}}
Oct 27 09:37:22.343080 dv-cinder-797970-7-iscsi neutron-server[104689]: INFO neutron.wsgi [None req-dfe1a5b6-c51b-4eab-b6fb-688382882071 admin admin] 10.222.0.70 "GET /networking/v2.0/security-groups?tenant_id=317401fd1d67455d9a80b629a92de188&name=default HTTP/1.1" status: 200 len: 2996 time: 0.2754972
Oct 27 09:37:22.360717 dv-cinder-797970-7-iscsi neutron-server[104691]: DEBUG dbcounter [-] [104691] Writing DB stats neutron:SELECT=96,neutron:UPDATE=4 {{(pid=104691) stat_writer /usr/local/lib/python3.8/dist-packages/dbcounter.py:114}}
Oct 27 09:37:22.379486 dv-cinder-797970-7-iscsi neutron-server[104691]: DEBUG neutron.plugins.ml2.db [None req-d12d01b2-c1ec-4f6f-a449-b3c01ab4f96f None None] get_ports_and_sgs() called for port_ids ['0e6b0478-48aa-4f67-86d8-eb4b392e3971'] {{(pid=104691) get_ports_and_sgs /opt/stack/neutron/neutron/plugins/ml2/db.py:163}}
Oct 27 09:37:22.382468 dv-cinder-797970-7-iscsi neutron-server[104691]: DEBUG neutron.plugins.ml2.rpc [None req-d12d01b2-c1ec-4f6f-a449-b3c01ab4f96f None None] Device 27493571-2a5c-4be1-8467-ef2c9634fcc8 up at agent hyperv_hv-cinder-79797 {{(pid=104691) update_device_up /opt/stack/neutron/neutron/plugins/ml2/rpc.py:296}}
Oct 27 09:37:22.438301 dv-cinder-797970-7-iscsi neutron-server[104690]: DEBUG neutron_lib.callbacks.manager [None req-ba398346-f34e-4694-86de-4d69084b33ce admin admin] Publish callbacks [] for security_group (346e150d-97da-46d6-8605-bc7105446ae5), before_delete {{(pid=104690) _notify_loop /usr/local/lib/python3.8/dist-packages/neutron_lib/callbacks/manager.py:176}}
Oct 27 09:37:22.475863 dv-cinder-797970-7-iscsi neutron-server[104689]: DEBUG neutron.pecan_wsgi.hooks.policy_enforcement [req-c7928b47-2d80-43a6-a37d-89b5b7d3445d req-895c9afb-864d-40be-bb7e-f701734b0892 tempest-DeleteServersTestJSON-1805650151 tempest-DeleteServersTestJSON-1805650151-project] Attributes excluded by policy engine: ['standard_attr_id', 'binding:profile', 'binding:host_id', 'binding:vif_type', 'binding:vif_details'] {{(pid=104689) _exclude_attributes_by_policy /opt/stack/neutron/neutron/pecan_wsgi/hooks/policy_enforcement.py:259}}
Oct 27 09:37:22.484763 dv-cinder-797970-7-iscsi neutron-server[104689]: INFO neutron.wsgi [req-c7928b47-2d80-43a6-a37d-89b5b7d3445d req-895c9afb-864d-40be-bb7e-f701734b0892 tempest-DeleteServersTestJSON-1805650151 tempest-DeleteServersTestJSON-1805650151-project] 10.222.0.70 "GET /networking/v2.0/ports?device_id=41afcd63-98f3-468b-a15d-f925bd7aba8a HTTP/1.1" status: 200 len: 944 time: 0.0689995
Oct 27 09:37:22.490964 dv-cinder-797970-7-iscsi neutron-server[104690]: DEBUG neutron_lib.callbacks.manager [None req-ba398346-f34e-4694-86de-4d69084b33ce admin admin] Publish callbacks [] for security_group (346e150d-97da-46d6-8605-bc7105446ae5), precommit_delete {{(pid=104690) _notify_loop /usr/local/lib/python3.8/dist-packages/neutron_lib/callbacks/manager.py:176}}
Oct 27 09:37:22.495744 dv-cinder-797970-7-iscsi neutron-server[104691]: DEBUG neutron.db.provisioning_blocks [None req-d12d01b2-c1ec-4f6f-a449-b3c01ab4f96f None None] Provisioning for port 27493571-2a5c-4be1-8467-ef2c9634fcc8 completed by entity L2. {{(pid=104691) provisioning_complete /opt/stack/neutron/neutron/db/provisioning_blocks.py:136}}
Oct 27 09:37:22.531675 dv-cinder-797970-7-iscsi neutron-server[104691]: DEBUG neutron.db.provisioning_blocks [None req-d12d01b2-c1ec-4f6f-a449-b3c01ab4f96f None None] Provisioning complete for port 27493571-2a5c-4be1-8467-ef2c9634fcc8 triggered by entity L2. {{(pid=104691) provisioning_complete /opt/stack/neutron/neutron/db/provisioning_blocks.py:144}}
Oct 27 09:37:22.532397 dv-cinder-797970-7-iscsi neutron-server[104691]: DEBUG neutron_lib.callbacks.manager [None req-d12d01b2-c1ec-4f6f-a449-b3c01ab4f96f None None] Publish callbacks ['neutron.plugins.ml2.plugin.Ml2Plugin._port_provisioned-1508930'] for port (27493571-2a5c-4be1-8467-ef2c9634fcc8), provisioning_complete {{(pid=104691) _notify_loop /usr/local/lib/python3.8/dist-packages/neutron_lib/callbacks/manager.py:176}}
Oct 27 09:37:22.533028 dv-cinder-797970-7-iscsi neutron-server[104691]: INFO neutron.plugins.ml2.plugin [None req-d12d01b2-c1ec-4f6f-a449-b3c01ab4f96f None None] Attempt 1 to provision port 27493571-2a5c-4be1-8467-ef2c9634fcc8
Oct 27 09:37:22.569558 dv-cinder-797970-7-iscsi neutron-server[104690]: DEBUG neutron_lib.callbacks.manager [None req-ba398346-f34e-4694-86de-4d69084b33ce admin admin] Publish callbacks ['neutron.plugins.ml2.ovo_rpc._ObjectChangeHandler.handle_event-450575'] for security_group (346e150d-97da-46d6-8605-bc7105446ae5), after_delete {{(pid=104690) _notify_loop /usr/local/lib/python3.8/dist-packages/neutron_lib/callbacks/manager.py:176}}
Oct 27 09:37:22.572552 dv-cinder-797970-7-iscsi neutron-server[104689]: INFO neutron.wsgi [req-c7928b47-2d80-43a6-a37d-89b5b7d3445d req-22eea34a-2f01-4984-b00c-2238041f5359 tempest-DeleteServersTestJSON-1805650151 tempest-DeleteServersTestJSON-1805650151-project] 10.222.0.70 "GET /networking/v2.0/security-groups?id=0ffe8dee-19e6-433c-a955-7aa00f5320ab&fields=id&fields=name HTTP/1.1" status: 200 len: 286 time: 0.0866795
Oct 27 09:37:22.584406 dv-cinder-797970-7-iscsi neutron-server[104690]: DEBUG neutron_lib.callbacks.manager [None req-ba398346-f34e-4694-86de-4d69084b33ce admin admin] Publish callbacks [] for security_group (None), before_response {{(pid=104690) _notify_loop /usr/local/lib/python3.8/dist-packages/neutron_lib/callbacks/manager.py:176}}
Oct 27 09:37:22.586563 dv-cinder-797970-7-iscsi neutron-server[104691]: DEBUG dbcounter [-] [104691] Writing DB stats neutron:SELECT=100 {{(pid=104691) stat_writer /usr/local/lib/python3.8/dist-packages/dbcounter.py:114}}
Oct 27 09:37:22.586787 dv-cinder-797970-7-iscsi neutron-server[104690]: INFO neutron.wsgi [None req-ba398346-f34e-4694-86de-4d69084b33ce admin admin] 10.222.0.70 "DELETE /networking/v2.0/security-groups/346e150d-97da-46d6-8605-bc7105446ae5 HTTP/1.1" status: 204 len: 168 time: 0.2613423
Oct 27 09:37:22.589430 dv-cinder-797970-7-iscsi neutron-server[104689]: DEBUG neutron.pecan_wsgi.hooks.policy_enforcement [req-7905c5f7-7bd9-423d-8c36-e7edfba53556 req-845a3ec9-16df-472d-ba9a-7ec07573db62 tempest-AttachVolumeTestJSON-2091910305 tempest-AttachVolumeTestJSON-2091910305-project] Attributes excluded by policy engine: ['standard_attr_id', 'binding:profile', 'binding:host_id', 'binding:vif_type', 'binding:vif_details'] {{(pid=104689) _exclude_attributes_by_policy /opt/stack/neutron/neutron/pecan_wsgi/hooks/policy_enforcement.py:259}}
Oct 27 09:37:22.591201 dv-cinder-797970-7-iscsi neutron-server[104689]: INFO neutron.wsgi [req-7905c5f7-7bd9-423d-8c36-e7edfba53556 req-845a3ec9-16df-472d-ba9a-7ec07573db62 tempest-AttachVolumeTestJSON-2091910305 tempest-AttachVolumeTestJSON-2091910305-project] 10.222.0.70 "GET /networking/v2.0/ports?device_id=5232c748-ed0e-4ba8-a76d-1b8b9ffd523c HTTP/1.1" status: 200 len: 944 time: 0.1035240
Oct 27 09:37:22.609720 dv-cinder-797970-7-iscsi neutron-server[104690]: DEBUG neutron.api.rpc.handlers.resources_rpc [None req-ba398346-f34e-4694-86de-4d69084b33ce admin admin] Pushing event deleted for resources: {'SecurityGroup': ['ID=346e150d-97da-46d6-8605-bc7105446ae5,revision_number=None']} {{(pid=104690) push /opt/stack/neutron/neutron/api/rpc/handlers/resources_rpc.py:237}}
Oct 27 09:37:22.675364 dv-cinder-797970-7-iscsi neutron-server[104689]: INFO neutron.wsgi [req-7905c5f7-7bd9-423d-8c36-e7edfba53556 req-9136e54b-5119-4d89-8121-1a73a524d108 tempest-AttachVolumeTestJSON-2091910305 tempest-AttachVolumeTestJSON-2091910305-project] 10.222.0.70 "GET /networking/v2.0/security-groups?id=0acbc868-504a-4faf-a7f1-04a4f0a41414&fields=id&fields=name HTTP/1.1" status: 200 len: 312 time: 0.0746059
Oct 27 09:37:22.776489 dv-cinder-797970-7-iscsi neutron-server[104691]: DEBUG neutron.plugins.ml2.plugin [None req-d12d01b2-c1ec-4f6f-a449-b3c01ab4f96f None None] Current status of the port 27493571-2a5c-4be1-8467-ef2c9634fcc8 is: BUILD; New status is: ACTIVE {{(pid=104691) _update_individual_port_db_status /opt/stack/neutron/neutron/plugins/ml2/plugin.py:2333}}
Oct 27 09:37:22.776970 dv-cinder-797970-7-iscsi neutron-server[104691]: DEBUG neutron_lib.callbacks.manager [None req-d12d01b2-c1ec-4f6f-a449-b3c01ab4f96f None None] Publish callbacks ['neutron.plugins.ml2.plugin.SecurityGroupDbMixin._ensure_default_security_group_handler-1375998'] for port (27493571-2a5c-4be1-8467-ef2c9634fcc8), before_update {{(pid=104691) _notify_loop /usr/local/lib/python3.8/dist-packages/neutron_lib/callbacks/manager.py:176}}
Oct 27 09:37:22.816299 dv-cinder-797970-7-iscsi neutron-server[104691]: DEBUG neutron.notifiers.nova [-] Sending events: [{'server_uuid': '4f9f1fc2-5de3-4524-9dcd-696a3dcfb7ed', 'name': 'network-vif-plugged', 'status': 'completed', 'tag': '27493571-2a5c-4be1-8467-ef2c9634fcc8'}] {{(pid=104691) send_events /opt/stack/neutron/neutron/notifiers/nova.py:279}}
Oct 27 09:37:22.903843 dv-cinder-797970-7-iscsi neutron-server[104691]: DEBUG neutron.plugins.ml2.db [None req-d12d01b2-c1ec-4f6f-a449-b3c01ab4f96f None None] For port 27493571-2a5c-4be1-8467-ef2c9634fcc8, host hv-cinder-79797, got binding levels [PortBindingLevel(driver='hyperv',host='hv-cinder-79797',level=0,port_id=27493571-2a5c-4be1-8467-ef2c9634fcc8,segment=NetworkSegment(debb13a4-2caa-4e59-99f2-b5a2c1b16aa2),segment_id=debb13a4-2caa-4e59-99f2-b5a2c1b16aa2)] {{(pid=104691) get_binding_level_objs /opt/stack/neutron/neutron/plugins/ml2/db.py:74}}
Oct 27 09:37:22.916363 dv-cinder-797970-7-iscsi neutron-server[104691]: DEBUG neutron_lib.callbacks.manager [None req-d12d01b2-c1ec-4f6f-a449-b3c01ab4f96f None None] Publish callbacks ['neutron.plugins.ml2.plugin.SecurityGroupServerNotifierRpcMixin._notify_sg_on_port_change-1375929', 'neutron.plugins.ml2.ovo_rpc._ObjectChangeHandler.handle_event-133635', 'neutron.api.rpc.agentnotifiers.dhcp_rpc_agent_api.DhcpAgentNotifyAPI._native_event_send_dhcp_notification-1509646', 'neutron.db.l3_db.L3RpcNotifierMixin._notify_gateway_port_ip_changed-8766798819449', 'neutron.db.l3_dvrscheduler_db._notify_l3_agent_port_update-8766798443403', 'neutron.db.l3_hascheduler_db._notify_l3_agent_ha_port_update-8766798443421'] for port (27493571-2a5c-4be1-8467-ef2c9634fcc8), after_update {{(pid=104691) _notify_loop /usr/local/lib/python3.8/dist-packages/neutron_lib/callbacks/manager.py:176}}
Oct 27 09:37:22.917230 dv-cinder-797970-7-iscsi neutron-server[104691]: DEBUG neutron.plugins.ml2.rpc [None req-d12d01b2-c1ec-4f6f-a449-b3c01ab4f96f None None] Device 88c31a6e-f135-454a-a1fa-282d832047fa up at agent hyperv_hv-cinder-79797 {{(pid=104691) update_device_up /opt/stack/neutron/neutron/plugins/ml2/rpc.py:296}}
Oct 27 09:37:23.003207 dv-cinder-797970-7-iscsi neutron-server[104691]: DEBUG neutron.api.rpc.handlers.resources_rpc [None req-d12d01b2-c1ec-4f6f-a449-b3c01ab4f96f None None] Pushing event updated for resources: {'Port': ['ID=27493571-2a5c-4be1-8467-ef2c9634fcc8,revision_number=5']} {{(pid=104691) push /opt/stack/neutron/neutron/api/rpc/handlers/resources_rpc.py:237}}
Oct 27 09:37:23.008106 dv-cinder-797970-7-iscsi neutron-server[104689]: DEBUG neutron.wsgi [-] (104689) accepted ('10.222.0.70', 57340) {{(pid=104689) server /usr/local/lib/python3.8/dist-packages/eventlet/wsgi.py:1004}}
Oct 27 09:37:23.013626 dv-cinder-797970-7-iscsi neutron-server[104691]: DEBUG neutron.db.provisioning_blocks [None req-d12d01b2-c1ec-4f6f-a449-b3c01ab4f96f None None] Provisioning for port 88c31a6e-f135-454a-a1fa-282d832047fa completed by entity L2. {{(pid=104691) provisioning_complete /opt/stack/neutron/neutron/db/provisioning_blocks.py:136}}
Oct 27 09:37:23.022588 dv-cinder-797970-7-iscsi neutron-server[104691]: DEBUG neutron.db.provisioning_blocks [None req-d12d01b2-c1ec-4f6f-a449-b3c01ab4f96f None None] Provisioning complete for port 88c31a6e-f135-454a-a1fa-282d832047fa triggered by entity L2. {{(pid=104691) provisioning_complete /opt/stack/neutron/neutron/db/provisioning_blocks.py:144}}
Oct 27 09:37:23.022972 dv-cinder-797970-7-iscsi neutron-server[104691]: DEBUG neutron_lib.callbacks.manager [None req-d12d01b2-c1ec-4f6f-a449-b3c01ab4f96f None None] Publish callbacks ['neutron.plugins.ml2.plugin.Ml2Plugin._port_provisioned-1508930'] for port (88c31a6e-f135-454a-a1fa-282d832047fa), provisioning_complete {{(pid=104691) _notify_loop /usr/local/lib/python3.8/dist-packages/neutron_lib/callbacks/manager.py:176}}
Oct 27 09:37:23.023367 dv-cinder-797970-7-iscsi neutron-server[104691]: INFO neutron.plugins.ml2.plugin [None req-d12d01b2-c1ec-4f6f-a449-b3c01ab4f96f None None] Attempt 1 to provision port 88c31a6e-f135-454a-a1fa-282d832047fa
Oct 27 09:37:23.026656 dv-cinder-797970-7-iscsi neutron-server[104689]: DEBUG neutron_lib.callbacks.manager [None req-b61d8b8e-a96d-47ec-ac8d-6c630e9f5184 admin admin] Publish callbacks [] for security_group (None), before_create {{(pid=104689) _notify_loop /usr/local/lib/python3.8/dist-packages/neutron_lib/callbacks/manager.py:176}}
Oct 27 09:37:23.079075 dv-cinder-797970-7-iscsi neutron-server[104691]: DEBUG novaclient.v2.client [-] REQ: curl -g -i --cacert "/opt/stack/data/ca-bundle.pem" -X POST http://10.222.0.70/compute/v2.1/os-server-external-events -H "Accept: application/json" -H "Content-Type: application/json" -H "User-Agent: python-novaclient" -H "X-Auth-Token: {SHA256}d5244799848bb192d65092189010919ebaac2fd26290c7206cbd5ad5de1203f3" -H "X-OpenStack-Nova-API-Version: 2.1" -H "X-OpenStack-Request-ID: req-f0d828cf-39cc-4df2-a751-b4b75d0ef6d3" -d '{"events": [{"server_uuid": "4f9f1fc2-5de3-4524-9dcd-696a3dcfb7ed", "name": "network-vif-plugged", "status": "completed", "tag": "27493571-2a5c-4be1-8467-ef2c9634fcc8"}]}' {{(pid=104691) _http_log_request /usr/local/lib/python3.8/dist-packages/keystoneauth1/session.py:519}}
Oct 27 09:37:23.141120 dv-cinder-797970-7-iscsi neutron-server[104689]: DEBUG neutron_lib.callbacks.manager [None req-b61d8b8e-a96d-47ec-ac8d-6c630e9f5184 admin admin] Publish callbacks [] for security_group (ca6a1181-d983-44d4-b262-477f6587ae3e), precommit_create {{(pid=104689) _notify_loop /usr/local/lib/python3.8/dist-packages/neutron_lib/callbacks/manager.py:176}}
Oct 27 09:37:23.143909 dv-cinder-797970-7-iscsi neutron-server[104691]: DEBUG neutron.plugins.ml2.plugin [None req-d12d01b2-c1ec-4f6f-a449-b3c01ab4f96f None None] Current status of the port 88c31a6e-f135-454a-a1fa-282d832047fa is: BUILD; New status is: ACTIVE {{(pid=104691) _update_individual_port_db_status /opt/stack/neutron/neutron/plugins/ml2/plugin.py:2333}}
Oct 27 09:37:23.144664 dv-cinder-797970-7-iscsi neutron-server[104691]: DEBUG neutron_lib.callbacks.manager [None req-d12d01b2-c1ec-4f6f-a449-b3c01ab4f96f None None] Publish callbacks ['neutron.plugins.ml2.plugin.SecurityGroupDbMixin._ensure_default_security_group_handler-1375998'] for port (88c31a6e-f135-454a-a1fa-282d832047fa), before_update {{(pid=104691) _notify_loop /usr/local/lib/python3.8/dist-packages/neutron_lib/callbacks/manager.py:176}}
Oct 27 09:37:23.149077 dv-cinder-797970-7-iscsi neutron-server[104689]: DEBUG neutron_lib.callbacks.manager [None req-b61d8b8e-a96d-47ec-ac8d-6c630e9f5184 admin admin] Publish callbacks ['neutron.plugins.ml2.ovo_rpc._ObjectChangeHandler.handle_event-450575'] for security_group (ca6a1181-d983-44d4-b262-477f6587ae3e), after_create {{(pid=104689) _notify_loop /usr/local/lib/python3.8/dist-packages/neutron_lib/callbacks/manager.py:176}}
