Aug 09 18:22:30.460253 dv-cinder-797970-5-smb neutron-server[104568]: DEBUG neutron_lib.callbacks.manager [None req-fd09d2d0-8c4e-4616-b56a-3f76439a3f02 admin admin] Publish callbacks ['neutron.plugins.ml2.ovo_rpc._ObjectChangeHandler.handle_event-33160319'] for security_group (4b5fe18d-3679-4d31-9322-f65c1f64dee7), after_create {{(pid=104568) _notify_loop /usr/local/lib/python3.8/dist-packages/neutron_lib/callbacks/manager.py:176}}
Aug 09 18:22:30.500976 dv-cinder-797970-5-smb neutron-server[104568]: INFO neutron.wsgi [None req-fd09d2d0-8c4e-4616-b56a-3f76439a3f02 admin admin] 10.222.0.95 "GET /networking/v2.0/security-groups?tenant_id=5e721c575c4842738fd9a9a25300de60&name=default HTTP/1.1" status: 200 len: 2996 time: 0.3567982
Aug 09 18:22:30.501852 dv-cinder-797970-5-smb neutron-server[104568]: DEBUG neutron.api.rpc.handlers.resources_rpc [None req-fd09d2d0-8c4e-4616-b56a-3f76439a3f02 admin admin] Pushing event updated for resources: {'SecurityGroup': ['ID=4b5fe18d-3679-4d31-9322-f65c1f64dee7,revision_number=1']} {{(pid=104568) push /opt/stack/neutron/neutron/api/rpc/handlers/resources_rpc.py:237}}
Aug 09 18:22:30.503877 dv-cinder-797970-5-smb neutron-server[104569]: DEBUG neutron.wsgi [-] (104569) accepted ('10.222.0.95', 45184) {{(pid=104569) server /usr/local/lib/python3.8/dist-packages/eventlet/wsgi.py:1004}}
Aug 09 18:22:30.519325 dv-cinder-797970-5-smb neutron-server[104569]: DEBUG neutron_lib.callbacks.manager [None req-d517a244-ef7d-46e7-a517-75341f5441a9 admin admin] Publish callbacks ['neutron.plugins.ml2.ovo_rpc._ObjectChangeHandler.handle_event-33160319'] for security_group (8598ab8b-9e3f-4e82-a723-87aa83d48762), after_create {{(pid=104569) _notify_loop /usr/local/lib/python3.8/dist-packages/neutron_lib/callbacks/manager.py:176}}
Aug 09 18:22:30.617966 dv-cinder-797970-5-smb neutron-server[104569]: INFO neutron.wsgi [None req-d517a244-ef7d-46e7-a517-75341f5441a9 admin admin] 10.222.0.95 "GET /networking/v2.0/security-groups?tenant_id=9ac887c4f701412ea300aa3f2e4c7d00&name=default HTTP/1.1" status: 200 len: 2996 time: 0.3827531
Aug 09 18:22:30.620261 dv-cinder-797970-5-smb neutron-server[104568]: DEBUG neutron.wsgi [-] (104568) accepted ('10.222.0.95', 45190) {{(pid=104568) server /usr/local/lib/python3.8/dist-packages/eventlet/wsgi.py:1004}}
Aug 09 18:22:30.625494 dv-cinder-797970-5-smb neutron-server[104569]: DEBUG neutron.pecan_wsgi.hooks.policy_enforcement [req-2e5d7d85-c0c5-44fe-bd2e-68ec7640e894 req-21ff438d-8cfa-4529-81ee-1256602d4f7b tempest-AttachVolumeShelveTestJSON-1738366224 tempest-AttachVolumeShelveTestJSON-1738366224-project] Attributes excluded by policy engine: ['standard_attr_id', 'binding:profile', 'binding:host_id', 'binding:vif_type', 'binding:vif_details'] {{(pid=104569) _exclude_attributes_by_policy /opt/stack/neutron/neutron/pecan_wsgi/hooks/policy_enforcement.py:259}}
Aug 09 18:22:30.632458 dv-cinder-797970-5-smb neutron-server[104569]: INFO neutron.wsgi [req-2e5d7d85-c0c5-44fe-bd2e-68ec7640e894 req-21ff438d-8cfa-4529-81ee-1256602d4f7b tempest-AttachVolumeShelveTestJSON-1738366224 tempest-AttachVolumeShelveTestJSON-1738366224-project] 10.222.0.95 "GET /networking/v2.0/ports?device_id=42690538-60c8-4d2c-921e-8860e08813f0 HTTP/1.1" status: 200 len: 946 time: 0.1203513
Aug 09 18:22:30.638122 dv-cinder-797970-5-smb neutron-server[104569]: DEBUG neutron.api.rpc.handlers.resources_rpc [None req-d517a244-ef7d-46e7-a517-75341f5441a9 admin admin] Pushing event updated for resources: {'SecurityGroup': ['ID=8598ab8b-9e3f-4e82-a723-87aa83d48762,revision_number=1']} {{(pid=104569) push /opt/stack/neutron/neutron/api/rpc/handlers/resources_rpc.py:237}}
Aug 09 18:22:30.723168 dv-cinder-797970-5-smb neutron-server[104569]: DEBUG neutron_lib.callbacks.manager [None req-6b964e66-946e-477a-9df6-ce07eaeada5d admin admin] Publish callbacks [] for security_group (4b5fe18d-3679-4d31-9322-f65c1f64dee7), before_delete {{(pid=104569) _notify_loop /usr/local/lib/python3.8/dist-packages/neutron_lib/callbacks/manager.py:176}}
Aug 09 18:22:30.763536 dv-cinder-797970-5-smb neutron-server[104568]: DEBUG neutron_lib.callbacks.manager [None req-0b608125-8e89-4bc2-babf-d42f985f3778 admin admin] Publish callbacks [] for security_group (8598ab8b-9e3f-4e82-a723-87aa83d48762), before_delete {{(pid=104568) _notify_loop /usr/local/lib/python3.8/dist-packages/neutron_lib/callbacks/manager.py:176}}
Aug 09 18:22:30.808460 dv-cinder-797970-5-smb neutron-server[104568]: DEBUG neutron_lib.callbacks.manager [None req-0b608125-8e89-4bc2-babf-d42f985f3778 admin admin] Publish callbacks [] for security_group (8598ab8b-9e3f-4e82-a723-87aa83d48762), precommit_delete {{(pid=104568) _notify_loop /usr/local/lib/python3.8/dist-packages/neutron_lib/callbacks/manager.py:176}}
Aug 09 18:22:30.904940 dv-cinder-797970-5-smb neutron-server[104570]: DEBUG dbcounter [-] [104570] Writing DB stats neutron:SELECT=97,neutron:DELETE=1,neutron:UPDATE=2 {{(pid=104570) stat_writer /usr/local/lib/python3.8/dist-packages/dbcounter.py:114}}
Aug 09 18:22:30.964859 dv-cinder-797970-5-smb neutron-server[104569]: DEBUG neutron.pecan_wsgi.hooks.policy_enforcement [req-9cbcc617-c980-4b9e-80ee-6967649c2851 req-d52e4c7a-68c6-49c7-bac7-eb0110a6eb37 service neutron] Attributes excluded by policy engine: ['standard_attr_id'] {{(pid=104569) _exclude_attributes_by_policy /opt/stack/neutron/neutron/pecan_wsgi/hooks/policy_enforcement.py:259}}
Aug 09 18:22:30.966377 dv-cinder-797970-5-smb neutron-server[104569]: INFO neutron.wsgi [req-9cbcc617-c980-4b9e-80ee-6967649c2851 req-d52e4c7a-68c6-49c7-bac7-eb0110a6eb37 service neutron] 10.222.0.42 "GET /networking/v2.0/ports?network_id=00739a36-d024-47b2-b264-6ce5f11955d7&device_owner=network%3Adhcp HTTP/1.1" status: 200 len: 1210 time: 0.2832239
Aug 09 18:22:30.974062 dv-cinder-797970-5-smb neutron-server[104570]: DEBUG neutron_lib.callbacks.manager [None req-1abeedca-7bb7-4a37-9b38-f5be1c5a265f None None] Publish callbacks ['neutron.services.segments.db._update_segment_host_mapping_for_agent-8793190605532', 'neutron.plugins.ml2.plugin.Ml2Plugin._retry_binding_revived_agents-32990700'] for agent (9c51b9aa-50df-49ed-9785-51c4852bb466), after_update {{(pid=104570) _notify_loop /usr/local/lib/python3.8/dist-packages/neutron_lib/callbacks/manager.py:176}}
Aug 09 18:22:30.974210 dv-cinder-797970-5-smb neutron-server[104568]: DEBUG neutron_lib.callbacks.manager [None req-0b608125-8e89-4bc2-babf-d42f985f3778 admin admin] Publish callbacks ['neutron.plugins.ml2.ovo_rpc._ObjectChangeHandler.handle_event-33160319'] for security_group (8598ab8b-9e3f-4e82-a723-87aa83d48762), after_delete {{(pid=104568) _notify_loop /usr/local/lib/python3.8/dist-packages/neutron_lib/callbacks/manager.py:176}}
Aug 09 18:22:30.977067 dv-cinder-797970-5-smb neutron-server[104568]: DEBUG neutron_lib.callbacks.manager [None req-0b608125-8e89-4bc2-babf-d42f985f3778 admin admin] Publish callbacks [] for security_group (None), before_response {{(pid=104568) _notify_loop /usr/local/lib/python3.8/dist-packages/neutron_lib/callbacks/manager.py:176}}
Aug 09 18:22:30.981012 dv-cinder-797970-5-smb neutron-server[104568]: INFO neutron.wsgi [None req-0b608125-8e89-4bc2-babf-d42f985f3778 admin admin] 10.222.0.95 "DELETE /networking/v2.0/security-groups/8598ab8b-9e3f-4e82-a723-87aa83d48762 HTTP/1.1" status: 204 len: 168 time: 0.3571396
Aug 09 18:22:30.984449 dv-cinder-797970-5-smb neutron-server[104569]: INFO neutron.wsgi [req-2e5d7d85-c0c5-44fe-bd2e-68ec7640e894 req-15b4b0ba-125a-42be-a22d-b20314874f03 tempest-AttachVolumeShelveTestJSON-1738366224 tempest-AttachVolumeShelveTestJSON-1738366224-project] 10.222.0.95 "GET /networking/v2.0/security-groups?id=fa5161ee-57bb-449c-8ce4-80ebc0118e28&fields=id&fields=name HTTP/1.1" status: 200 len: 311 time: 0.3429601
Aug 09 18:22:31.000000 dv-cinder-797970-5-smb neutron-server[104569]: DEBUG neutron_lib.callbacks.manager [None req-6b964e66-946e-477a-9df6-ce07eaeada5d admin admin] Publish callbacks [] for security_group (4b5fe18d-3679-4d31-9322-f65c1f64dee7), precommit_delete {{(pid=104569) _notify_loop /usr/local/lib/python3.8/dist-packages/neutron_lib/callbacks/manager.py:176}}
Aug 09 18:22:31.007500 dv-cinder-797970-5-smb neutron-server[104568]: DEBUG neutron.api.rpc.handlers.resources_rpc [None req-0b608125-8e89-4bc2-babf-d42f985f3778 admin admin] Pushing event deleted for resources: {'SecurityGroup': ['ID=8598ab8b-9e3f-4e82-a723-87aa83d48762,revision_number=None']} {{(pid=104568) push /opt/stack/neutron/neutron/api/rpc/handlers/resources_rpc.py:237}}
Aug 09 18:22:31.105658 dv-cinder-797970-5-smb neutron-server[104569]: DEBUG dbcounter [-] [104569] Writing DB stats neutron:DELETE=2,neutron:SELECT=86,neutron:INSERT=11,neutron:UPDATE=1 {{(pid=104569) stat_writer /usr/local/lib/python3.8/dist-packages/dbcounter.py:114}}
Aug 09 18:22:31.125599 dv-cinder-797970-5-smb neutron-server[104569]: DEBUG neutron.pecan_wsgi.hooks.policy_enforcement [req-0d4e6cd1-dbba-4916-a2d9-11c98c06ff13 req-b8cfb0b5-77da-456b-b2f2-be94dd19b5d7 tempest-ServerRescueNegativeTestJSON-811103499 tempest-ServerRescueNegativeTestJSON-811103499-project] Attributes excluded by policy engine: ['standard_attr_id', 'binding:profile', 'binding:host_id', 'binding:vif_type', 'binding:vif_details'] {{(pid=104569) _exclude_attributes_by_policy /opt/stack/neutron/neutron/pecan_wsgi/hooks/policy_enforcement.py:259}}
Aug 09 18:22:31.130565 dv-cinder-797970-5-smb neutron-server[104569]: INFO neutron.wsgi [req-0d4e6cd1-dbba-4916-a2d9-11c98c06ff13 req-b8cfb0b5-77da-456b-b2f2-be94dd19b5d7 tempest-ServerRescueNegativeTestJSON-811103499 tempest-ServerRescueNegativeTestJSON-811103499-project] 10.222.0.95 "GET /networking/v2.0/ports?device_id=d0b1f57e-7534-4536-9bac-02c4559648a7 HTTP/1.1" status: 200 len: 945 time: 0.0577130
Aug 09 18:22:31.179975 dv-cinder-797970-5-smb neutron-server[104569]: INFO neutron.wsgi [req-0d4e6cd1-dbba-4916-a2d9-11c98c06ff13 req-e1b44a45-386a-407e-ab5f-529c5cc1b193 tempest-ServerRescueNegativeTestJSON-811103499 tempest-ServerRescueNegativeTestJSON-811103499-project] 10.222.0.95 "GET /networking/v2.0/security-groups?id=f45e23f3-3f4d-4235-bf60-5ac8ecb4bac4&fields=id&fields=name HTTP/1.1" status: 200 len: 286 time: 0.0434091
Aug 09 18:22:31.224233 dv-cinder-797970-5-smb neutron-server[104569]: DEBUG neutron_lib.callbacks.manager [None req-6b964e66-946e-477a-9df6-ce07eaeada5d admin admin] Publish callbacks ['neutron.plugins.ml2.ovo_rpc._ObjectChangeHandler.handle_event-33160319'] for security_group (4b5fe18d-3679-4d31-9322-f65c1f64dee7), after_delete {{(pid=104569) _notify_loop /usr/local/lib/python3.8/dist-packages/neutron_lib/callbacks/manager.py:176}}
Aug 09 18:22:31.228800 dv-cinder-797970-5-smb neutron-server[104569]: DEBUG neutron_lib.callbacks.manager [None req-6b964e66-946e-477a-9df6-ce07eaeada5d admin admin] Publish callbacks [] for security_group (None), before_response {{(pid=104569) _notify_loop /usr/local/lib/python3.8/dist-packages/neutron_lib/callbacks/manager.py:176}}
Aug 09 18:22:31.232389 dv-cinder-797970-5-smb neutron-server[104569]: INFO neutron.wsgi [None req-6b964e66-946e-477a-9df6-ce07eaeada5d admin admin] 10.222.0.95 "DELETE /networking/v2.0/security-groups/4b5fe18d-3679-4d31-9322-f65c1f64dee7 HTTP/1.1" status: 204 len: 168 time: 0.7241385
Aug 09 18:22:31.293639 dv-cinder-797970-5-smb neutron-server[104569]: DEBUG neutron.api.rpc.handlers.resources_rpc [None req-6b964e66-946e-477a-9df6-ce07eaeada5d admin admin] Pushing event deleted for resources: {'SecurityGroup': ['ID=4b5fe18d-3679-4d31-9322-f65c1f64dee7,revision_number=None']} {{(pid=104569) push /opt/stack/neutron/neutron/api/rpc/handlers/resources_rpc.py:237}}
Aug 09 18:22:31.379714 dv-cinder-797970-5-smb neutron-server[104569]: INFO neutron.wsgi [req-9cbcc617-c980-4b9e-80ee-6967649c2851 req-f5c3ac05-0512-4705-8aff-57f0d87c18bc service neutron] 10.222.0.42 "GET /networking/v2.0/networks/00739a36-d024-47b2-b264-6ce5f11955d7?fields=segments HTTP/1.1" status: 200 len: 212 time: 0.1865060
Aug 09 18:22:31.386271 dv-cinder-797970-5-smb neutron-server[104569]: DEBUG neutron.pecan_wsgi.hooks.policy_enforcement [req-d27e67b5-b69b-4d31-a337-185f2b37ef9f req-f5a20ed2-ce3f-4cec-b9b0-9f2fc77dbdb0 tempest-AttachVolumeShelveTestJSON-1738366224 tempest-AttachVolumeShelveTestJSON-1738366224-project] Attributes excluded by policy engine: ['standard_attr_id', 'binding:profile', 'binding:host_id', 'binding:vif_type', 'binding:vif_details'] {{(pid=104569) _exclude_attributes_by_policy /opt/stack/neutron/neutron/pecan_wsgi/hooks/policy_enforcement.py:259}}
Aug 09 18:22:31.398188 dv-cinder-797970-5-smb neutron-server[104568]: DEBUG neutron.wsgi [-] (104568) accepted ('10.222.0.95', 45236) {{(pid=104568) server /usr/local/lib/python3.8/dist-packages/eventlet/wsgi.py:1004}}
Aug 09 18:22:31.399261 dv-cinder-797970-5-smb neutron-server[104569]: INFO neutron.wsgi [req-d27e67b5-b69b-4d31-a337-185f2b37ef9f req-f5a20ed2-ce3f-4cec-b9b0-9f2fc77dbdb0 tempest-AttachVolumeShelveTestJSON-1738366224 tempest-AttachVolumeShelveTestJSON-1738366224-project] 10.222.0.95 "GET /networking/v2.0/ports?device_id=42690538-60c8-4d2c-921e-8860e08813f0 HTTP/1.1" status: 200 len: 946 time: 0.0862126
Aug 09 18:22:31.403203 dv-cinder-797970-5-smb neutron-server[104568]: DEBUG neutron.api.v2.base [None req-c61c64b5-4e82-45e0-baad-a61d1c51f533 tempest-AttachVolumeShelveTestJSON-1738366224 tempest-AttachVolumeShelveTestJSON-1738366224-project] Request body: {'floatingip': {'port_id': 'b7826dc6-e9f8-4c2f-9815-0d5a06a1b813'}} {{(pid=104568) prepare_request_body /opt/stack/neutron/neutron/api/v2/base.py:730}}
Aug 09 18:22:31.519716 dv-cinder-797970-5-smb neutron-server[104568]: DEBUG neutron_lib.callbacks.manager [None req-c61c64b5-4e82-45e0-baad-a61d1c51f533 tempest-AttachVolumeShelveTestJSON-1738366224 tempest-AttachVolumeShelveTestJSON-1738366224-project] Publish callbacks [] for floatingip (400a10f8-9178-4279-8b3c-288e1b6063da), before_update {{(pid=104568) _notify_loop /usr/local/lib/python3.8/dist-packages/neutron_lib/callbacks/manager.py:176}}
Aug 09 18:22:31.532520 dv-cinder-797970-5-smb neutron-server[104569]: INFO neutron.wsgi [req-9cbcc617-c980-4b9e-80ee-6967649c2851 req-d3b34863-fd45-4e9e-b8a3-7875efa33ce3 service neutron] 10.222.0.42 "GET /networking/v2.0/networks/00739a36-d024-47b2-b264-6ce5f11955d7?fields=provider%3Aphysical_network&fields=provider%3Anetwork_type HTTP/1.1" status: 200 len: 281 time: 0.1316624
Aug 09 18:22:31.760492 dv-cinder-797970-5-smb neutron-server[104568]: DEBUG dbcounter [-] [104568] Writing DB stats neutron:SELECT=86,neutron:INSERT=9,neutron:UPDATE=1,neutron:DELETE=4 {{(pid=104568) stat_writer /usr/local/lib/python3.8/dist-packages/dbcounter.py:114}}
Aug 09 18:22:32.153373 dv-cinder-797970-5-smb neutron-server[104568]: DEBUG neutron.pecan_wsgi.hooks.policy_enforcement [req-0ab93c60-6ae6-45bb-ac0d-31138e03941c req-b805a5a2-2a1e-4a04-9c64-63c7803e0156 tempest-ServerRescueNegativeTestJSON-811103499 tempest-ServerRescueNegativeTestJSON-811103499-project] Attributes excluded by policy engine: ['standard_attr_id', 'binding:profile', 'binding:host_id', 'binding:vif_type', 'binding:vif_details'] {{(pid=104568) _exclude_attributes_by_policy /opt/stack/neutron/neutron/pecan_wsgi/hooks/policy_enforcement.py:259}}
Aug 09 18:22:32.154832 dv-cinder-797970-5-smb neutron-server[104568]: INFO neutron.wsgi [req-0ab93c60-6ae6-45bb-ac0d-31138e03941c req-b805a5a2-2a1e-4a04-9c64-63c7803e0156 tempest-ServerRescueNegativeTestJSON-811103499 tempest-ServerRescueNegativeTestJSON-811103499-project] 10.222.0.95 "GET /networking/v2.0/ports?device_id=d0b1f57e-7534-4536-9bac-02c4559648a7 HTTP/1.1" status: 200 len: 945 time: 0.0950124
Aug 09 18:22:32.437685 dv-cinder-797970-5-smb neutron-server[104569]: DEBUG neutron.pecan_wsgi.hooks.policy_enforcement [req-de9cfaf9-a720-46c8-9f44-3b00bb406ed7 req-4118a1f3-8cd4-4d62-a7a3-465e02769934 service neutron] Attributes excluded by policy engine: ['standard_attr_id'] {{(pid=104569) _exclude_attributes_by_policy /opt/stack/neutron/neutron/pecan_wsgi/hooks/policy_enforcement.py:259}}
Aug 09 18:22:32.440639 dv-cinder-797970-5-smb neutron-server[104569]: INFO neutron.wsgi [req-de9cfaf9-a720-46c8-9f44-3b00bb406ed7 req-4118a1f3-8cd4-4d62-a7a3-465e02769934 service neutron] 10.222.0.42 "GET /networking/v2.0/ports?tenant_id=8a8bc173befd41098cb4ef4abd56f245&device_id=d0b1f57e-7534-4536-9bac-02c4559648a7 HTTP/1.1" status: 200 len: 1129 time: 0.0547667
Aug 09 18:22:32.467864 dv-cinder-797970-5-smb neutron-server[104568]: INFO neutron.wsgi [req-0ab93c60-6ae6-45bb-ac0d-31138e03941c req-0fb95591-1ac9-4d04-a8d2-d7f0a3cbb535 tempest-ServerRescueNegativeTestJSON-811103499 tempest-ServerRescueNegativeTestJSON-811103499-project] 10.222.0.95 "GET /networking/v2.0/security-groups?id=f45e23f3-3f4d-4235-bf60-5ac8ecb4bac4&fields=id&fields=name HTTP/1.1" status: 200 len: 286 time: 0.3058774
Aug 09 18:22:32.515800 dv-cinder-797970-5-smb neutron-server[104569]: DEBUG dbcounter [-] [104569] Writing DB stats neutron:SELECT=96,neutron:DELETE=4 {{(pid=104569) stat_writer /usr/local/lib/python3.8/dist-packages/dbcounter.py:114}}
Aug 09 18:22:32.540273 dv-cinder-797970-5-smb neutron-server[104569]: DEBUG neutron.pecan_wsgi.hooks.policy_enforcement [req-de9cfaf9-a720-46c8-9f44-3b00bb406ed7 req-92b58b28-9864-4d4b-b65c-29da41783b96 service neutron] Attributes excluded by policy engine: ['standard_attr_id', 'vlan_transparent'] {{(pid=104569) _exclude_attributes_by_policy /opt/stack/neutron/neutron/pecan_wsgi/hooks/policy_enforcement.py:259}}
Aug 09 18:22:32.541387 dv-cinder-797970-5-smb neutron-server[104568]: DEBUG neutron_lib.callbacks.manager [None req-c61c64b5-4e82-45e0-baad-a61d1c51f533 tempest-AttachVolumeShelveTestJSON-1738366224 tempest-AttachVolumeShelveTestJSON-1738366224-project] Publish callbacks [] for floatingip (None), precommit_update {{(pid=104568) _notify_loop /usr/local/lib/python3.8/dist-packages/neutron_lib/callbacks/manager.py:176}}
Aug 09 18:22:32.541735 dv-cinder-797970-5-smb neutron-server[104569]: INFO neutron.wsgi [req-de9cfaf9-a720-46c8-9f44-3b00bb406ed7 req-92b58b28-9864-4d4b-b65c-29da41783b96 service neutron] 10.222.0.42 "GET /networking/v2.0/networks?id=a45cf87e-5e6d-4a0e-91f5-656aede907ca HTTP/1.1" status: 200 len: 920 time: 0.0945573
Aug 09 18:22:32.589796 dv-cinder-797970-5-smb neutron-server[104569]: INFO neutron.wsgi [req-de9cfaf9-a720-46c8-9f44-3b00bb406ed7 req-a35c6c92-fcea-4ca7-8da6-3e5645da29a3 service neutron] 10.222.0.42 "GET /networking/v2.0/floatingips?fixed_ip_address=172.20.0.7&port_id=6a72bdbf-1d67-4bc5-9ec3-9135ebbcf9fd HTTP/1.1" status: 200 len: 217 time: 0.0407577
Aug 09 18:22:32.665227 dv-cinder-797970-5-smb neutron-server[104568]: DEBUG neutron_lib.callbacks.manager [None req-c61c64b5-4e82-45e0-baad-a61d1c51f533 tempest-AttachVolumeShelveTestJSON-1738366224 tempest-AttachVolumeShelveTestJSON-1738366224-project] Publish callbacks ['neutron.services.l3_router.l3_router_plugin.DVRResourceOperationHandler._create_dvr_floating_gw_port-437013'] for floatingip (400a10f8-9178-4279-8b3c-288e1b6063da), after_update {{(pid=104568) _notify_loop /usr/local/lib/python3.8/dist-packages/neutron_lib/callbacks/manager.py:176}}
Aug 09 18:22:32.770039 dv-cinder-797970-5-smb neutron-server[104568]: INFO neutron.db.l3_db [None req-c61c64b5-4e82-45e0-baad-a61d1c51f533 tempest-AttachVolumeShelveTestJSON-1738366224 tempest-AttachVolumeShelveTestJSON-1738366224-project] Floating IP 400a10f8-9178-4279-8b3c-288e1b6063da associated. External IP: 172.28.4.131, port: b7826dc6-e9f8-4c2f-9815-0d5a06a1b813.
Aug 09 18:22:32.931657 dv-cinder-797970-5-smb neutron-server[104568]: DEBUG dbcounter [-] [104568] Writing DB stats neutron:SELECT=96,neutron:UPDATE=4 {{(pid=104568) stat_writer /usr/local/lib/python3.8/dist-packages/dbcounter.py:114}}
Aug 09 18:22:32.939527 dv-cinder-797970-5-smb neutron-server[104569]: DEBUG neutron.pecan_wsgi.hooks.policy_enforcement [req-de9cfaf9-a720-46c8-9f44-3b00bb406ed7 req-7e4423b8-abcf-4490-947b-3dc06bb343a5 service neutron] Attributes excluded by policy engine: ['standard_attr_id', 'shared', 'segment_id'] {{(pid=104569) _exclude_attributes_by_policy /opt/stack/neutron/neutron/pecan_wsgi/hooks/policy_enforcement.py:259}}
Aug 09 18:22:32.941343 dv-cinder-797970-5-smb neutron-server[104569]: INFO neutron.wsgi [req-de9cfaf9-a720-46c8-9f44-3b00bb406ed7 req-7e4423b8-abcf-4490-947b-3dc06bb343a5 service neutron] 10.222.0.42 "GET /networking/v2.0/subnets?id=8a5d1ffd-ae62-42af-a6df-375888d21f8e HTTP/1.1" status: 200 len: 858 time: 0.0676496
Aug 09 18:22:33.011826 dv-cinder-797970-5-smb neutron-server[104568]: DEBUG neutron.scheduler.l3_agent_scheduler [None req-c61c64b5-4e82-45e0-baad-a61d1c51f533 tempest-AttachVolumeShelveTestJSON-1738366224 tempest-AttachVolumeShelveTestJSON-1738366224-project] Router 98822905-38a6-46a6-800d-e8937ec7f568 has already been hosted by L3 agent 2eb9123e-25ba-4550-86d9-a84fdaf52a60 {{(pid=104568) _get_candidates /opt/stack/neutron/neutron/scheduler/l3_agent_scheduler.py:126}}
Aug 09 18:22:33.044994 dv-cinder-797970-5-smb neutron-server[104569]: DEBUG neutron.wsgi [-] (104569) accepted ('10.222.0.95', 45300) {{(pid=104569) server /usr/local/lib/python3.8/dist-packages/eventlet/wsgi.py:1004}}
Aug 09 18:22:33.125475 dv-cinder-797970-5-smb neutron-server[104568]: DEBUG neutron.api.rpc.agentnotifiers.l3_rpc_agent_api [None req-c61c64b5-4e82-45e0-baad-a61d1c51f533 tempest-AttachVolumeShelveTestJSON-1738366224 tempest-AttachVolumeShelveTestJSON-1738366224-project] Notify agent at l3_agent.dv-cinder-797970-5-smb the message routers_updated {{(pid=104568) _agent_notification /opt/stack/neutron/neutron/api/rpc/agentnotifiers/l3_rpc_agent_api.py:65}}
Aug 09 18:22:33.130507 dv-cinder-797970-5-smb neutron-server[104568]: DEBUG neutron_lib.callbacks.manager [None req-c61c64b5-4e82-45e0-baad-a61d1c51f533 tempest-AttachVolumeShelveTestJSON-1738366224 tempest-AttachVolumeShelveTestJSON-1738366224-project] Publish callbacks ['neutron.notifiers.nova.Notifier._send_nova_notification-232654'] for floatingip (None), before_response {{(pid=104568) _notify_loop /usr/local/lib/python3.8/dist-packages/neutron_lib/callbacks/manager.py:176}}
Aug 09 18:22:33.141789 dv-cinder-797970-5-smb neutron-server[104571]: DEBUG neutron.api.rpc.handlers.l3_rpc [None req-aa1cca63-16c3-4b3b-972a-4e16b75cfd13 None None] Sync routers for ids ['98822905-38a6-46a6-800d-e8937ec7f568'] in dv-cinder-797970-5-smb {{(pid=104571) sync_routers /opt/stack/neutron/neutron/api/rpc/handlers/l3_rpc.py:125}}
Aug 09 18:22:33.151900 dv-cinder-797970-5-smb neutron-server[104571]: DEBUG neutron.db.l3_dvrscheduler_db [None req-aa1cca63-16c3-4b3b-972a-4e16b75cfd13 None None] Routers {'98822905-38a6-46a6-800d-e8937ec7f568'} bound to L3 agent in host dv-cinder-797970-5-smb {{(pid=104571) _get_router_ids_for_agent /opt/stack/neutron/neutron/db/l3_dvrscheduler_db.py:426}}
Aug 09 18:22:33.155547 dv-cinder-797970-5-smb neutron-server[104571]: DEBUG neutron.db.l3_hamode_db [None req-aa1cca63-16c3-4b3b-972a-4e16b75cfd13 None None] neutron.services.l3_router.l3_router_plugin.L3RouterPlugin method get_ha_sync_data_for_host called with arguments (, 'dv-cinder-797970-5-smb', Agent(admin_state_up=True,agent_type='L3 agent',availability_zone='nova',binary='neutron-l3-agent',configurations={"agent_mode": "legacy", "ex_gw_ports": 4, "extensions": [], "floating_ips": 0, "handle_internal_only_routers": true, "interface_driver": "openvswitch", "interfaces": 4, "log_agent_heartbeats": false, "routers": 4},created_at=2022-08-09T18:13:20Z,description=,heartbeat_timestamp=2022-08-09T18:22:20Z,host='dv-cinder-797970-5-smb',id=2eb9123e-25ba-4550-86d9-a84fdaf52a60,load=0,resource_versions=,resources_synced=,started_at=2022-08-09T18:13:21Z,topic='l3_agent')) {'router_ids': ['98822905-38a6-46a6-800d-e8937ec7f568'], 'active': True} {{(pid=104571) wrapper /usr/local/lib/python3.8/dist-packages/oslo_log/helpers.py:65}}
Aug 09 18:22:33.173684 dv-cinder-797970-5-smb neutron-server[104568]: INFO neutron.wsgi [None req-c61c64b5-4e82-45e0-baad-a61d1c51f533 tempest-AttachVolumeShelveTestJSON-1738366224 tempest-AttachVolumeShelveTestJSON-1738366224-project] 10.222.0.95 "PUT /networking/v2.0/floatingips/400a10f8-9178-4279-8b3c-288e1b6063da HTTP/1.1" status: 200 len: 992 time: 1.7742472
Aug 09 18:22:33.174413 dv-cinder-797970-5-smb neutron-server[104568]: DEBUG neutron.notifiers.nova [-] Sending events: [{'name': 'network-changed', 'server_uuid': '42690538-60c8-4d2c-921e-8860e08813f0', 'tag': 'b7826dc6-e9f8-4c2f-9815-0d5a06a1b813'}] {{(pid=104568) send_events /opt/stack/neutron/neutron/notifiers/nova.py:271}}
Aug 09 18:22:33.179577 dv-cinder-797970-5-smb neutron-server[104568]: DEBUG novaclient.v2.client [-] REQ: curl -g -i --cacert "/opt/stack/data/ca-bundle.pem" -X POST http://10.222.0.95/compute/v2.1/os-server-external-events -H "Accept: application/json" -H "Content-Type: application/json" -H "User-Agent: python-novaclient" -H "X-Auth-Token: {SHA256}36808298afe22321f023182aedff9742a74ac21d24655d75e4974cb772c667b8" -H "X-OpenStack-Nova-API-Version: 2.1" -H "X-OpenStack-Request-ID: req-66539dad-7265-4d43-8fae-bd119037455a" -d '{"events": [{"name": "network-changed", "server_uuid": "42690538-60c8-4d2c-921e-8860e08813f0", "tag": "b7826dc6-e9f8-4c2f-9815-0d5a06a1b813"}]}' {{(pid=104568) _http_log_request /usr/local/lib/python3.8/dist-packages/keystoneauth1/session.py:519}}
Aug 09 18:22:33.221421 dv-cinder-797970-5-smb neutron-server[104568]: DEBUG novaclient.v2.client [-] RESP: [200] Connection: close Content-Length: 179 Content-Type: application/json Date: Tue, 09 Aug 2022 18:22:33 GMT OpenStack-API-Version: compute 2.1 Server: Apache/2.4.41 (Ubuntu) Vary: OpenStack-API-Version,X-OpenStack-Nova-API-Version X-OpenStack-Nova-API-Version: 2.1 x-compute-request-id: req-d7e95cf0-44c3-4b9f-a285-0dafb5558ef2 x-openstack-request-id: req-d7e95cf0-44c3-4b9f-a285-0dafb5558ef2 {{(pid=104568) _http_log_response /usr/local/lib/python3.8/dist-packages/keystoneauth1/session.py:550}}
Aug 09 18:22:33.221831 dv-cinder-797970-5-smb neutron-server[104568]: DEBUG novaclient.v2.client [-] RESP BODY: {"events": [{"name": "network-changed", "server_uuid": "42690538-60c8-4d2c-921e-8860e08813f0", "tag": "b7826dc6-e9f8-4c2f-9815-0d5a06a1b813", "status": "completed", "code": 200}]} {{(pid=104568) _http_log_response /usr/local/lib/python3.8/dist-packages/keystoneauth1/session.py:582}}
Aug 09 18:22:33.222185 dv-cinder-797970-5-smb neutron-server[104568]: DEBUG novaclient.v2.client [-] POST call to compute for http://10.222.0.95/compute/v2.1/os-server-external-events used request id req-d7e95cf0-44c3-4b9f-a285-0dafb5558ef2 {{(pid=104568) request /usr/local/lib/python3.8/dist-packages/keystoneauth1/session.py:954}}
Aug 09 18:22:33.222732 dv-cinder-797970-5-smb neutron-server[104568]: INFO neutron.notifiers.nova [-] Nova event matching ['req-d7e95cf0-44c3-4b9f-a285-0dafb5558ef2'] response: {'name': 'network-changed', 'server_uuid': '42690538-60c8-4d2c-921e-8860e08813f0', 'tag': 'b7826dc6-e9f8-4c2f-9815-0d5a06a1b813', 'status': 'completed', 'code': 200}
Aug 09 18:22:33.265149 dv-cinder-797970-5-smb neutron-server[104569]: DEBUG neutron_lib.callbacks.manager [None req-4696d796-3683-40e6-bf57-9881e05a6ab5 admin admin] Publish callbacks [] for security_group (None), before_create {{(pid=104569) _notify_loop /usr/local/lib/python3.8/dist-packages/neutron_lib/callbacks/manager.py:176}}
Aug 09 18:22:33.276610 dv-cinder-797970-5-smb neutron-server[104571]: DEBUG neutron.db.l3_dvr_db [None req-aa1cca63-16c3-4b3b-972a-4e16b75cfd13 None None] Set router 98822905-38a6-46a6-800d-e8937ec7f568 gateway port host: dv-cinder-797970-5-smb {{(pid=104571) _build_routers_list /opt/stack/neutron/neutron/db/l3_dvr_db.py:907}}
Aug 09 18:22:33.353694 dv-cinder-797970-5-smb neutron-server[104569]: DEBUG neutron_lib.callbacks.manager [None req-4696d796-3683-40e6-bf57-9881e05a6ab5 admin admin] Publish callbacks [] for security_group (5ccff3d6-69f2-4de7-b775-bdf83fec42e9), precommit_create {{(pid=104569) _notify_loop /usr/local/lib/python3.8/dist-packages/neutron_lib/callbacks/manager.py:176}}
Aug 09 18:22:33.454309 dv-cinder-797970-5-smb neutron-server[104569]: DEBUG neutron_lib.callbacks.manager [None req-4696d796-3683-40e6-bf57-9881e05a6ab5 admin admin] Publish callbacks ['neutron.plugins.ml2.ovo_rpc._ObjectChangeHandler.handle_event-33160319'] for security_group (5ccff3d6-69f2-4de7-b775-bdf83fec42e9), after_create {{(pid=104569) _notify_loop /usr/local/lib/python3.8/dist-packages/neutron_lib/callbacks/manager.py:176}}
Aug 09 18:22:33.508305 dv-cinder-797970-5-smb neutron-server[104569]: INFO neutron.wsgi [None req-4696d796-3683-40e6-bf57-9881e05a6ab5 admin admin] 10.222.0.95 "GET /networking/v2.0/security-groups?tenant_id=f3061e05714849a28bb3c0e844378a78&name=default HTTP/1.1" status: 200 len: 2996 time: 0.4617667
Aug 09 18:22:33.510896 dv-cinder-797970-5-smb neutron-server[104569]: DEBUG neutron.wsgi [-] (104569) accepted ('10.222.0.95', 45326) {{(pid=104569) server /usr/local/lib/python3.8/dist-packages/eventlet/wsgi.py:1004}}
Aug 09 18:22:33.518426 dv-cinder-797970-5-smb neutron-server[104569]: DEBUG neutron.api.rpc.handlers.resources_rpc [None req-4696d796-3683-40e6-bf57-9881e05a6ab5 admin admin] Pushing event updated for resources: {'SecurityGroup': ['ID=5ccff3d6-69f2-4de7-b775-bdf83fec42e9,revision_number=1']} {{(pid=104569) push /opt/stack/neutron/neutron/api/rpc/handlers/resources_rpc.py:237}}
Aug 09 18:22:33.539798 dv-cinder-797970-5-smb neutron-server[104569]: DEBUG neutron.api.rpc.callbacks.version_manager [None req-4696d796-3683-40e6-bf57-9881e05a6ab5 admin admin] Version for resource type AddressGroup changed None to 1.2 on consumer Open vSwitch agent@dv-cinder-797970-5-smb {{(pid=104569) _set_version /opt/stack/neutron/neutron/api/rpc/callbacks/version_manager.py:113}}
Aug 09 18:22:33.540426 dv-cinder-797970-5-smb neutron-server[104569]: DEBUG neutron.api.rpc.callbacks.version_manager [None req-4696d796-3683-40e6-bf57-9881e05a6ab5 admin admin] Version for resource type Agent changed None to 1.1 on consumer Open vSwitch agent@dv-cinder-797970-5-smb {{(pid=104569) _set_version /opt/stack/neutron/neutron/api/rpc/callbacks/version_manager.py:113}}
Aug 09 18:22:33.540924 dv-cinder-797970-5-smb neutron-server[104569]: DEBUG neutron.api.rpc.callbacks.version_manager [None req-4696d796-3683-40e6-bf57-9881e05a6ab5 admin admin] Version for resource type ConntrackHelper changed None to 1.0 on consumer Open vSwitch agent@dv-cinder-797970-5-smb {{(pid=104569) _set_version /opt/stack/neutron/neutron/api/rpc/callbacks/version_manager.py:113}}
Aug 09 18:22:33.541416 dv-cinder-797970-5-smb neutron-server[104569]: DEBUG neutron.api.rpc.callbacks.version_manager [None req-4696d796-3683-40e6-bf57-9881e05a6ab5 admin admin] Version for resource type LocalIPAssociation changed None to 1.0 on consumer Open vSwitch agent@dv-cinder-797970-5-smb {{(pid=104569) _set_version /opt/stack/neutron/neutron/api/rpc/callbacks/version_manager.py:113}}
Aug 09 18:22:33.542045 dv-cinder-797970-5-smb neutron-server[104569]: DEBUG neutron.api.rpc.callbacks.version_manager [None req-4696d796-3683-40e6-bf57-9881e05a6ab5 admin admin] Version for resource type Log changed None to 1.0 on consumer Open vSwitch agent@dv-cinder-797970-5-smb {{(pid=104569) _set_version /opt/stack/neutron/neutron/api/rpc/callbacks/version_manager.py:113}}
Aug 09 18:22:33.542556 dv-cinder-797970-5-smb neutron-server[104569]: DEBUG neutron.api.rpc.callbacks.version_manager [None req-4696d796-3683-40e6-bf57-9881e05a6ab5 admin admin] Version for resource type NDPProxy changed None to 1.0 on consumer Open vSwitch agent@dv-cinder-797970-5-smb {{(pid=104569) _set_version /opt/stack/neutron/neutron/api/rpc/callbacks/version_manager.py:113}}
Aug 09 18:22:33.543042 dv-cinder-797970-5-smb neutron-server[104569]: DEBUG neutron.api.rpc.callbacks.version_manager [None req-4696d796-3683-40e6-bf57-9881e05a6ab5 admin admin] Version for resource type Network changed None to 1.1 on consumer Open vSwitch agent@dv-cinder-797970-5-smb {{(pid=104569) _set_version /opt/stack/neutron/neutron/api/rpc/callbacks/version_manager.py:113}}
Aug 09 18:22:33.543520 dv-cinder-797970-5-smb neutron-server[104569]: DEBUG neutron.api.rpc.callbacks.version_manager [None req-4696d796-3683-40e6-bf57-9881e05a6ab5 admin admin] Version for resource type Port changed None to 1.7 on consumer Open vSwitch agent@dv-cinder-797970-5-smb {{(pid=104569) _set_version /opt/stack/neutron/neutron/api/rpc/callbacks/version_manager.py:113}}
Aug 09 18:22:33.544154 dv-cinder-797970-5-smb neutron-server[104569]: DEBUG neutron.api.rpc.callbacks.version_manager [None req-4696d796-3683-40e6-bf57-9881e05a6ab5 admin admin] Version for resource type PortForwarding changed None to 1.3 on consumer Open vSwitch agent@dv-cinder-797970-5-smb {{(pid=104569) _set_version /opt/stack/neutron/neutron/api/rpc/callbacks/version_manager.py:113}}
Aug 09 18:22:33.544654 dv-cinder-797970-5-smb neutron-server[104569]: DEBUG neutron.api.rpc.callbacks.version_manager [None req-4696d796-3683-40e6-bf57-9881e05a6ab5 admin admin] Version for resource type QosPolicy changed None to 1.10 on consumer Open vSwitch agent@dv-cinder-797970-5-smb {{(pid=104569) _set_version /opt/stack/neutron/neutron/api/rpc/callbacks/version_manager.py:113}}
Aug 09 18:22:33.545538 dv-cinder-797970-5-smb neutron-server[104569]: DEBUG neutron.api.rpc.callbacks.version_manager [None req-4696d796-3683-40e6-bf57-9881e05a6ab5 admin admin] Version for resource type SecurityGroup changed None to 1.5 on consumer Open vSwitch agent@dv-cinder-797970-5-smb {{(pid=104569) _set_version /opt/stack/neutron/neutron/api/rpc/callbacks/version_manager.py:113}}
Aug 09 18:22:33.546043 dv-cinder-797970-5-smb neutron-server[104569]: DEBUG neutron.api.rpc.callbacks.version_manager [None req-4696d796-3683-40e6-bf57-9881e05a6ab5 admin admin] Version for resource type SecurityGroupRule changed None to 1.2 on consumer Open vSwitch agent@dv-cinder-797970-5-smb {{(pid=104569) _set_version /opt/stack/neutron/neutron/api/rpc/callbacks/version_manager.py:113}}
Aug 09 18:22:33.546607 dv-cinder-797970-5-smb neutron-server[104569]: DEBUG neutron.api.rpc.callbacks.version_manager [None req-4696d796-3683-40e6-bf57-9881e05a6ab5 admin admin] Version for resource type SubPort changed None to 1.0 on consumer Open vSwitch agent@dv-cinder-797970-5-smb {{(pid=104569) _set_version /opt/stack/neutron/neutron/api/rpc/callbacks/version_manager.py:113}}
Aug 09 18:22:33.547088 dv-cinder-797970-5-smb neutron-server[104569]: DEBUG neutron.api.rpc.callbacks.version_manager [None req-4696d796-3683-40e6-bf57-9881e05a6ab5 admin admin] Version for resource type Subnet changed None to 1.1 on consumer Open vSwitch agent@dv-cinder-797970-5-smb {{(pid=104569) _set_version /opt/stack/neutron/neutron/api/rpc/callbacks/version_manager.py:113}}
Aug 09 18:22:33.548188 dv-cinder-797970-5-smb neutron-server[104569]: DEBUG neutron.api.rpc.callbacks.version_manager [None req-4696d796-3683-40e6-bf57-9881e05a6ab5 admin admin] Version for resource type Trunk changed None to 1.1 on consumer Open vSwitch agent@dv-cinder-797970-5-smb {{(pid=104569) _set_version /opt/stack/neutron/neutron/api/rpc/callbacks/version_manager.py:113}}
Aug 09 18:22:33.595446 dv-cinder-797970-5-smb neutron-server[104569]: DEBUG neutron_lib.callbacks.manager [None req-ee240559-6ae6-4149-9634-7693dbd980cd admin admin] Publish callbacks [] for security_group (5ccff3d6-69f2-4de7-b775-bdf83fec42e9), before_delete {{(pid=104569) _notify_loop /usr/local/lib/python3.8/dist-packages/neutron_lib/callbacks/manager.py:176}}
Aug 09 18:22:33.618651 dv-cinder-797970-5-smb neutron-server[104569]: DEBUG neutron_lib.callbacks.manager [None req-ee240559-6ae6-4149-9634-7693dbd980cd admin admin] Publish callbacks [] for security_group (5ccff3d6-69f2-4de7-b775-bdf83fec42e9), precommit_delete {{(pid=104569) _notify_loop /usr/local/lib/python3.8/dist-packages/neutron_lib/callbacks/manager.py:176}}
Aug 09 18:22:33.650559 dv-cinder-797970-5-smb neutron-server[104571]: DEBUG neutron.db.l3_hamode_db [None req-aa1cca63-16c3-4b3b-972a-4e16b75cfd13 None None] neutron.services.l3_router.l3_router_plugin.L3RouterPlugin method _process_sync_ha_data called with arguments (, [{'id': '98822905-38a6-46a6-800d-e8937ec7f568', 'name': 'tempest-AttachVolumeShelveTestJSON-1821964886-router', 'tenant_id': '3d604711a5c8427e92f2bf505ce5829a', 'admin_state_up': True, 'status': 'ACTIVE', 'external_gateway_info': {'network_id': '637ef5bb-ed62-448c-a131-8f791eb6db2d', 'external_fixed_ips': [{'subnet_id': '6f5979b9-397d-4bd0-8b02-d19b756c707b', 'ip_address': '172.28.4.56'}], 'enable_snat': True}, 'gw_port_id': '54cd19cf-3ec2-4ba6-ae06-58757566b990', 'description': '', 'availability_zones': ['nova'], 'distributed': False, 'ha': False, 'ha_vr_id': 0, 'availability_zone_hints': [], 'routes': [], 'flavor_id': None, 'tags': [], 'created_at': '2022-08-09T18:21:32Z', 'updated_at': '2022-08-09T18:21:43Z', 'revision_number': 4, 'project_id': '3d604711a5c8427e92f2bf505ce5829a', 'gw_port': {'id': '54cd19cf-3ec2-4ba6-ae06-58757566b990', 'name': '', 'network_id': '637ef5bb-ed62-448c-a131-8f791eb6db2d', 'tenant_id': '', 'mac_address': 'fa:16:3e:94:ff:3e', 'admin_state_up': True, 'status': 'ACTIVE', 'device_id': '98822905-38a6-46a6-800d-e8937ec7f568', 'device_owner': 'network:router_gateway', 'standard_attr_id': 66, 'fixed_ips': [{'subnet_id': '6f5979b9-397d-4bd0-8b02-d19b756c707b', 'ip_address': '172.28.4.56', 'prefixlen': 24}], 'allowed_address_pairs': [], 'extra_dhcp_opts': [], 'security_groups': [], 'description': '', 'binding:vnic_type': 'normal', 'binding:profile': {}, 'binding:host_id': 'dv-cinder-797970-5-smb', 'binding:vif_type': 'ovs', 'binding:vif_details': {'connectivity': 'l2', 'port_filter': True, 'ovs_hybrid_plug': False, 'datapath_type': 'system', 'bridge_name': 'br-int', 'bound_drivers': {'0': 'openvswitch'}}, 'port_security_enabled': False, 'tags': [], 'created_at': '2022-08-09T18:21:34Z', 'updated_at': '2022-08-09T18:21:47Z', 'revision_number': 4, 'project_id': '', 'subnets': [{'id': '6f5979b9-397d-4bd0-8b02-d19b756c707b', 'cidr': '172.28.4.0/24', 'gateway_ip': '172.28.4.1', 'dns_nameservers': [], 'ipv6_ra_mode': None, 'subnetpool_id': None}], 'extra_subnets': [], 'address_scopes': {4: None, 6: None}, 'mtu': 1500}, 'enable_snat': True, 'gw_port_host': 'dv-cinder-797970-5-smb', '_floatingips': [{'id': '400a10f8-9178-4279-8b3c-288e1b6063da', 'tenant_id': '3d604711a5c8427e92f2bf505ce5829a', 'floating_ip_address': '172.28.4.131', 'floating_network_id': '637ef5bb-ed62-448c-a131-8f791eb6db2d', 'router_id': '98822905-38a6-46a6-800d-e8937ec7f568', 'port_id': 'b7826dc6-e9f8-4c2f-9815-0d5a06a1b813', 'fixed_ip_address': '172.20.0.12', 'status': 'DOWN', 'standard_attr_id': 119, 'description': '', 'qos_policy_id': None, 'qos_network_policy_id': None, 'port_details': {'name': '', 'network_id': 'b195539d-0d94-44cc-b631-ea71d99545ca', 'mac_address': 'fa:16:3e:2e:e1:5d', 'admin_state_up': True, 'status': 'ACTIVE', 'device_id': '42690538-60c8-4d2c-921e-8860e08813f0', 'device_owner': 'compute:nova'}, 'dns_domain': '', 'dns_name': '', 'tags': [], 'created_at': '2022-08-09T18:21:51Z', 'updated_at': '2022-08-09T18:22:32Z', 'revision_number': 1, 'project_id': '3d604711a5c8427e92f2bf505ce5829a', 'fixed_ip_address_scope': None}], '_interfaces': [{'id': 'a50b04b0-3d0b-4016-bfd0-59090bec97af', 'name': '', 'network_id': 'b195539d-0d94-44cc-b631-ea71d99545ca', 'tenant_id': '3d604711a5c8427e92f2bf505ce5829a', 'mac_address': 'fa:16:3e:41:c8:88', 'admin_state_up': True, 'status': 'ACTIVE', 'device_id': '98822905-38a6-46a6-800d-e8937ec7f568', 'device_owner': 'network:router_interface', 'standard_attr_id': 96, 'fixed_ips': [{'subnet_id': '7a33228c-6291-4304-bd48-6927247088c7', 'ip_address': '172.20.0.1', 'prefixlen': 28}], 'allowed_address_pairs': [], 'extra_dhcp_opts': [], 'security_groups': [], 'description': '', 'binding:vnic_type': 'normal', 'binding:profile': {}, 'binding:host_id': 'dv-cinder-797970-5-smb', 'binding:vif_type': 'ovs', 'binding:vif_details': {'connectivity': 'l2', 'port_filter': True, 'ovs_hybrid_plug': False, 'datapath_type': 'system', 'bridge_name': 'br-int', 'bound_drivers': {'0': 'openvswitch'}}, 'port_security_enabled': False, 'tags': [], 'created_at': '2022-08-09T18:21:41Z', 'updated_at': '2022-08-09T18:21:50Z', 'revision_number': 5, 'project_id': '3d604711a5c8427e92f2bf505ce5829a', 'subnets': [{'id': '7a33228c-6291-4304-bd48-6927247088c7', 'cidr': '172.20.0.0/28', 'gateway_ip': '172.20.0.1', 'dns_nameservers': [], 'ipv6_ra_mode': None, 'subnetpool_id': None}], 'extra_subnets': [], 'address_scopes': {4: None, 6: None}, 'mtu': 1500}]}], 'dv-cinder-797970-5-smb', False) {} {{(pid=104571) wrapper /usr/local/lib/python3.8/dist-packages/oslo_log/helpers.py:65}}
Aug 09 18:22:33.709761 dv-cinder-797970-5-smb neutron-server[104571]: DEBUG neutron.api.rpc.handlers.l3_rpc [None req-aa1cca63-16c3-4b3b-972a-4e16b75cfd13 None None] Checking router: 98822905-38a6-46a6-800d-e8937ec7f568 for host: dv-cinder-797970-5-smb {{(pid=104571) _ensure_host_set_on_ports /opt/stack/neutron/neutron/api/rpc/handlers/l3_rpc.py:155}}
Aug 09 18:22:33.718153 dv-cinder-797970-5-smb neutron-server[104568]: DEBUG neutron.pecan_wsgi.hooks.policy_enforcement [req-c4f82614-e488-4139-bc80-2164c16bfb9e req-02ea2f98-65bd-46f9-8944-ffdf344f1250 tempest-ServerRescueNegativeTestJSON-811103499 tempest-ServerRescueNegativeTestJSON-811103499-project] Attributes excluded by policy engine: ['standard_attr_id', 'binding:profile', 'binding:host_id', 'binding:vif_type', 'binding:vif_details'] {{(pid=104568) _exclude_attributes_by_policy /opt/stack/neutron/neutron/pecan_wsgi/hooks/policy_enforcement.py:259}}
Aug 09 18:22:33.721918 dv-cinder-797970-5-smb neutron-server[104571]: DEBUG neutron.db.l3_dvrscheduler_db [None req-aa1cca63-16c3-4b3b-972a-4e16b75cfd13 None None] Routers {'98822905-38a6-46a6-800d-e8937ec7f568'} bound to L3 agent in host dv-cinder-797970-5-smb {{(pid=104571) _get_router_ids_for_agent /opt/stack/neutron/neutron/db/l3_dvrscheduler_db.py:426}}
Aug 09 18:22:33.723225 dv-cinder-797970-5-smb neutron-server[104571]: DEBUG neutron.db.l3_hamode_db [None req-aa1cca63-16c3-4b3b-972a-4e16b75cfd13 None None] neutron.services.l3_router.l3_router_plugin.L3RouterPlugin method get_ha_sync_data_for_host called with arguments (, 'dv-cinder-797970-5-smb', Agent(admin_state_up=True,agent_type='L3 agent',availability_zone='nova',binary='neutron-l3-agent',configurations={"agent_mode": "legacy", "ex_gw_ports": 4, "extensions": [], "floating_ips": 0, "handle_internal_only_routers": true, "interface_driver": "openvswitch", "interfaces": 4, "log_agent_heartbeats": false, "routers": 4},created_at=2022-08-09T18:13:20Z,description=,heartbeat_timestamp=2022-08-09T18:22:20Z,host='dv-cinder-797970-5-smb',id=2eb9123e-25ba-4550-86d9-a84fdaf52a60,load=0,resource_versions=,resources_synced=,started_at=2022-08-09T18:13:21Z,topic='l3_agent')) {'router_ids': ['98822905-38a6-46a6-800d-e8937ec7f568'], 'active': True} {{(pid=104571) wrapper /usr/local/lib/python3.8/dist-packages/oslo_log/helpers.py:65}}
Aug 09 18:22:33.729760 dv-cinder-797970-5-smb neutron-server[104568]: INFO neutron.wsgi [req-c4f82614-e488-4139-bc80-2164c16bfb9e req-02ea2f98-65bd-46f9-8944-ffdf344f1250 tempest-ServerRescueNegativeTestJSON-811103499 tempest-ServerRescueNegativeTestJSON-811103499-project] 10.222.0.95 "GET /networking/v2.0/ports?device_id=d0b1f57e-7534-4536-9bac-02c4559648a7 HTTP/1.1" status: 200 len: 945 time: 0.1251678
Aug 09 18:22:33.742436 dv-cinder-797970-5-smb neutron-server[104569]: DEBUG neutron.pecan_wsgi.hooks.policy_enforcement [req-de9cfaf9-a720-46c8-9f44-3b00bb406ed7 req-dd81a14b-509a-4a22-b9f0-d296d134a8b1 service neutron] Attributes excluded by policy engine: ['standard_attr_id'] {{(pid=104569) _exclude_attributes_by_policy /opt/stack/neutron/neutron/pecan_wsgi/hooks/policy_enforcement.py:259}}
Aug 09 18:22:33.743780 dv-cinder-797970-5-smb neutron-server[104569]: INFO neutron.wsgi [req-de9cfaf9-a720-46c8-9f44-3b00bb406ed7 req-dd81a14b-509a-4a22-b9f0-d296d134a8b1 service neutron] 10.222.0.42 "GET /networking/v2.0/ports?network_id=a45cf87e-5e6d-4a0e-91f5-656aede907ca&device_owner=network%3Adhcp HTTP/1.1" status: 200 len: 1210 time: 0.1042793
Aug 09 18:22:33.748172 dv-cinder-797970-5-smb neutron-server[104569]: DEBUG neutron.pecan_wsgi.hooks.policy_enforcement [req-66539dad-7265-4d43-8fae-bd119037455a req-390d2cad-4af3-41a2-99f2-3e341e16b309 service neutron] Attributes excluded by policy engine: ['standard_attr_id'] {{(pid=104569) _exclude_attributes_by_policy /opt/stack/neutron/neutron/pecan_wsgi/hooks/policy_enforcement.py:259}}
Aug 09 18:22:33.749516 dv-cinder-797970-5-smb neutron-server[104569]: INFO neutron.wsgi [req-66539dad-7265-4d43-8fae-bd119037455a req-390d2cad-4af3-41a2-99f2-3e341e16b309 service neutron] 10.222.0.42 "GET /networking/v2.0/ports?tenant_id=3d604711a5c8427e92f2bf505ce5829a&device_id=42690538-60c8-4d2c-921e-8860e08813f0 HTTP/1.1" status: 200 len: 1130 time: 0.0960774
Aug 09 18:22:33.776723 dv-cinder-797970-5-smb neutron-server[104569]: DEBUG dbcounter [-] [104569] Writing DB stats neutron:SELECT=87,neutron:INSERT=11,neutron:UPDATE=1,neutron:DELETE=1 {{(pid=104569) stat_writer /usr/local/lib/python3.8/dist-packages/dbcounter.py:114}}
Aug 09 18:22:33.898338 dv-cinder-797970-5-smb neutron-server[104568]: INFO neutron.wsgi [req-c4f82614-e488-4139-bc80-2164c16bfb9e req-832f907d-e6fa-4050-95d4-d1d866d66848 tempest-ServerRescueNegativeTestJSON-811103499 tempest-ServerRescueNegativeTestJSON-811103499-project] 10.222.0.95 "GET /networking/v2.0/security-groups?id=f45e23f3-3f4d-4235-bf60-5ac8ecb4bac4&fields=id&fields=name HTTP/1.1" status: 200 len: 286 time: 0.1663311
Aug 09 18:22:33.924833 dv-cinder-797970-5-smb neutron-server[104571]: DEBUG neutron.db.l3_dvr_db [None req-aa1cca63-16c3-4b3b-972a-4e16b75cfd13 None None] Set router 98822905-38a6-46a6-800d-e8937ec7f568 gateway port host: dv-cinder-797970-5-smb {{(pid=104571) _build_routers_list /opt/stack/neutron/neutron/db/l3_dvr_db.py:907}}
Aug 09 18:22:33.978895 dv-cinder-797970-5-smb neutron-server[104569]: DEBUG neutron_lib.callbacks.manager [None req-ee240559-6ae6-4149-9634-7693dbd980cd admin admin] Publish callbacks ['neutron.plugins.ml2.ovo_rpc._ObjectChangeHandler.handle_event-33160319'] for security_group (5ccff3d6-69f2-4de7-b775-bdf83fec42e9), after_delete {{(pid=104569) _notify_loop /usr/local/lib/python3.8/dist-packages/neutron_lib/callbacks/manager.py:176}}
Aug 09 18:22:33.981806 dv-cinder-797970-5-smb neutron-server[104569]: DEBUG neutron_lib.callbacks.manager [None req-ee240559-6ae6-4149-9634-7693dbd980cd admin admin] Publish callbacks [] for security_group (None), before_response {{(pid=104569) _notify_loop /usr/local/lib/python3.8/dist-packages/neutron_lib/callbacks/manager.py:176}}
Aug 09 18:22:33.983404 dv-cinder-797970-5-smb neutron-server[104569]: INFO neutron.wsgi [None req-ee240559-6ae6-4149-9634-7693dbd980cd admin admin] 10.222.0.95 "DELETE /networking/v2.0/security-groups/5ccff3d6-69f2-4de7-b775-bdf83fec42e9 HTTP/1.1" status: 204 len: 168 time: 0.4712927
Aug 09 18:22:33.991900 dv-cinder-797970-5-smb neutron-server[104569]: INFO neutron.wsgi [req-de9cfaf9-a720-46c8-9f44-3b00bb406ed7 req-b8c9de97-7cab-4c63-b53a-9ff1c56ba670 service neutron] 10.222.0.42 "GET /networking/v2.0/networks/a45cf87e-5e6d-4a0e-91f5-656aede907ca?fields=segments HTTP/1.1" status: 200 len: 212 time: 0.2414038
Aug 09 18:22:33.997551 dv-cinder-797970-5-smb neutron-server[104569]: DEBUG neutron.pecan_wsgi.hooks.policy_enforcement [req-66539dad-7265-4d43-8fae-bd119037455a req-939f5a80-92c7-4881-a25d-e3a6da4bc1a5 service neutron] Attributes excluded by policy engine: ['standard_attr_id', 'vlan_transparent'] {{(pid=104569) _exclude_attributes_by_policy /opt/stack/neutron/neutron/pecan_wsgi/hooks/policy_enforcement.py:259}}
Aug 09 18:22:33.999012 dv-cinder-797970-5-smb neutron-server[104569]: INFO neutron.wsgi [req-66539dad-7265-4d43-8fae-bd119037455a req-939f5a80-92c7-4881-a25d-e3a6da4bc1a5 service neutron] 10.222.0.42 "GET /networking/v2.0/networks?id=b195539d-0d94-44cc-b631-ea71d99545ca HTTP/1.1" status: 200 len: 918 time: 0.2389951
Aug 09 18:22:33.999797 dv-cinder-797970-5-smb neutron-server[104569]: DEBUG neutron.api.rpc.handlers.resources_rpc [None req-ee240559-6ae6-4149-9634-7693dbd980cd admin admin] Pushing event deleted for resources: {'SecurityGroup': ['ID=5ccff3d6-69f2-4de7-b775-bdf83fec42e9,revision_number=None']} {{(pid=104569) push /opt/stack/neutron/neutron/api/rpc/handlers/resources_rpc.py:237}}
