Aug 09 18:03:22.910335 dv-cinder-797970-5-smb devstack@keystone.service[80558]: DEBUG keystone.server.flask.request_processing.req_logging [None req-e5487adf-9df2-464f-8c9c-440d0b0ecbae None None] REQUEST_METHOD: `POST` {{(pid=80558) log_request_info /opt/stack/keystone/keystone/server/flask/request_processing/req_logging.py:27}}
Aug 09 18:03:22.910752 dv-cinder-797970-5-smb devstack@keystone.service[80558]: DEBUG keystone.server.flask.request_processing.req_logging [None req-e5487adf-9df2-464f-8c9c-440d0b0ecbae None None] SCRIPT_NAME: `/identity` {{(pid=80558) log_request_info /opt/stack/keystone/keystone/server/flask/request_processing/req_logging.py:28}}
Aug 09 18:03:22.911151 dv-cinder-797970-5-smb devstack@keystone.service[80558]: DEBUG keystone.server.flask.request_processing.req_logging [None req-e5487adf-9df2-464f-8c9c-440d0b0ecbae None None] PATH_INFO: `/v3/auth/tokens` {{(pid=80558) log_request_info /opt/stack/keystone/keystone/server/flask/request_processing/req_logging.py:29}}
Aug 09 18:03:22.920104 dv-cinder-797970-5-smb devstack@keystone.service[80559]: DEBUG keystone.server.flask.request_processing.middleware.auth_context [None req-8c7a63d8-2d07-4f1d-9662-98b6c22d3931 None None] Validating token access rules against request {{(pid=80559) validate_allowed_request /usr/local/lib/python3.8/dist-packages/keystonemiddleware/auth_token/__init__.py:545}}
Aug 09 18:03:22.937703 dv-cinder-797970-5-smb devstack@keystone.service[80558]: DEBUG keystone.auth.core [None req-e5487adf-9df2-464f-8c9c-440d0b0ecbae None None] MFA Rules not processed for user `ac62ca078b97432f9fabbe3a50348db7`. Rule list: `[]` (Enabled: `True`). {{(pid=80558) check_auth_methods_against_rules /opt/stack/keystone/keystone/auth/core.py:438}}
Aug 09 18:03:22.939787 dv-cinder-797970-5-smb devstack@keystone.service[80558]: DEBUG keystone.common.fernet_utils [None req-e5487adf-9df2-464f-8c9c-440d0b0ecbae None None] Loaded 2 Fernet keys from /etc/keystone/fernet-keys/, but `[fernet_tokens] max_active_keys = 3`; perhaps there have not been enough key rotations to reach `max_active_keys` yet? {{(pid=80558) load_keys /opt/stack/keystone/keystone/common/fernet_utils.py:286}}
Aug 09 18:03:22.966346 dv-cinder-797970-5-smb devstack@keystone.service[80559]: DEBUG keystone.server.flask.request_processing.middleware.auth_context [None req-b1940a10-a0c9-4bdc-ba5b-6b5f77b6a755 None admin] RBAC: auth_context: {'token': , 'domain_id': None, 'trust_id': None, 'trustor_id': None, 'trustee_id': None, 'domain_name': None, 'group_ids': [], 'user_id': 'ac62ca078b97432f9fabbe3a50348db7', 'user_domain_id': 'default', 'system_scope': 'all', 'project_id': None, 'project_domain_id': None, 'roles': ['admin', 'member', 'reader'], 'is_admin_project': True, 'service_user_id': None, 'service_user_domain_id': None, 'service_project_id': None, 'service_project_domain_id': None, 'service_roles': []} {{(pid=80559) fill_context /opt/stack/keystone/keystone/server/flask/request_processing/middleware/auth_context.py:478}}
Aug 09 18:03:22.968077 dv-cinder-797970-5-smb devstack@keystone.service[80559]: DEBUG keystone.server.flask.request_processing.req_logging [None req-b1940a10-a0c9-4bdc-ba5b-6b5f77b6a755 None admin] REQUEST_METHOD: `GET` {{(pid=80559) log_request_info /opt/stack/keystone/keystone/server/flask/request_processing/req_logging.py:27}}
Aug 09 18:03:22.968077 dv-cinder-797970-5-smb devstack@keystone.service[80559]: DEBUG keystone.server.flask.request_processing.req_logging [None req-b1940a10-a0c9-4bdc-ba5b-6b5f77b6a755 None admin] SCRIPT_NAME: `/identity` {{(pid=80559) log_request_info /opt/stack/keystone/keystone/server/flask/request_processing/req_logging.py:28}}
Aug 09 18:03:22.968547 dv-cinder-797970-5-smb devstack@keystone.service[80559]: DEBUG keystone.server.flask.request_processing.req_logging [None req-b1940a10-a0c9-4bdc-ba5b-6b5f77b6a755 None admin] PATH_INFO: `/v3/projects/f5279c415c66474fb3052e0ac3245d9a` {{(pid=80559) log_request_info /opt/stack/keystone/keystone/server/flask/request_processing/req_logging.py:29}}
Aug 09 18:03:22.970425 dv-cinder-797970-5-smb devstack@keystone.service[80559]: DEBUG keystone.common.rbac_enforcer.enforcer [None req-b1940a10-a0c9-4bdc-ba5b-6b5f77b6a755 None admin] RBAC: Authorizing `identity:get_project(project_id=f5279c415c66474fb3052e0ac3245d9a)` {{(pid=80559) enforce_call /opt/stack/keystone/keystone/common/rbac_enforcer/enforcer.py:449}}
Aug 09 18:03:22.972361 dv-cinder-797970-5-smb devstack@keystone.service[80559]: DEBUG keystone.common.rbac_enforcer.enforcer [None req-b1940a10-a0c9-4bdc-ba5b-6b5f77b6a755 None admin] RBAC: Authorization granted {{(pid=80559) enforce_call /opt/stack/keystone/keystone/common/rbac_enforcer/enforcer.py:457}}
Aug 09 18:03:22.979875 dv-cinder-797970-5-smb devstack@keystone.service[80559]: [pid: 80559|app: 0|req: 202/404] 10.222.0.95 () {56 vars in 1186 bytes} [Tue Aug 9 18:03:22 2022] GET /identity/v3/projects/f5279c415c66474fb3052e0ac3245d9a => generated 302 bytes in 178 msecs (HTTP/1.1 200) 5 headers in 177 bytes (1 switches on core 0)
Aug 09 18:03:22.979875 dv-cinder-797970-5-smb devstack@keystone.service[80559]: DEBUG keystone.server.flask.request_processing.middleware.auth_context [None req-b1940a10-a0c9-4bdc-ba5b-6b5f77b6a755 None admin] Authenticating user token {{(pid=80559) process_request /usr/local/lib/python3.8/dist-packages/keystonemiddleware/auth_token/__init__.py:407}}
Aug 09 18:03:23.013356 dv-cinder-797970-5-smb devstack@keystone.service[80559]: DEBUG dbcounter [-] [80559] Writing DB stats keystone:SELECT=100 {{(pid=80559) stat_writer /usr/local/lib/python3.8/dist-packages/dbcounter.py:114}}
Aug 09 18:03:23.021622 dv-cinder-797970-5-smb devstack@keystone.service[80558]: DEBUG dbcounter [-] [80558] Writing DB stats keystone:SELECT=100 {{(pid=80558) stat_writer /usr/local/lib/python3.8/dist-packages/dbcounter.py:114}}
Aug 09 18:03:23.042565 dv-cinder-797970-5-smb devstack@keystone.service[80558]: [pid: 80558|app: 0|req: 203/405] 10.222.0.95 () {58 vars in 1024 bytes} [Tue Aug 9 18:03:22 2022] POST /identity/v3/auth/tokens => generated 799 bytes in 128 msecs (HTTP/1.1 201) 6 headers in 363 bytes (1 switches on core 0)
Aug 09 18:03:23.042565 dv-cinder-797970-5-smb devstack@keystone.service[80558]: DEBUG keystone.server.flask.request_processing.middleware.auth_context [None req-e5487adf-9df2-464f-8c9c-440d0b0ecbae None None] Authenticating user token {{(pid=80558) process_request /usr/local/lib/python3.8/dist-packages/keystonemiddleware/auth_token/__init__.py:407}}
Aug 09 18:03:23.114928 dv-cinder-797970-5-smb devstack@keystone.service[80559]: DEBUG keystone.server.flask.request_processing.middleware.auth_context [None req-b1940a10-a0c9-4bdc-ba5b-6b5f77b6a755 None admin] Validating token access rules against request {{(pid=80559) validate_allowed_request /usr/local/lib/python3.8/dist-packages/keystonemiddleware/auth_token/__init__.py:545}}
Aug 09 18:03:23.157564 dv-cinder-797970-5-smb devstack@keystone.service[80559]: DEBUG keystone.server.flask.request_processing.middleware.auth_context [None req-c937bbe4-f1f6-4875-b38c-b8167697347a None admin] RBAC: auth_context: {'token': , 'domain_id': None, 'trust_id': None, 'trustor_id': None, 'trustee_id': None, 'domain_name': None, 'group_ids': [], 'user_id': 'ac62ca078b97432f9fabbe3a50348db7', 'user_domain_id': 'default', 'system_scope': 'all', 'project_id': None, 'project_domain_id': None, 'roles': ['admin', 'member', 'reader'], 'is_admin_project': True, 'service_user_id': None, 'service_user_domain_id': None, 'service_project_id': None, 'service_project_domain_id': None, 'service_roles': []} {{(pid=80559) fill_context /opt/stack/keystone/keystone/server/flask/request_processing/middleware/auth_context.py:478}}
Aug 09 18:03:23.158579 dv-cinder-797970-5-smb devstack@keystone.service[80559]: DEBUG keystone.server.flask.request_processing.req_logging [None req-c937bbe4-f1f6-4875-b38c-b8167697347a None admin] REQUEST_METHOD: `GET` {{(pid=80559) log_request_info /opt/stack/keystone/keystone/server/flask/request_processing/req_logging.py:27}}
Aug 09 18:03:23.159369 dv-cinder-797970-5-smb devstack@keystone.service[80559]: DEBUG keystone.server.flask.request_processing.req_logging [None req-c937bbe4-f1f6-4875-b38c-b8167697347a None admin] SCRIPT_NAME: `/identity` {{(pid=80559) log_request_info /opt/stack/keystone/keystone/server/flask/request_processing/req_logging.py:28}}
Aug 09 18:03:23.160355 dv-cinder-797970-5-smb devstack@keystone.service[80559]: DEBUG keystone.server.flask.request_processing.req_logging [None req-c937bbe4-f1f6-4875-b38c-b8167697347a None admin] PATH_INFO: `/v3/roles` {{(pid=80559) log_request_info /opt/stack/keystone/keystone/server/flask/request_processing/req_logging.py:29}}
Aug 09 18:03:23.161557 dv-cinder-797970-5-smb devstack@keystone.service[80559]: DEBUG keystone.common.rbac_enforcer.enforcer [None req-c937bbe4-f1f6-4875-b38c-b8167697347a None admin] RBAC: Adding query filter params (name=anotherrole) {{(pid=80559) _extract_filter_values /opt/stack/keystone/keystone/common/rbac_enforcer/enforcer.py:167}}
Aug 09 18:03:23.162094 dv-cinder-797970-5-smb devstack@keystone.service[80559]: DEBUG keystone.common.rbac_enforcer.enforcer [None req-c937bbe4-f1f6-4875-b38c-b8167697347a None admin] RBAC: Authorizing `identity:list_roles()` {{(pid=80559) enforce_call /opt/stack/keystone/keystone/common/rbac_enforcer/enforcer.py:449}}
Aug 09 18:03:23.164355 dv-cinder-797970-5-smb devstack@keystone.service[80559]: DEBUG keystone.common.rbac_enforcer.enforcer [None req-c937bbe4-f1f6-4875-b38c-b8167697347a None admin] RBAC: Authorization granted {{(pid=80559) enforce_call /opt/stack/keystone/keystone/common/rbac_enforcer/enforcer.py:457}}
Aug 09 18:03:23.177286 dv-cinder-797970-5-smb devstack@keystone.service[80559]: [pid: 80559|app: 0|req: 203/406] 10.222.0.95 () {56 vars in 1111 bytes} [Tue Aug 9 18:03:22 2022] GET /identity/v3/roles?name=anotherrole => generated 334 bytes in 201 msecs (HTTP/1.1 200) 5 headers in 177 bytes (1 switches on core 0)
Aug 09 18:03:23.178462 dv-cinder-797970-5-smb devstack@keystone.service[80559]: DEBUG keystone.server.flask.request_processing.middleware.auth_context [None req-c937bbe4-f1f6-4875-b38c-b8167697347a None admin] Authenticating user token {{(pid=80559) process_request /usr/local/lib/python3.8/dist-packages/keystonemiddleware/auth_token/__init__.py:407}}
Aug 09 18:03:23.184480 dv-cinder-797970-5-smb devstack@keystone.service[80558]: DEBUG keystone.server.flask.request_processing.middleware.auth_context [None req-e5487adf-9df2-464f-8c9c-440d0b0ecbae None None] Validating token access rules against request {{(pid=80558) validate_allowed_request /usr/local/lib/python3.8/dist-packages/keystonemiddleware/auth_token/__init__.py:545}}
Aug 09 18:03:23.221923 dv-cinder-797970-5-smb devstack@keystone.service[80558]: DEBUG keystone.server.flask.request_processing.middleware.auth_context [None req-8cf4ee79-abdb-4335-a68a-81f002f2b4ff None admin] RBAC: auth_context: {'token': , 'domain_id': None, 'trust_id': None, 'trustor_id': None, 'trustee_id': None, 'domain_name': None, 'group_ids': [], 'user_id': 'ac62ca078b97432f9fabbe3a50348db7', 'user_domain_id': 'default', 'system_scope': 'all', 'project_id': None, 'project_domain_id': None, 'roles': ['admin', 'member', 'reader'], 'is_admin_project': True, 'service_user_id': None, 'service_user_domain_id': None, 'service_project_id': None, 'service_project_domain_id': None, 'service_roles': []} {{(pid=80558) fill_context /opt/stack/keystone/keystone/server/flask/request_processing/middleware/auth_context.py:478}}
Aug 09 18:03:23.222443 dv-cinder-797970-5-smb devstack@keystone.service[80558]: DEBUG keystone.server.flask.request_processing.req_logging [None req-8cf4ee79-abdb-4335-a68a-81f002f2b4ff None admin] REQUEST_METHOD: `PUT` {{(pid=80558) log_request_info /opt/stack/keystone/keystone/server/flask/request_processing/req_logging.py:27}}
Aug 09 18:03:23.222727 dv-cinder-797970-5-smb devstack@keystone.service[80558]: DEBUG keystone.server.flask.request_processing.req_logging [None req-8cf4ee79-abdb-4335-a68a-81f002f2b4ff None admin] SCRIPT_NAME: `/identity` {{(pid=80558) log_request_info /opt/stack/keystone/keystone/server/flask/request_processing/req_logging.py:28}}
Aug 09 18:03:23.223000 dv-cinder-797970-5-smb devstack@keystone.service[80558]: DEBUG keystone.server.flask.request_processing.req_logging [None req-8cf4ee79-abdb-4335-a68a-81f002f2b4ff None admin] PATH_INFO: `/v3/projects/f5279c415c66474fb3052e0ac3245d9a/groups/d4ff95f6e8844a14a43187c164867897/roles/650b6fd163104683b8f3af66364696f1` {{(pid=80558) log_request_info /opt/stack/keystone/keystone/server/flask/request_processing/req_logging.py:29}}
Aug 09 18:03:23.224956 dv-cinder-797970-5-smb devstack@keystone.service[80558]: DEBUG keystone.common.rbac_enforcer.enforcer [None req-8cf4ee79-abdb-4335-a68a-81f002f2b4ff None admin] RBAC: Authorizing `identity:create_grant(project_id=f5279c415c66474fb3052e0ac3245d9a, group_id=d4ff95f6e8844a14a43187c164867897, role_id=650b6fd163104683b8f3af66364696f1)` {{(pid=80558) enforce_call /opt/stack/keystone/keystone/common/rbac_enforcer/enforcer.py:449}}
Aug 09 18:03:23.226401 dv-cinder-797970-5-smb devstack@keystone.service[80558]: DEBUG keystone.common.rbac_enforcer.enforcer [None req-8cf4ee79-abdb-4335-a68a-81f002f2b4ff None admin] RBAC: Authorization granted {{(pid=80558) enforce_call /opt/stack/keystone/keystone/common/rbac_enforcer/enforcer.py:457}}
Aug 09 18:03:23.284406 dv-cinder-797970-5-smb devstack@keystone.service[80559]: DEBUG dbcounter [-] [80559] Writing DB stats keystone:SELECT=100 {{(pid=80559) stat_writer /usr/local/lib/python3.8/dist-packages/dbcounter.py:114}}
Aug 09 18:03:23.300186 dv-cinder-797970-5-smb devstack@keystone.service[80559]: DEBUG keystone.server.flask.request_processing.middleware.auth_context [None req-c937bbe4-f1f6-4875-b38c-b8167697347a None admin] Validating token access rules against request {{(pid=80559) validate_allowed_request /usr/local/lib/python3.8/dist-packages/keystonemiddleware/auth_token/__init__.py:545}}
Aug 09 18:03:23.332200 dv-cinder-797970-5-smb devstack@keystone.service[80558]: [pid: 80558|app: 0|req: 204/407] 10.222.0.95 () {58 vars in 1442 bytes} [Tue Aug 9 18:03:23 2022] PUT /identity/v3/projects/f5279c415c66474fb3052e0ac3245d9a/groups/d4ff95f6e8844a14a43187c164867897/roles/650b6fd163104683b8f3af66364696f1 => generated 0 bytes in 292 msecs (HTTP/1.1 204) 3 headers in 132 bytes (0 switches on core 0)
Aug 09 18:03:23.340991 dv-cinder-797970-5-smb devstack@keystone.service[80558]: DEBUG keystone.server.flask.request_processing.middleware.auth_context [None req-8cf4ee79-abdb-4335-a68a-81f002f2b4ff None admin] Authenticating user token {{(pid=80558) process_request /usr/local/lib/python3.8/dist-packages/keystonemiddleware/auth_token/__init__.py:407}}
Aug 09 18:03:23.342720 dv-cinder-797970-5-smb devstack@keystone.service[80559]: DEBUG keystone.server.flask.request_processing.middleware.auth_context [None req-763b03ba-7355-4d33-905e-984f2ef600da None admin] RBAC: auth_context: {'token': , 'domain_id': None, 'trust_id': None, 'trustor_id': None, 'trustee_id': None, 'domain_name': None, 'group_ids': [], 'user_id': 'ac62ca078b97432f9fabbe3a50348db7', 'user_domain_id': 'default', 'system_scope': 'all', 'project_id': None, 'project_domain_id': None, 'roles': ['admin', 'member', 'reader'], 'is_admin_project': True, 'service_user_id': None, 'service_user_domain_id': None, 'service_project_id': None, 'service_project_domain_id': None, 'service_roles': []} {{(pid=80559) fill_context /opt/stack/keystone/keystone/server/flask/request_processing/middleware/auth_context.py:478}}
Aug 09 18:03:23.343795 dv-cinder-797970-5-smb devstack@keystone.service[80559]: DEBUG keystone.server.flask.request_processing.req_logging [None req-763b03ba-7355-4d33-905e-984f2ef600da None admin] REQUEST_METHOD: `GET` {{(pid=80559) log_request_info /opt/stack/keystone/keystone/server/flask/request_processing/req_logging.py:27}}
Aug 09 18:03:23.344509 dv-cinder-797970-5-smb devstack@keystone.service[80559]: DEBUG keystone.server.flask.request_processing.req_logging [None req-763b03ba-7355-4d33-905e-984f2ef600da None admin] SCRIPT_NAME: `/identity` {{(pid=80559) log_request_info /opt/stack/keystone/keystone/server/flask/request_processing/req_logging.py:28}}
Aug 09 18:03:23.345026 dv-cinder-797970-5-smb devstack@keystone.service[80559]: DEBUG keystone.server.flask.request_processing.req_logging [None req-763b03ba-7355-4d33-905e-984f2ef600da None admin] PATH_INFO: `/v3/roles/admin` {{(pid=80559) log_request_info /opt/stack/keystone/keystone/server/flask/request_processing/req_logging.py:29}}
Aug 09 18:03:23.361627 dv-cinder-797970-5-smb devstack@keystone.service[80559]: DEBUG keystone.common.rbac_enforcer.enforcer [None req-763b03ba-7355-4d33-905e-984f2ef600da None admin] Extracting inferred target data resulted in "NOT FOUND (404)". {{(pid=80559) enforce_call /opt/stack/keystone/keystone/common/rbac_enforcer/enforcer.py:409}}
Aug 09 18:03:23.368017 dv-cinder-797970-5-smb devstack@keystone.service[80559]: ERROR keystone.server.flask.application [None req-763b03ba-7355-4d33-905e-984f2ef600da None admin] Could not find role: admin.: keystone.exception.RoleNotFound: Could not find role: admin.
Aug 09 18:03:23.368017 dv-cinder-797970-5-smb devstack@keystone.service[80559]: ERROR keystone.server.flask.application
Traceback (most recent call last):
Aug 09 18:03:23.368017 dv-cinder-797970-5-smb devstack@keystone.service[80559]: ERROR keystone.server.flask.application
File "/usr/local/lib/python3.8/dist-packages/flask/app.py", line 1820, in full_dispatch_request
Aug 09 18:03:23.368017 dv-cinder-797970-5-smb devstack@keystone.service[80559]: ERROR keystone.server.flask.application rv = self.dispatch_request()
Aug 09 18:03:23.368017 dv-cinder-797970-5-smb devstack@keystone.service[80559]: ERROR keystone.server.flask.application
File "/usr/local/lib/python3.8/dist-packages/flask/app.py", line 1796, in dispatch_request
Aug 09 18:03:23.368017 dv-cinder-797970-5-smb devstack@keystone.service[80559]: ERROR keystone.server.flask.application return self.ensure_sync(self.view_functions[rule.endpoint])(**view_args)
Aug 09 18:03:23.368017 dv-cinder-797970-5-smb devstack@keystone.service[80559]: ERROR keystone.server.flask.application
File "/usr/local/lib/python3.8/dist-packages/flask_restful/__init__.py", line 467, in wrapper
Aug 09 18:03:23.368017 dv-cinder-797970-5-smb devstack@keystone.service[80559]: ERROR keystone.server.flask.application resp = resource(*args, **kwargs)
Aug 09 18:03:23.368017 dv-cinder-797970-5-smb devstack@keystone.service[80559]: ERROR keystone.server.flask.application
File "/usr/local/lib/python3.8/dist-packages/flask/views.py", line 107, in view
Aug 09 18:03:23.368017 dv-cinder-797970-5-smb devstack@keystone.service[80559]: ERROR keystone.server.flask.application return current_app.ensure_sync(self.dispatch_request)(**kwargs)
Aug 09 18:03:23.368017 dv-cinder-797970-5-smb devstack@keystone.service[80559]: ERROR keystone.server.flask.application
File "/usr/local/lib/python3.8/dist-packages/flask_restful/__init__.py", line 582, in dispatch_request
Aug 09 18:03:23.368017 dv-cinder-797970-5-smb devstack@keystone.service[80559]: ERROR keystone.server.flask.application resp = meth(*args, **kwargs)
Aug 09 18:03:23.368017 dv-cinder-797970-5-smb devstack@keystone.service[80559]: ERROR keystone.server.flask.application
File "/opt/stack/keystone/keystone/api/roles.py", line 50, in get
Aug 09 18:03:23.368017 dv-cinder-797970-5-smb devstack@keystone.service[80559]: ERROR keystone.server.flask.application return self._get_role(role_id)
Aug 09 18:03:23.368017 dv-cinder-797970-5-smb devstack@keystone.service[80559]: ERROR keystone.server.flask.application
File "/opt/stack/keystone/keystone/api/roles.py", line 70, in _get_role
Aug 09 18:03:23.368017 dv-cinder-797970-5-smb devstack@keystone.service[80559]: ERROR keystone.server.flask.application ENFORCER.enforce_call(action='identity:get_role')
Aug 09 18:03:23.369066 dv-cinder-797970-5-smb devstack@keystone.service[80559]: ERROR keystone.server.flask.application
File "/opt/stack/keystone/keystone/common/rbac_enforcer/enforcer.py", line 402, in enforce_call
Aug 09 18:03:23.369066 dv-cinder-797970-5-smb devstack@keystone.service[80559]: ERROR keystone.server.flask.application policy_dict.update(cls._extract_member_target_data(
Aug 09 18:03:23.369066 dv-cinder-797970-5-smb devstack@keystone.service[80559]: ERROR keystone.server.flask.application
File "/opt/stack/keystone/keystone/common/rbac_enforcer/enforcer.py", line 234, in _extract_member_target_data
Aug 09 18:03:23.369066 dv-cinder-797970-5-smb devstack@keystone.service[80559]: ERROR keystone.server.flask.application member_name: func(flask.request.view_args[key])
Aug 09 18:03:23.369066 dv-cinder-797970-5-smb devstack@keystone.service[80559]: ERROR keystone.server.flask.application
File "/opt/stack/keystone/keystone/common/manager.py", line 115, in wrapped
Aug 09 18:03:23.369066 dv-cinder-797970-5-smb devstack@keystone.service[80559]: ERROR keystone.server.flask.application __ret_val = __f(*args, **kwargs)
Aug 09 18:03:23.369066 dv-cinder-797970-5-smb devstack@keystone.service[80559]: ERROR keystone.server.flask.application
File "/usr/local/lib/python3.8/dist-packages/decorator.py", line 232, in fun
Aug 09 18:03:23.369066 dv-cinder-797970-5-smb devstack@keystone.service[80559]: ERROR keystone.server.flask.application return caller(func, *(extras + args), **kw)
Aug 09 18:03:23.369066 dv-cinder-797970-5-smb devstack@keystone.service[80559]: ERROR keystone.server.flask.application
File "/usr/local/lib/python3.8/dist-packages/dogpile/cache/region.py", line 1577, in get_or_create_for_user_func
Aug 09 18:03:23.369066 dv-cinder-797970-5-smb devstack@keystone.service[80559]: ERROR keystone.server.flask.application return self.get_or_create(
Aug 09 18:03:23.369066 dv-cinder-797970-5-smb devstack@keystone.service[80559]: ERROR keystone.server.flask.application
File "/usr/local/lib/python3.8/dist-packages/dogpile/cache/region.py", line 1042, in get_or_create
Aug 09 18:03:23.369066 dv-cinder-797970-5-smb devstack@keystone.service[80559]: ERROR keystone.server.flask.application with Lock(
Aug 09 18:03:23.369066 dv-cinder-797970-5-smb devstack@keystone.service[80559]: ERROR keystone.server.flask.application
File "/usr/local/lib/python3.8/dist-packages/dogpile/lock.py", line 185, in __enter__
Aug 09 18:03:23.369066 dv-cinder-797970-5-smb devstack@keystone.service[80559]: ERROR keystone.server.flask.application return self._enter()
Aug 09 18:03:23.369066 dv-cinder-797970-5-smb devstack@keystone.service[80559]: ERROR keystone.server.flask.application
File "/usr/local/lib/python3.8/dist-packages/dogpile/lock.py", line 94, in _enter
Aug 09 18:03:23.369066 dv-cinder-797970-5-smb devstack@keystone.service[80559]: ERROR keystone.server.flask.application generated = self._enter_create(value, createdtime)
Aug 09 18:03:23.369899 dv-cinder-797970-5-smb devstack@keystone.service[80559]: ERROR keystone.server.flask.application
File "/usr/local/lib/python3.8/dist-packages/dogpile/lock.py", line 178, in _enter_create
Aug 09 18:03:23.369899 dv-cinder-797970-5-smb devstack@keystone.service[80559]: ERROR keystone.server.flask.application return self.creator()
Aug 09 18:03:23.369899 dv-cinder-797970-5-smb devstack@keystone.service[80559]: ERROR keystone.server.flask.application
File "/usr/local/lib/python3.8/dist-packages/dogpile/cache/region.py", line 995, in gen_value
Aug 09 18:03:23.369899 dv-cinder-797970-5-smb devstack@keystone.service[80559]: ERROR keystone.server.flask.application created_value = creator(
Aug 09 18:03:23.369899 dv-cinder-797970-5-smb devstack@keystone.service[80559]: ERROR keystone.server.flask.application
File "/opt/stack/keystone/keystone/assignment/core.py", line 1276, in get_role
Aug 09 18:03:23.369899 dv-cinder-797970-5-smb devstack@keystone.service[80559]: ERROR keystone.server.flask.application return self.driver.get_role(role_id)
Aug 09 18:03:23.369899 dv-cinder-797970-5-smb devstack@keystone.service[80559]: ERROR keystone.server.flask.application
File "/opt/stack/keystone/keystone/assignment/role_backends/sql.py", line 70, in get_role
Aug 09 18:03:23.369899 dv-cinder-797970-5-smb devstack@keystone.service[80559]: ERROR keystone.server.flask.application return self._get_role(session, role_id).to_dict()
Aug 09 18:03:23.369899 dv-cinder-797970-5-smb devstack@keystone.service[80559]: ERROR keystone.server.flask.application
File "/opt/stack/keystone/keystone/assignment/role_backends/sql.py", line 65, in _get_role
Aug 09 18:03:23.369899 dv-cinder-797970-5-smb devstack@keystone.service[80559]: ERROR keystone.server.flask.application raise exception.RoleNotFound(role_id=role_id)
Aug 09 18:03:23.369899 dv-cinder-797970-5-smb devstack@keystone.service[80559]: ERROR keystone.server.flask.application keystone.exception.RoleNotFound: Could not find role: admin.
Aug 09 18:03:23.369899 dv-cinder-797970-5-smb devstack@keystone.service[80559]: ERROR keystone.server.flask.application
Aug 09 18:03:23.375431 dv-cinder-797970-5-smb devstack@keystone.service[80559]: [pid: 80559|app: 0|req: 204/408] 10.222.0.95 () {56 vars in 1096 bytes} [Tue Aug 9 18:03:23 2022] GET /identity/v3/roles/admin => generated 83 bytes in 197 msecs (HTTP/1.1 404) 5 headers in 183 bytes (1 switches on core 0)
Aug 09 18:03:23.382182 dv-cinder-797970-5-smb devstack@keystone.service[80559]: DEBUG keystone.server.flask.request_processing.middleware.auth_context [None req-763b03ba-7355-4d33-905e-984f2ef600da None admin] Authenticating user token {{(pid=80559) process_request /usr/local/lib/python3.8/dist-packages/keystonemiddleware/auth_token/__init__.py:407}}
Aug 09 18:03:23.486562 dv-cinder-797970-5-smb devstack@keystone.service[80558]: DEBUG dbcounter [-] [80558] Writing DB stats keystone:SELECT=99,keystone:INSERT=1 {{(pid=80558) stat_writer /usr/local/lib/python3.8/dist-packages/dbcounter.py:114}}
Aug 09 18:03:23.541120 dv-cinder-797970-5-smb devstack@keystone.service[80559]: DEBUG keystone.server.flask.request_processing.middleware.auth_context [None req-763b03ba-7355-4d33-905e-984f2ef600da None admin] Validating token access rules against request {{(pid=80559) validate_allowed_request /usr/local/lib/python3.8/dist-packages/keystonemiddleware/auth_token/__init__.py:545}}
Aug 09 18:03:23.556431 dv-cinder-797970-5-smb devstack@keystone.service[80558]: DEBUG keystone.server.flask.request_processing.middleware.auth_context [None req-8cf4ee79-abdb-4335-a68a-81f002f2b4ff None admin] Validating token access rules against request {{(pid=80558) validate_allowed_request /usr/local/lib/python3.8/dist-packages/keystonemiddleware/auth_token/__init__.py:545}}
Aug 09 18:03:23.584859 dv-cinder-797970-5-smb devstack@keystone.service[80559]: DEBUG keystone.server.flask.request_processing.middleware.auth_context [None req-d029f151-0f0c-4dd9-9985-0cb2bc918d00 None admin] RBAC: auth_context: {'token': , 'domain_id': None, 'trust_id': None, 'trustor_id': None, 'trustee_id': None, 'domain_name': None, 'group_ids': [], 'user_id': 'ac62ca078b97432f9fabbe3a50348db7', 'user_domain_id': 'default', 'system_scope': 'all', 'project_id': None, 'project_domain_id': None, 'roles': ['admin', 'member', 'reader'], 'is_admin_project': True, 'service_user_id': None, 'service_user_domain_id': None, 'service_project_id': None, 'service_project_domain_id': None, 'service_roles': []} {{(pid=80559) fill_context /opt/stack/keystone/keystone/server/flask/request_processing/middleware/auth_context.py:478}}
Aug 09 18:03:23.585523 dv-cinder-797970-5-smb devstack@keystone.service[80559]: DEBUG keystone.server.flask.request_processing.req_logging [None req-d029f151-0f0c-4dd9-9985-0cb2bc918d00 None admin] REQUEST_METHOD: `GET` {{(pid=80559) log_request_info /opt/stack/keystone/keystone/server/flask/request_processing/req_logging.py:27}}
Aug 09 18:03:23.585846 dv-cinder-797970-5-smb devstack@keystone.service[80559]: DEBUG keystone.server.flask.request_processing.req_logging [None req-d029f151-0f0c-4dd9-9985-0cb2bc918d00 None admin] SCRIPT_NAME: `/identity` {{(pid=80559) log_request_info /opt/stack/keystone/keystone/server/flask/request_processing/req_logging.py:28}}
Aug 09 18:03:23.586125 dv-cinder-797970-5-smb devstack@keystone.service[80559]: DEBUG keystone.server.flask.request_processing.req_logging [None req-d029f151-0f0c-4dd9-9985-0cb2bc918d00 None admin] PATH_INFO: `/v3/roles` {{(pid=80559) log_request_info /opt/stack/keystone/keystone/server/flask/request_processing/req_logging.py:29}}
Aug 09 18:03:23.586802 dv-cinder-797970-5-smb devstack@keystone.service[80559]: DEBUG keystone.common.rbac_enforcer.enforcer [None req-d029f151-0f0c-4dd9-9985-0cb2bc918d00 None admin] RBAC: Adding query filter params (name=admin) {{(pid=80559) _extract_filter_values /opt/stack/keystone/keystone/common/rbac_enforcer/enforcer.py:167}}
Aug 09 18:03:23.587106 dv-cinder-797970-5-smb devstack@keystone.service[80559]: DEBUG keystone.common.rbac_enforcer.enforcer [None req-d029f151-0f0c-4dd9-9985-0cb2bc918d00 None admin] RBAC: Authorizing `identity:list_roles()` {{(pid=80559) enforce_call /opt/stack/keystone/keystone/common/rbac_enforcer/enforcer.py:449}}
Aug 09 18:03:23.588607 dv-cinder-797970-5-smb devstack@keystone.service[80559]: DEBUG keystone.common.rbac_enforcer.enforcer [None req-d029f151-0f0c-4dd9-9985-0cb2bc918d00 None admin] RBAC: Authorization granted {{(pid=80559) enforce_call /opt/stack/keystone/keystone/common/rbac_enforcer/enforcer.py:457}}
Aug 09 18:03:23.594639 dv-cinder-797970-5-smb devstack@keystone.service[80558]: DEBUG keystone.server.flask.request_processing.middleware.auth_context [None req-b43e09c1-1744-4394-8042-2a457371fa9e None admin] RBAC: auth_context: {'token': , 'domain_id': None, 'trust_id': None, 'trustor_id': None, 'trustee_id': None, 'domain_name': None, 'group_ids': [], 'user_id': 'ac62ca078b97432f9fabbe3a50348db7', 'user_domain_id': 'default', 'system_scope': 'all', 'project_id': None, 'project_domain_id': None, 'roles': ['admin', 'member', 'reader'], 'is_admin_project': True, 'service_user_id': None, 'service_user_domain_id': None, 'service_project_id': None, 'service_project_domain_id': None, 'service_roles': []} {{(pid=80558) fill_context /opt/stack/keystone/keystone/server/flask/request_processing/middleware/auth_context.py:478}}
Aug 09 18:03:23.595273 dv-cinder-797970-5-smb devstack@keystone.service[80558]: DEBUG keystone.server.flask.request_processing.req_logging [None req-b43e09c1-1744-4394-8042-2a457371fa9e None admin] REQUEST_METHOD: `GET` {{(pid=80558) log_request_info /opt/stack/keystone/keystone/server/flask/request_processing/req_logging.py:27}}
Aug 09 18:03:23.595548 dv-cinder-797970-5-smb devstack@keystone.service[80558]: DEBUG keystone.server.flask.request_processing.req_logging [None req-b43e09c1-1744-4394-8042-2a457371fa9e None admin] SCRIPT_NAME: `/identity` {{(pid=80558) log_request_info /opt/stack/keystone/keystone/server/flask/request_processing/req_logging.py:28}}
Aug 09 18:03:23.595817 dv-cinder-797970-5-smb devstack@keystone.service[80558]: DEBUG keystone.server.flask.request_processing.req_logging [None req-b43e09c1-1744-4394-8042-2a457371fa9e None admin] PATH_INFO: `/v3/groups/d4ff95f6e8844a14a43187c164867897` {{(pid=80558) log_request_info /opt/stack/keystone/keystone/server/flask/request_processing/req_logging.py:29}}
Aug 09 18:03:23.596946 dv-cinder-797970-5-smb devstack@keystone.service[80558]: DEBUG keystone.common.rbac_enforcer.enforcer [None req-b43e09c1-1744-4394-8042-2a457371fa9e None admin] RBAC: Authorizing `identity:get_group(group_id=d4ff95f6e8844a14a43187c164867897)` {{(pid=80558) enforce_call /opt/stack/keystone/keystone/common/rbac_enforcer/enforcer.py:449}}
Aug 09 18:03:23.598380 dv-cinder-797970-5-smb devstack@keystone.service[80558]: DEBUG keystone.common.rbac_enforcer.enforcer [None req-b43e09c1-1744-4394-8042-2a457371fa9e None admin] RBAC: Authorization granted {{(pid=80558) enforce_call /opt/stack/keystone/keystone/common/rbac_enforcer/enforcer.py:457}}
Aug 09 18:03:23.598491 dv-cinder-797970-5-smb devstack@keystone.service[80559]: [pid: 80559|app: 0|req: 205/409] 10.222.0.95 () {56 vars in 1099 bytes} [Tue Aug 9 18:03:23 2022] GET /identity/v3/roles?name=admin => generated 339 bytes in 217 msecs (HTTP/1.1 200) 5 headers in 177 bytes (2 switches on core 0)
Aug 09 18:03:23.600206 dv-cinder-797970-5-smb devstack@keystone.service[80558]: [pid: 80558|app: 0|req: 205/410] 10.222.0.95 () {56 vars in 1180 bytes} [Tue Aug 9 18:03:23 2022] GET /identity/v3/groups/d4ff95f6e8844a14a43187c164867897 => generated 226 bytes in 267 msecs (HTTP/1.1 200) 5 headers in 177 bytes (1 switches on core 0)
Aug 09 18:03:23.605811 dv-cinder-797970-5-smb devstack@keystone.service[80559]: DEBUG keystone.server.flask.request_processing.middleware.auth_context [None req-d029f151-0f0c-4dd9-9985-0cb2bc918d00 None admin] Authenticating user token {{(pid=80559) process_request /usr/local/lib/python3.8/dist-packages/keystonemiddleware/auth_token/__init__.py:407}}
Aug 09 18:03:23.606979 dv-cinder-797970-5-smb devstack@keystone.service[80558]: DEBUG keystone.server.flask.request_processing.middleware.auth_context [None req-b43e09c1-1744-4394-8042-2a457371fa9e None admin] Authenticating user token {{(pid=80558) process_request /usr/local/lib/python3.8/dist-packages/keystonemiddleware/auth_token/__init__.py:407}}
Aug 09 18:03:23.617333 dv-cinder-797970-5-smb devstack@keystone.service[80559]: DEBUG dbcounter [-] [80559] Writing DB stats keystone:SELECT=100 {{(pid=80559) stat_writer /usr/local/lib/python3.8/dist-packages/dbcounter.py:114}}
Aug 09 18:03:23.760846 dv-cinder-797970-5-smb devstack@keystone.service[80559]: DEBUG keystone.server.flask.request_processing.middleware.auth_context [None req-d029f151-0f0c-4dd9-9985-0cb2bc918d00 None admin] Validating token access rules against request {{(pid=80559) validate_allowed_request /usr/local/lib/python3.8/dist-packages/keystonemiddleware/auth_token/__init__.py:545}}
Aug 09 18:03:23.785802 dv-cinder-797970-5-smb devstack@keystone.service[80558]: DEBUG keystone.server.flask.request_processing.middleware.auth_context [None req-b43e09c1-1744-4394-8042-2a457371fa9e None admin] Validating token access rules against request {{(pid=80558) validate_allowed_request /usr/local/lib/python3.8/dist-packages/keystonemiddleware/auth_token/__init__.py:545}}
Aug 09 18:03:23.803087 dv-cinder-797970-5-smb devstack@keystone.service[80559]: DEBUG keystone.server.flask.request_processing.middleware.auth_context [None req-951bb2d2-411d-49cb-b5b0-d7567adb4a70 None admin] RBAC: auth_context: {'token': , 'domain_id': None, 'trust_id': None, 'trustor_id': None, 'trustee_id': None, 'domain_name': None, 'group_ids': [], 'user_id': 'ac62ca078b97432f9fabbe3a50348db7', 'user_domain_id': 'default', 'system_scope': 'all', 'project_id': None, 'project_domain_id': None, 'roles': ['admin', 'member', 'reader'], 'is_admin_project': True, 'service_user_id': None, 'service_user_domain_id': None, 'service_project_id': None, 'service_project_domain_id': None, 'service_roles': []} {{(pid=80559) fill_context /opt/stack/keystone/keystone/server/flask/request_processing/middleware/auth_context.py:478}}
Aug 09 18:03:23.804525 dv-cinder-797970-5-smb devstack@keystone.service[80559]: DEBUG keystone.server.flask.request_processing.req_logging [None req-951bb2d2-411d-49cb-b5b0-d7567adb4a70 None admin] REQUEST_METHOD: `GET` {{(pid=80559) log_request_info /opt/stack/keystone/keystone/server/flask/request_processing/req_logging.py:27}}
Aug 09 18:03:23.805325 dv-cinder-797970-5-smb devstack@keystone.service[80559]: DEBUG keystone.server.flask.request_processing.req_logging [None req-951bb2d2-411d-49cb-b5b0-d7567adb4a70 None admin] SCRIPT_NAME: `/identity` {{(pid=80559) log_request_info /opt/stack/keystone/keystone/server/flask/request_processing/req_logging.py:28}}
Aug 09 18:03:23.805776 dv-cinder-797970-5-smb devstack@keystone.service[80559]: DEBUG keystone.server.flask.request_processing.req_logging [None req-951bb2d2-411d-49cb-b5b0-d7567adb4a70 None admin] PATH_INFO: `/v3/groups/ef801b87dfcf4380a4970a94c3a15910` {{(pid=80559) log_request_info /opt/stack/keystone/keystone/server/flask/request_processing/req_logging.py:29}}
Aug 09 18:03:23.807714 dv-cinder-797970-5-smb devstack@keystone.service[80559]: DEBUG keystone.common.rbac_enforcer.enforcer [None req-951bb2d2-411d-49cb-b5b0-d7567adb4a70 None admin] RBAC: Authorizing `identity:get_group(group_id=ef801b87dfcf4380a4970a94c3a15910)` {{(pid=80559) enforce_call /opt/stack/keystone/keystone/common/rbac_enforcer/enforcer.py:449}}
Aug 09 18:03:23.809798 dv-cinder-797970-5-smb devstack@keystone.service[80559]: DEBUG keystone.common.rbac_enforcer.enforcer [None req-951bb2d2-411d-49cb-b5b0-d7567adb4a70 None admin] RBAC: Authorization granted {{(pid=80559) enforce_call /opt/stack/keystone/keystone/common/rbac_enforcer/enforcer.py:457}}
Aug 09 18:03:23.810786 dv-cinder-797970-5-smb devstack@keystone.service[80558]: DEBUG dbcounter [-] [80558] Writing DB stats keystone:SELECT=100 {{(pid=80558) stat_writer /usr/local/lib/python3.8/dist-packages/dbcounter.py:114}}
Aug 09 18:03:23.819140 dv-cinder-797970-5-smb devstack@keystone.service[80559]: [pid: 80559|app: 0|req: 206/411] 10.222.0.95 () {56 vars in 1180 bytes} [Tue Aug 9 18:03:23 2022] GET /identity/v3/groups/ef801b87dfcf4380a4970a94c3a15910 => generated 229 bytes in 209 msecs (HTTP/1.1 200) 5 headers in 177 bytes (2 switches on core 0)
Aug 09 18:03:23.819140 dv-cinder-797970-5-smb devstack@keystone.service[80559]: DEBUG keystone.server.flask.request_processing.req_logging [None req-2f5da0b5-00de-4592-9a50-b9fdb15d42df None None] REQUEST_METHOD: `GET` {{(pid=80559) log_request_info /opt/stack/keystone/keystone/server/flask/request_processing/req_logging.py:27}}
Aug 09 18:03:23.819140 dv-cinder-797970-5-smb devstack@keystone.service[80559]: DEBUG keystone.server.flask.request_processing.req_logging [None req-2f5da0b5-00de-4592-9a50-b9fdb15d42df None None] SCRIPT_NAME: `/identity` {{(pid=80559) log_request_info /opt/stack/keystone/keystone/server/flask/request_processing/req_logging.py:28}}
Aug 09 18:03:23.819140 dv-cinder-797970-5-smb devstack@keystone.service[80559]: DEBUG keystone.server.flask.request_processing.req_logging [None req-2f5da0b5-00de-4592-9a50-b9fdb15d42df None None] PATH_INFO: `/` {{(pid=80559) log_request_info /opt/stack/keystone/keystone/server/flask/request_processing/req_logging.py:29}}
Aug 09 18:03:23.824959 dv-cinder-797970-5-smb devstack@keystone.service[80559]: [pid: 80559|app: 0|req: 207/412] 10.222.0.95 () {54 vars in 927 bytes} [Tue Aug 9 18:03:23 2022] GET /identity => generated 270 bytes in 4 msecs (HTTP/1.1 300) 6 headers in 234 bytes (1 switches on core 0)
Aug 09 18:03:23.824959 dv-cinder-797970-5-smb devstack@keystone.service[80559]: DEBUG keystone.server.flask.request_processing.middleware.auth_context [None req-2f5da0b5-00de-4592-9a50-b9fdb15d42df None None] Authenticating user token {{(pid=80559) process_request /usr/local/lib/python3.8/dist-packages/keystonemiddleware/auth_token/__init__.py:407}}
Aug 09 18:03:23.835942 dv-cinder-797970-5-smb devstack@keystone.service[80558]: DEBUG keystone.server.flask.request_processing.middleware.auth_context [None req-3b8450b2-fd1b-43c8-bd81-e391e8f54a9d None admin] RBAC: auth_context: {'token': , 'domain_id': None, 'trust_id': None, 'trustor_id': None, 'trustee_id': None, 'domain_name': None, 'group_ids': [], 'user_id': 'ac62ca078b97432f9fabbe3a50348db7', 'user_domain_id': 'default', 'system_scope': 'all', 'project_id': None, 'project_domain_id': None, 'roles': ['admin', 'member', 'reader'], 'is_admin_project': True, 'service_user_id': None, 'service_user_domain_id': None, 'service_project_id': None, 'service_project_domain_id': None, 'service_roles': []} {{(pid=80558) fill_context /opt/stack/keystone/keystone/server/flask/request_processing/middleware/auth_context.py:478}}
Aug 09 18:03:23.837734 dv-cinder-797970-5-smb devstack@keystone.service[80558]: DEBUG keystone.server.flask.request_processing.req_logging [None req-3b8450b2-fd1b-43c8-bd81-e391e8f54a9d None admin] REQUEST_METHOD: `GET` {{(pid=80558) log_request_info /opt/stack/keystone/keystone/server/flask/request_processing/req_logging.py:27}}
Aug 09 18:03:23.838235 dv-cinder-797970-5-smb devstack@keystone.service[80558]: DEBUG keystone.server.flask.request_processing.req_logging [None req-3b8450b2-fd1b-43c8-bd81-e391e8f54a9d None admin] SCRIPT_NAME: `/identity` {{(pid=80558) log_request_info /opt/stack/keystone/keystone/server/flask/request_processing/req_logging.py:28}}
Aug 09 18:03:23.839151 dv-cinder-797970-5-smb devstack@keystone.service[80558]: DEBUG keystone.server.flask.request_processing.req_logging [None req-3b8450b2-fd1b-43c8-bd81-e391e8f54a9d None admin] PATH_INFO: `/v3/projects/f5279c415c66474fb3052e0ac3245d9a` {{(pid=80558) log_request_info /opt/stack/keystone/keystone/server/flask/request_processing/req_logging.py:29}}
Aug 09 18:03:23.840804 dv-cinder-797970-5-smb devstack@keystone.service[80558]: DEBUG keystone.common.rbac_enforcer.enforcer [None req-3b8450b2-fd1b-43c8-bd81-e391e8f54a9d None admin] RBAC: Authorizing `identity:get_project(project_id=f5279c415c66474fb3052e0ac3245d9a)` {{(pid=80558) enforce_call /opt/stack/keystone/keystone/common/rbac_enforcer/enforcer.py:449}}
Aug 09 18:03:23.843827 dv-cinder-797970-5-smb devstack@keystone.service[80558]: DEBUG keystone.common.rbac_enforcer.enforcer [None req-3b8450b2-fd1b-43c8-bd81-e391e8f54a9d None admin] RBAC: Authorization granted {{(pid=80558) enforce_call /opt/stack/keystone/keystone/common/rbac_enforcer/enforcer.py:457}}
Aug 09 18:03:23.847731 dv-cinder-797970-5-smb devstack@keystone.service[80558]: [pid: 80558|app: 0|req: 206/413] 10.222.0.95 () {56 vars in 1186 bytes} [Tue Aug 9 18:03:23 2022] GET /identity/v3/projects/f5279c415c66474fb3052e0ac3245d9a => generated 302 bytes in 241 msecs (HTTP/1.1 200) 5 headers in 177 bytes (1 switches on core 0)
Aug 09 18:03:23.849140 dv-cinder-797970-5-smb devstack@keystone.service[80558]: DEBUG keystone.server.flask.request_processing.req_logging [None req-3d65eb7b-fb89-4aad-8381-561826caaf52 None None] REQUEST_METHOD: `POST` {{(pid=80558) log_request_info /opt/stack/keystone/keystone/server/flask/request_processing/req_logging.py:27}}
Aug 09 18:03:23.849649 dv-cinder-797970-5-smb devstack@keystone.service[80558]: DEBUG keystone.server.flask.request_processing.req_logging [None req-3d65eb7b-fb89-4aad-8381-561826caaf52 None None] SCRIPT_NAME: `/identity` {{(pid=80558) log_request_info /opt/stack/keystone/keystone/server/flask/request_processing/req_logging.py:28}}
Aug 09 18:03:23.850130 dv-cinder-797970-5-smb devstack@keystone.service[80558]: DEBUG keystone.server.flask.request_processing.req_logging [None req-3d65eb7b-fb89-4aad-8381-561826caaf52 None None] PATH_INFO: `/v3/auth/tokens` {{(pid=80558) log_request_info /opt/stack/keystone/keystone/server/flask/request_processing/req_logging.py:29}}
Aug 09 18:03:23.876699 dv-cinder-797970-5-smb devstack@keystone.service[80558]: DEBUG keystone.auth.core [None req-3d65eb7b-fb89-4aad-8381-561826caaf52 None None] MFA Rules not processed for user `ac62ca078b97432f9fabbe3a50348db7`. Rule list: `[]` (Enabled: `True`). {{(pid=80558) check_auth_methods_against_rules /opt/stack/keystone/keystone/auth/core.py:438}}
Aug 09 18:03:23.878231 dv-cinder-797970-5-smb devstack@keystone.service[80558]: DEBUG keystone.common.fernet_utils [None req-3d65eb7b-fb89-4aad-8381-561826caaf52 None None] Loaded 2 Fernet keys from /etc/keystone/fernet-keys/, but `[fernet_tokens] max_active_keys = 3`; perhaps there have not been enough key rotations to reach `max_active_keys` yet? {{(pid=80558) load_keys /opt/stack/keystone/keystone/common/fernet_utils.py:286}}
Aug 09 18:03:23.923540 dv-cinder-797970-5-smb devstack@keystone.service[80559]: DEBUG dbcounter [-] [80559] Writing DB stats keystone:SELECT=100 {{(pid=80559) stat_writer /usr/local/lib/python3.8/dist-packages/dbcounter.py:114}}
Aug 09 18:03:23.948200 dv-cinder-797970-5-smb devstack@keystone.service[80559]: DEBUG keystone.server.flask.request_processing.middleware.auth_context [None req-2f5da0b5-00de-4592-9a50-b9fdb15d42df None None] Validating token access rules against request {{(pid=80559) validate_allowed_request /usr/local/lib/python3.8/dist-packages/keystonemiddleware/auth_token/__init__.py:545}}
Aug 09 18:03:23.966447 dv-cinder-797970-5-smb devstack@keystone.service[80558]: [pid: 80558|app: 0|req: 207/414] 10.222.0.95 () {58 vars in 1024 bytes} [Tue Aug 9 18:03:23 2022] POST /identity/v3/auth/tokens => generated 799 bytes in 118 msecs (HTTP/1.1 201) 6 headers in 363 bytes (1 switches on core 0)
Aug 09 18:03:23.968223 dv-cinder-797970-5-smb devstack@keystone.service[80558]: DEBUG keystone.server.flask.request_processing.middleware.auth_context [None req-3d65eb7b-fb89-4aad-8381-561826caaf52 None None] Authenticating user token {{(pid=80558) process_request /usr/local/lib/python3.8/dist-packages/keystonemiddleware/auth_token/__init__.py:407}}
Aug 09 18:03:23.985192 dv-cinder-797970-5-smb devstack@keystone.service[80559]: DEBUG keystone.server.flask.request_processing.middleware.auth_context [None req-ef17df82-a9b4-482e-a420-207e6b2c65e9 None admin] RBAC: auth_context: {'token': , 'domain_id': None, 'trust_id': None, 'trustor_id': None, 'trustee_id': None, 'domain_name': None, 'group_ids': [], 'user_id': 'ac62ca078b97432f9fabbe3a50348db7', 'user_domain_id': 'default', 'system_scope': 'all', 'project_id': None, 'project_domain_id': None, 'roles': ['admin', 'member', 'reader'], 'is_admin_project': True, 'service_user_id': None, 'service_user_domain_id': None, 'service_project_id': None, 'service_project_domain_id': None, 'service_roles': []} {{(pid=80559) fill_context /opt/stack/keystone/keystone/server/flask/request_processing/middleware/auth_context.py:478}}
Aug 09 18:03:23.985841 dv-cinder-797970-5-smb devstack@keystone.service[80559]: DEBUG keystone.server.flask.request_processing.req_logging [None req-ef17df82-a9b4-482e-a420-207e6b2c65e9 None admin] REQUEST_METHOD: `GET` {{(pid=80559) log_request_info /opt/stack/keystone/keystone/server/flask/request_processing/req_logging.py:27}}
Aug 09 18:03:23.986076 dv-cinder-797970-5-smb devstack@keystone.service[80559]: DEBUG keystone.server.flask.request_processing.req_logging [None req-ef17df82-a9b4-482e-a420-207e6b2c65e9 None admin] SCRIPT_NAME: `/identity` {{(pid=80559) log_request_info /opt/stack/keystone/keystone/server/flask/request_processing/req_logging.py:28}}
Aug 09 18:03:23.986380 dv-cinder-797970-5-smb devstack@keystone.service[80559]: DEBUG keystone.server.flask.request_processing.req_logging [None req-ef17df82-a9b4-482e-a420-207e6b2c65e9 None admin] PATH_INFO: `/v3/projects/060c05a5c28f4841a41faeddbf30ebf1` {{(pid=80559) log_request_info /opt/stack/keystone/keystone/server/flask/request_processing/req_logging.py:29}}
Aug 09 18:03:23.987489 dv-cinder-797970-5-smb devstack@keystone.service[80559]: DEBUG keystone.common.rbac_enforcer.enforcer [None req-ef17df82-a9b4-482e-a420-207e6b2c65e9 None admin] RBAC: Authorizing `identity:get_project(project_id=060c05a5c28f4841a41faeddbf30ebf1)` {{(pid=80559) enforce_call /opt/stack/keystone/keystone/common/rbac_enforcer/enforcer.py:449}}
Aug 09 18:03:23.989095 dv-cinder-797970-5-smb devstack@keystone.service[80559]: DEBUG keystone.common.rbac_enforcer.enforcer [None req-ef17df82-a9b4-482e-a420-207e6b2c65e9 None admin] RBAC: Authorization granted {{(pid=80559) enforce_call /opt/stack/keystone/keystone/common/rbac_enforcer/enforcer.py:457}}
Aug 09 18:03:23.990801 dv-cinder-797970-5-smb devstack@keystone.service[80559]: [pid: 80559|app: 0|req: 208/415] 10.222.0.95 () {56 vars in 1186 bytes} [Tue Aug 9 18:03:23 2022] GET /identity/v3/projects/060c05a5c28f4841a41faeddbf30ebf1 => generated 344 bytes in 169 msecs (HTTP/1.1 200) 5 headers in 177 bytes (1 switches on core 0)
Aug 09 18:03:23.996577 dv-cinder-797970-5-smb devstack@keystone.service[80559]: DEBUG keystone.server.flask.request_processing.middleware.auth_context [None req-ef17df82-a9b4-482e-a420-207e6b2c65e9 None admin] Authenticating user token {{(pid=80559) process_request /usr/local/lib/python3.8/dist-packages/keystonemiddleware/auth_token/__init__.py:407}}
Aug 09 18:03:24.074979 dv-cinder-797970-5-smb devstack@keystone.service[80558]: DEBUG keystone.server.flask.request_processing.middleware.auth_context [None req-3d65eb7b-fb89-4aad-8381-561826caaf52 None None] Validating token access rules against request {{(pid=80558) validate_allowed_request /usr/local/lib/python3.8/dist-packages/keystonemiddleware/auth_token/__init__.py:545}}
Aug 09 18:03:24.095627 dv-cinder-797970-5-smb devstack@keystone.service[80558]: DEBUG dbcounter [-] [80558] Writing DB stats keystone:SELECT=100 {{(pid=80558) stat_writer /usr/local/lib/python3.8/dist-packages/dbcounter.py:114}}
Aug 09 18:03:24.101311 dv-cinder-797970-5-smb devstack@keystone.service[80559]: DEBUG keystone.server.flask.request_processing.middleware.auth_context [None req-ef17df82-a9b4-482e-a420-207e6b2c65e9 None admin] Validating token access rules against request {{(pid=80559) validate_allowed_request /usr/local/lib/python3.8/dist-packages/keystonemiddleware/auth_token/__init__.py:545}}
