Aug 09 18:15:50.028945 dv-cinder-797970-5-iscsi devstack@c-api.service[111408]: WARNING stevedore.named [None req-1750d2e6-5332-4f6e-b274-fe9f0c676728 tempest-GroupSnapshotsTest-1987126809 tempest-GroupSnapshotsTest-1987126809-project] Could not load cinder.keymgr.conf_key_mgr.ConfKeyManager
Aug 09 18:15:50.029533 dv-cinder-797970-5-iscsi devstack@c-api.service[111408]: WARNING castellan.key_manager [None req-1750d2e6-5332-4f6e-b274-fe9f0c676728 tempest-GroupSnapshotsTest-1987126809 tempest-GroupSnapshotsTest-1987126809-project] Deprecation Warning : cinder.keymgr.conf_key_mgr.ConfKeyManager is not a stevedore based driver, trying to load it as a class: stevedore.exception.NoMatches: No 'castellan.drivers' driver found, looking for 'cinder.keymgr.conf_key_mgr.ConfKeyManager'
Aug 09 18:15:50.038481 dv-cinder-797970-5-iscsi devstack@c-api.service[111408]: DEBUG oslo_db.sqlalchemy.engines [None req-1750d2e6-5332-4f6e-b274-fe9f0c676728 tempest-GroupSnapshotsTest-1987126809 tempest-GroupSnapshotsTest-1987126809-project] MySQL server mode set to STRICT_TRANS_TABLES,STRICT_ALL_TABLES,NO_ZERO_IN_DATE,NO_ZERO_DATE,ERROR_FOR_DIVISION_BY_ZERO,TRADITIONAL,NO_ENGINE_SUBSTITUTION {{(pid=111408) _check_effective_sql_mode /usr/local/lib/python3.8/dist-packages/oslo_db/sqlalchemy/engines.py:314}}
Aug 09 18:15:50.045841 dv-cinder-797970-5-iscsi devstack@c-api.service[111408]: /usr/local/lib/python3.8/dist-packages/oslo_context/context.py:100: DeprecationWarning: Policy enforcement is depending on the value of is_admin. This key is deprecated. Please update your policy file to use the standard policy values.
Aug 09 18:15:50.045841 dv-cinder-797970-5-iscsi devstack@c-api.service[111408]: warnings.warn('Policy enforcement is depending on the value of '
Aug 09 18:15:50.056780 dv-cinder-797970-5-iscsi devstack@c-api.service[111407]: INFO cinder.api.openstack.wsgi [None req-1e973d29-ef7a-4531-a0f5-ca017f552bad tempest-SnapshotsActionsTest-431271875 tempest-SnapshotsActionsTest-431271875-project] http://10.222.0.36/volume/v3/07ce79e5bbe04114907a30ebda502b83/volumes/366687f1-dbf5-4371-9117-e0387a259c68 returned with HTTP 200
Aug 09 18:15:50.069256 dv-cinder-797970-5-iscsi devstack@c-api.service[111407]: [pid: 111407|app: 0|req: 70/157] 10.222.0.36 () {58 vars in 1325 bytes} [Tue Aug 9 18:15:49 2022] GET /volume/v3/07ce79e5bbe04114907a30ebda502b83/volumes/366687f1-dbf5-4371-9117-e0387a259c68 => generated 911 bytes in 127 msecs (HTTP/1.1 200) 7 headers in 285 bytes (1 switches on core 0)
Aug 09 18:15:50.069256 dv-cinder-797970-5-iscsi devstack@c-api.service[111407]: DEBUG cinder.api.middleware.request_id [None req-f1ac0609-14e8-4781-9f51-f7cc154aeb92 None None] RequestId filter calling following filter/app {{(pid=111407) _context_setter /opt/stack/cinder/cinder/api/middleware/request_id.py:62}}
Aug 09 18:15:50.075451 dv-cinder-797970-5-iscsi devstack@c-api.service[111408]: INFO cinder.api.openstack.wsgi [None req-1750d2e6-5332-4f6e-b274-fe9f0c676728 tempest-GroupSnapshotsTest-1987126809 tempest-GroupSnapshotsTest-1987126809-project] http://10.222.0.36/volume/v3/8e07f9d1cb104e298395fd112326f00f/volumes/db5ab0de-3b6f-403a-ba78-e74532908a3f returned with HTTP 200
Aug 09 18:15:50.080661 dv-cinder-797970-5-iscsi devstack@c-api.service[111407]: INFO cinder.api.openstack.wsgi [None req-f1ac0609-14e8-4781-9f51-f7cc154aeb92 tempest-GroupsTest-1462492624 tempest-GroupsTest-1462492624-project] POST http://10.222.0.36/volume/v3/e2a41d2c4ff343e59f3ca24bbdae5e41/volumes
Aug 09 18:15:50.085776 dv-cinder-797970-5-iscsi devstack@c-api.service[111407]: DEBUG cinder.api.openstack.wsgi [None req-f1ac0609-14e8-4781-9f51-f7cc154aeb92 tempest-GroupsTest-1462492624 tempest-GroupsTest-1462492624-project] Action: 'create', calling method: create, body: {"volume": {"volume_type": "338dd9a2-b415-4ada-834d-90a54b07b1c3", "group_id": "4ed74b43-34c6-4eee-aa49-f6535e1a09c9", "size": 1, "name": "tempest-GroupsTest-Volume-14123245"}} {{(pid=111407) _process_stack /opt/stack/cinder/cinder/api/openstack/wsgi.py:866}}
Aug 09 18:15:50.092410 dv-cinder-797970-5-iscsi devstack@c-api.service[111408]: [pid: 111408|app: 0|req: 88/158] 10.222.0.36 () {60 vars in 1366 bytes} [Tue Aug 9 18:15:49 2022] GET /volume/v3/8e07f9d1cb104e298395fd112326f00f/volumes/db5ab0de-3b6f-403a-ba78-e74532908a3f => generated 998 bytes in 111 msecs (HTTP/1.1 200) 7 headers in 286 bytes (1 switches on core 0)
Aug 09 18:15:50.095134 dv-cinder-797970-5-iscsi devstack@c-api.service[111407]: DEBUG cinder.api.v3.volumes [None req-f1ac0609-14e8-4781-9f51-f7cc154aeb92 tempest-GroupsTest-1462492624 tempest-GroupsTest-1462492624-project] Create volume request body: {'volume': {'volume_type': '338dd9a2-b415-4ada-834d-90a54b07b1c3', 'group_id': '4ed74b43-34c6-4eee-aa49-f6535e1a09c9', 'size': 1, 'name': 'tempest-GroupsTest-Volume-14123245'}} {{(pid=111407) create /opt/stack/cinder/cinder/api/v3/volumes.py:298}}
Aug 09 18:15:50.135356 dv-cinder-797970-5-iscsi devstack@c-api.service[111407]: /usr/local/lib/python3.8/dist-packages/oslo_context/context.py:100: DeprecationWarning: Policy enforcement is depending on the value of is_admin. This key is deprecated. Please update your policy file to use the standard policy values.
Aug 09 18:15:50.135356 dv-cinder-797970-5-iscsi devstack@c-api.service[111407]: warnings.warn('Policy enforcement is depending on the value of '
Aug 09 18:15:50.137609 dv-cinder-797970-5-iscsi devstack@c-api.service[111407]: INFO cinder.api.v3.volumes [None req-f1ac0609-14e8-4781-9f51-f7cc154aeb92 tempest-GroupsTest-1462492624 tempest-GroupsTest-1462492624-project] Create volume of 1 GB
Aug 09 18:15:50.162170 dv-cinder-797970-5-iscsi devstack@c-api.service[111407]: INFO cinder.volume.api [None req-f1ac0609-14e8-4781-9f51-f7cc154aeb92 tempest-GroupsTest-1462492624 tempest-GroupsTest-1462492624-project] Availability Zones retrieved successfully.
Aug 09 18:15:50.183925 dv-cinder-797970-5-iscsi devstack@c-api.service[111407]: DEBUG cinder.volume.api [None req-f1ac0609-14e8-4781-9f51-f7cc154aeb92 tempest-GroupsTest-1462492624 tempest-GroupsTest-1462492624-project] Flow 'volume_create_api' (35f05815-d8c4-45e1-8281-c036c535f167) transitioned into state 'RUNNING' from state 'PENDING' {{(pid=111407) _flow_receiver /usr/local/lib/python3.8/dist-packages/taskflow/listeners/logging.py:141}}
Aug 09 18:15:50.188084 dv-cinder-797970-5-iscsi devstack@c-api.service[111407]: DEBUG cinder.volume.api [None req-f1ac0609-14e8-4781-9f51-f7cc154aeb92 tempest-GroupsTest-1462492624 tempest-GroupsTest-1462492624-project] Task 'cinder.volume.flows.api.create_volume.ExtractVolumeRequestTask;volume:create' (c6f446ff-5922-41ae-994c-23b5495a5c3f) transitioned into state 'RUNNING' from state 'PENDING' {{(pid=111407) _task_receiver /usr/local/lib/python3.8/dist-packages/taskflow/listeners/logging.py:190}}
Aug 09 18:15:50.190140 dv-cinder-797970-5-iscsi devstack@c-api.service[111407]: /usr/local/lib/python3.8/dist-packages/oslo_context/context.py:100: DeprecationWarning: Policy enforcement is depending on the value of is_admin. This key is deprecated. Please update your policy file to use the standard policy values.
Aug 09 18:15:50.190140 dv-cinder-797970-5-iscsi devstack@c-api.service[111407]: warnings.warn('Policy enforcement is depending on the value of '
Aug 09 18:15:50.191701 dv-cinder-797970-5-iscsi devstack@c-api.service[111407]: DEBUG cinder.volume.flows.api.create_volume [None req-f1ac0609-14e8-4781-9f51-f7cc154aeb92 tempest-GroupsTest-1462492624 tempest-GroupsTest-1462492624-project] Validating volume size '1' using validate_int {{(pid=111407) _extract_size /opt/stack/cinder/cinder/volume/flows/api/create_volume.py:228}}
Aug 09 18:15:50.233175 dv-cinder-797970-5-iscsi devstack@c-api.service[111407]: DEBUG cinder.volume.api [None req-f1ac0609-14e8-4781-9f51-f7cc154aeb92 tempest-GroupsTest-1462492624 tempest-GroupsTest-1462492624-project] Task 'cinder.volume.flows.api.create_volume.ExtractVolumeRequestTask;volume:create' (c6f446ff-5922-41ae-994c-23b5495a5c3f) transitioned into state 'SUCCESS' from state 'RUNNING' with result '{'size': 1, 'snapshot_id': None, 'source_volid': None, 'volume_type': VolumeType(created_at=2022-08-09T18:15:47Z,deleted=False,deleted_at=None,description=None,extra_specs={},id=338dd9a2-b415-4ada-834d-90a54b07b1c3,is_public=True,name='tempest-GroupsTest-volume-type-1407115617',projects=[],qos_specs=,qos_specs_id=None,updated_at=None), 'volume_type_id': '338dd9a2-b415-4ada-834d-90a54b07b1c3', 'encryption_key_id': None, 'qos_specs': None, 'consistencygroup_id': None, 'cgsnapshot_id': None, 'group_id': '4ed74b43-34c6-4eee-aa49-f6535e1a09c9', 'replication_status': 'disabled', 'refresh_az': False, 'backup_id': None, 'multiattach': False, 'availability_zones': ['nova']}' {{(pid=111407) _task_receiver /usr/local/lib/python3.8/dist-packages/taskflow/listeners/logging.py:178}}
Aug 09 18:15:50.236134 dv-cinder-797970-5-iscsi devstack@c-api.service[111407]: DEBUG cinder.volume.api [None req-f1ac0609-14e8-4781-9f51-f7cc154aeb92 tempest-GroupsTest-1462492624 tempest-GroupsTest-1462492624-project] Task 'cinder.volume.flows.api.create_volume.QuotaReserveTask;volume:create' (8d137fb4-ab35-405f-9195-152ea0b0065f) transitioned into state 'RUNNING' from state 'PENDING' {{(pid=111407) _task_receiver /usr/local/lib/python3.8/dist-packages/taskflow/listeners/logging.py:190}}
Aug 09 18:15:50.299813 dv-cinder-797970-5-iscsi devstack@c-api.service[111407]: WARNING cinder.quota [None req-f1ac0609-14e8-4781-9f51-f7cc154aeb92 tempest-GroupsTest-1462492624 tempest-GroupsTest-1462492624-project] Deprecated: Default quota for resource: volumes_tempest-GroupsTest-volume-type-1407115617 is set by the default quota flag: quota_volumes_tempest-GroupsTest-volume-type-1407115617, it is now deprecated. Please use the default quota class for default quota.
Aug 09 18:15:50.300699 dv-cinder-797970-5-iscsi devstack@c-api.service[111407]: WARNING cinder.quota [None req-f1ac0609-14e8-4781-9f51-f7cc154aeb92 tempest-GroupsTest-1462492624 tempest-GroupsTest-1462492624-project] Deprecated: Default quota for resource: gigabytes_tempest-GroupsTest-volume-type-1407115617 is set by the default quota flag: quota_gigabytes_tempest-GroupsTest-volume-type-1407115617, it is now deprecated. Please use the default quota class for default quota.
Aug 09 18:15:50.502871 dv-cinder-797970-5-iscsi devstack@c-api.service[111407]: DEBUG cinder.quota [None req-f1ac0609-14e8-4781-9f51-f7cc154aeb92 tempest-GroupsTest-1462492624 tempest-GroupsTest-1462492624-project] Created reservations ['32a747d9-4331-432d-92b9-d9263597bad6', '83a35ea3-4151-4001-af1f-403c06b0b691', '0fe1e3fe-512f-4058-91c1-e2e78e1d2cbb', '62f03007-460f-4dc6-9349-9d0a69683f30'] {{(pid=111407) reserve /opt/stack/cinder/cinder/quota.py:755}}
Aug 09 18:15:50.508418 dv-cinder-797970-5-iscsi devstack@c-api.service[111407]: DEBUG cinder.volume.api [None req-f1ac0609-14e8-4781-9f51-f7cc154aeb92 tempest-GroupsTest-1462492624 tempest-GroupsTest-1462492624-project] Task 'cinder.volume.flows.api.create_volume.QuotaReserveTask;volume:create' (8d137fb4-ab35-405f-9195-152ea0b0065f) transitioned into state 'SUCCESS' from state 'RUNNING' with result '{'reservations': ['32a747d9-4331-432d-92b9-d9263597bad6', '83a35ea3-4151-4001-af1f-403c06b0b691', '0fe1e3fe-512f-4058-91c1-e2e78e1d2cbb', '62f03007-460f-4dc6-9349-9d0a69683f30']}' {{(pid=111407) _task_receiver /usr/local/lib/python3.8/dist-packages/taskflow/listeners/logging.py:178}}
Aug 09 18:15:50.513376 dv-cinder-797970-5-iscsi devstack@c-api.service[111407]: DEBUG cinder.volume.api [None req-f1ac0609-14e8-4781-9f51-f7cc154aeb92 tempest-GroupsTest-1462492624 tempest-GroupsTest-1462492624-project] Task 'cinder.volume.flows.api.create_volume.EntryCreateTask;volume:create' (8c9c5fd9-f2f7-44a8-9799-f652231607a0) transitioned into state 'RUNNING' from state 'PENDING' {{(pid=111407) _task_receiver /usr/local/lib/python3.8/dist-packages/taskflow/listeners/logging.py:190}}
Aug 09 18:15:50.682197 dv-cinder-797970-5-iscsi devstack@c-api.service[111407]: DEBUG cinder.volume.api [None req-f1ac0609-14e8-4781-9f51-f7cc154aeb92 tempest-GroupsTest-1462492624 tempest-GroupsTest-1462492624-project] Task 'cinder.volume.flows.api.create_volume.EntryCreateTask;volume:create' (8c9c5fd9-f2f7-44a8-9799-f652231607a0) transitioned into state 'SUCCESS' from state 'RUNNING' with result '{'volume_id': 'f8e64434-4363-4f1e-8975-a0e43354693c', 'volume_properties': VolumeProperties(attach_status='detached',availability_zone='nova',cgsnapshot_id=None,consistencygroup_id=None,display_description=None,display_name='tempest-GroupsTest-Volume-14123245',encryption_key_id=None,group_id=4ed74b43-34c6-4eee-aa49-f6535e1a09c9,group_type_id=,metadata={},multiattach=False,project_id='e2a41d2c4ff343e59f3ca24bbdae5e41',qos_specs=None,replication_status=,reservations=['32a747d9-4331-432d-92b9-d9263597bad6','83a35ea3-4151-4001-af1f-403c06b0b691','0fe1e3fe-512f-4058-91c1-e2e78e1d2cbb','62f03007-460f-4dc6-9349-9d0a69683f30'],size=1,snapshot_id=None,source_replicaid=,source_volid=None,status='creating',user_id='cbd99565107047e5a2a392ae7297a1a4',volume_type_id=338dd9a2-b415-4ada-834d-90a54b07b1c3), 'volume': Volume(_name_id=None,admin_metadata=,attach_status='detached',availability_zone='nova',bootable=False,cluster=,cluster_name=None,consistencygroup=,consistencygroup_id=None,created_at=2022-08-09T18:15:50Z,deleted=False,deleted_at=None,display_description=None,display_name='tempest-GroupsTest-Volume-14123245',ec2_id=None,encryption_key_id=None,glance_metadata=,group=,group_id=4ed74b43-34c6-4eee-aa49-f6535e1a09c9,host=None,id=f8e64434-4363-4f1e-8975-a0e43354693c,launched_at=None,metadata={},migration_status=None,multiattach=False,previous_status=None,project_id='e2a41d2c4ff343e59f3ca24bbdae5e41',provider_auth=None,provider_geometry=None,provider_id=None,provider_location=None,replication_driver_data=None,replication_extended_status=None,replication_status=None,scheduled_at=None,service_uuid=None,shared_targets=True,size=1,snapshot_id=None,snapshots=,source_volid=None,status='creating',terminated_at=None,updated_at=None,use_quota=True,user_id='cbd99565107047e5a2a392ae7297a1a4',volume_attachment=VolumeAttachmentList,volume_type=VolumeType(338dd9a2-b415-4ada-834d-90a54b07b1c3),volume_type_id=338dd9a2-b415-4ada-834d-90a54b07b1c3)}' {{(pid=111407) _task_receiver /usr/local/lib/python3.8/dist-packages/taskflow/listeners/logging.py:178}}
Aug 09 18:15:50.684127 dv-cinder-797970-5-iscsi devstack@c-api.service[111407]: DEBUG cinder.volume.api [None req-f1ac0609-14e8-4781-9f51-f7cc154aeb92 tempest-GroupsTest-1462492624 tempest-GroupsTest-1462492624-project] Task 'cinder.volume.flows.api.create_volume.QuotaCommitTask;volume:create' (4b5a69c4-9f3c-44e9-ab55-3a5b2de766b7) transitioned into state 'RUNNING' from state 'PENDING' {{(pid=111407) _task_receiver /usr/local/lib/python3.8/dist-packages/taskflow/listeners/logging.py:190}}
Aug 09 18:15:50.852312 dv-cinder-797970-5-iscsi devstack@c-api.service[111407]: DEBUG cinder.volume.api [None req-f1ac0609-14e8-4781-9f51-f7cc154aeb92 tempest-GroupsTest-1462492624 tempest-GroupsTest-1462492624-project] Task 'cinder.volume.flows.api.create_volume.QuotaCommitTask;volume:create' (4b5a69c4-9f3c-44e9-ab55-3a5b2de766b7) transitioned into state 'SUCCESS' from state 'RUNNING' with result '{'volume_properties': VolumeProperties(attach_status='detached',availability_zone='nova',cgsnapshot_id=None,consistencygroup_id=None,display_description=None,display_name='tempest-GroupsTest-Volume-14123245',encryption_key_id=None,group_id=4ed74b43-34c6-4eee-aa49-f6535e1a09c9,group_type_id=,metadata={},multiattach=False,project_id='e2a41d2c4ff343e59f3ca24bbdae5e41',qos_specs=None,replication_status=,reservations=['32a747d9-4331-432d-92b9-d9263597bad6','83a35ea3-4151-4001-af1f-403c06b0b691','0fe1e3fe-512f-4058-91c1-e2e78e1d2cbb','62f03007-460f-4dc6-9349-9d0a69683f30'],size=1,snapshot_id=None,source_replicaid=,source_volid=None,status='creating',user_id='cbd99565107047e5a2a392ae7297a1a4',volume_type_id=338dd9a2-b415-4ada-834d-90a54b07b1c3)}' {{(pid=111407) _task_receiver /usr/local/lib/python3.8/dist-packages/taskflow/listeners/logging.py:178}}
Aug 09 18:15:50.865731 dv-cinder-797970-5-iscsi devstack@c-api.service[111407]: DEBUG cinder.volume.api [None req-f1ac0609-14e8-4781-9f51-f7cc154aeb92 tempest-GroupsTest-1462492624 tempest-GroupsTest-1462492624-project] Task 'cinder.volume.flows.api.create_volume.VolumeCastTask;volume:create' (b77aad3c-2522-4881-a3f2-caf939b411e1) transitioned into state 'RUNNING' from state 'PENDING' {{(pid=111407) _task_receiver /usr/local/lib/python3.8/dist-packages/taskflow/listeners/logging.py:190}}
Aug 09 18:15:50.950367 dv-cinder-797970-5-iscsi devstack@c-api.service[111407]: DEBUG cinder.volume.api [None req-f1ac0609-14e8-4781-9f51-f7cc154aeb92 tempest-GroupsTest-1462492624 tempest-GroupsTest-1462492624-project] Task 'cinder.volume.flows.api.create_volume.VolumeCastTask;volume:create' (b77aad3c-2522-4881-a3f2-caf939b411e1) transitioned into state 'SUCCESS' from state 'RUNNING' with result 'None' {{(pid=111407) _task_receiver /usr/local/lib/python3.8/dist-packages/taskflow/listeners/logging.py:178}}
Aug 09 18:15:50.956529 dv-cinder-797970-5-iscsi devstack@c-api.service[111407]: DEBUG cinder.volume.api [None req-f1ac0609-14e8-4781-9f51-f7cc154aeb92 tempest-GroupsTest-1462492624 tempest-GroupsTest-1462492624-project] Flow 'volume_create_api' (35f05815-d8c4-45e1-8281-c036c535f167) transitioned into state 'SUCCESS' from state 'RUNNING' {{(pid=111407) _flow_receiver /usr/local/lib/python3.8/dist-packages/taskflow/listeners/logging.py:141}}
Aug 09 18:15:50.959197 dv-cinder-797970-5-iscsi devstack@c-api.service[111407]: INFO cinder.volume.api [None req-f1ac0609-14e8-4781-9f51-f7cc154aeb92 tempest-GroupsTest-1462492624 tempest-GroupsTest-1462492624-project] Create volume request issued successfully.
Aug 09 18:15:50.964168 dv-cinder-797970-5-iscsi devstack@c-api.service[111407]: WARNING stevedore.named [None req-f1ac0609-14e8-4781-9f51-f7cc154aeb92 tempest-GroupsTest-1462492624 tempest-GroupsTest-1462492624-project] Could not load cinder.keymgr.conf_key_mgr.ConfKeyManager
Aug 09 18:15:50.964723 dv-cinder-797970-5-iscsi devstack@c-api.service[111407]: WARNING castellan.key_manager [None req-f1ac0609-14e8-4781-9f51-f7cc154aeb92 tempest-GroupsTest-1462492624 tempest-GroupsTest-1462492624-project] Deprecation Warning : cinder.keymgr.conf_key_mgr.ConfKeyManager is not a stevedore based driver, trying to load it as a class: stevedore.exception.NoMatches: No 'castellan.drivers' driver found, looking for 'cinder.keymgr.conf_key_mgr.ConfKeyManager'
Aug 09 18:15:50.979514 dv-cinder-797970-5-iscsi devstack@c-api.service[111407]: DEBUG oslo_db.sqlalchemy.engines [None req-f1ac0609-14e8-4781-9f51-f7cc154aeb92 tempest-GroupsTest-1462492624 tempest-GroupsTest-1462492624-project] MySQL server mode set to STRICT_TRANS_TABLES,STRICT_ALL_TABLES,NO_ZERO_IN_DATE,NO_ZERO_DATE,ERROR_FOR_DIVISION_BY_ZERO,TRADITIONAL,NO_ENGINE_SUBSTITUTION {{(pid=111407) _check_effective_sql_mode /usr/local/lib/python3.8/dist-packages/oslo_db/sqlalchemy/engines.py:314}}
Aug 09 18:15:50.997740 dv-cinder-797970-5-iscsi devstack@c-api.service[111407]: /usr/local/lib/python3.8/dist-packages/oslo_context/context.py:100: DeprecationWarning: Policy enforcement is depending on the value of is_admin. This key is deprecated. Please update your policy file to use the standard policy values.
Aug 09 18:15:50.997740 dv-cinder-797970-5-iscsi devstack@c-api.service[111407]: warnings.warn('Policy enforcement is depending on the value of '
Aug 09 18:15:51.025260 dv-cinder-797970-5-iscsi devstack@c-api.service[111407]: INFO cinder.api.openstack.wsgi [None req-f1ac0609-14e8-4781-9f51-f7cc154aeb92 tempest-GroupsTest-1462492624 tempest-GroupsTest-1462492624-project] http://10.222.0.36/volume/v3/e2a41d2c4ff343e59f3ca24bbdae5e41/volumes returned with HTTP 202
Aug 09 18:15:51.033436 dv-cinder-797970-5-iscsi devstack@c-api.service[111407]: [pid: 111407|app: 0|req: 71/159] 10.222.0.36 () {62 vars in 1277 bytes} [Tue Aug 9 18:15:50 2022] POST /volume/v3/e2a41d2c4ff343e59f3ca24bbdae5e41/volumes => generated 890 bytes in 969 msecs (HTTP/1.1 202) 7 headers in 292 bytes (1 switches on core 0)
Aug 09 18:15:51.049725 dv-cinder-797970-5-iscsi devstack@c-api.service[111408]: DEBUG cinder.api.middleware.request_id [None req-87ae51ad-2430-4068-8cfd-8b5d02faa354 None None] RequestId filter calling following filter/app {{(pid=111408) _context_setter /opt/stack/cinder/cinder/api/middleware/request_id.py:62}}
Aug 09 18:15:51.057239 dv-cinder-797970-5-iscsi devstack@c-api.service[111408]: INFO cinder.api.openstack.wsgi [None req-87ae51ad-2430-4068-8cfd-8b5d02faa354 tempest-GroupsTest-1462492624 tempest-GroupsTest-1462492624-project] GET http://10.222.0.36/volume/v3/e2a41d2c4ff343e59f3ca24bbdae5e41/volumes/f8e64434-4363-4f1e-8975-a0e43354693c
Aug 09 18:15:51.057239 dv-cinder-797970-5-iscsi devstack@c-api.service[111408]: DEBUG cinder.api.openstack.wsgi [None req-87ae51ad-2430-4068-8cfd-8b5d02faa354 tempest-GroupsTest-1462492624 tempest-GroupsTest-1462492624-project] Empty body provided in request {{(pid=111408) get_body /opt/stack/cinder/cinder/api/openstack/wsgi.py:715}}
Aug 09 18:15:51.057629 dv-cinder-797970-5-iscsi devstack@c-api.service[111408]: DEBUG cinder.api.openstack.wsgi [None req-87ae51ad-2430-4068-8cfd-8b5d02faa354 tempest-GroupsTest-1462492624 tempest-GroupsTest-1462492624-project] Calling method 'show' {{(pid=111408) _process_stack /opt/stack/cinder/cinder/api/openstack/wsgi.py:868}}
Aug 09 18:15:51.084054 dv-cinder-797970-5-iscsi devstack@c-api.service[111407]: DEBUG cinder.api.middleware.request_id [None req-efabfce7-8b31-45aa-970c-698d79975db7 None None] RequestId filter calling following filter/app {{(pid=111407) _context_setter /opt/stack/cinder/cinder/api/middleware/request_id.py:62}}
Aug 09 18:15:51.088266 dv-cinder-797970-5-iscsi devstack@c-api.service[111407]: INFO cinder.api.openstack.wsgi [None req-efabfce7-8b31-45aa-970c-698d79975db7 tempest-SnapshotsActionsTest-431271875 tempest-SnapshotsActionsTest-431271875-project] GET http://10.222.0.36/volume/v3/07ce79e5bbe04114907a30ebda502b83/volumes/366687f1-dbf5-4371-9117-e0387a259c68
Aug 09 18:15:51.088863 dv-cinder-797970-5-iscsi devstack@c-api.service[111407]: DEBUG cinder.api.openstack.wsgi [None req-efabfce7-8b31-45aa-970c-698d79975db7 tempest-SnapshotsActionsTest-431271875 tempest-SnapshotsActionsTest-431271875-project] Empty body provided in request {{(pid=111407) get_body /opt/stack/cinder/cinder/api/openstack/wsgi.py:715}}
Aug 09 18:15:51.089476 dv-cinder-797970-5-iscsi devstack@c-api.service[111407]: DEBUG cinder.api.openstack.wsgi [None req-efabfce7-8b31-45aa-970c-698d79975db7 tempest-SnapshotsActionsTest-431271875 tempest-SnapshotsActionsTest-431271875-project] Calling method 'show' {{(pid=111407) _process_stack /opt/stack/cinder/cinder/api/openstack/wsgi.py:868}}
Aug 09 18:15:51.090380 dv-cinder-797970-5-iscsi devstack@c-api.service[111408]: /usr/local/lib/python3.8/dist-packages/oslo_context/context.py:100: DeprecationWarning: Policy enforcement is depending on the value of is_admin. This key is deprecated. Please update your policy file to use the standard policy values.
Aug 09 18:15:51.090380 dv-cinder-797970-5-iscsi devstack@c-api.service[111408]: warnings.warn('Policy enforcement is depending on the value of '
Aug 09 18:15:51.104143 dv-cinder-797970-5-iscsi devstack@c-api.service[111408]: INFO cinder.volume.api [None req-87ae51ad-2430-4068-8cfd-8b5d02faa354 tempest-GroupsTest-1462492624 tempest-GroupsTest-1462492624-project] Volume info retrieved successfully.
Aug 09 18:15:51.106845 dv-cinder-797970-5-iscsi devstack@c-api.service[111408]: WARNING stevedore.named [None req-87ae51ad-2430-4068-8cfd-8b5d02faa354 tempest-GroupsTest-1462492624 tempest-GroupsTest-1462492624-project] Could not load cinder.keymgr.conf_key_mgr.ConfKeyManager
Aug 09 18:15:51.107892 dv-cinder-797970-5-iscsi devstack@c-api.service[111408]: WARNING castellan.key_manager [None req-87ae51ad-2430-4068-8cfd-8b5d02faa354 tempest-GroupsTest-1462492624 tempest-GroupsTest-1462492624-project] Deprecation Warning : cinder.keymgr.conf_key_mgr.ConfKeyManager is not a stevedore based driver, trying to load it as a class: stevedore.exception.NoMatches: No 'castellan.drivers' driver found, looking for 'cinder.keymgr.conf_key_mgr.ConfKeyManager'
Aug 09 18:15:51.124171 dv-cinder-797970-5-iscsi devstack@c-api.service[111408]: DEBUG oslo_db.sqlalchemy.engines [None req-87ae51ad-2430-4068-8cfd-8b5d02faa354 tempest-GroupsTest-1462492624 tempest-GroupsTest-1462492624-project] MySQL server mode set to STRICT_TRANS_TABLES,STRICT_ALL_TABLES,NO_ZERO_IN_DATE,NO_ZERO_DATE,ERROR_FOR_DIVISION_BY_ZERO,TRADITIONAL,NO_ENGINE_SUBSTITUTION {{(pid=111408) _check_effective_sql_mode /usr/local/lib/python3.8/dist-packages/oslo_db/sqlalchemy/engines.py:314}}
Aug 09 18:15:51.130414 dv-cinder-797970-5-iscsi devstack@c-api.service[111408]: DEBUG dbcounter [-] [111408] Writing DB stats cinder:SELECT=92,cinder:INSERT=5,cinder:UPDATE=3 {{(pid=111408) stat_writer /usr/local/lib/python3.8/dist-packages/dbcounter.py:114}}
Aug 09 18:15:51.136656 dv-cinder-797970-5-iscsi devstack@c-api.service[111408]: /usr/local/lib/python3.8/dist-packages/oslo_context/context.py:100: DeprecationWarning: Policy enforcement is depending on the value of is_admin. This key is deprecated. Please update your policy file to use the standard policy values.
Aug 09 18:15:51.136656 dv-cinder-797970-5-iscsi devstack@c-api.service[111408]: warnings.warn('Policy enforcement is depending on the value of '
Aug 09 18:15:51.142179 dv-cinder-797970-5-iscsi devstack@c-api.service[111407]: /usr/local/lib/python3.8/dist-packages/oslo_context/context.py:100: DeprecationWarning: Policy enforcement is depending on the value of is_admin. This key is deprecated. Please update your policy file to use the standard policy values.
Aug 09 18:15:51.142179 dv-cinder-797970-5-iscsi devstack@c-api.service[111407]: warnings.warn('Policy enforcement is depending on the value of '
Aug 09 18:15:51.167212 dv-cinder-797970-5-iscsi devstack@c-api.service[111407]: INFO cinder.volume.api [None req-efabfce7-8b31-45aa-970c-698d79975db7 tempest-SnapshotsActionsTest-431271875 tempest-SnapshotsActionsTest-431271875-project] Volume info retrieved successfully.
Aug 09 18:15:51.189852 dv-cinder-797970-5-iscsi devstack@c-api.service[111407]: INFO cinder.api.openstack.wsgi [None req-efabfce7-8b31-45aa-970c-698d79975db7 tempest-SnapshotsActionsTest-431271875 tempest-SnapshotsActionsTest-431271875-project] http://10.222.0.36/volume/v3/07ce79e5bbe04114907a30ebda502b83/volumes/366687f1-dbf5-4371-9117-e0387a259c68 returned with HTTP 200
Aug 09 18:15:51.191006 dv-cinder-797970-5-iscsi devstack@c-api.service[111407]: [pid: 111407|app: 0|req: 72/160] 10.222.0.36 () {58 vars in 1325 bytes} [Tue Aug 9 18:15:51 2022] GET /volume/v3/07ce79e5bbe04114907a30ebda502b83/volumes/366687f1-dbf5-4371-9117-e0387a259c68 => generated 912 bytes in 109 msecs (HTTP/1.1 200) 7 headers in 285 bytes (1 switches on core 0)
Aug 09 18:15:51.193067 dv-cinder-797970-5-iscsi devstack@c-api.service[111407]: DEBUG cinder.api.middleware.request_id [None req-3f749637-8772-490a-a768-92f3e961671d None None] RequestId filter calling following filter/app {{(pid=111407) _context_setter /opt/stack/cinder/cinder/api/middleware/request_id.py:62}}
Aug 09 18:15:51.198136 dv-cinder-797970-5-iscsi devstack@c-api.service[111407]: INFO cinder.api.openstack.wsgi [None req-3f749637-8772-490a-a768-92f3e961671d tempest-GroupSnapshotsTest-1987126809 tempest-GroupSnapshotsTest-1987126809-project] GET http://10.222.0.36/volume/v3/8e07f9d1cb104e298395fd112326f00f/volumes/db5ab0de-3b6f-403a-ba78-e74532908a3f
Aug 09 18:15:51.198814 dv-cinder-797970-5-iscsi devstack@c-api.service[111407]: DEBUG cinder.api.openstack.wsgi [None req-3f749637-8772-490a-a768-92f3e961671d tempest-GroupSnapshotsTest-1987126809 tempest-GroupSnapshotsTest-1987126809-project] Empty body provided in request {{(pid=111407) get_body /opt/stack/cinder/cinder/api/openstack/wsgi.py:715}}
Aug 09 18:15:51.204866 dv-cinder-797970-5-iscsi devstack@c-api.service[111407]: DEBUG cinder.api.openstack.wsgi [None req-3f749637-8772-490a-a768-92f3e961671d tempest-GroupSnapshotsTest-1987126809 tempest-GroupSnapshotsTest-1987126809-project] Calling method 'show' {{(pid=111407) _process_stack /opt/stack/cinder/cinder/api/openstack/wsgi.py:868}}
Aug 09 18:15:51.205005 dv-cinder-797970-5-iscsi devstack@c-api.service[111408]: INFO cinder.api.openstack.wsgi [None req-87ae51ad-2430-4068-8cfd-8b5d02faa354 tempest-GroupsTest-1462492624 tempest-GroupsTest-1462492624-project] http://10.222.0.36/volume/v3/e2a41d2c4ff343e59f3ca24bbdae5e41/volumes/f8e64434-4363-4f1e-8975-a0e43354693c returned with HTTP 200
Aug 09 18:15:51.207067 dv-cinder-797970-5-iscsi devstack@c-api.service[111408]: [pid: 111408|app: 0|req: 89/161] 10.222.0.36 () {60 vars in 1366 bytes} [Tue Aug 9 18:15:51 2022] GET /volume/v3/e2a41d2c4ff343e59f3ca24bbdae5e41/volumes/f8e64434-4363-4f1e-8975-a0e43354693c => generated 958 bytes in 158 msecs (HTTP/1.1 200) 7 headers in 286 bytes (1 switches on core 0)
Aug 09 18:15:51.214552 dv-cinder-797970-5-iscsi devstack@c-api.service[111408]: DEBUG cinder.api.middleware.request_id [req-31742205-c451-4dcd-9afe-8d635074a808 req-80715024-8ab6-47a8-921b-1c1d56ad5ba3 None None] RequestId filter calling following filter/app {{(pid=111408) _context_setter /opt/stack/cinder/cinder/api/middleware/request_id.py:62}}
Aug 09 18:15:51.226371 dv-cinder-797970-5-iscsi devstack@c-api.service[111407]: INFO cinder.api.openstack.wsgi [None req-3f749637-8772-490a-a768-92f3e961671d tempest-GroupSnapshotsTest-1987126809 tempest-GroupSnapshotsTest-1987126809-project] http://10.222.0.36/volume/v3/8e07f9d1cb104e298395fd112326f00f/volumes/db5ab0de-3b6f-403a-ba78-e74532908a3f returned with HTTP 404
Aug 09 18:15:51.231085 dv-cinder-797970-5-iscsi devstack@c-api.service[111407]: [pid: 111407|app: 0|req: 73/162] 10.222.0.36 () {60 vars in 1366 bytes} [Tue Aug 9 18:15:51 2022] GET /volume/v3/8e07f9d1cb104e298395fd112326f00f/volumes/db5ab0de-3b6f-403a-ba78-e74532908a3f => generated 109 bytes in 39 msecs (HTTP/1.1 404) 7 headers in 293 bytes (1 switches on core 0)
Aug 09 18:15:51.238975 dv-cinder-797970-5-iscsi devstack@c-api.service[111408]: INFO cinder.api.openstack.wsgi [req-31742205-c451-4dcd-9afe-8d635074a808 req-80715024-8ab6-47a8-921b-1c1d56ad5ba3 tempest-VolumesNegativeTest-1314304021 tempest-VolumesNegativeTest-1314304021-project] DELETE http://10.222.0.36/volume/v3/3e6cc8830ee5419a9eca383912f27a2b/volumes/tempest-invalid-46253089
Aug 09 18:15:51.238975 dv-cinder-797970-5-iscsi devstack@c-api.service[111408]: DEBUG cinder.api.openstack.wsgi [req-31742205-c451-4dcd-9afe-8d635074a808 req-80715024-8ab6-47a8-921b-1c1d56ad5ba3 tempest-VolumesNegativeTest-1314304021 tempest-VolumesNegativeTest-1314304021-project] Empty body provided in request {{(pid=111408) get_body /opt/stack/cinder/cinder/api/openstack/wsgi.py:715}}
Aug 09 18:15:51.238975 dv-cinder-797970-5-iscsi devstack@c-api.service[111408]: DEBUG cinder.api.openstack.wsgi [req-31742205-c451-4dcd-9afe-8d635074a808 req-80715024-8ab6-47a8-921b-1c1d56ad5ba3 tempest-VolumesNegativeTest-1314304021 tempest-VolumesNegativeTest-1314304021-project] Calling method 'delete' {{(pid=111408) _process_stack /opt/stack/cinder/cinder/api/openstack/wsgi.py:868}}
Aug 09 18:15:51.239544 dv-cinder-797970-5-iscsi devstack@c-api.service[111407]: DEBUG cinder.api.middleware.request_id [None req-9f79cfd7-1219-430e-b209-bb8a1039e3e6 None None] RequestId filter calling following filter/app {{(pid=111407) _context_setter /opt/stack/cinder/cinder/api/middleware/request_id.py:62}}
Aug 09 18:15:51.239641 dv-cinder-797970-5-iscsi devstack@c-api.service[111408]: INFO cinder.api.v3.volumes [req-31742205-c451-4dcd-9afe-8d635074a808 req-80715024-8ab6-47a8-921b-1c1d56ad5ba3 tempest-VolumesNegativeTest-1314304021 tempest-VolumesNegativeTest-1314304021-project] Delete volume with id: tempest-invalid-46253089
Aug 09 18:15:51.248557 dv-cinder-797970-5-iscsi devstack@c-api.service[111407]: INFO cinder.api.openstack.wsgi [None req-9f79cfd7-1219-430e-b209-bb8a1039e3e6 tempest-SnapshotsActionsTest-431271875 tempest-SnapshotsActionsTest-431271875-project] POST http://10.222.0.36/volume/v3/07ce79e5bbe04114907a30ebda502b83/snapshots
Aug 09 18:15:51.249283 dv-cinder-797970-5-iscsi devstack@c-api.service[111407]: DEBUG cinder.api.openstack.wsgi [None req-9f79cfd7-1219-430e-b209-bb8a1039e3e6 tempest-SnapshotsActionsTest-431271875 tempest-SnapshotsActionsTest-431271875-project] Action: 'create', calling method: create, body: {"snapshot": {"volume_id": "366687f1-dbf5-4371-9117-e0387a259c68", "name": "tempest-SnapshotsActionsTest-Snapshot-1365201677"}} {{(pid=111407) _process_stack /opt/stack/cinder/cinder/api/openstack/wsgi.py:866}}
Aug 09 18:15:51.286539 dv-cinder-797970-5-iscsi devstack@c-api.service[111407]: /usr/local/lib/python3.8/dist-packages/oslo_context/context.py:100: DeprecationWarning: Policy enforcement is depending on the value of is_admin. This key is deprecated. Please update your policy file to use the standard policy values.
Aug 09 18:15:51.286539 dv-cinder-797970-5-iscsi devstack@c-api.service[111407]: warnings.warn('Policy enforcement is depending on the value of '
Aug 09 18:15:51.288169 dv-cinder-797970-5-iscsi devstack@c-api.service[111407]: INFO cinder.volume.api [None req-9f79cfd7-1219-430e-b209-bb8a1039e3e6 tempest-SnapshotsActionsTest-431271875 tempest-SnapshotsActionsTest-431271875-project] Volume info retrieved successfully.
Aug 09 18:15:51.288625 dv-cinder-797970-5-iscsi devstack@c-api.service[111408]: INFO cinder.api.openstack.wsgi [req-31742205-c451-4dcd-9afe-8d635074a808 req-80715024-8ab6-47a8-921b-1c1d56ad5ba3 tempest-VolumesNegativeTest-1314304021 tempest-VolumesNegativeTest-1314304021-project] http://10.222.0.36/volume/v3/3e6cc8830ee5419a9eca383912f27a2b/volumes/tempest-invalid-46253089 returned with HTTP 404
Aug 09 18:15:51.296358 dv-cinder-797970-5-iscsi devstack@c-api.service[111408]: [pid: 111408|app: 0|req: 90/163] 10.222.0.36 () {62 vars in 1564 bytes} [Tue Aug 9 18:15:51 2022] DELETE /volume/v3/3e6cc8830ee5419a9eca383912f27a2b/volumes/tempest-invalid-46253089 => generated 97 bytes in 86 msecs (HTTP/1.1 404) 7 headers in 291 bytes (1 switches on core 0)
Aug 09 18:15:51.301211 dv-cinder-797970-5-iscsi devstack@c-api.service[111408]: DEBUG cinder.api.middleware.request_id [None req-bc892464-ca01-40f5-8267-efbf52a6f32f None None] RequestId filter calling following filter/app {{(pid=111408) _context_setter /opt/stack/cinder/cinder/api/middleware/request_id.py:62}}
Aug 09 18:15:51.305538 dv-cinder-797970-5-iscsi devstack@c-api.service[111407]: INFO cinder.api.v3.snapshots [None req-9f79cfd7-1219-430e-b209-bb8a1039e3e6 tempest-SnapshotsActionsTest-431271875 tempest-SnapshotsActionsTest-431271875-project] Create snapshot from volume 366687f1-dbf5-4371-9117-e0387a259c68
Aug 09 18:15:51.314498 dv-cinder-797970-5-iscsi devstack@c-api.service[111408]: INFO cinder.api.openstack.wsgi [None req-bc892464-ca01-40f5-8267-efbf52a6f32f tempest-GroupSnapshotsTest-1987126809 tempest-GroupSnapshotsTest-1987126809-project] GET http://10.222.0.36/volume/v3/8e07f9d1cb104e298395fd112326f00f/groups/9fb11d20-a736-491b-ac77-75d9a3fecb4c
Aug 09 18:15:51.315059 dv-cinder-797970-5-iscsi devstack@c-api.service[111408]: DEBUG cinder.api.openstack.wsgi [None req-bc892464-ca01-40f5-8267-efbf52a6f32f tempest-GroupSnapshotsTest-1987126809 tempest-GroupSnapshotsTest-1987126809-project] Empty body provided in request {{(pid=111408) get_body /opt/stack/cinder/cinder/api/openstack/wsgi.py:715}}
Aug 09 18:15:51.315528 dv-cinder-797970-5-iscsi devstack@c-api.service[111408]: DEBUG cinder.api.openstack.wsgi [None req-bc892464-ca01-40f5-8267-efbf52a6f32f tempest-GroupSnapshotsTest-1987126809 tempest-GroupSnapshotsTest-1987126809-project] Calling method 'version_select' {{(pid=111408) _process_stack /opt/stack/cinder/cinder/api/openstack/wsgi.py:868}}
Aug 09 18:15:51.315882 dv-cinder-797970-5-iscsi devstack@c-api.service[111408]: DEBUG cinder.api.v3.groups [None req-bc892464-ca01-40f5-8267-efbf52a6f32f tempest-GroupSnapshotsTest-1987126809 tempest-GroupSnapshotsTest-1987126809-project] show called for member 9fb11d20-a736-491b-ac77-75d9a3fecb4c {{(pid=111408) show /opt/stack/cinder/cinder/api/v3/groups.py:58}}
Aug 09 18:15:51.373023 dv-cinder-797970-5-iscsi devstack@c-api.service[111408]: INFO cinder.api.openstack.wsgi [None req-bc892464-ca01-40f5-8267-efbf52a6f32f tempest-GroupSnapshotsTest-1987126809 tempest-GroupSnapshotsTest-1987126809-project] http://10.222.0.36/volume/v3/8e07f9d1cb104e298395fd112326f00f/groups/9fb11d20-a736-491b-ac77-75d9a3fecb4c returned with HTTP 404
Aug 09 18:15:51.373976 dv-cinder-797970-5-iscsi devstack@c-api.service[111408]: [pid: 111408|app: 0|req: 91/164] 10.222.0.36 () {60 vars in 1363 bytes} [Tue Aug 9 18:15:51 2022] GET /volume/v3/8e07f9d1cb104e298395fd112326f00f/groups/9fb11d20-a736-491b-ac77-75d9a3fecb4c => generated 108 bytes in 79 msecs (HTTP/1.1 404) 7 headers in 293 bytes (1 switches on core 0)
Aug 09 18:15:51.382258 dv-cinder-797970-5-iscsi devstack@c-api.service[111408]: DEBUG cinder.api.middleware.request_id [None req-3d373a71-933f-4314-86d2-de471093ab2b None None] RequestId filter calling following filter/app {{(pid=111408) _context_setter /opt/stack/cinder/cinder/api/middleware/request_id.py:62}}
Aug 09 18:15:51.384592 dv-cinder-797970-5-iscsi devstack@c-api.service[111408]: INFO cinder.api.openstack.wsgi [None req-3d373a71-933f-4314-86d2-de471093ab2b tempest-GroupSnapshotsTest-318610182 tempest-GroupSnapshotsTest-318610182-project-admin] DELETE http://10.222.0.36/volume/v3/34a968bfc7e642f4bf83f6c5e87ce04d/group_types/429daa31-f9ed-4e5c-bdd6-f16284c297c4
Aug 09 18:15:51.386154 dv-cinder-797970-5-iscsi devstack@c-api.service[111408]: DEBUG cinder.api.openstack.wsgi [None req-3d373a71-933f-4314-86d2-de471093ab2b tempest-GroupSnapshotsTest-318610182 tempest-GroupSnapshotsTest-318610182-project-admin] Empty body provided in request {{(pid=111408) get_body /opt/stack/cinder/cinder/api/openstack/wsgi.py:715}}
Aug 09 18:15:51.386892 dv-cinder-797970-5-iscsi devstack@c-api.service[111408]: DEBUG cinder.api.openstack.wsgi [None req-3d373a71-933f-4314-86d2-de471093ab2b tempest-GroupSnapshotsTest-318610182 tempest-GroupSnapshotsTest-318610182-project-admin] Calling method 'version_select' {{(pid=111408) _process_stack /opt/stack/cinder/cinder/api/openstack/wsgi.py:868}}
Aug 09 18:15:51.409189 dv-cinder-797970-5-iscsi devstack@c-api.service[111407]: DEBUG dbcounter [-] [111407] Writing DB stats cinder:UPDATE=13,cinder:SELECT=79,cinder:INSERT=8 {{(pid=111407) stat_writer /usr/local/lib/python3.8/dist-packages/dbcounter.py:114}}
Aug 09 18:15:51.484998 dv-cinder-797970-5-iscsi devstack@c-api.service[111408]: INFO cinder.api.openstack.wsgi [None req-3d373a71-933f-4314-86d2-de471093ab2b tempest-GroupSnapshotsTest-318610182 tempest-GroupSnapshotsTest-318610182-project-admin] http://10.222.0.36/volume/v3/34a968bfc7e642f4bf83f6c5e87ce04d/group_types/429daa31-f9ed-4e5c-bdd6-f16284c297c4 returned with HTTP 202
Aug 09 18:15:51.486248 dv-cinder-797970-5-iscsi devstack@c-api.service[111408]: [pid: 111408|app: 0|req: 92/165] 10.222.0.36 () {60 vars in 1381 bytes} [Tue Aug 9 18:15:51 2022] DELETE /volume/v3/34a968bfc7e642f4bf83f6c5e87ce04d/group_types/429daa31-f9ed-4e5c-bdd6-f16284c297c4 => generated 0 bytes in 108 msecs (HTTP/1.1 202) 6 headers in 234 bytes (1 switches on core 0)
Aug 09 18:15:51.490519 dv-cinder-797970-5-iscsi devstack@c-api.service[111408]: DEBUG cinder.api.middleware.request_id [req-c325605f-1a2f-4199-a9ab-e2b9104ff73c req-a3b8e853-b9f3-4092-b64c-94320dc5bb3e None None] RequestId filter calling following filter/app {{(pid=111408) _context_setter /opt/stack/cinder/cinder/api/middleware/request_id.py:62}}
Aug 09 18:15:51.518255 dv-cinder-797970-5-iscsi devstack@c-api.service[111408]: INFO cinder.api.openstack.wsgi [req-c325605f-1a2f-4199-a9ab-e2b9104ff73c req-a3b8e853-b9f3-4092-b64c-94320dc5bb3e tempest-VolumesNegativeTest-1314304021 tempest-VolumesNegativeTest-1314304021-project] DELETE http://10.222.0.36/volume/v3/3e6cc8830ee5419a9eca383912f27a2b/volumes/823d600a-eac9-4d7a-95f0-356a93a7a895
Aug 09 18:15:51.524958 dv-cinder-797970-5-iscsi devstack@c-api.service[111408]: DEBUG cinder.api.openstack.wsgi [req-c325605f-1a2f-4199-a9ab-e2b9104ff73c req-a3b8e853-b9f3-4092-b64c-94320dc5bb3e tempest-VolumesNegativeTest-1314304021 tempest-VolumesNegativeTest-1314304021-project] Empty body provided in request {{(pid=111408) get_body /opt/stack/cinder/cinder/api/openstack/wsgi.py:715}}
Aug 09 18:15:51.527550 dv-cinder-797970-5-iscsi devstack@c-api.service[111408]: DEBUG cinder.api.openstack.wsgi [req-c325605f-1a2f-4199-a9ab-e2b9104ff73c req-a3b8e853-b9f3-4092-b64c-94320dc5bb3e tempest-VolumesNegativeTest-1314304021 tempest-VolumesNegativeTest-1314304021-project] Calling method 'delete' {{(pid=111408) _process_stack /opt/stack/cinder/cinder/api/openstack/wsgi.py:868}}
Aug 09 18:15:51.532283 dv-cinder-797970-5-iscsi devstack@c-api.service[111408]: INFO cinder.api.v3.volumes [req-c325605f-1a2f-4199-a9ab-e2b9104ff73c req-a3b8e853-b9f3-4092-b64c-94320dc5bb3e tempest-VolumesNegativeTest-1314304021 tempest-VolumesNegativeTest-1314304021-project] Delete volume with id: 823d600a-eac9-4d7a-95f0-356a93a7a895
Aug 09 18:15:51.571392 dv-cinder-797970-5-iscsi devstack@c-api.service[111408]: INFO cinder.api.openstack.wsgi [req-c325605f-1a2f-4199-a9ab-e2b9104ff73c req-a3b8e853-b9f3-4092-b64c-94320dc5bb3e tempest-VolumesNegativeTest-1314304021 tempest-VolumesNegativeTest-1314304021-project] http://10.222.0.36/volume/v3/3e6cc8830ee5419a9eca383912f27a2b/volumes/823d600a-eac9-4d7a-95f0-356a93a7a895 returned with HTTP 404
Aug 09 18:15:51.572902 dv-cinder-797970-5-iscsi devstack@c-api.service[111408]: [pid: 111408|app: 0|req: 93/166] 10.222.0.36 () {62 vars in 1600 bytes} [Tue Aug 9 18:15:51 2022] DELETE /volume/v3/3e6cc8830ee5419a9eca383912f27a2b/volumes/823d600a-eac9-4d7a-95f0-356a93a7a895 => generated 109 bytes in 86 msecs (HTTP/1.1 404) 7 headers in 292 bytes (1 switches on core 0)
Aug 09 18:15:51.574398 dv-cinder-797970-5-iscsi devstack@c-api.service[111408]: DEBUG cinder.api.middleware.request_id [None req-8ef79d7b-1687-4801-81f2-367b4de86bd8 None None] RequestId filter calling following filter/app {{(pid=111408) _context_setter /opt/stack/cinder/cinder/api/middleware/request_id.py:62}}
Aug 09 18:15:51.579590 dv-cinder-797970-5-iscsi devstack@c-api.service[111408]: INFO cinder.api.openstack.wsgi [None req-8ef79d7b-1687-4801-81f2-367b4de86bd8 tempest-GroupSnapshotsTest-318610182 tempest-GroupSnapshotsTest-318610182-project-admin] POST http://10.222.0.36/volume/v3/34a968bfc7e642f4bf83f6c5e87ce04d/types
Aug 09 18:15:51.580038 dv-cinder-797970-5-iscsi devstack@c-api.service[111408]: DEBUG cinder.api.openstack.wsgi [None req-8ef79d7b-1687-4801-81f2-367b4de86bd8 tempest-GroupSnapshotsTest-318610182 tempest-GroupSnapshotsTest-318610182-project-admin] Action: 'create', calling method: _create, body: {"volume_type": {"name": "tempest-GroupSnapshotsTest-volume-type-726792116"}} {{(pid=111408) _process_stack /opt/stack/cinder/cinder/api/openstack/wsgi.py:866}}
Aug 09 18:15:51.655854 dv-cinder-797970-5-iscsi devstack@c-api.service[111407]: DEBUG cinder.quota [None req-9f79cfd7-1219-430e-b209-bb8a1039e3e6 tempest-SnapshotsActionsTest-431271875 tempest-SnapshotsActionsTest-431271875-project] Created reservations ['5ce517a4-283c-454b-82c9-d70a118bd780', '1087cf89-a1b7-4300-a2df-1f10c7344df6', 'be1b4daa-e621-468d-9450-80e35cd96db4', '10fc0468-ff2f-4d63-bc0d-094cead38317'] {{(pid=111407) reserve /opt/stack/cinder/cinder/quota.py:755}}
Aug 09 18:15:51.693973 dv-cinder-797970-5-iscsi devstack@c-api.service[111408]: INFO cinder.api.openstack.wsgi [None req-8ef79d7b-1687-4801-81f2-367b4de86bd8 tempest-GroupSnapshotsTest-318610182 tempest-GroupSnapshotsTest-318610182-project-admin] http://10.222.0.36/volume/v3/34a968bfc7e642f4bf83f6c5e87ce04d/types returned with HTTP 200
Aug 09 18:15:51.695072 dv-cinder-797970-5-iscsi devstack@c-api.service[111408]: [pid: 111408|app: 0|req: 94/167] 10.222.0.36 () {60 vars in 1229 bytes} [Tue Aug 9 18:15:51 2022] POST /volume/v3/34a968bfc7e642f4bf83f6c5e87ce04d/types => generated 223 bytes in 121 msecs (HTTP/1.1 200) 7 headers in 285 bytes (1 switches on core 0)
Aug 09 18:15:51.696404 dv-cinder-797970-5-iscsi devstack@c-api.service[111408]: DEBUG cinder.api.middleware.request_id [req-32bbd43a-e058-4aa6-9525-8ec84e38c99e req-5c24533f-ae41-4e5a-ab7f-3bfcffd99510 None None] RequestId filter calling following filter/app {{(pid=111408) _context_setter /opt/stack/cinder/cinder/api/middleware/request_id.py:62}}
Aug 09 18:15:51.712100 dv-cinder-797970-5-iscsi devstack@c-api.service[111408]: INFO cinder.api.openstack.wsgi [req-32bbd43a-e058-4aa6-9525-8ec84e38c99e req-5c24533f-ae41-4e5a-ab7f-3bfcffd99510 tempest-VolumesNegativeTest-1314304021 tempest-VolumesNegativeTest-1314304021-project] GET http://10.222.0.36/volume/v3/3e6cc8830ee5419a9eca383912f27a2b/volumes/cc6f37a6-dad9-4483-830d-3a2e96cef616
Aug 09 18:15:51.712563 dv-cinder-797970-5-iscsi devstack@c-api.service[111408]: DEBUG cinder.api.openstack.wsgi [req-32bbd43a-e058-4aa6-9525-8ec84e38c99e req-5c24533f-ae41-4e5a-ab7f-3bfcffd99510 tempest-VolumesNegativeTest-1314304021 tempest-VolumesNegativeTest-1314304021-project] Empty body provided in request {{(pid=111408) get_body /opt/stack/cinder/cinder/api/openstack/wsgi.py:715}}
Aug 09 18:15:51.713028 dv-cinder-797970-5-iscsi devstack@c-api.service[111408]: DEBUG cinder.api.openstack.wsgi [req-32bbd43a-e058-4aa6-9525-8ec84e38c99e req-5c24533f-ae41-4e5a-ab7f-3bfcffd99510 tempest-VolumesNegativeTest-1314304021 tempest-VolumesNegativeTest-1314304021-project] Calling method 'show' {{(pid=111408) _process_stack /opt/stack/cinder/cinder/api/openstack/wsgi.py:868}}
Aug 09 18:15:51.744689 dv-cinder-797970-5-iscsi devstack@c-api.service[111408]: INFO cinder.api.openstack.wsgi [req-32bbd43a-e058-4aa6-9525-8ec84e38c99e req-5c24533f-ae41-4e5a-ab7f-3bfcffd99510 tempest-VolumesNegativeTest-1314304021 tempest-VolumesNegativeTest-1314304021-project] http://10.222.0.36/volume/v3/3e6cc8830ee5419a9eca383912f27a2b/volumes/cc6f37a6-dad9-4483-830d-3a2e96cef616 returned with HTTP 404
Aug 09 18:15:51.746112 dv-cinder-797970-5-iscsi devstack@c-api.service[111408]: [pid: 111408|app: 0|req: 95/168] 10.222.0.36 () {60 vars in 1578 bytes} [Tue Aug 9 18:15:51 2022] GET /volume/v3/3e6cc8830ee5419a9eca383912f27a2b/volumes/cc6f37a6-dad9-4483-830d-3a2e96cef616 => generated 109 bytes in 50 msecs (HTTP/1.1 404) 7 headers in 292 bytes (1 switches on core 0)
Aug 09 18:15:51.751822 dv-cinder-797970-5-iscsi devstack@c-api.service[111408]: DEBUG cinder.api.middleware.request_id [None req-faece43b-a6c7-4862-b2c1-0c6e98cc6076 None None] RequestId filter calling following filter/app {{(pid=111408) _context_setter /opt/stack/cinder/cinder/api/middleware/request_id.py:62}}
Aug 09 18:15:51.780995 dv-cinder-797970-5-iscsi devstack@c-api.service[111408]: INFO cinder.api.openstack.wsgi [None req-faece43b-a6c7-4862-b2c1-0c6e98cc6076 tempest-GroupSnapshotsTest-318610182 tempest-GroupSnapshotsTest-318610182-project-admin] POST http://10.222.0.36/volume/v3/34a968bfc7e642f4bf83f6c5e87ce04d/group_types
Aug 09 18:15:51.782187 dv-cinder-797970-5-iscsi devstack@c-api.service[111408]: DEBUG cinder.api.openstack.wsgi [None req-faece43b-a6c7-4862-b2c1-0c6e98cc6076 tempest-GroupSnapshotsTest-318610182 tempest-GroupSnapshotsTest-318610182-project-admin] Action: 'create', calling method: version_select, body: {"group_type": {"name": "tempest-GroupSnapshotsTest-group-type-1879868693"}} {{(pid=111408) _process_stack /opt/stack/cinder/cinder/api/openstack/wsgi.py:866}}
Aug 09 18:15:51.904459 dv-cinder-797970-5-iscsi devstack@c-api.service[111407]: INFO cinder.volume.api [None req-9f79cfd7-1219-430e-b209-bb8a1039e3e6 tempest-SnapshotsActionsTest-431271875 tempest-SnapshotsActionsTest-431271875-project] Snapshot create request issued successfully.
Aug 09 18:15:51.905409 dv-cinder-797970-5-iscsi devstack@c-api.service[111407]: INFO cinder.api.openstack.wsgi [None req-9f79cfd7-1219-430e-b209-bb8a1039e3e6 tempest-SnapshotsActionsTest-431271875 tempest-SnapshotsActionsTest-431271875-project] http://10.222.0.36/volume/v3/07ce79e5bbe04114907a30ebda502b83/snapshots returned with HTTP 202
Aug 09 18:15:51.913094 dv-cinder-797970-5-iscsi devstack@c-api.service[111407]: [pid: 111407|app: 0|req: 74/169] 10.222.0.36 () {60 vars in 1242 bytes} [Tue Aug 9 18:15:51 2022] POST /volume/v3/07ce79e5bbe04114907a30ebda502b83/snapshots => generated 307 bytes in 675 msecs (HTTP/1.1 202) 7 headers in 291 bytes (1 switches on core 0)
Aug 09 18:15:51.913272 dv-cinder-797970-5-iscsi devstack@c-api.service[111408]: INFO cinder.api.openstack.wsgi [None req-faece43b-a6c7-4862-b2c1-0c6e98cc6076 tempest-GroupSnapshotsTest-318610182 tempest-GroupSnapshotsTest-318610182-project-admin] http://10.222.0.36/volume/v3/34a968bfc7e642f4bf83f6c5e87ce04d/group_types returned with HTTP 202
Aug 09 18:15:51.913272 dv-cinder-797970-5-iscsi devstack@c-api.service[111408]: [pid: 111408|app: 0|req: 96/170] 10.222.0.36 () {62 vars in 1288 bytes} [Tue Aug 9 18:15:51 2022] POST /volume/v3/34a968bfc7e642f4bf83f6c5e87ce04d/group_types => generated 181 bytes in 164 msecs (HTTP/1.1 202) 7 headers in 292 bytes (1 switches on core 0)
Aug 09 18:15:51.916133 dv-cinder-797970-5-iscsi devstack@c-api.service[111407]: DEBUG cinder.api.middleware.request_id [None req-774de764-e079-454e-bf55-07964dfc653d None None] RequestId filter calling following filter/app {{(pid=111407) _context_setter /opt/stack/cinder/cinder/api/middleware/request_id.py:62}}
