Jul 27 09:05:27.693107 dv-cinder-797608-64-iscsi neutron-server[104131]: DEBUG neutron_lib.callbacks.manager [None req-38cf71be-c517-4a89-8fd8-cf31954ac919 admin admin] Publish callbacks ['neutron.api.rpc.agentnotifiers.dhcp_rpc_agent_api.DhcpAgentNotifyAPI._send_dhcp_notification-1585799'] for subnet (None), before_response {{(pid=104131) _notify_loop /usr/local/lib/python3.8/dist-packages/neutron_lib/callbacks/manager.py:176}}
Jul 27 09:05:27.715789 dv-cinder-797608-64-iscsi neutron-server[104131]: INFO neutron.wsgi [None req-38cf71be-c517-4a89-8fd8-cf31954ac919 admin admin] 10.222.0.33 "POST /v2.0/subnets HTTP/1.1" status: 201 len: 845 time: 0.5748131
Jul 27 09:05:27.735399 dv-cinder-797608-64-iscsi neutron-server[104130]: DEBUG neutron_lib.callbacks.manager [None req-cc1d8f84-a164-483e-8f34-5ff3e2a32d1b admin admin] Publish callbacks ['neutron.plugins.ml2.ovo_rpc._ObjectChangeHandler.handle_event-408486'] for security_group (0f148894-f905-4022-8776-af49c4ec0ef9), after_delete {{(pid=104130) _notify_loop /usr/local/lib/python3.8/dist-packages/neutron_lib/callbacks/manager.py:176}}
Jul 27 09:05:27.739277 dv-cinder-797608-64-iscsi neutron-server[104130]: DEBUG neutron_lib.callbacks.manager [None req-cc1d8f84-a164-483e-8f34-5ff3e2a32d1b admin admin] Publish callbacks [] for security_group (None), before_response {{(pid=104130) _notify_loop /usr/local/lib/python3.8/dist-packages/neutron_lib/callbacks/manager.py:176}}
Jul 27 09:05:27.742922 dv-cinder-797608-64-iscsi neutron-server[104130]: INFO neutron.wsgi [None req-cc1d8f84-a164-483e-8f34-5ff3e2a32d1b admin admin] 10.222.0.33 "DELETE /v2.0/security-groups/0f148894-f905-4022-8776-af49c4ec0ef9 HTTP/1.1" status: 204 len: 168 time: 0.1504898
Jul 27 09:05:27.749648 dv-cinder-797608-64-iscsi neutron-server[104130]: DEBUG neutron.api.rpc.handlers.resources_rpc [None req-cc1d8f84-a164-483e-8f34-5ff3e2a32d1b admin admin] Pushing event deleted for resources: {'SecurityGroup': ['ID=0f148894-f905-4022-8776-af49c4ec0ef9,revision_number=None']} {{(pid=104130) push /opt/stack/neutron/neutron/api/rpc/handlers/resources_rpc.py:237}}
Jul 27 09:05:27.780814 dv-cinder-797608-64-iscsi neutron-server[104132]: DEBUG dbcounter [-] [104132] Writing DB stats neutron:SELECT=99,neutron:UPDATE=1 {{(pid=104132) stat_writer /usr/local/lib/python3.8/dist-packages/dbcounter.py:114}}
Jul 27 09:05:27.821777 dv-cinder-797608-64-iscsi neutron-server[104132]: DEBUG neutron.api.rpc.handlers.dhcp_rpc [None req-af885efe-5cb9-4e18-ad41-80644dd63503 None None] Network 950ed157-4046-4900-80ea-0368a9b8b05c requested from dv-cinder-797608-64-iscsi {{(pid=104132) get_network_info /opt/stack/neutron/neutron/api/rpc/handlers/dhcp_rpc.py:191}}
Jul 27 09:05:27.966621 dv-cinder-797608-64-iscsi neutron-server[104130]: DEBUG neutron.pecan_wsgi.hooks.policy_enforcement [req-8e3ed422-c8dd-4518-88cb-7dd8d15092cb req-f8f81791-26d0-423c-8a85-7b99fa797c82 tempest-DeleteServersTestJSON-94359274 tempest-DeleteServersTestJSON-94359274-project] Attributes excluded by policy engine: ['standard_attr_id', 'binding:profile', 'binding:host_id', 'binding:vif_type', 'binding:vif_details'] {{(pid=104130) _exclude_attributes_by_policy /opt/stack/neutron/neutron/pecan_wsgi/hooks/policy_enforcement.py:259}}
Jul 27 09:05:27.969309 dv-cinder-797608-64-iscsi neutron-server[104130]: INFO neutron.wsgi [req-8e3ed422-c8dd-4518-88cb-7dd8d15092cb req-f8f81791-26d0-423c-8a85-7b99fa797c82 tempest-DeleteServersTestJSON-94359274 tempest-DeleteServersTestJSON-94359274-project] 10.222.0.33 "GET /v2.0/ports?device_id=c5b41c70-9b55-4ca1-a32b-bdc2ed3488f7 HTTP/1.1" status: 200 len: 943 time: 0.0795255
Jul 27 09:05:27.997158 dv-cinder-797608-64-iscsi neutron-server[104131]: DEBUG neutron.pecan_wsgi.hooks.policy_enforcement [req-c28d4a2c-f98b-40d2-9331-5bcc8fb452c6 req-3458bccc-17e7-4a83-8967-186841b9c62b tempest-AttachVolumeShelveTestJSON-2059746126 tempest-AttachVolumeShelveTestJSON-2059746126-project] Attributes excluded by policy engine: ['standard_attr_id', 'binding:profile', 'binding:host_id', 'binding:vif_type', 'binding:vif_details'] {{(pid=104131) _exclude_attributes_by_policy /opt/stack/neutron/neutron/pecan_wsgi/hooks/policy_enforcement.py:259}}
Jul 27 09:05:28.002015 dv-cinder-797608-64-iscsi neutron-server[104131]: INFO neutron.wsgi [req-c28d4a2c-f98b-40d2-9331-5bcc8fb452c6 req-3458bccc-17e7-4a83-8967-186841b9c62b tempest-AttachVolumeShelveTestJSON-2059746126 tempest-AttachVolumeShelveTestJSON-2059746126-project] 10.222.0.33 "GET /v2.0/ports?device_id=20213da7-326f-41bd-b775-0fb7238203e9 HTTP/1.1" status: 200 len: 944 time: 0.0682771
Jul 27 09:05:28.038422 dv-cinder-797608-64-iscsi neutron-server[104130]: INFO neutron.wsgi [req-8e3ed422-c8dd-4518-88cb-7dd8d15092cb req-66ca5fe9-70da-41d5-abe1-1c0e81fc3388 tempest-DeleteServersTestJSON-94359274 tempest-DeleteServersTestJSON-94359274-project] 10.222.0.33 "GET /v2.0/security-groups?id=c4fcf13b-40dd-44b2-9c24-5a203186d5de&fields=id&fields=name HTTP/1.1" status: 200 len: 286 time: 0.0613711
Jul 27 09:05:28.061905 dv-cinder-797608-64-iscsi neutron-server[104131]: INFO neutron.wsgi [req-c28d4a2c-f98b-40d2-9331-5bcc8fb452c6 req-6e1d54cb-633e-461f-a1cf-87fe014d4856 tempest-AttachVolumeShelveTestJSON-2059746126 tempest-AttachVolumeShelveTestJSON-2059746126-project] 10.222.0.33 "GET /v2.0/security-groups?id=51e4ccdc-efeb-4e65-a920-4743a95e7f6a&fields=id&fields=name HTTP/1.1" status: 200 len: 313 time: 0.0532858
Jul 27 09:05:28.268324 dv-cinder-797608-64-iscsi neutron-server[104131]: INFO neutron.wsgi [req-cd54413a-a10b-4ef4-a6f5-2a3bdc7f8e4e req-9a7ae7d1-9b02-4ee8-acab-9db34fccbb76 service neutron] 10.222.0.18 "GET /v2.0/floatingips?fixed_ip_address=172.20.0.12&port_id=93857c74-06f2-4e64-951c-128509b48787 HTTP/1.1" status: 200 len: 217 time: 0.0722549
Jul 27 09:05:28.269520 dv-cinder-797608-64-iscsi neutron-server[104131]: INFO neutron.wsgi [req-28ddb5b2-658c-4028-bb67-ff0115b9ccfa req-0c6b4c5d-de3f-4ce1-91c3-f8c310f2ce46 service neutron] 10.222.0.18 "GET /v2.0/floatingips?fixed_ip_address=172.20.0.8&port_id=98d34bd7-ddcb-42ef-969d-8a7a6fcfc9c8 HTTP/1.1" status: 200 len: 217 time: 0.0845494
Jul 27 09:05:28.317182 dv-cinder-797608-64-iscsi neutron-server[104131]: DEBUG neutron.wsgi [-] (104131) accepted ('10.222.0.33', 42562) {{(pid=104131) server /usr/local/lib/python3.8/dist-packages/eventlet/wsgi.py:1004}}
Jul 27 09:05:28.387253 dv-cinder-797608-64-iscsi neutron-server[104131]: DEBUG neutron_lib.callbacks.manager [None req-f6577c89-7a44-4ae7-994d-26d2038d25c3 admin admin] Publish callbacks [] for security_group (None), before_create {{(pid=104131) _notify_loop /usr/local/lib/python3.8/dist-packages/neutron_lib/callbacks/manager.py:176}}
Jul 27 09:05:28.413624 dv-cinder-797608-64-iscsi neutron-server[104131]: DEBUG dbcounter [-] [104131] Writing DB stats neutron:SELECT=92,neutron:INSERT=7,neutron:UPDATE=1 {{(pid=104131) stat_writer /usr/local/lib/python3.8/dist-packages/dbcounter.py:114}}
Jul 27 09:05:28.447270 dv-cinder-797608-64-iscsi neutron-server[104131]: DEBUG neutron.pecan_wsgi.hooks.policy_enforcement [req-28ddb5b2-658c-4028-bb67-ff0115b9ccfa req-5ace55fb-4aa9-4866-8309-f99779648594 service neutron] Attributes excluded by policy engine: ['standard_attr_id', 'shared'] {{(pid=104131) _exclude_attributes_by_policy /opt/stack/neutron/neutron/pecan_wsgi/hooks/policy_enforcement.py:259}}
Jul 27 09:05:28.448797 dv-cinder-797608-64-iscsi neutron-server[104131]: INFO neutron.wsgi [req-28ddb5b2-658c-4028-bb67-ff0115b9ccfa req-5ace55fb-4aa9-4866-8309-f99779648594 service neutron] 10.222.0.18 "GET /v2.0/subnets?id=2bacf1c6-5e21-4fbf-a297-ad6e2b34fb0e HTTP/1.1" status: 200 len: 858 time: 0.1677322
Jul 27 09:05:28.454390 dv-cinder-797608-64-iscsi neutron-server[104131]: DEBUG neutron.pecan_wsgi.hooks.policy_enforcement [req-cd54413a-a10b-4ef4-a6f5-2a3bdc7f8e4e req-8c2c9b0b-663b-47fa-818f-199ea5bca645 service neutron] Attributes excluded by policy engine: ['standard_attr_id', 'shared'] {{(pid=104131) _exclude_attributes_by_policy /opt/stack/neutron/neutron/pecan_wsgi/hooks/policy_enforcement.py:259}}
Jul 27 09:05:28.463305 dv-cinder-797608-64-iscsi neutron-server[104131]: INFO neutron.wsgi [req-cd54413a-a10b-4ef4-a6f5-2a3bdc7f8e4e req-8c2c9b0b-663b-47fa-818f-199ea5bca645 service neutron] 10.222.0.18 "GET /v2.0/subnets?id=2bacf1c6-5e21-4fbf-a297-ad6e2b34fb0e HTTP/1.1" status: 200 len: 858 time: 0.1760437
Jul 27 09:05:28.527616 dv-cinder-797608-64-iscsi neutron-server[104132]: DEBUG neutron.plugins.ml2.db [None req-f0a1f4e6-130f-4c8c-86da-227441d375fc None None] get_ports_and_sgs() called for port_ids ['93857c74-06f2-4e64-951c-128509b48787'] {{(pid=104132) get_ports_and_sgs /opt/stack/neutron/neutron/plugins/ml2/db.py:156}}
Jul 27 09:05:28.561927 dv-cinder-797608-64-iscsi neutron-server[104130]: DEBUG neutron.pecan_wsgi.hooks.policy_enforcement [req-3eacf34f-ca47-4d85-a307-d06fc37f8ed3 req-1bfb0425-e348-46ad-9b40-0f23ee6cc8fa service neutron] Attributes excluded by policy engine: ['standard_attr_id', 'shared', 'segment_id'] {{(pid=104130) _exclude_attributes_by_policy /opt/stack/neutron/neutron/pecan_wsgi/hooks/policy_enforcement.py:259}}
Jul 27 09:05:28.563629 dv-cinder-797608-64-iscsi neutron-server[104130]: INFO neutron.wsgi [req-3eacf34f-ca47-4d85-a307-d06fc37f8ed3 req-1bfb0425-e348-46ad-9b40-0f23ee6cc8fa service neutron] 10.222.0.18 "GET /v2.0/subnets?id=bf423e77-7a0b-4951-80f6-13add85dec52 HTTP/1.1" status: 200 len: 854 time: 0.3807030
Jul 27 09:05:28.577598 dv-cinder-797608-64-iscsi neutron-server[104130]: DEBUG neutron.pecan_wsgi.hooks.policy_enforcement [req-144bd523-8170-4ef4-9f7c-9fc3b5217ba0 req-4975fec7-db4a-48bd-8be7-955e0517f823 tempest-AttachVolumeNegativeTest-833075458 tempest-AttachVolumeNegativeTest-833075458-project] Attributes excluded by policy engine: ['standard_attr_id', 'binding:profile', 'binding:host_id', 'binding:vif_type', 'binding:vif_details'] {{(pid=104130) _exclude_attributes_by_policy /opt/stack/neutron/neutron/pecan_wsgi/hooks/policy_enforcement.py:259}}
Jul 27 09:05:28.579231 dv-cinder-797608-64-iscsi neutron-server[104130]: INFO neutron.wsgi [req-144bd523-8170-4ef4-9f7c-9fc3b5217ba0 req-4975fec7-db4a-48bd-8be7-955e0517f823 tempest-AttachVolumeNegativeTest-833075458 tempest-AttachVolumeNegativeTest-833075458-project] 10.222.0.33 "GET /v2.0/ports?device_id=0c09eab3-aefe-4c50-b06c-46dfd39da7a6 HTTP/1.1" status: 200 len: 944 time: 0.1822665
Jul 27 09:05:28.582056 dv-cinder-797608-64-iscsi neutron-server[104131]: DEBUG neutron.pecan_wsgi.hooks.policy_enforcement [req-28ddb5b2-658c-4028-bb67-ff0115b9ccfa req-66aea809-75ec-40a4-a70f-245a00efa63f service neutron] Attributes excluded by policy engine: ['standard_attr_id'] {{(pid=104131) _exclude_attributes_by_policy /opt/stack/neutron/neutron/pecan_wsgi/hooks/policy_enforcement.py:259}}
Jul 27 09:05:28.584120 dv-cinder-797608-64-iscsi neutron-server[104131]: INFO neutron.wsgi [req-28ddb5b2-658c-4028-bb67-ff0115b9ccfa req-66aea809-75ec-40a4-a70f-245a00efa63f service neutron] 10.222.0.18 "GET /v2.0/ports?network_id=9ed67304-6657-4210-b748-2a039b60f99b&device_owner=network%3Adhcp HTTP/1.1" status: 200 len: 1213 time: 0.1034992
Jul 27 09:05:28.585983 dv-cinder-797608-64-iscsi neutron-server[104131]: DEBUG neutron.pecan_wsgi.hooks.policy_enforcement [req-cd54413a-a10b-4ef4-a6f5-2a3bdc7f8e4e req-20537a74-eb76-46ac-ab3c-e28d30787222 service neutron] Attributes excluded by policy engine: ['standard_attr_id'] {{(pid=104131) _exclude_attributes_by_policy /opt/stack/neutron/neutron/pecan_wsgi/hooks/policy_enforcement.py:259}}
Jul 27 09:05:28.587545 dv-cinder-797608-64-iscsi neutron-server[104131]: INFO neutron.wsgi [req-cd54413a-a10b-4ef4-a6f5-2a3bdc7f8e4e req-20537a74-eb76-46ac-ab3c-e28d30787222 service neutron] 10.222.0.18 "GET /v2.0/ports?network_id=9ed67304-6657-4210-b748-2a039b60f99b&device_owner=network%3Adhcp HTTP/1.1" status: 200 len: 1213 time: 0.1234386
Jul 27 09:05:28.728065 dv-cinder-797608-64-iscsi neutron-server[104130]: INFO neutron.wsgi [req-eaa5b5eb-97d9-46f3-b02f-c4219db3cf73 req-c24ef659-80e1-4a36-b5dc-0904f073bb6d service neutron] 10.222.0.18 "GET /v2.0/networks/87ec4288-2bce-495d-8c80-78a4359efdd7?fields=segments HTTP/1.1" status: 200 len: 212 time: 0.5222714
Jul 27 09:05:28.731260 dv-cinder-797608-64-iscsi neutron-server[104130]: DEBUG neutron.pecan_wsgi.hooks.policy_enforcement [req-803cb8a6-ec03-43f0-8d86-cb7b5c3f1015 req-1520fb7a-53f8-4c2a-8635-b57585f04996 service neutron] Attributes excluded by policy engine: ['standard_attr_id', 'vlan_transparent'] {{(pid=104130) _exclude_attributes_by_policy /opt/stack/neutron/neutron/pecan_wsgi/hooks/policy_enforcement.py:259}}
Jul 27 09:05:28.733766 dv-cinder-797608-64-iscsi neutron-server[104130]: INFO neutron.wsgi [req-803cb8a6-ec03-43f0-8d86-cb7b5c3f1015 req-1520fb7a-53f8-4c2a-8635-b57585f04996 service neutron] 10.222.0.18 "GET /v2.0/networks?tenant_id=cebf61d3bcd54689abcd1334772bfa51&shared=False HTTP/1.1" status: 200 len: 918 time: 0.5285842
Jul 27 09:05:28.742465 dv-cinder-797608-64-iscsi neutron-server[104130]: DEBUG neutron.pecan_wsgi.hooks.policy_enforcement [req-3eacf34f-ca47-4d85-a307-d06fc37f8ed3 req-f730403b-3d7b-4506-92da-ca2fdf90a828 service neutron] Attributes excluded by policy engine: ['standard_attr_id'] {{(pid=104130) _exclude_attributes_by_policy /opt/stack/neutron/neutron/pecan_wsgi/hooks/policy_enforcement.py:259}}
Jul 27 09:05:28.744200 dv-cinder-797608-64-iscsi neutron-server[104130]: INFO neutron.wsgi [req-3eacf34f-ca47-4d85-a307-d06fc37f8ed3 req-f730403b-3d7b-4506-92da-ca2fdf90a828 service neutron] 10.222.0.18 "GET /v2.0/ports?network_id=effe6ca8-c538-478b-abc9-f3d649387e81&device_owner=network%3Adhcp HTTP/1.1" status: 200 len: 1213 time: 0.1551411
Jul 27 09:05:28.997525 dv-cinder-797608-64-iscsi neutron-server[104131]: DEBUG neutron.pecan_wsgi.hooks.policy_enforcement [req-9b4c9ef0-8faa-406e-be82-8f79d7731935 req-b31540a2-873f-4d41-9e9d-ba100026758e tempest-ServerRescueNegativeTestJSON-752225481 tempest-ServerRescueNegativeTestJSON-752225481-project] Attributes excluded by policy engine: ['standard_attr_id', 'binding:profile', 'binding:host_id', 'binding:vif_type', 'binding:vif_details'] {{(pid=104131) _exclude_attributes_by_policy /opt/stack/neutron/neutron/pecan_wsgi/hooks/policy_enforcement.py:259}}
Jul 27 09:05:28.999138 dv-cinder-797608-64-iscsi neutron-server[104131]: INFO neutron.wsgi [req-9b4c9ef0-8faa-406e-be82-8f79d7731935 req-b31540a2-873f-4d41-9e9d-ba100026758e tempest-ServerRescueNegativeTestJSON-752225481 tempest-ServerRescueNegativeTestJSON-752225481-project] 10.222.0.33 "GET /v2.0/ports?device_id=7153fbcc-b11f-4390-abff-969685efd1e5 HTTP/1.1" status: 200 len: 943 time: 0.4269555
Jul 27 09:05:29.062643 dv-cinder-797608-64-iscsi neutron-server[104131]: DEBUG dbcounter [-] [104131] Writing DB stats neutron:SELECT=91,neutron:UPDATE=2,neutron:DELETE=2,neutron:INSERT=5 {{(pid=104131) stat_writer /usr/local/lib/python3.8/dist-packages/dbcounter.py:114}}
Jul 27 09:05:29.099828 dv-cinder-797608-64-iscsi neutron-server[104132]: DEBUG neutron_lib.callbacks.manager [None req-6027530c-c85a-4b6d-b7f8-bf9ee04bdcdd None None] Publish callbacks ['neutron.services.segments.db._update_segment_host_mapping_for_agent-8781042771384', 'neutron.plugins.ml2.plugin.Ml2Plugin._retry_binding_revived_agents-1171674'] for agent (ff30e382-45fa-4f1e-8960-4ba950a669a6), after_update {{(pid=104132) _notify_loop /usr/local/lib/python3.8/dist-packages/neutron_lib/callbacks/manager.py:176}}
Jul 27 09:05:29.126507 dv-cinder-797608-64-iscsi neutron-server[104131]: INFO neutron.wsgi [req-cd54413a-a10b-4ef4-a6f5-2a3bdc7f8e4e req-e6f5e817-b50f-4ad1-b4a8-b1f2982ae3e9 service neutron] 10.222.0.18 "GET /v2.0/networks/9ed67304-6657-4210-b748-2a039b60f99b?fields=segments HTTP/1.1" status: 200 len: 212 time: 0.5283971
Jul 27 09:05:29.127918 dv-cinder-797608-64-iscsi neutron-server[104130]: INFO neutron.wsgi [req-144bd523-8170-4ef4-9f7c-9fc3b5217ba0 req-a7151d9f-07f6-47ea-bbf6-aaf49064f033 tempest-AttachVolumeNegativeTest-833075458 tempest-AttachVolumeNegativeTest-833075458-project] 10.222.0.33 "GET /v2.0/security-groups?id=63156228-2443-48ec-bcdc-38fc059f48a1&fields=id&fields=name HTTP/1.1" status: 200 len: 313 time: 0.5375500
Jul 27 09:05:29.133463 dv-cinder-797608-64-iscsi neutron-server[104131]: DEBUG neutron_lib.callbacks.manager [None req-f6577c89-7a44-4ae7-994d-26d2038d25c3 admin admin] Publish callbacks [] for security_group (b11e2af5-e3bb-4f81-857a-2e30d14b1d72), precommit_create {{(pid=104131) _notify_loop /usr/local/lib/python3.8/dist-packages/neutron_lib/callbacks/manager.py:176}}
Jul 27 09:05:29.136780 dv-cinder-797608-64-iscsi neutron-server[104131]: INFO neutron.wsgi [req-28ddb5b2-658c-4028-bb67-ff0115b9ccfa req-b2f7a63a-f080-42e9-870d-4db8a2a2f698 service neutron] 10.222.0.18 "GET /v2.0/networks/9ed67304-6657-4210-b748-2a039b60f99b?fields=segments HTTP/1.1" status: 200 len: 212 time: 0.5112200
Jul 27 09:05:29.162442 dv-cinder-797608-64-iscsi neutron-server[104131]: DEBUG neutron_lib.callbacks.manager [None req-f6577c89-7a44-4ae7-994d-26d2038d25c3 admin admin] Publish callbacks ['neutron.plugins.ml2.ovo_rpc._ObjectChangeHandler.handle_event-408486'] for security_group (b11e2af5-e3bb-4f81-857a-2e30d14b1d72), after_create {{(pid=104131) _notify_loop /usr/local/lib/python3.8/dist-packages/neutron_lib/callbacks/manager.py:176}}
Jul 27 09:05:29.250216 dv-cinder-797608-64-iscsi neutron-server[104131]: INFO neutron.wsgi [req-9b4c9ef0-8faa-406e-be82-8f79d7731935 req-af9b15b4-7700-48ef-aeb1-6e400ff6c804 tempest-ServerRescueNegativeTestJSON-752225481 tempest-ServerRescueNegativeTestJSON-752225481-project] 10.222.0.33 "GET /v2.0/security-groups?id=844225b4-45e1-4a58-97fa-658c1d187e57&fields=id&fields=name HTTP/1.1" status: 200 len: 286 time: 0.2388904
Jul 27 09:05:29.314761 dv-cinder-797608-64-iscsi neutron-server[104131]: INFO neutron.wsgi [None req-f6577c89-7a44-4ae7-994d-26d2038d25c3 admin admin] 10.222.0.33 "GET /v2.0/security-groups?tenant_id=9ae03254f49c4637b214a48cfd42e096&name=default HTTP/1.1" status: 200 len: 2996 time: 0.9667687
Jul 27 09:05:29.323191 dv-cinder-797608-64-iscsi neutron-server[104130]: DEBUG neutron.wsgi [-] (104130) accepted ('10.222.0.33', 42596) {{(pid=104130) server /usr/local/lib/python3.8/dist-packages/eventlet/wsgi.py:1004}}
Jul 27 09:05:29.327737 dv-cinder-797608-64-iscsi neutron-server[104131]: DEBUG neutron.api.rpc.handlers.resources_rpc [None req-f6577c89-7a44-4ae7-994d-26d2038d25c3 admin admin] Pushing event updated for resources: {'SecurityGroup': ['ID=b11e2af5-e3bb-4f81-857a-2e30d14b1d72,revision_number=1']} {{(pid=104131) push /opt/stack/neutron/neutron/api/rpc/handlers/resources_rpc.py:237}}
Jul 27 09:05:29.376246 dv-cinder-797608-64-iscsi neutron-server[104130]: INFO neutron.wsgi [req-eaa5b5eb-97d9-46f3-b02f-c4219db3cf73 req-03260389-a80c-4a6b-8e47-9e6a79285ce2 service neutron] 10.222.0.18 "GET /v2.0/networks/87ec4288-2bce-495d-8c80-78a4359efdd7?fields=provider%3Aphysical_network&fields=provider%3Anetwork_type HTTP/1.1" status: 200 len: 281 time: 0.6353092
Jul 27 09:05:29.376764 dv-cinder-797608-64-iscsi neutron-server[104130]: DEBUG dbcounter [-] [104130] Writing DB stats neutron:SELECT=98,neutron:DELETE=2 {{(pid=104130) stat_writer /usr/local/lib/python3.8/dist-packages/dbcounter.py:114}}
Jul 27 09:05:29.413914 dv-cinder-797608-64-iscsi neutron-server[104131]: INFO neutron.wsgi [req-28ddb5b2-658c-4028-bb67-ff0115b9ccfa req-3dab4d71-7db4-4166-9ea9-a5bfff3ccbf1 service neutron] 10.222.0.18 "GET /v2.0/networks/9ed67304-6657-4210-b748-2a039b60f99b?fields=provider%3Aphysical_network&fields=provider%3Anetwork_type HTTP/1.1" status: 200 len: 281 time: 0.2639227
Jul 27 09:05:29.416235 dv-cinder-797608-64-iscsi neutron-server[104130]: DEBUG neutron.pecan_wsgi.hooks.policy_enforcement [req-4e1383ff-075c-465e-b53c-176ee7cbe092 req-ec7d5c87-c2ac-4b31-a0bd-0a4094e2f163 tempest-DeleteServersTestJSON-94359274 tempest-DeleteServersTestJSON-94359274-project] Attributes excluded by policy engine: ['standard_attr_id', 'binding:profile', 'binding:host_id', 'binding:vif_type', 'binding:vif_details'] {{(pid=104130) _exclude_attributes_by_policy /opt/stack/neutron/neutron/pecan_wsgi/hooks/policy_enforcement.py:259}}
Jul 27 09:05:29.418347 dv-cinder-797608-64-iscsi neutron-server[104130]: INFO neutron.wsgi [req-4e1383ff-075c-465e-b53c-176ee7cbe092 req-ec7d5c87-c2ac-4b31-a0bd-0a4094e2f163 tempest-DeleteServersTestJSON-94359274 tempest-DeleteServersTestJSON-94359274-project] 10.222.0.33 "GET /v2.0/ports?device_id=c5b41c70-9b55-4ca1-a32b-bdc2ed3488f7 HTTP/1.1" status: 200 len: 943 time: 0.1902876
Jul 27 09:05:29.423415 dv-cinder-797608-64-iscsi neutron-server[104131]: INFO neutron.wsgi [req-cd54413a-a10b-4ef4-a6f5-2a3bdc7f8e4e req-930dd9df-4915-474d-bce5-355ac4229eda service neutron] 10.222.0.18 "GET /v2.0/networks/9ed67304-6657-4210-b748-2a039b60f99b?fields=provider%3Aphysical_network&fields=provider%3Anetwork_type HTTP/1.1" status: 200 len: 281 time: 0.2846684
Jul 27 09:05:29.430290 dv-cinder-797608-64-iscsi neutron-server[104131]: DEBUG neutron.pecan_wsgi.hooks.policy_enforcement [req-e21841bf-86d2-48ed-9a9d-70d9a840c676 req-999f49a1-2b83-443c-a1b6-e4dd73966455 tempest-AttachVolumeShelveTestJSON-2059746126 tempest-AttachVolumeShelveTestJSON-2059746126-project] Attributes excluded by policy engine: ['standard_attr_id', 'binding:profile', 'binding:host_id', 'binding:vif_type', 'binding:vif_details'] {{(pid=104131) _exclude_attributes_by_policy /opt/stack/neutron/neutron/pecan_wsgi/hooks/policy_enforcement.py:259}}
Jul 27 09:05:29.430428 dv-cinder-797608-64-iscsi neutron-server[104130]: DEBUG dbcounter [-] [104130] Writing DB stats neutron:SELECT=98,neutron:DELETE=2 {{(pid=104130) stat_writer /usr/local/lib/python3.8/dist-packages/dbcounter.py:114}}
Jul 27 09:05:29.431574 dv-cinder-797608-64-iscsi neutron-server[104131]: INFO neutron.wsgi [req-e21841bf-86d2-48ed-9a9d-70d9a840c676 req-999f49a1-2b83-443c-a1b6-e4dd73966455 tempest-AttachVolumeShelveTestJSON-2059746126 tempest-AttachVolumeShelveTestJSON-2059746126-project] 10.222.0.33 "GET /v2.0/ports?device_id=20213da7-326f-41bd-b775-0fb7238203e9 HTTP/1.1" status: 200 len: 944 time: 0.0969136
Jul 27 09:05:29.460994 dv-cinder-797608-64-iscsi neutron-server[104130]: DEBUG neutron.pecan_wsgi.hooks.policy_enforcement [req-803cb8a6-ec03-43f0-8d86-cb7b5c3f1015 req-5304fe7a-d2ab-49ef-93cc-51dc12ea3ca5 service neutron] Attributes excluded by policy engine: ['standard_attr_id', 'vlan_transparent'] {{(pid=104130) _exclude_attributes_by_policy /opt/stack/neutron/neutron/pecan_wsgi/hooks/policy_enforcement.py:259}}
Jul 27 09:05:29.462536 dv-cinder-797608-64-iscsi neutron-server[104130]: INFO neutron.wsgi [req-803cb8a6-ec03-43f0-8d86-cb7b5c3f1015 req-5304fe7a-d2ab-49ef-93cc-51dc12ea3ca5 service neutron] 10.222.0.18 "GET /v2.0/networks?shared=True HTTP/1.1" status: 200 len: 870 time: 0.7171366
Jul 27 09:05:29.487702 dv-cinder-797608-64-iscsi neutron-server[104130]: INFO neutron.wsgi [req-3eacf34f-ca47-4d85-a307-d06fc37f8ed3 req-22d39d30-cc58-4df4-8110-52377f9b22dd service neutron] 10.222.0.18 "GET /v2.0/networks/effe6ca8-c538-478b-abc9-f3d649387e81?fields=segments HTTP/1.1" status: 200 len: 212 time: 0.7299800
Jul 27 09:05:29.496724 dv-cinder-797608-64-iscsi neutron-server[104131]: INFO neutron.wsgi [req-e21841bf-86d2-48ed-9a9d-70d9a840c676 req-b6d01ace-d5d9-4132-99d8-746d94fb4ee0 tempest-AttachVolumeShelveTestJSON-2059746126 tempest-AttachVolumeShelveTestJSON-2059746126-project] 10.222.0.33 "GET /v2.0/security-groups?id=51e4ccdc-efeb-4e65-a920-4743a95e7f6a&fields=id&fields=name HTTP/1.1" status: 200 len: 313 time: 0.0569723
Jul 27 09:05:29.527102 dv-cinder-797608-64-iscsi neutron-server[104130]: INFO neutron.wsgi [req-4e1383ff-075c-465e-b53c-176ee7cbe092 req-ae6c61c5-eb2d-4f65-bf99-896f033aa151 tempest-DeleteServersTestJSON-94359274 tempest-DeleteServersTestJSON-94359274-project] 10.222.0.33 "GET /v2.0/security-groups?id=c4fcf13b-40dd-44b2-9c24-5a203186d5de&fields=id&fields=name HTTP/1.1" status: 200 len: 286 time: 0.0896156
Jul 27 09:05:29.537104 dv-cinder-797608-64-iscsi neutron-server[104130]: DEBUG neutron_lib.callbacks.manager [None req-f8315b7f-7ee0-4e64-919f-aa4faffd9076 admin admin] Publish callbacks [] for security_group (b11e2af5-e3bb-4f81-857a-2e30d14b1d72), before_delete {{(pid=104130) _notify_loop /usr/local/lib/python3.8/dist-packages/neutron_lib/callbacks/manager.py:176}}
Jul 27 09:05:29.564987 dv-cinder-797608-64-iscsi neutron-server[104130]: DEBUG neutron_lib.callbacks.manager [None req-f8315b7f-7ee0-4e64-919f-aa4faffd9076 admin admin] Publish callbacks [] for security_group (b11e2af5-e3bb-4f81-857a-2e30d14b1d72), precommit_delete {{(pid=104130) _notify_loop /usr/local/lib/python3.8/dist-packages/neutron_lib/callbacks/manager.py:176}}
Jul 27 09:05:29.617387 dv-cinder-797608-64-iscsi neutron-server[104130]: DEBUG neutron_lib.callbacks.manager [None req-f8315b7f-7ee0-4e64-919f-aa4faffd9076 admin admin] Publish callbacks ['neutron.plugins.ml2.ovo_rpc._ObjectChangeHandler.handle_event-408486'] for security_group (b11e2af5-e3bb-4f81-857a-2e30d14b1d72), after_delete {{(pid=104130) _notify_loop /usr/local/lib/python3.8/dist-packages/neutron_lib/callbacks/manager.py:176}}
Jul 27 09:05:29.620070 dv-cinder-797608-64-iscsi neutron-server[104130]: DEBUG neutron_lib.callbacks.manager [None req-f8315b7f-7ee0-4e64-919f-aa4faffd9076 admin admin] Publish callbacks [] for security_group (None), before_response {{(pid=104130) _notify_loop /usr/local/lib/python3.8/dist-packages/neutron_lib/callbacks/manager.py:176}}
Jul 27 09:05:29.621327 dv-cinder-797608-64-iscsi neutron-server[104130]: INFO neutron.wsgi [None req-f8315b7f-7ee0-4e64-919f-aa4faffd9076 admin admin] 10.222.0.33 "DELETE /v2.0/security-groups/b11e2af5-e3bb-4f81-857a-2e30d14b1d72 HTTP/1.1" status: 204 len: 168 time: 0.2825897
Jul 27 09:05:29.629988 dv-cinder-797608-64-iscsi neutron-server[104130]: DEBUG neutron.api.rpc.handlers.resources_rpc [None req-f8315b7f-7ee0-4e64-919f-aa4faffd9076 admin admin] Pushing event deleted for resources: {'SecurityGroup': ['ID=b11e2af5-e3bb-4f81-857a-2e30d14b1d72,revision_number=None']} {{(pid=104130) push /opt/stack/neutron/neutron/api/rpc/handlers/resources_rpc.py:237}}
Jul 27 09:05:30.097999 dv-cinder-797608-64-iscsi neutron-server[104131]: DEBUG dbcounter [-] [104131] Writing DB stats neutron:SELECT=94,neutron:INSERT=6 {{(pid=104131) stat_writer /usr/local/lib/python3.8/dist-packages/dbcounter.py:114}}
Jul 27 09:05:30.239436 dv-cinder-797608-64-iscsi neutron-server[104130]: INFO neutron.wsgi [req-3eacf34f-ca47-4d85-a307-d06fc37f8ed3 req-1c959927-0257-4262-af2b-efc1e145c28f service neutron] 10.222.0.18 "GET /v2.0/networks/effe6ca8-c538-478b-abc9-f3d649387e81?fields=provider%3Aphysical_network&fields=provider%3Anetwork_type HTTP/1.1" status: 200 len: 281 time: 0.1781228
Jul 27 09:05:30.249145 dv-cinder-797608-64-iscsi neutron-server[104131]: DEBUG neutron.pecan_wsgi.hooks.policy_enforcement [req-f33a6114-4d1c-4152-960f-095eedbb940f req-386e5717-324f-482a-b165-09b560780da2 service neutron] Attributes excluded by policy engine: ['standard_attr_id'] {{(pid=104131) _exclude_attributes_by_policy /opt/stack/neutron/neutron/pecan_wsgi/hooks/policy_enforcement.py:259}}
Jul 27 09:05:30.250839 dv-cinder-797608-64-iscsi neutron-server[104131]: INFO neutron.wsgi [req-f33a6114-4d1c-4152-960f-095eedbb940f req-386e5717-324f-482a-b165-09b560780da2 service neutron] 10.222.0.18 "GET /v2.0/ports?tenant_id=cebf61d3bcd54689abcd1334772bfa51&device_id=20213da7-326f-41bd-b775-0fb7238203e9 HTTP/1.1" status: 200 len: 1128 time: 0.0887160
Jul 27 09:05:30.292784 dv-cinder-797608-64-iscsi neutron-server[104131]: DEBUG neutron.pecan_wsgi.hooks.policy_enforcement [req-650c8719-7dba-4504-9370-6c0d1ff32c2f req-592bf488-a3f0-4899-bab9-60e76f1b41d6 service neutron] Attributes excluded by policy engine: ['standard_attr_id'] {{(pid=104131) _exclude_attributes_by_policy /opt/stack/neutron/neutron/pecan_wsgi/hooks/policy_enforcement.py:259}}
Jul 27 09:05:30.294312 dv-cinder-797608-64-iscsi neutron-server[104131]: INFO neutron.wsgi [req-650c8719-7dba-4504-9370-6c0d1ff32c2f req-592bf488-a3f0-4899-bab9-60e76f1b41d6 service neutron] 10.222.0.18 "GET /v2.0/ports?tenant_id=f4f76f9325f24ecfa442596320f8aafd&device_id=c5b41c70-9b55-4ca1-a32b-bdc2ed3488f7 HTTP/1.1" status: 200 len: 1127 time: 0.2179987
Jul 27 09:05:30.314335 dv-cinder-797608-64-iscsi neutron-server[104131]: DEBUG neutron.pecan_wsgi.hooks.policy_enforcement [req-efe1c9d6-0955-4192-8721-3e6d0a109a7f req-97c1abd1-8313-4103-9b01-469519e2354e tempest-AttachVolumeNegativeTest-833075458 tempest-AttachVolumeNegativeTest-833075458-project] Attributes excluded by policy engine: ['standard_attr_id', 'binding:profile', 'binding:host_id', 'binding:vif_type', 'binding:vif_details'] {{(pid=104131) _exclude_attributes_by_policy /opt/stack/neutron/neutron/pecan_wsgi/hooks/policy_enforcement.py:259}}
Jul 27 09:05:30.316047 dv-cinder-797608-64-iscsi neutron-server[104131]: INFO neutron.wsgi [req-efe1c9d6-0955-4192-8721-3e6d0a109a7f req-97c1abd1-8313-4103-9b01-469519e2354e tempest-AttachVolumeNegativeTest-833075458 tempest-AttachVolumeNegativeTest-833075458-project] 10.222.0.33 "GET /v2.0/ports?device_id=0c09eab3-aefe-4c50-b06c-46dfd39da7a6 HTTP/1.1" status: 200 len: 944 time: 0.0639086
Jul 27 09:05:30.374194 dv-cinder-797608-64-iscsi neutron-server[104131]: INFO neutron.wsgi [req-efe1c9d6-0955-4192-8721-3e6d0a109a7f req-188467f5-a025-4e35-bb4b-89d55ae00a52 tempest-AttachVolumeNegativeTest-833075458 tempest-AttachVolumeNegativeTest-833075458-project] 10.222.0.33 "GET /v2.0/security-groups?id=63156228-2443-48ec-bcdc-38fc059f48a1&fields=id&fields=name HTTP/1.1" status: 200 len: 313 time: 0.0483174
Jul 27 09:05:30.425745 dv-cinder-797608-64-iscsi neutron-server[104132]: DEBUG neutron.plugins.ml2.rpc [None req-f0a1f4e6-130f-4c8c-86da-227441d375fc None None] Device 06bad0ac-7b56-44e1-ae95-23369fa7135d details requested by agent hyperv_hv-cinder-79760 with host hv-cinder-79760 {{(pid=104132) get_device_details /opt/stack/neutron/neutron/plugins/ml2/rpc.py:102}}
Jul 27 09:05:30.444666 dv-cinder-797608-64-iscsi neutron-server[104132]: DEBUG neutron.plugins.ml2.rpc [None req-f0a1f4e6-130f-4c8c-86da-227441d375fc None None] Device 93857c74-06f2-4e64-951c-128509b48787 up at agent hyperv_hv-cinder-79760 {{(pid=104132) update_device_up /opt/stack/neutron/neutron/plugins/ml2/rpc.py:296}}
Jul 27 09:05:30.478710 dv-cinder-797608-64-iscsi neutron-server[104130]: DEBUG neutron.pecan_wsgi.hooks.policy_enforcement [req-9bae4c9a-5244-46c3-9911-d1e5db043bfd req-95423ee3-7d87-42ff-9612-cfafa552e72e tempest-ServerRescueNegativeTestJSON-752225481 tempest-ServerRescueNegativeTestJSON-752225481-project] Attributes excluded by policy engine: ['standard_attr_id', 'binding:profile', 'binding:host_id', 'binding:vif_type', 'binding:vif_details'] {{(pid=104130) _exclude_attributes_by_policy /opt/stack/neutron/neutron/pecan_wsgi/hooks/policy_enforcement.py:259}}
Jul 27 09:05:30.494252 dv-cinder-797608-64-iscsi neutron-server[104130]: INFO neutron.wsgi [req-9bae4c9a-5244-46c3-9911-d1e5db043bfd req-95423ee3-7d87-42ff-9612-cfafa552e72e tempest-ServerRescueNegativeTestJSON-752225481 tempest-ServerRescueNegativeTestJSON-752225481-project] 10.222.0.33 "GET /v2.0/ports?device_id=7153fbcc-b11f-4390-abff-969685efd1e5 HTTP/1.1" status: 200 len: 943 time: 0.1215887
Jul 27 09:05:30.502614 dv-cinder-797608-64-iscsi neutron-server[104132]: DEBUG dbcounter [-] [104132] Writing DB stats neutron:SELECT=97,neutron:UPDATE=3 {{(pid=104132) stat_writer /usr/local/lib/python3.8/dist-packages/dbcounter.py:114}}
Jul 27 09:05:30.532489 dv-cinder-797608-64-iscsi neutron-server[104132]: DEBUG neutron_lib.callbacks.manager [None req-e074edf5-313f-466e-910e-6b69d3a07009 None None] Publish callbacks ['neutron.services.segments.db._update_segment_host_mapping_for_agent-8781042771384', 'neutron.plugins.ml2.plugin.Ml2Plugin._retry_binding_revived_agents-1171674'] for agent (813e8b8b-b368-4489-ab09-424ed7182fd1), after_update {{(pid=104132) _notify_loop /usr/local/lib/python3.8/dist-packages/neutron_lib/callbacks/manager.py:176}}
Jul 27 09:05:30.600047 dv-cinder-797608-64-iscsi neutron-server[104130]: INFO neutron.wsgi [req-9bae4c9a-5244-46c3-9911-d1e5db043bfd req-5ed370cd-82e4-4fe0-a47e-6d8af78421ed tempest-ServerRescueNegativeTestJSON-752225481 tempest-ServerRescueNegativeTestJSON-752225481-project] 10.222.0.33 "GET /v2.0/security-groups?id=844225b4-45e1-4a58-97fa-658c1d187e57&fields=id&fields=name HTTP/1.1" status: 200 len: 286 time: 0.1025364
Jul 27 09:05:30.769529 dv-cinder-797608-64-iscsi neutron-server[104131]: DEBUG neutron.pecan_wsgi.hooks.policy_enforcement [req-5c3f7bdb-4f6b-429a-9e40-3d72aafb4574 req-7c8aa7d5-834d-49b0-ad35-f01c45807d50 tempest-AttachVolumeShelveTestJSON-2059746126 tempest-AttachVolumeShelveTestJSON-2059746126-project] Attributes excluded by policy engine: ['standard_attr_id', 'binding:profile', 'binding:host_id', 'binding:vif_type', 'binding:vif_details'] {{(pid=104131) _exclude_attributes_by_policy /opt/stack/neutron/neutron/pecan_wsgi/hooks/policy_enforcement.py:259}}
Jul 27 09:05:30.779298 dv-cinder-797608-64-iscsi neutron-server[104131]: INFO neutron.wsgi [req-5c3f7bdb-4f6b-429a-9e40-3d72aafb4574 req-7c8aa7d5-834d-49b0-ad35-f01c45807d50 tempest-AttachVolumeShelveTestJSON-2059746126 tempest-AttachVolumeShelveTestJSON-2059746126-project] 10.222.0.33 "GET /v2.0/ports?device_id=20213da7-326f-41bd-b775-0fb7238203e9 HTTP/1.1" status: 200 len: 944 time: 0.1294177
Jul 27 09:05:30.780888 dv-cinder-797608-64-iscsi neutron-server[104130]: DEBUG neutron.pecan_wsgi.hooks.policy_enforcement [req-5db0e7fb-c01f-4421-a5e8-f68939d0d341 req-30f42531-7725-46dd-a434-6254d870885e tempest-DeleteServersTestJSON-94359274 tempest-DeleteServersTestJSON-94359274-project] Attributes excluded by policy engine: ['standard_attr_id', 'binding:profile', 'binding:host_id', 'binding:vif_type', 'binding:vif_details'] {{(pid=104130) _exclude_attributes_by_policy /opt/stack/neutron/neutron/pecan_wsgi/hooks/policy_enforcement.py:259}}
Jul 27 09:05:30.784917 dv-cinder-797608-64-iscsi neutron-server[104132]: DEBUG neutron.db.provisioning_blocks [None req-f0a1f4e6-130f-4c8c-86da-227441d375fc None None] Provisioning for port 93857c74-06f2-4e64-951c-128509b48787 completed by entity L2. {{(pid=104132) provisioning_complete /opt/stack/neutron/neutron/db/provisioning_blocks.py:137}}
Jul 27 09:05:30.786397 dv-cinder-797608-64-iscsi neutron-server[104130]: INFO neutron.wsgi [req-5db0e7fb-c01f-4421-a5e8-f68939d0d341 req-30f42531-7725-46dd-a434-6254d870885e tempest-DeleteServersTestJSON-94359274 tempest-DeleteServersTestJSON-94359274-project] 10.222.0.33 "GET /v2.0/ports?device_id=c5b41c70-9b55-4ca1-a32b-bdc2ed3488f7 HTTP/1.1" status: 200 len: 943 time: 0.0950596
Jul 27 09:05:30.820060 dv-cinder-797608-64-iscsi neutron-server[104132]: DEBUG neutron.plugins.ml2.db [None req-f0a1f4e6-130f-4c8c-86da-227441d375fc None None] For port 06bad0ac-7b56-44e1-ae95-23369fa7135d, host hv-cinder-79760, got binding levels [PortBindingLevel(driver='hyperv',host='hv-cinder-79760',level=0,port_id=06bad0ac-7b56-44e1-ae95-23369fa7135d,segment=NetworkSegment(f3fbed27-5840-4d03-94ff-319ade59aa5f),segment_id=f3fbed27-5840-4d03-94ff-319ade59aa5f)] {{(pid=104132) get_binding_level_objs /opt/stack/neutron/neutron/plugins/ml2/db.py:74}}
Jul 27 09:05:30.821808 dv-cinder-797608-64-iscsi neutron-server[104132]: DEBUG neutron.db.provisioning_blocks [None req-f0a1f4e6-130f-4c8c-86da-227441d375fc None None] Provisioning complete for port 93857c74-06f2-4e64-951c-128509b48787 triggered by entity L2. {{(pid=104132) provisioning_complete /opt/stack/neutron/neutron/db/provisioning_blocks.py:145}}
Jul 27 09:05:30.822966 dv-cinder-797608-64-iscsi neutron-server[104132]: DEBUG neutron_lib.callbacks.manager [None req-f0a1f4e6-130f-4c8c-86da-227441d375fc None None] Publish callbacks ['neutron.plugins.ml2.plugin.Ml2Plugin._port_provisioned-1171616'] for port (93857c74-06f2-4e64-951c-128509b48787), provisioning_complete {{(pid=104132) _notify_loop /usr/local/lib/python3.8/dist-packages/neutron_lib/callbacks/manager.py:176}}
Jul 27 09:05:30.908625 dv-cinder-797608-64-iscsi neutron-server[104132]: DEBUG neutron.plugins.ml2.rpc [None req-f0a1f4e6-130f-4c8c-86da-227441d375fc None None] Returning: {'device': '06bad0ac-7b56-44e1-ae95-23369fa7135d', 'network_id': '87ec4288-2bce-495d-8c80-78a4359efdd7', 'port_id': '06bad0ac-7b56-44e1-ae95-23369fa7135d', 'mac_address': 'fa:16:3e:47:fb:23', 'admin_state_up': True, 'network_type': 'vlan', 'segmentation_id': 435, 'physical_network': 'physnet1', 'mtu': 1500, 'fixed_ips': [{'subnet_id': '043d3f7b-e2b4-42eb-9f12-25f43c9127cb', 'ip_address': '172.20.0.3'}], 'device_owner': 'compute:nova', 'allowed_address_pairs': [], 'port_security_enabled': True, 'qos_policy_id': None, 'qos_network_policy_id': None, 'profile': {}, 'propagate_uplink_status': False} {{(pid=104132) _get_device_details /opt/stack/neutron/neutron/plugins/ml2/rpc.py:184}}
Jul 27 09:05:30.924235 dv-cinder-797608-64-iscsi neutron-server[104130]: INFO neutron.wsgi [req-5db0e7fb-c01f-4421-a5e8-f68939d0d341 req-5b544fca-c131-4641-b099-0e0dda7d36fc tempest-DeleteServersTestJSON-94359274 tempest-DeleteServersTestJSON-94359274-project] 10.222.0.33 "GET /v2.0/security-groups?id=c4fcf13b-40dd-44b2-9c24-5a203186d5de&fields=id&fields=name HTTP/1.1" status: 200 len: 286 time: 0.1312404
Jul 27 09:05:30.969788 dv-cinder-797608-64-iscsi neutron-server[104131]: INFO neutron.wsgi [req-5c3f7bdb-4f6b-429a-9e40-3d72aafb4574 req-96f8100f-d976-40d6-aac5-c7fac57c926b tempest-AttachVolumeShelveTestJSON-2059746126 tempest-AttachVolumeShelveTestJSON-2059746126-project] 10.222.0.33 "GET /v2.0/security-groups?id=51e4ccdc-efeb-4e65-a920-4743a95e7f6a&fields=id&fields=name HTTP/1.1" status: 200 len: 313 time: 0.1802261
Jul 27 09:05:31.087743 dv-cinder-797608-64-iscsi neutron-server[104132]: DEBUG neutron.plugins.ml2.plugin [None req-f0a1f4e6-130f-4c8c-86da-227441d375fc None None] Current status of the port 06bad0ac-7b56-44e1-ae95-23369fa7135d is: DOWN; New status is: BUILD {{(pid=104132) _update_individual_port_db_status /opt/stack/neutron/neutron/plugins/ml2/plugin.py:2292}}
Jul 27 09:05:31.088215 dv-cinder-797608-64-iscsi neutron-server[104132]: DEBUG neutron_lib.callbacks.manager [None req-f0a1f4e6-130f-4c8c-86da-227441d375fc None None] Publish callbacks ['neutron.plugins.ml2.plugin.SecurityGroupDbMixin._ensure_default_security_group_handler-1297091'] for port (06bad0ac-7b56-44e1-ae95-23369fa7135d), before_update {{(pid=104132) _notify_loop /usr/local/lib/python3.8/dist-packages/neutron_lib/callbacks/manager.py:176}}
Jul 27 09:05:31.094001 dv-cinder-797608-64-iscsi neutron-server[104131]: INFO neutron.wsgi [req-f33a6114-4d1c-4152-960f-095eedbb940f req-65cc92a8-74a4-4f63-b670-c2e9d653cc2b service neutron] 10.222.0.18 "GET /v2.0/floatingips?fixed_ip_address=172.20.0.13&port_id=84e37b58-cfd1-4d00-a208-9384f9af392b HTTP/1.1" status: 200 len: 217 time: 0.2120466
Jul 27 09:05:31.111255 dv-cinder-797608-64-iscsi neutron-server[104132]: DEBUG neutron.plugins.ml2.plugin [None req-f0a1f4e6-130f-4c8c-86da-227441d375fc None None] Current status of the port 93857c74-06f2-4e64-951c-128509b48787 is: BUILD; New status is: ACTIVE {{(pid=104132) _update_individual_port_db_status /opt/stack/neutron/neutron/plugins/ml2/plugin.py:2292}}
Jul 27 09:05:31.111726 dv-cinder-797608-64-iscsi neutron-server[104132]: DEBUG neutron_lib.callbacks.manager [None req-f0a1f4e6-130f-4c8c-86da-227441d375fc None None] Publish callbacks ['neutron.plugins.ml2.plugin.SecurityGroupDbMixin._ensure_default_security_group_handler-1297091'] for port (93857c74-06f2-4e64-951c-128509b48787), before_update {{(pid=104132) _notify_loop /usr/local/lib/python3.8/dist-packages/neutron_lib/callbacks/manager.py:176}}
Jul 27 09:05:31.114860 dv-cinder-797608-64-iscsi neutron-server[104132]: DEBUG neutron.notifiers.nova [None req-f0a1f4e6-130f-4c8c-86da-227441d375fc None None] Ignoring state change previous_port_status: DOWN current_port_status: BUILD port_id 06bad0ac-7b56-44e1-ae95-23369fa7135d {{(pid=104132) record_port_status_changed /opt/stack/neutron/neutron/notifiers/nova.py:233}}
Jul 27 09:05:31.148953 dv-cinder-797608-64-iscsi neutron-server[104131]: DEBUG neutron.pecan_wsgi.hooks.policy_enforcement [req-650c8719-7dba-4504-9370-6c0d1ff32c2f req-1fd94c63-bb4b-491c-a8d9-1b76de0a5ae4 service neutron] Attributes excluded by policy engine: ['standard_attr_id', 'vlan_transparent'] {{(pid=104131) _exclude_attributes_by_policy /opt/stack/neutron/neutron/pecan_wsgi/hooks/policy_enforcement.py:259}}
Jul 27 09:05:31.150483 dv-cinder-797608-64-iscsi neutron-server[104131]: INFO neutron.wsgi [req-650c8719-7dba-4504-9370-6c0d1ff32c2f req-1fd94c63-bb4b-491c-a8d9-1b76de0a5ae4 service neutron] 10.222.0.18 "GET /v2.0/networks?id=87ec4288-2bce-495d-8c80-78a4359efdd7 HTTP/1.1" status: 200 len: 913 time: 0.2711334
Jul 27 09:05:31.157599 dv-cinder-797608-64-iscsi neutron-server[104132]: DEBUG neutron.plugins.ml2.db [None req-f0a1f4e6-130f-4c8c-86da-227441d375fc None None] For port 06bad0ac-7b56-44e1-ae95-23369fa7135d, host hv-cinder-79760, got binding levels [PortBindingLevel(driver='hyperv',host='hv-cinder-79760',level=0,port_id=06bad0ac-7b56-44e1-ae95-23369fa7135d,segment=NetworkSegment(f3fbed27-5840-4d03-94ff-319ade59aa5f),segment_id=f3fbed27-5840-4d03-94ff-319ade59aa5f)] {{(pid=104132) get_binding_level_objs /opt/stack/neutron/neutron/plugins/ml2/db.py:74}}
Jul 27 09:05:31.164272 dv-cinder-797608-64-iscsi neutron-server[104132]: DEBUG neutron.notifiers.nova [-] Sending events: [{'server_uuid': '583fd69f-8c45-4b97-b0af-1f5d703612e6', 'name': 'network-vif-plugged', 'status': 'completed', 'tag': '93857c74-06f2-4e64-951c-128509b48787'}] {{(pid=104132) send_events /opt/stack/neutron/neutron/notifiers/nova.py:271}}
Jul 27 09:05:31.240429 dv-cinder-797608-64-iscsi neutron-server[104132]: DEBUG neutron_lib.callbacks.manager [None req-f0a1f4e6-130f-4c8c-86da-227441d375fc None None] Publish callbacks ['neutron.plugins.ml2.plugin.SecurityGroupServerNotifierRpcMixin._notify_sg_on_port_change-1297166', 'neutron.plugins.ml2.ovo_rpc._ObjectChangeHandler.handle_event-99063', 'neutron.api.rpc.agentnotifiers.dhcp_rpc_agent_api.DhcpAgentNotifyAPI._native_event_send_dhcp_notification-1585833', 'neutron.db.l3_db.L3RpcNotifierMixin._notify_gateway_port_ip_changed-8781042697692', 'neutron.db.l3_dvrscheduler_db._notify_l3_agent_port_update-8781042317653', 'neutron.db.l3_hascheduler_db._notify_l3_agent_ha_port_update-8781042317671'] for port (06bad0ac-7b56-44e1-ae95-23369fa7135d), after_update {{(pid=104132) _notify_loop /usr/local/lib/python3.8/dist-packages/neutron_lib/callbacks/manager.py:176}}
Jul 27 09:05:31.255113 dv-cinder-797608-64-iscsi neutron-server[104132]: DEBUG neutron.plugins.ml2.db [None req-f0a1f4e6-130f-4c8c-86da-227441d375fc None None] For port 93857c74-06f2-4e64-951c-128509b48787, host hv-cinder-79760, got binding levels [PortBindingLevel(driver='hyperv',host='hv-cinder-79760',level=0,port_id=93857c74-06f2-4e64-951c-128509b48787,segment=NetworkSegment(143a4167-d4b5-45b4-a7e3-b2362078dff5),segment_id=143a4167-d4b5-45b4-a7e3-b2362078dff5)] {{(pid=104132) get_binding_level_objs /opt/stack/neutron/neutron/plugins/ml2/db.py:74}}
Jul 27 09:05:31.397462 dv-cinder-797608-64-iscsi neutron-server[104132]: DEBUG novaclient.v2.client [-] REQ: curl -g -i --cacert "/opt/stack/data/ca-bundle.pem" -X POST http://10.222.0.33/compute/v2.1/os-server-external-events -H "Accept: application/json" -H "Content-Type: application/json" -H "User-Agent: python-novaclient" -H "X-Auth-Token: {SHA256}d03de0bcd9a0e7877af8047efdd90d8c5d24f6c6f1a3317b31e867edbb03e53d" -H "X-OpenStack-Nova-API-Version: 2.1" -H "X-OpenStack-Request-ID: req-0e7c54f0-807f-4b99-95dc-0ac587c54701" -d '{"events": [{"server_uuid": "583fd69f-8c45-4b97-b0af-1f5d703612e6", "name": "network-vif-plugged", "status": "completed", "tag": "93857c74-06f2-4e64-951c-128509b48787"}]}' {{(pid=104132) _http_log_request /usr/local/lib/python3.8/dist-packages/keystoneauth1/session.py:519}}
Jul 27 09:05:31.406028 dv-cinder-797608-64-iscsi neutron-server[104132]: DEBUG neutron_lib.callbacks.manager [None req-f0a1f4e6-130f-4c8c-86da-227441d375fc None None] Publish callbacks ['neutron.plugins.ml2.plugin.SecurityGroupServerNotifierRpcMixin._notify_sg_on_port_change-1297166', 'neutron.plugins.ml2.ovo_rpc._ObjectChangeHandler.handle_event-99063', 'neutron.api.rpc.agentnotifiers.dhcp_rpc_agent_api.DhcpAgentNotifyAPI._native_event_send_dhcp_notification-1585833', 'neutron.db.l3_db.L3RpcNotifierMixin._notify_gateway_port_ip_changed-8781042697692', 'neutron.db.l3_dvrscheduler_db._notify_l3_agent_port_update-8781042317653', 'neutron.db.l3_hascheduler_db._notify_l3_agent_ha_port_update-8781042317671'] for port (93857c74-06f2-4e64-951c-128509b48787), after_update {{(pid=104132) _notify_loop /usr/local/lib/python3.8/dist-packages/neutron_lib/callbacks/manager.py:176}}
Jul 27 09:05:31.437371 dv-cinder-797608-64-iscsi neutron-server[104132]: DEBUG neutron.api.rpc.handlers.resources_rpc [None req-f0a1f4e6-130f-4c8c-86da-227441d375fc None None] Pushing event updated for resources: {'Port': ['ID=06bad0ac-7b56-44e1-ae95-23369fa7135d,revision_number=4']} {{(pid=104132) push /opt/stack/neutron/neutron/api/rpc/handlers/resources_rpc.py:237}}
Jul 27 09:05:31.491302 dv-cinder-797608-64-iscsi neutron-server[104132]: DEBUG dbcounter [-] [104132] Writing DB stats neutron:SELECT=96,neutron:UPDATE=3,neutron:DELETE=1 {{(pid=104132) stat_writer /usr/local/lib/python3.8/dist-packages/dbcounter.py:114}}
Jul 27 09:05:31.513607 dv-cinder-797608-64-iscsi neutron-server[104132]: DEBUG neutron.api.rpc.handlers.resources_rpc [None req-f0a1f4e6-130f-4c8c-86da-227441d375fc None None] Pushing event updated for resources: {'Port': ['ID=93857c74-06f2-4e64-951c-128509b48787,revision_number=5']} {{(pid=104132) push /opt/stack/neutron/neutron/api/rpc/handlers/resources_rpc.py:237}}
Jul 27 09:05:31.521911 dv-cinder-797608-64-iscsi neutron-server[104132]: DEBUG neutron.plugins.ml2.db [None req-f0a1f4e6-130f-4c8c-86da-227441d375fc None None] get_ports_and_sgs() called for port_ids ['06bad0ac-7b56-44e1-ae95-23369fa7135d'] {{(pid=104132) get_ports_and_sgs /opt/stack/neutron/neutron/plugins/ml2/db.py:156}}
Jul 27 09:05:31.578372 dv-cinder-797608-64-iscsi neutron-server[104131]: DEBUG neutron.pecan_wsgi.hooks.policy_enforcement [req-777afd9b-18e8-4148-adb6-f61523c0400e req-0ffc1e9b-5efe-4730-8064-a548aa289052 tempest-AttachVolumeNegativeTest-833075458 tempest-AttachVolumeNegativeTest-833075458-project] Attributes excluded by policy engine: ['standard_attr_id', 'binding:profile', 'binding:host_id', 'binding:vif_type', 'binding:vif_details'] {{(pid=104131) _exclude_attributes_by_policy /opt/stack/neutron/neutron/pecan_wsgi/hooks/policy_enforcement.py:259}}
Jul 27 09:05:31.579936 dv-cinder-797608-64-iscsi neutron-server[104131]: INFO neutron.wsgi [req-777afd9b-18e8-4148-adb6-f61523c0400e req-0ffc1e9b-5efe-4730-8064-a548aa289052 tempest-AttachVolumeNegativeTest-833075458 tempest-AttachVolumeNegativeTest-833075458-project] 10.222.0.33 "GET /v2.0/ports?device_id=0c09eab3-aefe-4c50-b06c-46dfd39da7a6 HTTP/1.1" status: 200 len: 944 time: 0.0787148
Jul 27 09:05:31.606072 dv-cinder-797608-64-iscsi neutron-server[104132]: DEBUG novaclient.v2.client [-] RESP: [200] Connection: close Content-Length: 183 Content-Type: application/json Date: Wed, 27 Jul 2022 09:05:31 GMT OpenStack-API-Version: compute 2.1 Server: Apache/2.4.41 (Ubuntu) Vary: OpenStack-API-Version,X-OpenStack-Nova-API-Version X-OpenStack-Nova-API-Version: 2.1 x-compute-request-id: req-b9cd1081-8cd2-497e-926d-0eb283e9e159 x-openstack-request-id: req-b9cd1081-8cd2-497e-926d-0eb283e9e159 {{(pid=104132) _http_log_response /usr/local/lib/python3.8/dist-packages/keystoneauth1/session.py:550}}
Jul 27 09:05:31.606635 dv-cinder-797608-64-iscsi neutron-server[104132]: DEBUG novaclient.v2.client [-] RESP BODY: {"events": [{"server_uuid": "583fd69f-8c45-4b97-b0af-1f5d703612e6", "name": "network-vif-plugged", "status": "completed", "tag": "93857c74-06f2-4e64-951c-128509b48787", "code": 200}]} {{(pid=104132) _http_log_response /usr/local/lib/python3.8/dist-packages/keystoneauth1/session.py:582}}
Jul 27 09:05:31.607026 dv-cinder-797608-64-iscsi neutron-server[104132]: DEBUG novaclient.v2.client [-] POST call to compute for http://10.222.0.33/compute/v2.1/os-server-external-events used request id req-b9cd1081-8cd2-497e-926d-0eb283e9e159 {{(pid=104132) request /usr/local/lib/python3.8/dist-packages/keystoneauth1/session.py:954}}
Jul 27 09:05:31.607613 dv-cinder-797608-64-iscsi neutron-server[104132]: INFO neutron.notifiers.nova [-] Nova event matching ['req-b9cd1081-8cd2-497e-926d-0eb283e9e159'] response: {'server_uuid': '583fd69f-8c45-4b97-b0af-1f5d703612e6', 'name': 'network-vif-plugged', 'status': 'completed', 'tag': '93857c74-06f2-4e64-951c-128509b48787', 'code': 200}
Jul 27 09:05:31.702563 dv-cinder-797608-64-iscsi neutron-server[104131]: INFO neutron.wsgi [req-777afd9b-18e8-4148-adb6-f61523c0400e req-bb19a9aa-3109-49d5-b1c3-60036c23943d tempest-AttachVolumeNegativeTest-833075458 tempest-AttachVolumeNegativeTest-833075458-project] 10.222.0.33 "GET /v2.0/security-groups?id=63156228-2443-48ec-bcdc-38fc059f48a1&fields=id&fields=name HTTP/1.1" status: 200 len: 313 time: 0.1082692
Jul 27 09:05:31.789678 dv-cinder-797608-64-iscsi neutron-server[104130]: DEBUG neutron.pecan_wsgi.hooks.policy_enforcement [req-52079b94-e18b-4dc1-aa5b-f30067b4c4b3 req-101ec58b-ed9b-4e72-b377-d275415eb7dd tempest-ServerRescueNegativeTestJSON-752225481 tempest-ServerRescueNegativeTestJSON-752225481-project] Attributes excluded by policy engine: ['standard_attr_id', 'binding:profile', 'binding:host_id', 'binding:vif_type', 'binding:vif_details'] {{(pid=104130) _exclude_attributes_by_policy /opt/stack/neutron/neutron/pecan_wsgi/hooks/policy_enforcement.py:259}}
