Jul 25 22:34:14.495670 dv-cinder-797608-63-smb devstack@keystone.service[87131]: DEBUG keystone.server.flask.request_processing.req_logging [None req-f096f131-1e21-4d11-87ca-84febed00606 None None] PATH_INFO: `/` {{(pid=87131) log_request_info /opt/stack/keystone/keystone/server/flask/request_processing/req_logging.py:29}}
Jul 25 22:34:14.501246 dv-cinder-797608-63-smb devstack@keystone.service[87131]: [pid: 87131|app: 0|req: 172/344] 10.222.0.40 () {54 vars in 926 bytes} [Mon Jul 25 22:34:14 2022] GET /identity => generated 270 bytes in 8 msecs (HTTP/1.1 300) 6 headers in 234 bytes (1 switches on core 0)
Jul 25 22:34:14.503158 dv-cinder-797608-63-smb devstack@keystone.service[87131]: DEBUG keystone.server.flask.request_processing.middleware.auth_context [None req-f096f131-1e21-4d11-87ca-84febed00606 None None] Authenticating user token {{(pid=87131) process_request /usr/local/lib/python3.8/dist-packages/keystonemiddleware/auth_token/__init__.py:407}}
Jul 25 22:34:14.571846 dv-cinder-797608-63-smb devstack@keystone.service[87130]: DEBUG keystone.server.flask.request_processing.middleware.auth_context [None req-dddf210a-b2d1-40e9-b0c4-01ee05a947c0 None admin] Validating token access rules against request {{(pid=87130) validate_allowed_request /usr/local/lib/python3.8/dist-packages/keystonemiddleware/auth_token/__init__.py:545}}
Jul 25 22:34:14.637845 dv-cinder-797608-63-smb devstack@keystone.service[87130]: DEBUG keystone.server.flask.request_processing.middleware.auth_context [None req-8e50b244-6079-4f9a-940e-ba6bb82d702d None admin] RBAC: auth_context: {'token': , 'domain_id': None, 'trust_id': None, 'trustor_id': None, 'trustee_id': None, 'domain_name': None, 'group_ids': [], 'user_id': '0e22f2132e234963b03344d9530151a7', 'user_domain_id': 'default', 'system_scope': 'all', 'project_id': None, 'project_domain_id': None, 'roles': ['admin', 'member', 'reader'], 'is_admin_project': True, 'service_user_id': None, 'service_user_domain_id': None, 'service_project_id': None, 'service_project_domain_id': None, 'service_roles': []} {{(pid=87130) fill_context /opt/stack/keystone/keystone/server/flask/request_processing/middleware/auth_context.py:478}}
Jul 25 22:34:14.639555 dv-cinder-797608-63-smb devstack@keystone.service[87130]: DEBUG keystone.server.flask.request_processing.req_logging [None req-8e50b244-6079-4f9a-940e-ba6bb82d702d None admin] REQUEST_METHOD: `GET` {{(pid=87130) log_request_info /opt/stack/keystone/keystone/server/flask/request_processing/req_logging.py:27}}
Jul 25 22:34:14.639555 dv-cinder-797608-63-smb devstack@keystone.service[87130]: DEBUG keystone.server.flask.request_processing.req_logging [None req-8e50b244-6079-4f9a-940e-ba6bb82d702d None admin] SCRIPT_NAME: `/identity` {{(pid=87130) log_request_info /opt/stack/keystone/keystone/server/flask/request_processing/req_logging.py:28}}
Jul 25 22:34:14.639555 dv-cinder-797608-63-smb devstack@keystone.service[87130]: DEBUG keystone.server.flask.request_processing.req_logging [None req-8e50b244-6079-4f9a-940e-ba6bb82d702d None admin] PATH_INFO: `/v3/auth/tokens` {{(pid=87130) log_request_info /opt/stack/keystone/keystone/server/flask/request_processing/req_logging.py:29}}
Jul 25 22:34:14.651648 dv-cinder-797608-63-smb devstack@keystone.service[87131]: DEBUG dbcounter [-] [87131] Writing DB stats keystone:SELECT=100 {{(pid=87131) stat_writer /usr/local/lib/python3.8/dist-packages/dbcounter.py:114}}
Jul 25 22:34:14.681456 dv-cinder-797608-63-smb devstack@keystone.service[87131]: DEBUG keystone.server.flask.request_processing.middleware.auth_context [None req-f096f131-1e21-4d11-87ca-84febed00606 None None] Validating token access rules against request {{(pid=87131) validate_allowed_request /usr/local/lib/python3.8/dist-packages/keystonemiddleware/auth_token/__init__.py:545}}
Jul 25 22:34:14.740986 dv-cinder-797608-63-smb devstack@keystone.service[87131]: DEBUG keystone.server.flask.request_processing.middleware.auth_context [None req-d78e86c3-be3b-4542-bc0b-4c9fa60e3944 None admin] RBAC: auth_context: {'token': , 'domain_id': None, 'trust_id': None, 'trustor_id': None, 'trustee_id': None, 'domain_name': None, 'group_ids': [], 'user_id': '0e22f2132e234963b03344d9530151a7', 'user_domain_id': 'default', 'system_scope': 'all', 'project_id': None, 'project_domain_id': None, 'roles': ['admin', 'member', 'reader'], 'is_admin_project': True, 'service_user_id': None, 'service_user_domain_id': None, 'service_project_id': None, 'service_project_domain_id': None, 'service_roles': []} {{(pid=87131) fill_context /opt/stack/keystone/keystone/server/flask/request_processing/middleware/auth_context.py:478}}
Jul 25 22:34:14.741996 dv-cinder-797608-63-smb devstack@keystone.service[87131]: DEBUG keystone.server.flask.request_processing.req_logging [None req-d78e86c3-be3b-4542-bc0b-4c9fa60e3944 None admin] REQUEST_METHOD: `GET` {{(pid=87131) log_request_info /opt/stack/keystone/keystone/server/flask/request_processing/req_logging.py:27}}
Jul 25 22:34:14.742478 dv-cinder-797608-63-smb devstack@keystone.service[87131]: DEBUG keystone.server.flask.request_processing.req_logging [None req-d78e86c3-be3b-4542-bc0b-4c9fa60e3944 None admin] SCRIPT_NAME: `/identity` {{(pid=87131) log_request_info /opt/stack/keystone/keystone/server/flask/request_processing/req_logging.py:28}}
Jul 25 22:34:14.742975 dv-cinder-797608-63-smb devstack@keystone.service[87131]: DEBUG keystone.server.flask.request_processing.req_logging [None req-d78e86c3-be3b-4542-bc0b-4c9fa60e3944 None admin] PATH_INFO: `/v3/projects/b9e8c574b54d4a55bf9d20699942aa77` {{(pid=87131) log_request_info /opt/stack/keystone/keystone/server/flask/request_processing/req_logging.py:29}}
Jul 25 22:34:14.744537 dv-cinder-797608-63-smb devstack@keystone.service[87131]: DEBUG keystone.common.rbac_enforcer.enforcer [None req-d78e86c3-be3b-4542-bc0b-4c9fa60e3944 None admin] RBAC: Authorizing `identity:get_project(project_id=b9e8c574b54d4a55bf9d20699942aa77)` {{(pid=87131) enforce_call /opt/stack/keystone/keystone/common/rbac_enforcer/enforcer.py:449}}
Jul 25 22:34:14.746257 dv-cinder-797608-63-smb devstack@keystone.service[87131]: DEBUG keystone.common.rbac_enforcer.enforcer [None req-d78e86c3-be3b-4542-bc0b-4c9fa60e3944 None admin] RBAC: Authorization granted {{(pid=87131) enforce_call /opt/stack/keystone/keystone/common/rbac_enforcer/enforcer.py:457}}
Jul 25 22:34:14.748654 dv-cinder-797608-63-smb devstack@keystone.service[87131]: [pid: 87131|app: 0|req: 173/345] 10.222.0.40 () {56 vars in 1186 bytes} [Mon Jul 25 22:34:14 2022] GET /identity/v3/projects/b9e8c574b54d4a55bf9d20699942aa77 => generated 298 bytes in 246 msecs (HTTP/1.1 200) 5 headers in 177 bytes (2 switches on core 0)
Jul 25 22:34:14.750349 dv-cinder-797608-63-smb devstack@keystone.service[87131]: DEBUG keystone.server.flask.request_processing.req_logging [None req-8beb9601-4d64-4be4-98ee-409a247365aa None None] REQUEST_METHOD: `POST` {{(pid=87131) log_request_info /opt/stack/keystone/keystone/server/flask/request_processing/req_logging.py:27}}
Jul 25 22:34:14.750858 dv-cinder-797608-63-smb devstack@keystone.service[87131]: DEBUG keystone.server.flask.request_processing.req_logging [None req-8beb9601-4d64-4be4-98ee-409a247365aa None None] SCRIPT_NAME: `/identity` {{(pid=87131) log_request_info /opt/stack/keystone/keystone/server/flask/request_processing/req_logging.py:28}}
Jul 25 22:34:14.751325 dv-cinder-797608-63-smb devstack@keystone.service[87131]: DEBUG keystone.server.flask.request_processing.req_logging [None req-8beb9601-4d64-4be4-98ee-409a247365aa None None] PATH_INFO: `/v3/auth/tokens` {{(pid=87131) log_request_info /opt/stack/keystone/keystone/server/flask/request_processing/req_logging.py:29}}
Jul 25 22:34:14.777649 dv-cinder-797608-63-smb devstack@keystone.service[87131]: DEBUG keystone.auth.core [None req-8beb9601-4d64-4be4-98ee-409a247365aa None None] MFA Rules not processed for user `0e22f2132e234963b03344d9530151a7`. Rule list: `[]` (Enabled: `True`). {{(pid=87131) check_auth_methods_against_rules /opt/stack/keystone/keystone/auth/core.py:438}}
Jul 25 22:34:14.783354 dv-cinder-797608-63-smb devstack@keystone.service[87131]: DEBUG keystone.common.fernet_utils [None req-8beb9601-4d64-4be4-98ee-409a247365aa None None] Loaded 2 Fernet keys from /etc/keystone/fernet-keys/, but `[fernet_tokens] max_active_keys = 3`; perhaps there have not been enough key rotations to reach `max_active_keys` yet? {{(pid=87131) load_keys /opt/stack/keystone/keystone/common/fernet_utils.py:286}}
Jul 25 22:34:14.799527 dv-cinder-797608-63-smb devstack@keystone.service[87130]: DEBUG keystone.common.rbac_enforcer.enforcer [None req-8e50b244-6079-4f9a-940e-ba6bb82d702d None admin] RBAC: Authorizing `identity:validate_token()` {{(pid=87130) enforce_call /opt/stack/keystone/keystone/common/rbac_enforcer/enforcer.py:449}}
Jul 25 22:34:14.802096 dv-cinder-797608-63-smb devstack@keystone.service[87130]: DEBUG dbcounter [-] [87130] Writing DB stats keystone:SELECT=100 {{(pid=87130) stat_writer /usr/local/lib/python3.8/dist-packages/dbcounter.py:114}}
Jul 25 22:34:14.802594 dv-cinder-797608-63-smb devstack@keystone.service[87130]: DEBUG keystone.common.rbac_enforcer.enforcer [None req-8e50b244-6079-4f9a-940e-ba6bb82d702d None admin] RBAC: Authorization granted {{(pid=87130) enforce_call /opt/stack/keystone/keystone/common/rbac_enforcer/enforcer.py:457}}
Jul 25 22:34:14.927960 dv-cinder-797608-63-smb devstack@keystone.service[87131]: [pid: 87131|app: 0|req: 174/346] 10.222.0.40 () {58 vars in 1023 bytes} [Mon Jul 25 22:34:14 2022] POST /identity/v3/auth/tokens => generated 799 bytes in 178 msecs (HTTP/1.1 201) 6 headers in 363 bytes (1 switches on core 0)
Jul 25 22:34:14.928741 dv-cinder-797608-63-smb devstack@keystone.service[87131]: DEBUG keystone.server.flask.request_processing.middleware.auth_context [None req-8beb9601-4d64-4be4-98ee-409a247365aa None None] Authenticating user token {{(pid=87131) process_request /usr/local/lib/python3.8/dist-packages/keystonemiddleware/auth_token/__init__.py:407}}
Jul 25 22:34:14.935161 dv-cinder-797608-63-smb devstack@keystone.service[87130]: [pid: 87130|app: 0|req: 173/347] 10.222.0.40 () {58 vars in 1282 bytes} [Mon Jul 25 22:34:14 2022] GET /identity/v3/auth/tokens => generated 799 bytes in 565 msecs (HTTP/1.1 200) 6 headers in 358 bytes (1 switches on core 0)
Jul 25 22:34:14.940688 dv-cinder-797608-63-smb devstack@keystone.service[87130]: DEBUG keystone.server.flask.request_processing.middleware.auth_context [None req-8e50b244-6079-4f9a-940e-ba6bb82d702d None admin] Authenticating user token {{(pid=87130) process_request /usr/local/lib/python3.8/dist-packages/keystonemiddleware/auth_token/__init__.py:407}}
Jul 25 22:34:15.084011 dv-cinder-797608-63-smb devstack@keystone.service[87131]: DEBUG dbcounter [-] [87131] Writing DB stats keystone:SELECT=100 {{(pid=87131) stat_writer /usr/local/lib/python3.8/dist-packages/dbcounter.py:114}}
Jul 25 22:34:15.102217 dv-cinder-797608-63-smb devstack@keystone.service[87131]: DEBUG keystone.server.flask.request_processing.middleware.auth_context [None req-8beb9601-4d64-4be4-98ee-409a247365aa None None] Validating token access rules against request {{(pid=87131) validate_allowed_request /usr/local/lib/python3.8/dist-packages/keystonemiddleware/auth_token/__init__.py:545}}
Jul 25 22:34:15.136888 dv-cinder-797608-63-smb devstack@keystone.service[87130]: DEBUG dbcounter [-] [87130] Writing DB stats keystone:SELECT=100 {{(pid=87130) stat_writer /usr/local/lib/python3.8/dist-packages/dbcounter.py:114}}
Jul 25 22:34:15.140567 dv-cinder-797608-63-smb devstack@keystone.service[87131]: DEBUG keystone.server.flask.request_processing.middleware.auth_context [None req-dc539f60-b766-43be-a113-e1ea57301b0f None admin] RBAC: auth_context: {'token': , 'domain_id': None, 'trust_id': None, 'trustor_id': None, 'trustee_id': None, 'domain_name': None, 'group_ids': [], 'user_id': '0e22f2132e234963b03344d9530151a7', 'user_domain_id': 'default', 'system_scope': 'all', 'project_id': None, 'project_domain_id': None, 'roles': ['admin', 'member', 'reader'], 'is_admin_project': True, 'service_user_id': None, 'service_user_domain_id': None, 'service_project_id': None, 'service_project_domain_id': None, 'service_roles': []} {{(pid=87131) fill_context /opt/stack/keystone/keystone/server/flask/request_processing/middleware/auth_context.py:478}}
Jul 25 22:34:15.141230 dv-cinder-797608-63-smb devstack@keystone.service[87131]: DEBUG keystone.server.flask.request_processing.req_logging [None req-dc539f60-b766-43be-a113-e1ea57301b0f None admin] REQUEST_METHOD: `GET` {{(pid=87131) log_request_info /opt/stack/keystone/keystone/server/flask/request_processing/req_logging.py:27}}
Jul 25 22:34:15.141514 dv-cinder-797608-63-smb devstack@keystone.service[87131]: DEBUG keystone.server.flask.request_processing.req_logging [None req-dc539f60-b766-43be-a113-e1ea57301b0f None admin] SCRIPT_NAME: `/identity` {{(pid=87131) log_request_info /opt/stack/keystone/keystone/server/flask/request_processing/req_logging.py:28}}
Jul 25 22:34:15.141807 dv-cinder-797608-63-smb devstack@keystone.service[87131]: DEBUG keystone.server.flask.request_processing.req_logging [None req-dc539f60-b766-43be-a113-e1ea57301b0f None admin] PATH_INFO: `/v3/groups/8545c6d040ac43df935dce91a20e064c` {{(pid=87131) log_request_info /opt/stack/keystone/keystone/server/flask/request_processing/req_logging.py:29}}
Jul 25 22:34:15.146069 dv-cinder-797608-63-smb devstack@keystone.service[87130]: DEBUG keystone.server.flask.request_processing.middleware.auth_context [None req-8e50b244-6079-4f9a-940e-ba6bb82d702d None admin] Validating token access rules against request {{(pid=87130) validate_allowed_request /usr/local/lib/python3.8/dist-packages/keystonemiddleware/auth_token/__init__.py:545}}
Jul 25 22:34:15.148552 dv-cinder-797608-63-smb devstack@keystone.service[87131]: DEBUG keystone.common.rbac_enforcer.enforcer [None req-dc539f60-b766-43be-a113-e1ea57301b0f None admin] RBAC: Authorizing `identity:get_group(group_id=8545c6d040ac43df935dce91a20e064c)` {{(pid=87131) enforce_call /opt/stack/keystone/keystone/common/rbac_enforcer/enforcer.py:449}}
Jul 25 22:34:15.150056 dv-cinder-797608-63-smb devstack@keystone.service[87131]: DEBUG keystone.common.rbac_enforcer.enforcer [None req-dc539f60-b766-43be-a113-e1ea57301b0f None admin] RBAC: Authorization granted {{(pid=87131) enforce_call /opt/stack/keystone/keystone/common/rbac_enforcer/enforcer.py:457}}
Jul 25 22:34:15.152693 dv-cinder-797608-63-smb devstack@keystone.service[87131]: [pid: 87131|app: 0|req: 175/348] 10.222.0.40 () {56 vars in 1180 bytes} [Mon Jul 25 22:34:14 2022] GET /identity/v3/groups/8545c6d040ac43df935dce91a20e064c => generated 226 bytes in 224 msecs (HTTP/1.1 200) 5 headers in 177 bytes (1 switches on core 0)
Jul 25 22:34:15.153569 dv-cinder-797608-63-smb devstack@keystone.service[87131]: DEBUG keystone.server.flask.request_processing.middleware.auth_context [None req-dc539f60-b766-43be-a113-e1ea57301b0f None admin] Authenticating user token {{(pid=87131) process_request /usr/local/lib/python3.8/dist-packages/keystonemiddleware/auth_token/__init__.py:407}}
Jul 25 22:34:15.205776 dv-cinder-797608-63-smb devstack@keystone.service[87130]: DEBUG keystone.server.flask.request_processing.middleware.auth_context [None req-9d19830d-9d44-4798-8fba-e1ebac8221e0 None admin] RBAC: auth_context: {'token': , 'domain_id': None, 'trust_id': None, 'trustor_id': None, 'trustee_id': None, 'domain_name': None, 'group_ids': [], 'user_id': '0e22f2132e234963b03344d9530151a7', 'user_domain_id': 'default', 'system_scope': 'all', 'project_id': None, 'project_domain_id': None, 'roles': ['admin', 'member', 'reader'], 'is_admin_project': True, 'service_user_id': None, 'service_user_domain_id': None, 'service_project_id': None, 'service_project_domain_id': None, 'service_roles': []} {{(pid=87130) fill_context /opt/stack/keystone/keystone/server/flask/request_processing/middleware/auth_context.py:478}}
Jul 25 22:34:15.206900 dv-cinder-797608-63-smb devstack@keystone.service[87130]: DEBUG keystone.server.flask.request_processing.req_logging [None req-9d19830d-9d44-4798-8fba-e1ebac8221e0 None admin] REQUEST_METHOD: `GET` {{(pid=87130) log_request_info /opt/stack/keystone/keystone/server/flask/request_processing/req_logging.py:27}}
Jul 25 22:34:15.207374 dv-cinder-797608-63-smb devstack@keystone.service[87130]: DEBUG keystone.server.flask.request_processing.req_logging [None req-9d19830d-9d44-4798-8fba-e1ebac8221e0 None admin] SCRIPT_NAME: `/identity` {{(pid=87130) log_request_info /opt/stack/keystone/keystone/server/flask/request_processing/req_logging.py:28}}
Jul 25 22:34:15.207909 dv-cinder-797608-63-smb devstack@keystone.service[87130]: DEBUG keystone.server.flask.request_processing.req_logging [None req-9d19830d-9d44-4798-8fba-e1ebac8221e0 None admin] PATH_INFO: `/v3/projects/b9e8c574b54d4a55bf9d20699942aa77` {{(pid=87130) log_request_info /opt/stack/keystone/keystone/server/flask/request_processing/req_logging.py:29}}
Jul 25 22:34:15.209302 dv-cinder-797608-63-smb devstack@keystone.service[87130]: DEBUG keystone.common.rbac_enforcer.enforcer [None req-9d19830d-9d44-4798-8fba-e1ebac8221e0 None admin] RBAC: Authorizing `identity:get_project(project_id=b9e8c574b54d4a55bf9d20699942aa77)` {{(pid=87130) enforce_call /opt/stack/keystone/keystone/common/rbac_enforcer/enforcer.py:449}}
Jul 25 22:34:15.211031 dv-cinder-797608-63-smb devstack@keystone.service[87130]: DEBUG keystone.common.rbac_enforcer.enforcer [None req-9d19830d-9d44-4798-8fba-e1ebac8221e0 None admin] RBAC: Authorization granted {{(pid=87130) enforce_call /opt/stack/keystone/keystone/common/rbac_enforcer/enforcer.py:457}}
Jul 25 22:34:15.214100 dv-cinder-797608-63-smb devstack@keystone.service[87130]: [pid: 87130|app: 0|req: 174/349] 10.222.0.40 () {56 vars in 1186 bytes} [Mon Jul 25 22:34:14 2022] GET /identity/v3/projects/b9e8c574b54d4a55bf9d20699942aa77 => generated 298 bytes in 274 msecs (HTTP/1.1 200) 5 headers in 177 bytes (1 switches on core 0)
Jul 25 22:34:15.219781 dv-cinder-797608-63-smb devstack@keystone.service[87130]: DEBUG keystone.server.flask.request_processing.middleware.auth_context [None req-9d19830d-9d44-4798-8fba-e1ebac8221e0 None admin] Authenticating user token {{(pid=87130) process_request /usr/local/lib/python3.8/dist-packages/keystonemiddleware/auth_token/__init__.py:407}}
Jul 25 22:34:15.261728 dv-cinder-797608-63-smb devstack@keystone.service[87131]: DEBUG keystone.server.flask.request_processing.middleware.auth_context [None req-dc539f60-b766-43be-a113-e1ea57301b0f None admin] Validating token access rules against request {{(pid=87131) validate_allowed_request /usr/local/lib/python3.8/dist-packages/keystonemiddleware/auth_token/__init__.py:545}}
Jul 25 22:34:15.299236 dv-cinder-797608-63-smb devstack@keystone.service[87131]: DEBUG keystone.server.flask.request_processing.middleware.auth_context [None req-5db95cf5-0b7e-474d-a908-ac7ca6b0c4a6 None admin] RBAC: auth_context: {'token': , 'domain_id': None, 'trust_id': None, 'trustor_id': None, 'trustee_id': None, 'domain_name': None, 'group_ids': [], 'user_id': '0e22f2132e234963b03344d9530151a7', 'user_domain_id': 'default', 'system_scope': 'all', 'project_id': None, 'project_domain_id': None, 'roles': ['admin', 'member', 'reader'], 'is_admin_project': True, 'service_user_id': None, 'service_user_domain_id': None, 'service_project_id': None, 'service_project_domain_id': None, 'service_roles': []} {{(pid=87131) fill_context /opt/stack/keystone/keystone/server/flask/request_processing/middleware/auth_context.py:478}}
Jul 25 22:34:15.299934 dv-cinder-797608-63-smb devstack@keystone.service[87131]: DEBUG keystone.server.flask.request_processing.req_logging [None req-5db95cf5-0b7e-474d-a908-ac7ca6b0c4a6 None admin] REQUEST_METHOD: `GET` {{(pid=87131) log_request_info /opt/stack/keystone/keystone/server/flask/request_processing/req_logging.py:27}}
Jul 25 22:34:15.300273 dv-cinder-797608-63-smb devstack@keystone.service[87131]: DEBUG keystone.server.flask.request_processing.req_logging [None req-5db95cf5-0b7e-474d-a908-ac7ca6b0c4a6 None admin] SCRIPT_NAME: `/identity` {{(pid=87131) log_request_info /opt/stack/keystone/keystone/server/flask/request_processing/req_logging.py:28}}
Jul 25 22:34:15.300554 dv-cinder-797608-63-smb devstack@keystone.service[87131]: DEBUG keystone.server.flask.request_processing.req_logging [None req-5db95cf5-0b7e-474d-a908-ac7ca6b0c4a6 None admin] PATH_INFO: `/v3/roles/member` {{(pid=87131) log_request_info /opt/stack/keystone/keystone/server/flask/request_processing/req_logging.py:29}}
Jul 25 22:34:15.311911 dv-cinder-797608-63-smb devstack@keystone.service[87131]: DEBUG keystone.common.rbac_enforcer.enforcer [None req-5db95cf5-0b7e-474d-a908-ac7ca6b0c4a6 None admin] Extracting inferred target data resulted in "NOT FOUND (404)". {{(pid=87131) enforce_call /opt/stack/keystone/keystone/common/rbac_enforcer/enforcer.py:409}}
Jul 25 22:34:15.317402 dv-cinder-797608-63-smb devstack@keystone.service[87131]: ERROR keystone.server.flask.application [None req-5db95cf5-0b7e-474d-a908-ac7ca6b0c4a6 None admin] Could not find role: member.: keystone.exception.RoleNotFound: Could not find role: member.
Jul 25 22:34:15.317402 dv-cinder-797608-63-smb devstack@keystone.service[87131]: ERROR keystone.server.flask.application
Traceback (most recent call last):
Jul 25 22:34:15.317402 dv-cinder-797608-63-smb devstack@keystone.service[87131]: ERROR keystone.server.flask.application
File "/usr/local/lib/python3.8/dist-packages/flask/app.py", line 1517, in full_dispatch_request
Jul 25 22:34:15.317402 dv-cinder-797608-63-smb devstack@keystone.service[87131]: ERROR keystone.server.flask.application rv = self.dispatch_request()
Jul 25 22:34:15.317402 dv-cinder-797608-63-smb devstack@keystone.service[87131]: ERROR keystone.server.flask.application
File "/usr/local/lib/python3.8/dist-packages/flask/app.py", line 1503, in dispatch_request
Jul 25 22:34:15.317402 dv-cinder-797608-63-smb devstack@keystone.service[87131]: ERROR keystone.server.flask.application return self.ensure_sync(self.view_functions[rule.endpoint])(**req.view_args)
Jul 25 22:34:15.317402 dv-cinder-797608-63-smb devstack@keystone.service[87131]: ERROR keystone.server.flask.application
File "/usr/local/lib/python3.8/dist-packages/flask_restful/__init__.py", line 467, in wrapper
Jul 25 22:34:15.317402 dv-cinder-797608-63-smb devstack@keystone.service[87131]: ERROR keystone.server.flask.application resp = resource(*args, **kwargs)
Jul 25 22:34:15.317402 dv-cinder-797608-63-smb devstack@keystone.service[87131]: ERROR keystone.server.flask.application
File "/usr/local/lib/python3.8/dist-packages/flask/views.py", line 84, in view
Jul 25 22:34:15.317402 dv-cinder-797608-63-smb devstack@keystone.service[87131]: ERROR keystone.server.flask.application return current_app.ensure_sync(self.dispatch_request)(*args, **kwargs)
Jul 25 22:34:15.317402 dv-cinder-797608-63-smb devstack@keystone.service[87131]: ERROR keystone.server.flask.application
File "/usr/local/lib/python3.8/dist-packages/flask_restful/__init__.py", line 582, in dispatch_request
Jul 25 22:34:15.317402 dv-cinder-797608-63-smb devstack@keystone.service[87131]: ERROR keystone.server.flask.application resp = meth(*args, **kwargs)
Jul 25 22:34:15.317402 dv-cinder-797608-63-smb devstack@keystone.service[87131]: ERROR keystone.server.flask.application
File "/opt/stack/keystone/keystone/api/roles.py", line 50, in get
Jul 25 22:34:15.317402 dv-cinder-797608-63-smb devstack@keystone.service[87131]: ERROR keystone.server.flask.application return self._get_role(role_id)
Jul 25 22:34:15.317402 dv-cinder-797608-63-smb devstack@keystone.service[87131]: ERROR keystone.server.flask.application
File "/opt/stack/keystone/keystone/api/roles.py", line 70, in _get_role
Jul 25 22:34:15.317402 dv-cinder-797608-63-smb devstack@keystone.service[87131]: ERROR keystone.server.flask.application ENFORCER.enforce_call(action='identity:get_role')
Jul 25 22:34:15.318303 dv-cinder-797608-63-smb devstack@keystone.service[87131]: ERROR keystone.server.flask.application
File "/opt/stack/keystone/keystone/common/rbac_enforcer/enforcer.py", line 402, in enforce_call
Jul 25 22:34:15.318303 dv-cinder-797608-63-smb devstack@keystone.service[87131]: ERROR keystone.server.flask.application policy_dict.update(cls._extract_member_target_data(
Jul 25 22:34:15.318303 dv-cinder-797608-63-smb devstack@keystone.service[87131]: ERROR keystone.server.flask.application
File "/opt/stack/keystone/keystone/common/rbac_enforcer/enforcer.py", line 234, in _extract_member_target_data
Jul 25 22:34:15.318303 dv-cinder-797608-63-smb devstack@keystone.service[87131]: ERROR keystone.server.flask.application member_name: func(flask.request.view_args[key])
Jul 25 22:34:15.318303 dv-cinder-797608-63-smb devstack@keystone.service[87131]: ERROR keystone.server.flask.application
File "/opt/stack/keystone/keystone/common/manager.py", line 115, in wrapped
Jul 25 22:34:15.318303 dv-cinder-797608-63-smb devstack@keystone.service[87131]: ERROR keystone.server.flask.application __ret_val = __f(*args, **kwargs)
Jul 25 22:34:15.318303 dv-cinder-797608-63-smb devstack@keystone.service[87131]: ERROR keystone.server.flask.application
File "/usr/local/lib/python3.8/dist-packages/decorator.py", line 232, in fun
Jul 25 22:34:15.318303 dv-cinder-797608-63-smb devstack@keystone.service[87131]: ERROR keystone.server.flask.application return caller(func, *(extras + args), **kw)
Jul 25 22:34:15.318303 dv-cinder-797608-63-smb devstack@keystone.service[87131]: ERROR keystone.server.flask.application
File "/usr/local/lib/python3.8/dist-packages/dogpile/cache/region.py", line 1577, in get_or_create_for_user_func
Jul 25 22:34:15.318303 dv-cinder-797608-63-smb devstack@keystone.service[87131]: ERROR keystone.server.flask.application return self.get_or_create(
Jul 25 22:34:15.318303 dv-cinder-797608-63-smb devstack@keystone.service[87131]: ERROR keystone.server.flask.application
File "/usr/local/lib/python3.8/dist-packages/dogpile/cache/region.py", line 1042, in get_or_create
Jul 25 22:34:15.318303 dv-cinder-797608-63-smb devstack@keystone.service[87131]: ERROR keystone.server.flask.application with Lock(
Jul 25 22:34:15.318303 dv-cinder-797608-63-smb devstack@keystone.service[87131]: ERROR keystone.server.flask.application
File "/usr/local/lib/python3.8/dist-packages/dogpile/lock.py", line 185, in __enter__
Jul 25 22:34:15.318303 dv-cinder-797608-63-smb devstack@keystone.service[87131]: ERROR keystone.server.flask.application return self._enter()
Jul 25 22:34:15.318303 dv-cinder-797608-63-smb devstack@keystone.service[87131]: ERROR keystone.server.flask.application
File "/usr/local/lib/python3.8/dist-packages/dogpile/lock.py", line 94, in _enter
Jul 25 22:34:15.318303 dv-cinder-797608-63-smb devstack@keystone.service[87131]: ERROR keystone.server.flask.application generated = self._enter_create(value, createdtime)
Jul 25 22:34:15.319133 dv-cinder-797608-63-smb devstack@keystone.service[87131]: ERROR keystone.server.flask.application
File "/usr/local/lib/python3.8/dist-packages/dogpile/lock.py", line 178, in _enter_create
Jul 25 22:34:15.319133 dv-cinder-797608-63-smb devstack@keystone.service[87131]: ERROR keystone.server.flask.application return self.creator()
Jul 25 22:34:15.319133 dv-cinder-797608-63-smb devstack@keystone.service[87131]: ERROR keystone.server.flask.application
File "/usr/local/lib/python3.8/dist-packages/dogpile/cache/region.py", line 995, in gen_value
Jul 25 22:34:15.319133 dv-cinder-797608-63-smb devstack@keystone.service[87131]: ERROR keystone.server.flask.application created_value = creator(
Jul 25 22:34:15.319133 dv-cinder-797608-63-smb devstack@keystone.service[87131]: ERROR keystone.server.flask.application
File "/opt/stack/keystone/keystone/assignment/core.py", line 1276, in get_role
Jul 25 22:34:15.319133 dv-cinder-797608-63-smb devstack@keystone.service[87131]: ERROR keystone.server.flask.application return self.driver.get_role(role_id)
Jul 25 22:34:15.319133 dv-cinder-797608-63-smb devstack@keystone.service[87131]: ERROR keystone.server.flask.application
File "/opt/stack/keystone/keystone/assignment/role_backends/sql.py", line 70, in get_role
Jul 25 22:34:15.319133 dv-cinder-797608-63-smb devstack@keystone.service[87131]: ERROR keystone.server.flask.application return self._get_role(session, role_id).to_dict()
Jul 25 22:34:15.319133 dv-cinder-797608-63-smb devstack@keystone.service[87131]: ERROR keystone.server.flask.application
File "/opt/stack/keystone/keystone/assignment/role_backends/sql.py", line 65, in _get_role
Jul 25 22:34:15.319133 dv-cinder-797608-63-smb devstack@keystone.service[87131]: ERROR keystone.server.flask.application raise exception.RoleNotFound(role_id=role_id)
Jul 25 22:34:15.319133 dv-cinder-797608-63-smb devstack@keystone.service[87131]: ERROR keystone.server.flask.application keystone.exception.RoleNotFound: Could not find role: member.
Jul 25 22:34:15.319133 dv-cinder-797608-63-smb devstack@keystone.service[87131]: ERROR keystone.server.flask.application
Jul 25 22:34:15.319133 dv-cinder-797608-63-smb devstack@keystone.service[87131]: [pid: 87131|app: 0|req: 176/350] 10.222.0.40 () {56 vars in 1099 bytes} [Mon Jul 25 22:34:15 2022] GET /identity/v3/roles/member => generated 84 bytes in 166 msecs (HTTP/1.1 404) 5 headers in 183 bytes (1 switches on core 0)
Jul 25 22:34:15.319813 dv-cinder-797608-63-smb devstack@keystone.service[87131]: DEBUG keystone.server.flask.request_processing.middleware.auth_context [None req-5db95cf5-0b7e-474d-a908-ac7ca6b0c4a6 None admin] Authenticating user token {{(pid=87131) process_request /usr/local/lib/python3.8/dist-packages/keystonemiddleware/auth_token/__init__.py:407}}
Jul 25 22:34:15.341701 dv-cinder-797608-63-smb devstack@keystone.service[87131]: DEBUG dbcounter [-] [87131] Writing DB stats keystone:SELECT=100 {{(pid=87131) stat_writer /usr/local/lib/python3.8/dist-packages/dbcounter.py:114}}
Jul 25 22:34:15.423378 dv-cinder-797608-63-smb devstack@keystone.service[87130]: DEBUG keystone.server.flask.request_processing.middleware.auth_context [None req-9d19830d-9d44-4798-8fba-e1ebac8221e0 None admin] Validating token access rules against request {{(pid=87130) validate_allowed_request /usr/local/lib/python3.8/dist-packages/keystonemiddleware/auth_token/__init__.py:545}}
Jul 25 22:34:15.436635 dv-cinder-797608-63-smb devstack@keystone.service[87131]: DEBUG keystone.server.flask.request_processing.middleware.auth_context [None req-5db95cf5-0b7e-474d-a908-ac7ca6b0c4a6 None admin] Validating token access rules against request {{(pid=87131) validate_allowed_request /usr/local/lib/python3.8/dist-packages/keystonemiddleware/auth_token/__init__.py:545}}
Jul 25 22:34:15.463578 dv-cinder-797608-63-smb devstack@keystone.service[87130]: DEBUG keystone.server.flask.request_processing.middleware.auth_context [None req-774a76bb-4747-4392-9079-f77f2b16a10a None admin] RBAC: auth_context: {'token': , 'domain_id': None, 'trust_id': None, 'trustor_id': None, 'trustee_id': None, 'domain_name': None, 'group_ids': [], 'user_id': '0e22f2132e234963b03344d9530151a7', 'user_domain_id': 'default', 'system_scope': 'all', 'project_id': None, 'project_domain_id': None, 'roles': ['admin', 'member', 'reader'], 'is_admin_project': True, 'service_user_id': None, 'service_user_domain_id': None, 'service_project_id': None, 'service_project_domain_id': None, 'service_roles': []} {{(pid=87130) fill_context /opt/stack/keystone/keystone/server/flask/request_processing/middleware/auth_context.py:478}}
Jul 25 22:34:15.464780 dv-cinder-797608-63-smb devstack@keystone.service[87130]: DEBUG keystone.server.flask.request_processing.req_logging [None req-774a76bb-4747-4392-9079-f77f2b16a10a None admin] REQUEST_METHOD: `GET` {{(pid=87130) log_request_info /opt/stack/keystone/keystone/server/flask/request_processing/req_logging.py:27}}
Jul 25 22:34:15.465386 dv-cinder-797608-63-smb devstack@keystone.service[87130]: DEBUG keystone.server.flask.request_processing.req_logging [None req-774a76bb-4747-4392-9079-f77f2b16a10a None admin] SCRIPT_NAME: `/identity` {{(pid=87130) log_request_info /opt/stack/keystone/keystone/server/flask/request_processing/req_logging.py:28}}
Jul 25 22:34:15.465912 dv-cinder-797608-63-smb devstack@keystone.service[87130]: DEBUG keystone.server.flask.request_processing.req_logging [None req-774a76bb-4747-4392-9079-f77f2b16a10a None admin] PATH_INFO: `/v3/role_assignments` {{(pid=87130) log_request_info /opt/stack/keystone/keystone/server/flask/request_processing/req_logging.py:29}}
Jul 25 22:34:15.466980 dv-cinder-797608-63-smb devstack@keystone.service[87130]: DEBUG keystone.common.rbac_enforcer.enforcer [None req-774a76bb-4747-4392-9079-f77f2b16a10a None admin] RBAC: Adding query filter params (group.id=8545c6d040ac43df935dce91a20e064c, role.id=2f3be5e1b4134b18b93f08ffd7566aa9, scope.project.id=b9e8c574b54d4a55bf9d20699942aa77) {{(pid=87130) _extract_filter_values /opt/stack/keystone/keystone/common/rbac_enforcer/enforcer.py:167}}
Jul 25 22:34:15.467577 dv-cinder-797608-63-smb devstack@keystone.service[87130]: DEBUG keystone.common.rbac_enforcer.enforcer [None req-774a76bb-4747-4392-9079-f77f2b16a10a None admin] RBAC: Authorizing `identity:list_role_assignments()` {{(pid=87130) enforce_call /opt/stack/keystone/keystone/common/rbac_enforcer/enforcer.py:449}}
Jul 25 22:34:15.469351 dv-cinder-797608-63-smb devstack@keystone.service[87130]: DEBUG keystone.common.rbac_enforcer.enforcer [None req-774a76bb-4747-4392-9079-f77f2b16a10a None admin] RBAC: Authorization granted {{(pid=87130) enforce_call /opt/stack/keystone/keystone/common/rbac_enforcer/enforcer.py:457}}
Jul 25 22:34:15.473104 dv-cinder-797608-63-smb devstack@keystone.service[87131]: DEBUG keystone.server.flask.request_processing.middleware.auth_context [None req-94c0317e-00ff-41df-9673-44b7d6b6ffae None admin] RBAC: auth_context: {'token': , 'domain_id': None, 'trust_id': None, 'trustor_id': None, 'trustee_id': None, 'domain_name': None, 'group_ids': [], 'user_id': '0e22f2132e234963b03344d9530151a7', 'user_domain_id': 'default', 'system_scope': 'all', 'project_id': None, 'project_domain_id': None, 'roles': ['admin', 'member', 'reader'], 'is_admin_project': True, 'service_user_id': None, 'service_user_domain_id': None, 'service_project_id': None, 'service_project_domain_id': None, 'service_roles': []} {{(pid=87131) fill_context /opt/stack/keystone/keystone/server/flask/request_processing/middleware/auth_context.py:478}}
Jul 25 22:34:15.473762 dv-cinder-797608-63-smb devstack@keystone.service[87131]: DEBUG keystone.server.flask.request_processing.req_logging [None req-94c0317e-00ff-41df-9673-44b7d6b6ffae None admin] REQUEST_METHOD: `GET` {{(pid=87131) log_request_info /opt/stack/keystone/keystone/server/flask/request_processing/req_logging.py:27}}
Jul 25 22:34:15.474044 dv-cinder-797608-63-smb devstack@keystone.service[87131]: DEBUG keystone.server.flask.request_processing.req_logging [None req-94c0317e-00ff-41df-9673-44b7d6b6ffae None admin] SCRIPT_NAME: `/identity` {{(pid=87131) log_request_info /opt/stack/keystone/keystone/server/flask/request_processing/req_logging.py:28}}
Jul 25 22:34:15.474319 dv-cinder-797608-63-smb devstack@keystone.service[87131]: DEBUG keystone.server.flask.request_processing.req_logging [None req-94c0317e-00ff-41df-9673-44b7d6b6ffae None admin] PATH_INFO: `/v3/groups/8545c6d040ac43df935dce91a20e064c` {{(pid=87131) log_request_info /opt/stack/keystone/keystone/server/flask/request_processing/req_logging.py:29}}
Jul 25 22:34:15.475481 dv-cinder-797608-63-smb devstack@keystone.service[87131]: DEBUG keystone.common.rbac_enforcer.enforcer [None req-94c0317e-00ff-41df-9673-44b7d6b6ffae None admin] RBAC: Authorizing `identity:get_group(group_id=8545c6d040ac43df935dce91a20e064c)` {{(pid=87131) enforce_call /opt/stack/keystone/keystone/common/rbac_enforcer/enforcer.py:449}}
Jul 25 22:34:15.476819 dv-cinder-797608-63-smb devstack@keystone.service[87130]: [pid: 87130|app: 0|req: 175/351] 10.222.0.40 () {56 vars in 1376 bytes} [Mon Jul 25 22:34:15 2022] GET /identity/v3/role_assignments?group.id=8545c6d040ac43df935dce91a20e064c&scope.project.id=b9e8c574b54d4a55bf9d20699942aa77&role.id=2f3be5e1b4134b18b93f08ffd7566aa9 => generated 260 bytes in 262 msecs (HTTP/1.1 200) 5 headers in 177 bytes (1 switches on core 0)
Jul 25 22:34:15.476978 dv-cinder-797608-63-smb devstack@keystone.service[87131]: DEBUG keystone.common.rbac_enforcer.enforcer [None req-94c0317e-00ff-41df-9673-44b7d6b6ffae None admin] RBAC: Authorization granted {{(pid=87131) enforce_call /opt/stack/keystone/keystone/common/rbac_enforcer/enforcer.py:457}}
Jul 25 22:34:15.477975 dv-cinder-797608-63-smb devstack@keystone.service[87130]: DEBUG keystone.server.flask.request_processing.middleware.auth_context [None req-774a76bb-4747-4392-9079-f77f2b16a10a None admin] Authenticating user token {{(pid=87130) process_request /usr/local/lib/python3.8/dist-packages/keystonemiddleware/auth_token/__init__.py:407}}
Jul 25 22:34:15.478927 dv-cinder-797608-63-smb devstack@keystone.service[87131]: [pid: 87131|app: 0|req: 177/352] 10.222.0.40 () {56 vars in 1180 bytes} [Mon Jul 25 22:34:15 2022] GET /identity/v3/groups/8545c6d040ac43df935dce91a20e064c => generated 226 bytes in 159 msecs (HTTP/1.1 200) 5 headers in 177 bytes (1 switches on core 0)
Jul 25 22:34:15.480163 dv-cinder-797608-63-smb devstack@keystone.service[87131]: DEBUG keystone.server.flask.request_processing.req_logging [None req-8b28ce18-2b2f-4a52-8d0e-1451b25dcd3a None None] REQUEST_METHOD: `GET` {{(pid=87131) log_request_info /opt/stack/keystone/keystone/server/flask/request_processing/req_logging.py:27}}
Jul 25 22:34:15.480449 dv-cinder-797608-63-smb devstack@keystone.service[87131]: DEBUG keystone.server.flask.request_processing.req_logging [None req-8b28ce18-2b2f-4a52-8d0e-1451b25dcd3a None None] SCRIPT_NAME: `/identity` {{(pid=87131) log_request_info /opt/stack/keystone/keystone/server/flask/request_processing/req_logging.py:28}}
Jul 25 22:34:15.480724 dv-cinder-797608-63-smb devstack@keystone.service[87131]: DEBUG keystone.server.flask.request_processing.req_logging [None req-8b28ce18-2b2f-4a52-8d0e-1451b25dcd3a None None] PATH_INFO: `/` {{(pid=87131) log_request_info /opt/stack/keystone/keystone/server/flask/request_processing/req_logging.py:29}}
Jul 25 22:34:15.482258 dv-cinder-797608-63-smb devstack@keystone.service[87131]: [pid: 87131|app: 0|req: 178/353] 10.222.0.40 () {54 vars in 926 bytes} [Mon Jul 25 22:34:15 2022] GET /identity => generated 270 bytes in 3 msecs (HTTP/1.1 300) 6 headers in 234 bytes (1 switches on core 0)
Jul 25 22:34:15.486897 dv-cinder-797608-63-smb devstack@keystone.service[87131]: DEBUG keystone.server.flask.request_processing.req_logging [None req-99f2316f-2803-4b15-8f7b-1c4ce3a18533 None None] REQUEST_METHOD: `GET` {{(pid=87131) log_request_info /opt/stack/keystone/keystone/server/flask/request_processing/req_logging.py:27}}
Jul 25 22:34:15.486897 dv-cinder-797608-63-smb devstack@keystone.service[87131]: DEBUG keystone.server.flask.request_processing.req_logging [None req-99f2316f-2803-4b15-8f7b-1c4ce3a18533 None None] SCRIPT_NAME: `/identity` {{(pid=87131) log_request_info /opt/stack/keystone/keystone/server/flask/request_processing/req_logging.py:28}}
Jul 25 22:34:15.486897 dv-cinder-797608-63-smb devstack@keystone.service[87131]: DEBUG keystone.server.flask.request_processing.req_logging [None req-99f2316f-2803-4b15-8f7b-1c4ce3a18533 None None] PATH_INFO: `/` {{(pid=87131) log_request_info /opt/stack/keystone/keystone/server/flask/request_processing/req_logging.py:29}}
Jul 25 22:34:15.486897 dv-cinder-797608-63-smb devstack@keystone.service[87131]: [pid: 87131|app: 0|req: 179/354] 10.222.0.40 () {54 vars in 926 bytes} [Mon Jul 25 22:34:15 2022] GET /identity => generated 270 bytes in 2 msecs (HTTP/1.1 300) 6 headers in 234 bytes (1 switches on core 0)
Jul 25 22:34:15.488193 dv-cinder-797608-63-smb devstack@keystone.service[87131]: DEBUG keystone.server.flask.request_processing.req_logging [None req-58a28897-4834-47f4-943d-77fc4dfa4d11 None None] REQUEST_METHOD: `POST` {{(pid=87131) log_request_info /opt/stack/keystone/keystone/server/flask/request_processing/req_logging.py:27}}
Jul 25 22:34:15.488479 dv-cinder-797608-63-smb devstack@keystone.service[87131]: DEBUG keystone.server.flask.request_processing.req_logging [None req-58a28897-4834-47f4-943d-77fc4dfa4d11 None None] SCRIPT_NAME: `/identity` {{(pid=87131) log_request_info /opt/stack/keystone/keystone/server/flask/request_processing/req_logging.py:28}}
Jul 25 22:34:15.488753 dv-cinder-797608-63-smb devstack@keystone.service[87131]: DEBUG keystone.server.flask.request_processing.req_logging [None req-58a28897-4834-47f4-943d-77fc4dfa4d11 None None] PATH_INFO: `/v3/auth/tokens` {{(pid=87131) log_request_info /opt/stack/keystone/keystone/server/flask/request_processing/req_logging.py:29}}
Jul 25 22:34:15.508497 dv-cinder-797608-63-smb devstack@keystone.service[87131]: DEBUG keystone.auth.core [None req-58a28897-4834-47f4-943d-77fc4dfa4d11 None None] MFA Rules not processed for user `0e22f2132e234963b03344d9530151a7`. Rule list: `[]` (Enabled: `True`). {{(pid=87131) check_auth_methods_against_rules /opt/stack/keystone/keystone/auth/core.py:438}}
Jul 25 22:34:15.509718 dv-cinder-797608-63-smb devstack@keystone.service[87131]: DEBUG keystone.common.fernet_utils [None req-58a28897-4834-47f4-943d-77fc4dfa4d11 None None] Loaded 2 Fernet keys from /etc/keystone/fernet-keys/, but `[fernet_tokens] max_active_keys = 3`; perhaps there have not been enough key rotations to reach `max_active_keys` yet? {{(pid=87131) load_keys /opt/stack/keystone/keystone/common/fernet_utils.py:286}}
Jul 25 22:34:15.520078 dv-cinder-797608-63-smb devstack@keystone.service[87130]: DEBUG dbcounter [-] [87130] Writing DB stats keystone:SELECT=100 {{(pid=87130) stat_writer /usr/local/lib/python3.8/dist-packages/dbcounter.py:114}}
Jul 25 22:34:15.591816 dv-cinder-797608-63-smb devstack@keystone.service[87131]: [pid: 87131|app: 0|req: 180/355] 10.222.0.40 () {58 vars in 1023 bytes} [Mon Jul 25 22:34:15 2022] POST /identity/v3/auth/tokens => generated 799 bytes in 99 msecs (HTTP/1.1 201) 6 headers in 363 bytes (2 switches on core 0)
Jul 25 22:34:15.591816 dv-cinder-797608-63-smb devstack@keystone.service[87131]: DEBUG keystone.server.flask.request_processing.req_logging [None req-3cd71ea1-e351-486a-aa44-d361bf435c76 None None] REQUEST_METHOD: `POST` {{(pid=87131) log_request_info /opt/stack/keystone/keystone/server/flask/request_processing/req_logging.py:27}}
Jul 25 22:34:15.591816 dv-cinder-797608-63-smb devstack@keystone.service[87131]: DEBUG keystone.server.flask.request_processing.req_logging [None req-3cd71ea1-e351-486a-aa44-d361bf435c76 None None] SCRIPT_NAME: `/identity` {{(pid=87131) log_request_info /opt/stack/keystone/keystone/server/flask/request_processing/req_logging.py:28}}
Jul 25 22:34:15.591816 dv-cinder-797608-63-smb devstack@keystone.service[87131]: DEBUG keystone.server.flask.request_processing.req_logging [None req-3cd71ea1-e351-486a-aa44-d361bf435c76 None None] PATH_INFO: `/v3/auth/tokens` {{(pid=87131) log_request_info /opt/stack/keystone/keystone/server/flask/request_processing/req_logging.py:29}}
Jul 25 22:34:15.609492 dv-cinder-797608-63-smb devstack@keystone.service[87131]: DEBUG keystone.auth.core [None req-3cd71ea1-e351-486a-aa44-d361bf435c76 None None] MFA Rules not processed for user `0e22f2132e234963b03344d9530151a7`. Rule list: `[]` (Enabled: `True`). {{(pid=87131) check_auth_methods_against_rules /opt/stack/keystone/keystone/auth/core.py:438}}
Jul 25 22:34:15.610792 dv-cinder-797608-63-smb devstack@keystone.service[87131]: DEBUG keystone.common.fernet_utils [None req-3cd71ea1-e351-486a-aa44-d361bf435c76 None None] Loaded 2 Fernet keys from /etc/keystone/fernet-keys/, but `[fernet_tokens] max_active_keys = 3`; perhaps there have not been enough key rotations to reach `max_active_keys` yet? {{(pid=87131) load_keys /opt/stack/keystone/keystone/common/fernet_utils.py:286}}
Jul 25 22:34:15.613167 dv-cinder-797608-63-smb devstack@keystone.service[87131]: DEBUG dbcounter [-] [87131] Writing DB stats keystone:SELECT=100 {{(pid=87131) stat_writer /usr/local/lib/python3.8/dist-packages/dbcounter.py:114}}
Jul 25 22:34:15.638368 dv-cinder-797608-63-smb devstack@keystone.service[87130]: DEBUG keystone.server.flask.request_processing.middleware.auth_context [None req-774a76bb-4747-4392-9079-f77f2b16a10a None admin] Validating token access rules against request {{(pid=87130) validate_allowed_request /usr/local/lib/python3.8/dist-packages/keystonemiddleware/auth_token/__init__.py:545}}
Jul 25 22:34:15.697854 dv-cinder-797608-63-smb devstack@keystone.service[87131]: [pid: 87131|app: 0|req: 181/356] 10.222.0.40 () {58 vars in 1023 bytes} [Mon Jul 25 22:34:15 2022] POST /identity/v3/auth/tokens => generated 799 bytes in 110 msecs (HTTP/1.1 201) 6 headers in 363 bytes (1 switches on core 0)
Jul 25 22:34:15.698871 dv-cinder-797608-63-smb devstack@keystone.service[87131]: DEBUG keystone.server.flask.request_processing.middleware.auth_context [None req-3cd71ea1-e351-486a-aa44-d361bf435c76 None None] Authenticating user token {{(pid=87131) process_request /usr/local/lib/python3.8/dist-packages/keystonemiddleware/auth_token/__init__.py:407}}
Jul 25 22:34:15.700562 dv-cinder-797608-63-smb devstack@keystone.service[87130]: DEBUG keystone.server.flask.request_processing.middleware.auth_context [None req-9bae90c3-9c34-4213-941b-2de4ee170678 None admin] RBAC: auth_context: {'token': , 'domain_id': None, 'trust_id': None, 'trustor_id': None, 'trustee_id': None, 'domain_name': None, 'group_ids': [], 'user_id': '0e22f2132e234963b03344d9530151a7', 'user_domain_id': 'default', 'system_scope': 'all', 'project_id': None, 'project_domain_id': None, 'roles': ['admin', 'member', 'reader'], 'is_admin_project': True, 'service_user_id': None, 'service_user_domain_id': None, 'service_project_id': None, 'service_project_domain_id': None, 'service_roles': []} {{(pid=87130) fill_context /opt/stack/keystone/keystone/server/flask/request_processing/middleware/auth_context.py:478}}
Jul 25 22:34:15.701192 dv-cinder-797608-63-smb devstack@keystone.service[87130]: DEBUG keystone.server.flask.request_processing.req_logging [None req-9bae90c3-9c34-4213-941b-2de4ee170678 None admin] REQUEST_METHOD: `GET` {{(pid=87130) log_request_info /opt/stack/keystone/keystone/server/flask/request_processing/req_logging.py:27}}
Jul 25 22:34:15.701473 dv-cinder-797608-63-smb devstack@keystone.service[87130]: DEBUG keystone.server.flask.request_processing.req_logging [None req-9bae90c3-9c34-4213-941b-2de4ee170678 None admin] SCRIPT_NAME: `/identity` {{(pid=87130) log_request_info /opt/stack/keystone/keystone/server/flask/request_processing/req_logging.py:28}}
Jul 25 22:34:15.701747 dv-cinder-797608-63-smb devstack@keystone.service[87130]: DEBUG keystone.server.flask.request_processing.req_logging [None req-9bae90c3-9c34-4213-941b-2de4ee170678 None admin] PATH_INFO: `/v3/roles` {{(pid=87130) log_request_info /opt/stack/keystone/keystone/server/flask/request_processing/req_logging.py:29}}
Jul 25 22:34:15.702476 dv-cinder-797608-63-smb devstack@keystone.service[87130]: DEBUG keystone.common.rbac_enforcer.enforcer [None req-9bae90c3-9c34-4213-941b-2de4ee170678 None admin] RBAC: Adding query filter params (name=member) {{(pid=87130) _extract_filter_values /opt/stack/keystone/keystone/common/rbac_enforcer/enforcer.py:167}}
Jul 25 22:34:15.702904 dv-cinder-797608-63-smb devstack@keystone.service[87130]: DEBUG keystone.common.rbac_enforcer.enforcer [None req-9bae90c3-9c34-4213-941b-2de4ee170678 None admin] RBAC: Authorizing `identity:list_roles()` {{(pid=87130) enforce_call /opt/stack/keystone/keystone/common/rbac_enforcer/enforcer.py:449}}
Jul 25 22:34:15.704364 dv-cinder-797608-63-smb devstack@keystone.service[87130]: DEBUG keystone.common.rbac_enforcer.enforcer [None req-9bae90c3-9c34-4213-941b-2de4ee170678 None admin] RBAC: Authorization granted {{(pid=87130) enforce_call /opt/stack/keystone/keystone/common/rbac_enforcer/enforcer.py:457}}
Jul 25 22:34:15.715672 dv-cinder-797608-63-smb devstack@keystone.service[87130]: [pid: 87130|app: 0|req: 176/357] 10.222.0.40 () {56 vars in 1101 bytes} [Mon Jul 25 22:34:15 2022] GET /identity/v3/roles?name=member => generated 341 bytes in 238 msecs (HTTP/1.1 200) 5 headers in 177 bytes (1 switches on core 0)
Jul 25 22:34:15.720636 dv-cinder-797608-63-smb devstack@keystone.service[87130]: DEBUG keystone.server.flask.request_processing.middleware.auth_context [None req-9bae90c3-9c34-4213-941b-2de4ee170678 None admin] Authenticating user token {{(pid=87130) process_request /usr/local/lib/python3.8/dist-packages/keystonemiddleware/auth_token/__init__.py:407}}
Jul 25 22:34:15.836017 dv-cinder-797608-63-smb devstack@keystone.service[87131]: DEBUG keystone.server.flask.request_processing.middleware.auth_context [None req-3cd71ea1-e351-486a-aa44-d361bf435c76 None None] Validating token access rules against request {{(pid=87131) validate_allowed_request /usr/local/lib/python3.8/dist-packages/keystonemiddleware/auth_token/__init__.py:545}}
Jul 25 22:34:15.837429 dv-cinder-797608-63-smb devstack@keystone.service[87130]: DEBUG dbcounter [-] [87130] Writing DB stats keystone:SELECT=100 {{(pid=87130) stat_writer /usr/local/lib/python3.8/dist-packages/dbcounter.py:114}}
Jul 25 22:34:15.845522 dv-cinder-797608-63-smb devstack@keystone.service[87130]: DEBUG keystone.server.flask.request_processing.middleware.auth_context [None req-9bae90c3-9c34-4213-941b-2de4ee170678 None admin] Validating token access rules against request {{(pid=87130) validate_allowed_request /usr/local/lib/python3.8/dist-packages/keystonemiddleware/auth_token/__init__.py:545}}
