Jul 25 09:15:16.105297 dv-cinder-797608-60-smb devstack@keystone.service[80327]: DEBUG keystone.server.flask.request_processing.middleware.auth_context [None req-bddefae5-e44b-4911-9cf9-f6d15efb92f8 None admin] RBAC: auth_context: {'token': , 'domain_id': None, 'trust_id': None, 'trustor_id': None, 'trustee_id': None, 'domain_name': None, 'group_ids': [], 'user_id': 'd13929efac23409888975a50b1679e8f', 'user_domain_id': 'default', 'system_scope': 'all', 'project_id': None, 'project_domain_id': None, 'roles': ['admin', 'member', 'reader'], 'is_admin_project': True, 'service_user_id': None, 'service_user_domain_id': None, 'service_project_id': None, 'service_project_domain_id': None, 'service_roles': []} {{(pid=80327) fill_context /opt/stack/keystone/keystone/server/flask/request_processing/middleware/auth_context.py:478}}
Jul 25 09:15:16.106144 dv-cinder-797608-60-smb devstack@keystone.service[80327]: DEBUG keystone.server.flask.request_processing.req_logging [None req-bddefae5-e44b-4911-9cf9-f6d15efb92f8 None admin] REQUEST_METHOD: `GET` {{(pid=80327) log_request_info /opt/stack/keystone/keystone/server/flask/request_processing/req_logging.py:27}}
Jul 25 09:15:16.106465 dv-cinder-797608-60-smb devstack@keystone.service[80327]: DEBUG keystone.server.flask.request_processing.req_logging [None req-bddefae5-e44b-4911-9cf9-f6d15efb92f8 None admin] SCRIPT_NAME: `/identity` {{(pid=80327) log_request_info /opt/stack/keystone/keystone/server/flask/request_processing/req_logging.py:28}}
Jul 25 09:15:16.106750 dv-cinder-797608-60-smb devstack@keystone.service[80327]: DEBUG keystone.server.flask.request_processing.req_logging [None req-bddefae5-e44b-4911-9cf9-f6d15efb92f8 None admin] PATH_INFO: `/v3/roles/member` {{(pid=80327) log_request_info /opt/stack/keystone/keystone/server/flask/request_processing/req_logging.py:29}}
Jul 25 09:15:16.118934 dv-cinder-797608-60-smb devstack@keystone.service[80326]: DEBUG dbcounter [-] [80326] Writing DB stats keystone:SELECT=100 {{(pid=80326) stat_writer /usr/local/lib/python3.8/dist-packages/dbcounter.py:114}}
Jul 25 09:15:16.119196 dv-cinder-797608-60-smb devstack@keystone.service[80327]: DEBUG keystone.common.rbac_enforcer.enforcer [None req-bddefae5-e44b-4911-9cf9-f6d15efb92f8 None admin] Extracting inferred target data resulted in "NOT FOUND (404)". {{(pid=80327) enforce_call /opt/stack/keystone/keystone/common/rbac_enforcer/enforcer.py:409}}
Jul 25 09:15:16.126179 dv-cinder-797608-60-smb devstack@keystone.service[80326]: [pid: 80326|app: 0|req: 43/81] 10.222.0.17 () {58 vars in 1282 bytes} [Mon Jul 25 09:15:15 2022] GET /identity/v3/auth/tokens => generated 799 bytes in 316 msecs (HTTP/1.1 200) 6 headers in 358 bytes (1 switches on core 0)
Jul 25 09:15:16.128329 dv-cinder-797608-60-smb devstack@keystone.service[80326]: DEBUG keystone.server.flask.request_processing.middleware.auth_context [None req-4adf5426-16da-4f30-9bff-e901e75d96ad None admin] Authenticating user token {{(pid=80326) process_request /usr/local/lib/python3.8/dist-packages/keystonemiddleware/auth_token/__init__.py:407}}
Jul 25 09:15:16.128440 dv-cinder-797608-60-smb devstack@keystone.service[80327]: ERROR keystone.server.flask.application [None req-bddefae5-e44b-4911-9cf9-f6d15efb92f8 None admin] Could not find role: member.: keystone.exception.RoleNotFound: Could not find role: member.
Jul 25 09:15:16.128440 dv-cinder-797608-60-smb devstack@keystone.service[80327]: ERROR keystone.server.flask.application
Traceback (most recent call last):
Jul 25 09:15:16.128440 dv-cinder-797608-60-smb devstack@keystone.service[80327]: ERROR keystone.server.flask.application
File "/usr/local/lib/python3.8/dist-packages/flask/app.py", line 1517, in full_dispatch_request
Jul 25 09:15:16.128440 dv-cinder-797608-60-smb devstack@keystone.service[80327]: ERROR keystone.server.flask.application rv = self.dispatch_request()
Jul 25 09:15:16.128440 dv-cinder-797608-60-smb devstack@keystone.service[80327]: ERROR keystone.server.flask.application
File "/usr/local/lib/python3.8/dist-packages/flask/app.py", line 1503, in dispatch_request
Jul 25 09:15:16.128440 dv-cinder-797608-60-smb devstack@keystone.service[80327]: ERROR keystone.server.flask.application return self.ensure_sync(self.view_functions[rule.endpoint])(**req.view_args)
Jul 25 09:15:16.128440 dv-cinder-797608-60-smb devstack@keystone.service[80327]: ERROR keystone.server.flask.application
File "/usr/local/lib/python3.8/dist-packages/flask_restful/__init__.py", line 467, in wrapper
Jul 25 09:15:16.128440 dv-cinder-797608-60-smb devstack@keystone.service[80327]: ERROR keystone.server.flask.application resp = resource(*args, **kwargs)
Jul 25 09:15:16.128440 dv-cinder-797608-60-smb devstack@keystone.service[80327]: ERROR keystone.server.flask.application
File "/usr/local/lib/python3.8/dist-packages/flask/views.py", line 84, in view
Jul 25 09:15:16.128440 dv-cinder-797608-60-smb devstack@keystone.service[80327]: ERROR keystone.server.flask.application return current_app.ensure_sync(self.dispatch_request)(*args, **kwargs)
Jul 25 09:15:16.128440 dv-cinder-797608-60-smb devstack@keystone.service[80327]: ERROR keystone.server.flask.application
File "/usr/local/lib/python3.8/dist-packages/flask_restful/__init__.py", line 582, in dispatch_request
Jul 25 09:15:16.128440 dv-cinder-797608-60-smb devstack@keystone.service[80327]: ERROR keystone.server.flask.application resp = meth(*args, **kwargs)
Jul 25 09:15:16.128440 dv-cinder-797608-60-smb devstack@keystone.service[80327]: ERROR keystone.server.flask.application
File "/opt/stack/keystone/keystone/api/roles.py", line 50, in get
Jul 25 09:15:16.128440 dv-cinder-797608-60-smb devstack@keystone.service[80327]: ERROR keystone.server.flask.application return self._get_role(role_id)
Jul 25 09:15:16.128440 dv-cinder-797608-60-smb devstack@keystone.service[80327]: ERROR keystone.server.flask.application
File "/opt/stack/keystone/keystone/api/roles.py", line 70, in _get_role
Jul 25 09:15:16.128440 dv-cinder-797608-60-smb devstack@keystone.service[80327]: ERROR keystone.server.flask.application ENFORCER.enforce_call(action='identity:get_role')
Jul 25 09:15:16.129377 dv-cinder-797608-60-smb devstack@keystone.service[80327]: ERROR keystone.server.flask.application
File "/opt/stack/keystone/keystone/common/rbac_enforcer/enforcer.py", line 402, in enforce_call
Jul 25 09:15:16.129377 dv-cinder-797608-60-smb devstack@keystone.service[80327]: ERROR keystone.server.flask.application policy_dict.update(cls._extract_member_target_data(
Jul 25 09:15:16.129377 dv-cinder-797608-60-smb devstack@keystone.service[80327]: ERROR keystone.server.flask.application
File "/opt/stack/keystone/keystone/common/rbac_enforcer/enforcer.py", line 234, in _extract_member_target_data
Jul 25 09:15:16.129377 dv-cinder-797608-60-smb devstack@keystone.service[80327]: ERROR keystone.server.flask.application member_name: func(flask.request.view_args[key])
Jul 25 09:15:16.129377 dv-cinder-797608-60-smb devstack@keystone.service[80327]: ERROR keystone.server.flask.application
File "/opt/stack/keystone/keystone/common/manager.py", line 115, in wrapped
Jul 25 09:15:16.129377 dv-cinder-797608-60-smb devstack@keystone.service[80327]: ERROR keystone.server.flask.application __ret_val = __f(*args, **kwargs)
Jul 25 09:15:16.129377 dv-cinder-797608-60-smb devstack@keystone.service[80327]: ERROR keystone.server.flask.application
File "/usr/local/lib/python3.8/dist-packages/decorator.py", line 232, in fun
Jul 25 09:15:16.129377 dv-cinder-797608-60-smb devstack@keystone.service[80327]: ERROR keystone.server.flask.application return caller(func, *(extras + args), **kw)
Jul 25 09:15:16.129377 dv-cinder-797608-60-smb devstack@keystone.service[80327]: ERROR keystone.server.flask.application
File "/usr/local/lib/python3.8/dist-packages/dogpile/cache/region.py", line 1577, in get_or_create_for_user_func
Jul 25 09:15:16.129377 dv-cinder-797608-60-smb devstack@keystone.service[80327]: ERROR keystone.server.flask.application return self.get_or_create(
Jul 25 09:15:16.129377 dv-cinder-797608-60-smb devstack@keystone.service[80327]: ERROR keystone.server.flask.application
File "/usr/local/lib/python3.8/dist-packages/dogpile/cache/region.py", line 1042, in get_or_create
Jul 25 09:15:16.129377 dv-cinder-797608-60-smb devstack@keystone.service[80327]: ERROR keystone.server.flask.application with Lock(
Jul 25 09:15:16.129377 dv-cinder-797608-60-smb devstack@keystone.service[80327]: ERROR keystone.server.flask.application
File "/usr/local/lib/python3.8/dist-packages/dogpile/lock.py", line 185, in __enter__
Jul 25 09:15:16.129377 dv-cinder-797608-60-smb devstack@keystone.service[80327]: ERROR keystone.server.flask.application return self._enter()
Jul 25 09:15:16.129377 dv-cinder-797608-60-smb devstack@keystone.service[80327]: ERROR keystone.server.flask.application
File "/usr/local/lib/python3.8/dist-packages/dogpile/lock.py", line 94, in _enter
Jul 25 09:15:16.129377 dv-cinder-797608-60-smb devstack@keystone.service[80327]: ERROR keystone.server.flask.application generated = self._enter_create(value, createdtime)
Jul 25 09:15:16.130296 dv-cinder-797608-60-smb devstack@keystone.service[80327]: ERROR keystone.server.flask.application
File "/usr/local/lib/python3.8/dist-packages/dogpile/lock.py", line 178, in _enter_create
Jul 25 09:15:16.130296 dv-cinder-797608-60-smb devstack@keystone.service[80327]: ERROR keystone.server.flask.application return self.creator()
Jul 25 09:15:16.130296 dv-cinder-797608-60-smb devstack@keystone.service[80327]: ERROR keystone.server.flask.application
File "/usr/local/lib/python3.8/dist-packages/dogpile/cache/region.py", line 995, in gen_value
Jul 25 09:15:16.130296 dv-cinder-797608-60-smb devstack@keystone.service[80327]: ERROR keystone.server.flask.application created_value = creator(
Jul 25 09:15:16.130296 dv-cinder-797608-60-smb devstack@keystone.service[80327]: ERROR keystone.server.flask.application
File "/opt/stack/keystone/keystone/assignment/core.py", line 1276, in get_role
Jul 25 09:15:16.130296 dv-cinder-797608-60-smb devstack@keystone.service[80327]: ERROR keystone.server.flask.application return self.driver.get_role(role_id)
Jul 25 09:15:16.130296 dv-cinder-797608-60-smb devstack@keystone.service[80327]: ERROR keystone.server.flask.application
File "/opt/stack/keystone/keystone/assignment/role_backends/sql.py", line 70, in get_role
Jul 25 09:15:16.130296 dv-cinder-797608-60-smb devstack@keystone.service[80327]: ERROR keystone.server.flask.application return self._get_role(session, role_id).to_dict()
Jul 25 09:15:16.130296 dv-cinder-797608-60-smb devstack@keystone.service[80327]: ERROR keystone.server.flask.application
File "/opt/stack/keystone/keystone/assignment/role_backends/sql.py", line 65, in _get_role
Jul 25 09:15:16.130296 dv-cinder-797608-60-smb devstack@keystone.service[80327]: ERROR keystone.server.flask.application raise exception.RoleNotFound(role_id=role_id)
Jul 25 09:15:16.130296 dv-cinder-797608-60-smb devstack@keystone.service[80327]: ERROR keystone.server.flask.application keystone.exception.RoleNotFound: Could not find role: member.
Jul 25 09:15:16.130296 dv-cinder-797608-60-smb devstack@keystone.service[80327]: ERROR keystone.server.flask.application
Jul 25 09:15:16.130296 dv-cinder-797608-60-smb devstack@keystone.service[80327]: [pid: 80327|app: 0|req: 39/82] 10.222.0.17 () {56 vars in 1099 bytes} [Mon Jul 25 09:15:15 2022] GET /identity/v3/roles/member => generated 84 bytes in 164 msecs (HTTP/1.1 404) 5 headers in 183 bytes (1 switches on core 0)
Jul 25 09:15:16.130296 dv-cinder-797608-60-smb devstack@keystone.service[80327]: DEBUG keystone.server.flask.request_processing.middleware.auth_context [None req-bddefae5-e44b-4911-9cf9-f6d15efb92f8 None admin] Authenticating user token {{(pid=80327) process_request /usr/local/lib/python3.8/dist-packages/keystonemiddleware/auth_token/__init__.py:407}}
Jul 25 09:15:16.236491 dv-cinder-797608-60-smb devstack@keystone.service[80327]: DEBUG keystone.server.flask.request_processing.middleware.auth_context [None req-bddefae5-e44b-4911-9cf9-f6d15efb92f8 None admin] Validating token access rules against request {{(pid=80327) validate_allowed_request /usr/local/lib/python3.8/dist-packages/keystonemiddleware/auth_token/__init__.py:545}}
Jul 25 09:15:16.237607 dv-cinder-797608-60-smb devstack@keystone.service[80326]: DEBUG keystone.server.flask.request_processing.middleware.auth_context [None req-4adf5426-16da-4f30-9bff-e901e75d96ad None admin] Validating token access rules against request {{(pid=80326) validate_allowed_request /usr/local/lib/python3.8/dist-packages/keystonemiddleware/auth_token/__init__.py:545}}
Jul 25 09:15:16.272929 dv-cinder-797608-60-smb devstack@keystone.service[80326]: DEBUG keystone.server.flask.request_processing.middleware.auth_context [None req-37d690a5-9662-4b64-90eb-eab8594d1e34 None admin] RBAC: auth_context: {'token': , 'domain_id': None, 'trust_id': None, 'trustor_id': None, 'trustee_id': None, 'domain_name': None, 'group_ids': [], 'user_id': 'd13929efac23409888975a50b1679e8f', 'user_domain_id': 'default', 'system_scope': 'all', 'project_id': None, 'project_domain_id': None, 'roles': ['admin', 'member', 'reader'], 'is_admin_project': True, 'service_user_id': None, 'service_user_domain_id': None, 'service_project_id': None, 'service_project_domain_id': None, 'service_roles': []} {{(pid=80326) fill_context /opt/stack/keystone/keystone/server/flask/request_processing/middleware/auth_context.py:478}}
Jul 25 09:15:16.273404 dv-cinder-797608-60-smb devstack@keystone.service[80327]: DEBUG keystone.server.flask.request_processing.middleware.auth_context [None req-889498a5-1edf-407c-be1d-79c662b4c11c None admin] RBAC: auth_context: {'token': , 'domain_id': None, 'trust_id': None, 'trustor_id': None, 'trustee_id': None, 'domain_name': None, 'group_ids': [], 'user_id': 'd13929efac23409888975a50b1679e8f', 'user_domain_id': 'default', 'system_scope': 'all', 'project_id': None, 'project_domain_id': None, 'roles': ['admin', 'member', 'reader'], 'is_admin_project': True, 'service_user_id': None, 'service_user_domain_id': None, 'service_project_id': None, 'service_project_domain_id': None, 'service_roles': []} {{(pid=80327) fill_context /opt/stack/keystone/keystone/server/flask/request_processing/middleware/auth_context.py:478}}
Jul 25 09:15:16.273593 dv-cinder-797608-60-smb devstack@keystone.service[80326]: DEBUG keystone.server.flask.request_processing.req_logging [None req-37d690a5-9662-4b64-90eb-eab8594d1e34 None admin] REQUEST_METHOD: `GET` {{(pid=80326) log_request_info /opt/stack/keystone/keystone/server/flask/request_processing/req_logging.py:27}}
Jul 25 09:15:16.273928 dv-cinder-797608-60-smb devstack@keystone.service[80326]: DEBUG keystone.server.flask.request_processing.req_logging [None req-37d690a5-9662-4b64-90eb-eab8594d1e34 None admin] SCRIPT_NAME: `/identity` {{(pid=80326) log_request_info /opt/stack/keystone/keystone/server/flask/request_processing/req_logging.py:28}}
Jul 25 09:15:16.274198 dv-cinder-797608-60-smb devstack@keystone.service[80326]: DEBUG keystone.server.flask.request_processing.req_logging [None req-37d690a5-9662-4b64-90eb-eab8594d1e34 None admin] PATH_INFO: `/v3/auth/tokens` {{(pid=80326) log_request_info /opt/stack/keystone/keystone/server/flask/request_processing/req_logging.py:29}}
Jul 25 09:15:16.274284 dv-cinder-797608-60-smb devstack@keystone.service[80327]: DEBUG keystone.server.flask.request_processing.req_logging [None req-889498a5-1edf-407c-be1d-79c662b4c11c None admin] REQUEST_METHOD: `GET` {{(pid=80327) log_request_info /opt/stack/keystone/keystone/server/flask/request_processing/req_logging.py:27}}
Jul 25 09:15:16.274514 dv-cinder-797608-60-smb devstack@keystone.service[80327]: DEBUG keystone.server.flask.request_processing.req_logging [None req-889498a5-1edf-407c-be1d-79c662b4c11c None admin] SCRIPT_NAME: `/identity` {{(pid=80327) log_request_info /opt/stack/keystone/keystone/server/flask/request_processing/req_logging.py:28}}
Jul 25 09:15:16.274793 dv-cinder-797608-60-smb devstack@keystone.service[80327]: DEBUG keystone.server.flask.request_processing.req_logging [None req-889498a5-1edf-407c-be1d-79c662b4c11c None admin] PATH_INFO: `/v3/domains/default` {{(pid=80327) log_request_info /opt/stack/keystone/keystone/server/flask/request_processing/req_logging.py:29}}
Jul 25 09:15:16.275983 dv-cinder-797608-60-smb devstack@keystone.service[80327]: DEBUG keystone.common.rbac_enforcer.enforcer [None req-889498a5-1edf-407c-be1d-79c662b4c11c None admin] RBAC: Authorizing `identity:get_domain(domain_id=default)` {{(pid=80327) enforce_call /opt/stack/keystone/keystone/common/rbac_enforcer/enforcer.py:449}}
Jul 25 09:15:16.277427 dv-cinder-797608-60-smb devstack@keystone.service[80327]: DEBUG keystone.common.rbac_enforcer.enforcer [None req-889498a5-1edf-407c-be1d-79c662b4c11c None admin] RBAC: Authorization granted {{(pid=80327) enforce_call /opt/stack/keystone/keystone/common/rbac_enforcer/enforcer.py:457}}
Jul 25 09:15:16.279099 dv-cinder-797608-60-smb devstack@keystone.service[80327]: [pid: 80327|app: 0|req: 40/83] 10.222.0.17 () {56 vars in 1108 bytes} [Mon Jul 25 09:15:16 2022] GET /identity/v3/domains/default => generated 199 bytes in 150 msecs (HTTP/1.1 200) 5 headers in 177 bytes (1 switches on core 0)
Jul 25 09:15:16.279866 dv-cinder-797608-60-smb devstack@keystone.service[80327]: DEBUG keystone.server.flask.request_processing.middleware.auth_context [None req-889498a5-1edf-407c-be1d-79c662b4c11c None admin] Authenticating user token {{(pid=80327) process_request /usr/local/lib/python3.8/dist-packages/keystonemiddleware/auth_token/__init__.py:407}}
Jul 25 09:15:16.305313 dv-cinder-797608-60-smb devstack@keystone.service[80327]: DEBUG dbcounter [-] [80327] Writing DB stats keystone:SELECT=100 {{(pid=80327) stat_writer /usr/local/lib/python3.8/dist-packages/dbcounter.py:114}}
Jul 25 09:15:16.336877 dv-cinder-797608-60-smb devstack@keystone.service[80326]: DEBUG dbcounter [-] [80326] Writing DB stats keystone:SELECT=100 {{(pid=80326) stat_writer /usr/local/lib/python3.8/dist-packages/dbcounter.py:114}}
Jul 25 09:15:16.348451 dv-cinder-797608-60-smb devstack@keystone.service[80326]: DEBUG keystone.common.rbac_enforcer.enforcer [None req-37d690a5-9662-4b64-90eb-eab8594d1e34 None admin] RBAC: Authorizing `identity:validate_token()` {{(pid=80326) enforce_call /opt/stack/keystone/keystone/common/rbac_enforcer/enforcer.py:449}}
Jul 25 09:15:16.348708 dv-cinder-797608-60-smb devstack@keystone.service[80326]: DEBUG keystone.common.rbac_enforcer.enforcer [None req-37d690a5-9662-4b64-90eb-eab8594d1e34 None admin] RBAC: Authorization granted {{(pid=80326) enforce_call /opt/stack/keystone/keystone/common/rbac_enforcer/enforcer.py:457}}
Jul 25 09:15:16.388784 dv-cinder-797608-60-smb devstack@keystone.service[80327]: DEBUG keystone.server.flask.request_processing.middleware.auth_context [None req-889498a5-1edf-407c-be1d-79c662b4c11c None admin] Validating token access rules against request {{(pid=80327) validate_allowed_request /usr/local/lib/python3.8/dist-packages/keystonemiddleware/auth_token/__init__.py:545}}
Jul 25 09:15:16.423220 dv-cinder-797608-60-smb devstack@keystone.service[80327]: DEBUG keystone.server.flask.request_processing.middleware.auth_context [None req-775dcc8d-2577-4bff-ab7c-8d937ea8ea36 None admin] RBAC: auth_context: {'token': , 'domain_id': None, 'trust_id': None, 'trustor_id': None, 'trustee_id': None, 'domain_name': None, 'group_ids': [], 'user_id': 'd13929efac23409888975a50b1679e8f', 'user_domain_id': 'default', 'system_scope': 'all', 'project_id': None, 'project_domain_id': None, 'roles': ['admin', 'member', 'reader'], 'is_admin_project': True, 'service_user_id': None, 'service_user_domain_id': None, 'service_project_id': None, 'service_project_domain_id': None, 'service_roles': []} {{(pid=80327) fill_context /opt/stack/keystone/keystone/server/flask/request_processing/middleware/auth_context.py:478}}
Jul 25 09:15:16.423874 dv-cinder-797608-60-smb devstack@keystone.service[80327]: DEBUG keystone.server.flask.request_processing.req_logging [None req-775dcc8d-2577-4bff-ab7c-8d937ea8ea36 None admin] REQUEST_METHOD: `GET` {{(pid=80327) log_request_info /opt/stack/keystone/keystone/server/flask/request_processing/req_logging.py:27}}
Jul 25 09:15:16.424164 dv-cinder-797608-60-smb devstack@keystone.service[80327]: DEBUG keystone.server.flask.request_processing.req_logging [None req-775dcc8d-2577-4bff-ab7c-8d937ea8ea36 None admin] SCRIPT_NAME: `/identity` {{(pid=80327) log_request_info /opt/stack/keystone/keystone/server/flask/request_processing/req_logging.py:28}}
Jul 25 09:15:16.424449 dv-cinder-797608-60-smb devstack@keystone.service[80327]: DEBUG keystone.server.flask.request_processing.req_logging [None req-775dcc8d-2577-4bff-ab7c-8d937ea8ea36 None admin] PATH_INFO: `/v3/auth/tokens` {{(pid=80327) log_request_info /opt/stack/keystone/keystone/server/flask/request_processing/req_logging.py:29}}
Jul 25 09:15:16.450321 dv-cinder-797608-60-smb devstack@keystone.service[80326]: [pid: 80326|app: 0|req: 44/84] 10.222.0.17 () {58 vars in 1282 bytes} [Mon Jul 25 09:15:16 2022] GET /identity/v3/auth/tokens => generated 799 bytes in 324 msecs (HTTP/1.1 200) 6 headers in 358 bytes (1 switches on core 0)
Jul 25 09:15:16.451177 dv-cinder-797608-60-smb devstack@keystone.service[80326]: DEBUG keystone.server.flask.request_processing.middleware.auth_context [None req-37d690a5-9662-4b64-90eb-eab8594d1e34 None admin] Authenticating user token {{(pid=80326) process_request /usr/local/lib/python3.8/dist-packages/keystonemiddleware/auth_token/__init__.py:407}}
Jul 25 09:15:16.498386 dv-cinder-797608-60-smb devstack@keystone.service[80327]: DEBUG keystone.common.rbac_enforcer.enforcer [None req-775dcc8d-2577-4bff-ab7c-8d937ea8ea36 None admin] RBAC: Authorizing `identity:validate_token()` {{(pid=80327) enforce_call /opt/stack/keystone/keystone/common/rbac_enforcer/enforcer.py:449}}
Jul 25 09:15:16.499897 dv-cinder-797608-60-smb devstack@keystone.service[80327]: DEBUG keystone.common.rbac_enforcer.enforcer [None req-775dcc8d-2577-4bff-ab7c-8d937ea8ea36 None admin] RBAC: Authorization granted {{(pid=80327) enforce_call /opt/stack/keystone/keystone/common/rbac_enforcer/enforcer.py:457}}
Jul 25 09:15:16.522961 dv-cinder-797608-60-smb devstack@keystone.service[80327]: DEBUG dbcounter [-] [80327] Writing DB stats keystone:SELECT=100 {{(pid=80327) stat_writer /usr/local/lib/python3.8/dist-packages/dbcounter.py:114}}
Jul 25 09:15:16.549038 dv-cinder-797608-60-smb devstack@keystone.service[80326]: DEBUG dbcounter [-] [80326] Writing DB stats keystone:SELECT=100 {{(pid=80326) stat_writer /usr/local/lib/python3.8/dist-packages/dbcounter.py:114}}
Jul 25 09:15:16.556049 dv-cinder-797608-60-smb devstack@keystone.service[80326]: DEBUG keystone.server.flask.request_processing.middleware.auth_context [None req-37d690a5-9662-4b64-90eb-eab8594d1e34 None admin] Validating token access rules against request {{(pid=80326) validate_allowed_request /usr/local/lib/python3.8/dist-packages/keystonemiddleware/auth_token/__init__.py:545}}
Jul 25 09:15:16.590387 dv-cinder-797608-60-smb devstack@keystone.service[80326]: DEBUG keystone.server.flask.request_processing.middleware.auth_context [None req-e5498bb5-4b88-40c3-a822-6cd1a139bc2e None admin] RBAC: auth_context: {'token': , 'domain_id': None, 'trust_id': None, 'trustor_id': None, 'trustee_id': None, 'domain_name': None, 'group_ids': [], 'user_id': 'd13929efac23409888975a50b1679e8f', 'user_domain_id': 'default', 'system_scope': 'all', 'project_id': None, 'project_domain_id': None, 'roles': ['admin', 'member', 'reader'], 'is_admin_project': True, 'service_user_id': None, 'service_user_domain_id': None, 'service_project_id': None, 'service_project_domain_id': None, 'service_roles': []} {{(pid=80326) fill_context /opt/stack/keystone/keystone/server/flask/request_processing/middleware/auth_context.py:478}}
Jul 25 09:15:16.591264 dv-cinder-797608-60-smb devstack@keystone.service[80326]: DEBUG keystone.server.flask.request_processing.req_logging [None req-e5498bb5-4b88-40c3-a822-6cd1a139bc2e None admin] REQUEST_METHOD: `GET` {{(pid=80326) log_request_info /opt/stack/keystone/keystone/server/flask/request_processing/req_logging.py:27}}
Jul 25 09:15:16.603976 dv-cinder-797608-60-smb devstack@keystone.service[80326]: DEBUG keystone.server.flask.request_processing.req_logging [None req-e5498bb5-4b88-40c3-a822-6cd1a139bc2e None admin] SCRIPT_NAME: `/identity` {{(pid=80326) log_request_info /opt/stack/keystone/keystone/server/flask/request_processing/req_logging.py:28}}
Jul 25 09:15:16.603976 dv-cinder-797608-60-smb devstack@keystone.service[80326]: DEBUG keystone.server.flask.request_processing.req_logging [None req-e5498bb5-4b88-40c3-a822-6cd1a139bc2e None admin] PATH_INFO: `/v3/projects/0aa914fce184422b8ad8af11a186fd39` {{(pid=80326) log_request_info /opt/stack/keystone/keystone/server/flask/request_processing/req_logging.py:29}}
Jul 25 09:15:16.603976 dv-cinder-797608-60-smb devstack@keystone.service[80326]: DEBUG keystone.common.rbac_enforcer.enforcer [None req-e5498bb5-4b88-40c3-a822-6cd1a139bc2e None admin] RBAC: Authorizing `identity:get_project(project_id=0aa914fce184422b8ad8af11a186fd39)` {{(pid=80326) enforce_call /opt/stack/keystone/keystone/common/rbac_enforcer/enforcer.py:449}}
Jul 25 09:15:16.603976 dv-cinder-797608-60-smb devstack@keystone.service[80326]: DEBUG keystone.common.rbac_enforcer.enforcer [None req-e5498bb5-4b88-40c3-a822-6cd1a139bc2e None admin] RBAC: Authorization granted {{(pid=80326) enforce_call /opt/stack/keystone/keystone/common/rbac_enforcer/enforcer.py:457}}
Jul 25 09:15:16.603976 dv-cinder-797608-60-smb devstack@keystone.service[80326]: [pid: 80326|app: 0|req: 45/85] 10.222.0.17 () {56 vars in 1186 bytes} [Mon Jul 25 09:15:16 2022] GET /identity/v3/projects/0aa914fce184422b8ad8af11a186fd39 => generated 298 bytes in 145 msecs (HTTP/1.1 200) 5 headers in 177 bytes (1 switches on core 0)
Jul 25 09:15:16.603976 dv-cinder-797608-60-smb devstack@keystone.service[80326]: DEBUG keystone.server.flask.request_processing.middleware.auth_context [None req-e5498bb5-4b88-40c3-a822-6cd1a139bc2e None admin] Authenticating user token {{(pid=80326) process_request /usr/local/lib/python3.8/dist-packages/keystonemiddleware/auth_token/__init__.py:407}}
Jul 25 09:15:16.604590 dv-cinder-797608-60-smb devstack@keystone.service[80327]: [pid: 80327|app: 0|req: 41/86] 10.222.0.17 () {58 vars in 1282 bytes} [Mon Jul 25 09:15:16 2022] GET /identity/v3/auth/tokens => generated 799 bytes in 321 msecs (HTTP/1.1 200) 6 headers in 358 bytes (1 switches on core 0)
Jul 25 09:15:16.604590 dv-cinder-797608-60-smb devstack@keystone.service[80327]: DEBUG keystone.server.flask.request_processing.middleware.auth_context [None req-775dcc8d-2577-4bff-ab7c-8d937ea8ea36 None admin] Authenticating user token {{(pid=80327) process_request /usr/local/lib/python3.8/dist-packages/keystonemiddleware/auth_token/__init__.py:407}}
Jul 25 09:15:16.713685 dv-cinder-797608-60-smb devstack@keystone.service[80326]: DEBUG keystone.server.flask.request_processing.middleware.auth_context [None req-e5498bb5-4b88-40c3-a822-6cd1a139bc2e None admin] Validating token access rules against request {{(pid=80326) validate_allowed_request /usr/local/lib/python3.8/dist-packages/keystonemiddleware/auth_token/__init__.py:545}}
Jul 25 09:15:16.722266 dv-cinder-797608-60-smb devstack@keystone.service[80327]: DEBUG keystone.server.flask.request_processing.middleware.auth_context [None req-775dcc8d-2577-4bff-ab7c-8d937ea8ea36 None admin] Validating token access rules against request {{(pid=80327) validate_allowed_request /usr/local/lib/python3.8/dist-packages/keystonemiddleware/auth_token/__init__.py:545}}
Jul 25 09:15:16.744982 dv-cinder-797608-60-smb devstack@keystone.service[80327]: DEBUG dbcounter [-] [80327] Writing DB stats keystone:SELECT=100 {{(pid=80327) stat_writer /usr/local/lib/python3.8/dist-packages/dbcounter.py:114}}
Jul 25 09:15:16.748419 dv-cinder-797608-60-smb devstack@keystone.service[80326]: DEBUG keystone.server.flask.request_processing.middleware.auth_context [None req-3479e1bd-b697-4413-ae28-87fd37026029 None admin] RBAC: auth_context: {'token': , 'domain_id': None, 'trust_id': None, 'trustor_id': None, 'trustee_id': None, 'domain_name': None, 'group_ids': [], 'user_id': 'd13929efac23409888975a50b1679e8f', 'user_domain_id': 'default', 'system_scope': 'all', 'project_id': None, 'project_domain_id': None, 'roles': ['admin', 'member', 'reader'], 'is_admin_project': True, 'service_user_id': None, 'service_user_domain_id': None, 'service_project_id': None, 'service_project_domain_id': None, 'service_roles': []} {{(pid=80326) fill_context /opt/stack/keystone/keystone/server/flask/request_processing/middleware/auth_context.py:478}}
Jul 25 09:15:16.749105 dv-cinder-797608-60-smb devstack@keystone.service[80326]: DEBUG keystone.server.flask.request_processing.req_logging [None req-3479e1bd-b697-4413-ae28-87fd37026029 None admin] REQUEST_METHOD: `GET` {{(pid=80326) log_request_info /opt/stack/keystone/keystone/server/flask/request_processing/req_logging.py:27}}
Jul 25 09:15:16.749388 dv-cinder-797608-60-smb devstack@keystone.service[80326]: DEBUG keystone.server.flask.request_processing.req_logging [None req-3479e1bd-b697-4413-ae28-87fd37026029 None admin] SCRIPT_NAME: `/identity` {{(pid=80326) log_request_info /opt/stack/keystone/keystone/server/flask/request_processing/req_logging.py:28}}
Jul 25 09:15:16.749665 dv-cinder-797608-60-smb devstack@keystone.service[80326]: DEBUG keystone.server.flask.request_processing.req_logging [None req-3479e1bd-b697-4413-ae28-87fd37026029 None admin] PATH_INFO: `/v3/roles` {{(pid=80326) log_request_info /opt/stack/keystone/keystone/server/flask/request_processing/req_logging.py:29}}
Jul 25 09:15:16.750445 dv-cinder-797608-60-smb devstack@keystone.service[80326]: DEBUG keystone.common.rbac_enforcer.enforcer [None req-3479e1bd-b697-4413-ae28-87fd37026029 None admin] RBAC: Adding query filter params (name=member) {{(pid=80326) _extract_filter_values /opt/stack/keystone/keystone/common/rbac_enforcer/enforcer.py:167}}
Jul 25 09:15:16.750756 dv-cinder-797608-60-smb devstack@keystone.service[80326]: DEBUG keystone.common.rbac_enforcer.enforcer [None req-3479e1bd-b697-4413-ae28-87fd37026029 None admin] RBAC: Authorizing `identity:list_roles()` {{(pid=80326) enforce_call /opt/stack/keystone/keystone/common/rbac_enforcer/enforcer.py:449}}
Jul 25 09:15:16.752130 dv-cinder-797608-60-smb devstack@keystone.service[80326]: DEBUG keystone.common.rbac_enforcer.enforcer [None req-3479e1bd-b697-4413-ae28-87fd37026029 None admin] RBAC: Authorization granted {{(pid=80326) enforce_call /opt/stack/keystone/keystone/common/rbac_enforcer/enforcer.py:457}}
Jul 25 09:15:16.756459 dv-cinder-797608-60-smb devstack@keystone.service[80327]: DEBUG keystone.server.flask.request_processing.middleware.auth_context [None req-4f2fda20-56cf-41f6-ba6c-9c91732dd76f None admin] RBAC: auth_context: {'token': , 'domain_id': None, 'trust_id': None, 'trustor_id': None, 'trustee_id': None, 'domain_name': None, 'group_ids': [], 'user_id': 'd13929efac23409888975a50b1679e8f', 'user_domain_id': 'default', 'system_scope': 'all', 'project_id': None, 'project_domain_id': None, 'roles': ['admin', 'member', 'reader'], 'is_admin_project': True, 'service_user_id': None, 'service_user_domain_id': None, 'service_project_id': None, 'service_project_domain_id': None, 'service_roles': []} {{(pid=80327) fill_context /opt/stack/keystone/keystone/server/flask/request_processing/middleware/auth_context.py:478}}
Jul 25 09:15:16.757140 dv-cinder-797608-60-smb devstack@keystone.service[80327]: DEBUG keystone.server.flask.request_processing.req_logging [None req-4f2fda20-56cf-41f6-ba6c-9c91732dd76f None admin] REQUEST_METHOD: `POST` {{(pid=80327) log_request_info /opt/stack/keystone/keystone/server/flask/request_processing/req_logging.py:27}}
Jul 25 09:15:16.757425 dv-cinder-797608-60-smb devstack@keystone.service[80327]: DEBUG keystone.server.flask.request_processing.req_logging [None req-4f2fda20-56cf-41f6-ba6c-9c91732dd76f None admin] SCRIPT_NAME: `/identity` {{(pid=80327) log_request_info /opt/stack/keystone/keystone/server/flask/request_processing/req_logging.py:28}}
Jul 25 09:15:16.757724 dv-cinder-797608-60-smb devstack@keystone.service[80327]: DEBUG keystone.server.flask.request_processing.req_logging [None req-4f2fda20-56cf-41f6-ba6c-9c91732dd76f None admin] PATH_INFO: `/v3/users` {{(pid=80327) log_request_info /opt/stack/keystone/keystone/server/flask/request_processing/req_logging.py:29}}
Jul 25 09:15:16.758457 dv-cinder-797608-60-smb devstack@keystone.service[80327]: DEBUG keystone.common.rbac_enforcer.enforcer [None req-4f2fda20-56cf-41f6-ba6c-9c91732dd76f None admin] RBAC: Authorizing `identity:create_user()` {{(pid=80327) enforce_call /opt/stack/keystone/keystone/common/rbac_enforcer/enforcer.py:449}}
Jul 25 09:15:16.759901 dv-cinder-797608-60-smb devstack@keystone.service[80327]: DEBUG keystone.common.rbac_enforcer.enforcer [None req-4f2fda20-56cf-41f6-ba6c-9c91732dd76f None admin] RBAC: Authorization granted {{(pid=80327) enforce_call /opt/stack/keystone/keystone/common/rbac_enforcer/enforcer.py:457}}
Jul 25 09:15:16.760664 dv-cinder-797608-60-smb devstack@keystone.service[80326]: [pid: 80326|app: 0|req: 46/87] 10.222.0.17 () {56 vars in 1101 bytes} [Mon Jul 25 09:15:16 2022] GET /identity/v3/roles?name=member => generated 341 bytes in 164 msecs (HTTP/1.1 200) 5 headers in 177 bytes (1 switches on core 0)
Jul 25 09:15:16.761478 dv-cinder-797608-60-smb devstack@keystone.service[80326]: DEBUG keystone.server.flask.request_processing.middleware.auth_context [None req-3479e1bd-b697-4413-ae28-87fd37026029 None admin] Authenticating user token {{(pid=80326) process_request /usr/local/lib/python3.8/dist-packages/keystonemiddleware/auth_token/__init__.py:407}}
Jul 25 09:15:16.789529 dv-cinder-797608-60-smb devstack@keystone.service[80326]: DEBUG dbcounter [-] [80326] Writing DB stats keystone:SELECT=100 {{(pid=80326) stat_writer /usr/local/lib/python3.8/dist-packages/dbcounter.py:114}}
Jul 25 09:15:16.844308 dv-cinder-797608-60-smb devstack@keystone.service[80327]: [pid: 80327|app: 0|req: 42/88] 10.222.0.17 () {60 vars in 1132 bytes} [Mon Jul 25 09:15:16 2022] POST /identity/v3/users => generated 289 bytes in 243 msecs (HTTP/1.1 201) 5 headers in 182 bytes (1 switches on core 0)
Jul 25 09:15:16.845084 dv-cinder-797608-60-smb devstack@keystone.service[80327]: DEBUG keystone.server.flask.request_processing.middleware.auth_context [None req-4f2fda20-56cf-41f6-ba6c-9c91732dd76f None admin] Authenticating user token {{(pid=80327) process_request /usr/local/lib/python3.8/dist-packages/keystonemiddleware/auth_token/__init__.py:407}}
Jul 25 09:15:16.877498 dv-cinder-797608-60-smb devstack@keystone.service[80326]: DEBUG keystone.server.flask.request_processing.middleware.auth_context [None req-3479e1bd-b697-4413-ae28-87fd37026029 None admin] Validating token access rules against request {{(pid=80326) validate_allowed_request /usr/local/lib/python3.8/dist-packages/keystonemiddleware/auth_token/__init__.py:545}}
Jul 25 09:15:16.918766 dv-cinder-797608-60-smb devstack@keystone.service[80326]: DEBUG keystone.server.flask.request_processing.middleware.auth_context [None req-30c2be96-be73-4aba-a4a8-48120199aab9 None admin] RBAC: auth_context: {'token': , 'domain_id': None, 'trust_id': None, 'trustor_id': None, 'trustee_id': None, 'domain_name': None, 'group_ids': [], 'user_id': 'd13929efac23409888975a50b1679e8f', 'user_domain_id': 'default', 'system_scope': 'all', 'project_id': None, 'project_domain_id': None, 'roles': ['admin', 'member', 'reader'], 'is_admin_project': True, 'service_user_id': None, 'service_user_domain_id': None, 'service_project_id': None, 'service_project_domain_id': None, 'service_roles': []} {{(pid=80326) fill_context /opt/stack/keystone/keystone/server/flask/request_processing/middleware/auth_context.py:478}}
Jul 25 09:15:16.919663 dv-cinder-797608-60-smb devstack@keystone.service[80326]: DEBUG keystone.server.flask.request_processing.req_logging [None req-30c2be96-be73-4aba-a4a8-48120199aab9 None admin] REQUEST_METHOD: `GET` {{(pid=80326) log_request_info /opt/stack/keystone/keystone/server/flask/request_processing/req_logging.py:27}}
Jul 25 09:15:16.919961 dv-cinder-797608-60-smb devstack@keystone.service[80326]: DEBUG keystone.server.flask.request_processing.req_logging [None req-30c2be96-be73-4aba-a4a8-48120199aab9 None admin] SCRIPT_NAME: `/identity` {{(pid=80326) log_request_info /opt/stack/keystone/keystone/server/flask/request_processing/req_logging.py:28}}
Jul 25 09:15:16.920467 dv-cinder-797608-60-smb devstack@keystone.service[80326]: DEBUG keystone.server.flask.request_processing.req_logging [None req-30c2be96-be73-4aba-a4a8-48120199aab9 None admin] PATH_INFO: `/v3/projects/0aa914fce184422b8ad8af11a186fd39` {{(pid=80326) log_request_info /opt/stack/keystone/keystone/server/flask/request_processing/req_logging.py:29}}
Jul 25 09:15:16.921575 dv-cinder-797608-60-smb devstack@keystone.service[80326]: DEBUG keystone.common.rbac_enforcer.enforcer [None req-30c2be96-be73-4aba-a4a8-48120199aab9 None admin] RBAC: Authorizing `identity:get_project(project_id=0aa914fce184422b8ad8af11a186fd39)` {{(pid=80326) enforce_call /opt/stack/keystone/keystone/common/rbac_enforcer/enforcer.py:449}}
Jul 25 09:15:16.923106 dv-cinder-797608-60-smb devstack@keystone.service[80326]: DEBUG keystone.common.rbac_enforcer.enforcer [None req-30c2be96-be73-4aba-a4a8-48120199aab9 None admin] RBAC: Authorization granted {{(pid=80326) enforce_call /opt/stack/keystone/keystone/common/rbac_enforcer/enforcer.py:457}}
Jul 25 09:15:16.925125 dv-cinder-797608-60-smb devstack@keystone.service[80326]: [pid: 80326|app: 0|req: 47/89] 10.222.0.17 () {56 vars in 1186 bytes} [Mon Jul 25 09:15:16 2022] GET /identity/v3/projects/0aa914fce184422b8ad8af11a186fd39 => generated 298 bytes in 164 msecs (HTTP/1.1 200) 5 headers in 177 bytes (1 switches on core 0)
Jul 25 09:15:16.931030 dv-cinder-797608-60-smb devstack@keystone.service[80326]: DEBUG keystone.server.flask.request_processing.middleware.auth_context [None req-30c2be96-be73-4aba-a4a8-48120199aab9 None admin] Authenticating user token {{(pid=80326) process_request /usr/local/lib/python3.8/dist-packages/keystonemiddleware/auth_token/__init__.py:407}}
Jul 25 09:15:16.966297 dv-cinder-797608-60-smb devstack@keystone.service[80327]: DEBUG keystone.server.flask.request_processing.middleware.auth_context [None req-4f2fda20-56cf-41f6-ba6c-9c91732dd76f None admin] Validating token access rules against request {{(pid=80327) validate_allowed_request /usr/local/lib/python3.8/dist-packages/keystonemiddleware/auth_token/__init__.py:545}}
Jul 25 09:15:17.007935 dv-cinder-797608-60-smb devstack@keystone.service[80327]: DEBUG keystone.server.flask.request_processing.middleware.auth_context [None req-9e0596b9-27b3-4f74-982b-6329e0e2c8e5 None admin] RBAC: auth_context: {'token': , 'domain_id': None, 'trust_id': None, 'trustor_id': None, 'trustee_id': None, 'domain_name': None, 'group_ids': [], 'user_id': 'd13929efac23409888975a50b1679e8f', 'user_domain_id': 'default', 'system_scope': 'all', 'project_id': None, 'project_domain_id': None, 'roles': ['admin', 'member', 'reader'], 'is_admin_project': True, 'service_user_id': None, 'service_user_domain_id': None, 'service_project_id': None, 'service_project_domain_id': None, 'service_roles': []} {{(pid=80327) fill_context /opt/stack/keystone/keystone/server/flask/request_processing/middleware/auth_context.py:478}}
Jul 25 09:15:17.009422 dv-cinder-797608-60-smb devstack@keystone.service[80327]: DEBUG keystone.server.flask.request_processing.req_logging [None req-9e0596b9-27b3-4f74-982b-6329e0e2c8e5 None admin] REQUEST_METHOD: `GET` {{(pid=80327) log_request_info /opt/stack/keystone/keystone/server/flask/request_processing/req_logging.py:27}}
Jul 25 09:15:17.009714 dv-cinder-797608-60-smb devstack@keystone.service[80327]: DEBUG keystone.server.flask.request_processing.req_logging [None req-9e0596b9-27b3-4f74-982b-6329e0e2c8e5 None admin] SCRIPT_NAME: `/identity` {{(pid=80327) log_request_info /opt/stack/keystone/keystone/server/flask/request_processing/req_logging.py:28}}
Jul 25 09:15:17.009996 dv-cinder-797608-60-smb devstack@keystone.service[80327]: DEBUG keystone.server.flask.request_processing.req_logging [None req-9e0596b9-27b3-4f74-982b-6329e0e2c8e5 None admin] PATH_INFO: `/v3/role_assignments` {{(pid=80327) log_request_info /opt/stack/keystone/keystone/server/flask/request_processing/req_logging.py:29}}
Jul 25 09:15:17.010874 dv-cinder-797608-60-smb devstack@keystone.service[80327]: DEBUG keystone.common.rbac_enforcer.enforcer [None req-9e0596b9-27b3-4f74-982b-6329e0e2c8e5 None admin] RBAC: Adding query filter params (role.id=927c67e6692e45e4809ef7b9cf75baac, scope.project.id=0aa914fce184422b8ad8af11a186fd39, user.id=8516ab02f98b491d89236a33a7ae6108) {{(pid=80327) _extract_filter_values /opt/stack/keystone/keystone/common/rbac_enforcer/enforcer.py:167}}
Jul 25 09:15:17.011193 dv-cinder-797608-60-smb devstack@keystone.service[80327]: DEBUG keystone.common.rbac_enforcer.enforcer [None req-9e0596b9-27b3-4f74-982b-6329e0e2c8e5 None admin] RBAC: Authorizing `identity:list_role_assignments()` {{(pid=80327) enforce_call /opt/stack/keystone/keystone/common/rbac_enforcer/enforcer.py:449}}
Jul 25 09:15:17.012655 dv-cinder-797608-60-smb devstack@keystone.service[80327]: DEBUG keystone.common.rbac_enforcer.enforcer [None req-9e0596b9-27b3-4f74-982b-6329e0e2c8e5 None admin] RBAC: Authorization granted {{(pid=80327) enforce_call /opt/stack/keystone/keystone/common/rbac_enforcer/enforcer.py:457}}
Jul 25 09:15:17.018940 dv-cinder-797608-60-smb devstack@keystone.service[80327]: [pid: 80327|app: 0|req: 43/90] 10.222.0.17 () {56 vars in 1374 bytes} [Mon Jul 25 09:15:16 2022] GET /identity/v3/role_assignments?user.id=8516ab02f98b491d89236a33a7ae6108&scope.project.id=0aa914fce184422b8ad8af11a186fd39&role.id=927c67e6692e45e4809ef7b9cf75baac => generated 259 bytes in 174 msecs (HTTP/1.1 200) 5 headers in 177 bytes (1 switches on core 0)
Jul 25 09:15:17.022111 dv-cinder-797608-60-smb devstack@keystone.service[80327]: DEBUG keystone.server.flask.request_processing.middleware.auth_context [None req-9e0596b9-27b3-4f74-982b-6329e0e2c8e5 None admin] Authenticating user token {{(pid=80327) process_request /usr/local/lib/python3.8/dist-packages/keystonemiddleware/auth_token/__init__.py:407}}
Jul 25 09:15:17.046344 dv-cinder-797608-60-smb devstack@keystone.service[80326]: DEBUG dbcounter [-] [80326] Writing DB stats keystone:SELECT=100 {{(pid=80326) stat_writer /usr/local/lib/python3.8/dist-packages/dbcounter.py:114}}
Jul 25 09:15:17.063401 dv-cinder-797608-60-smb devstack@keystone.service[80326]: DEBUG keystone.server.flask.request_processing.middleware.auth_context [None req-30c2be96-be73-4aba-a4a8-48120199aab9 None admin] Validating token access rules against request {{(pid=80326) validate_allowed_request /usr/local/lib/python3.8/dist-packages/keystonemiddleware/auth_token/__init__.py:545}}
Jul 25 09:15:17.080244 dv-cinder-797608-60-smb devstack@keystone.service[80327]: DEBUG dbcounter [-] [80327] Writing DB stats keystone:SELECT=97,keystone:INSERT=3 {{(pid=80327) stat_writer /usr/local/lib/python3.8/dist-packages/dbcounter.py:114}}
Jul 25 09:15:17.124291 dv-cinder-797608-60-smb devstack@keystone.service[80326]: DEBUG keystone.server.flask.request_processing.middleware.auth_context [None req-288f5854-5597-4315-8efb-0e545480031e None admin] RBAC: auth_context: {'token': , 'domain_id': None, 'trust_id': None, 'trustor_id': None, 'trustee_id': None, 'domain_name': None, 'group_ids': [], 'user_id': 'd13929efac23409888975a50b1679e8f', 'user_domain_id': 'default', 'system_scope': 'all', 'project_id': None, 'project_domain_id': None, 'roles': ['admin', 'member', 'reader'], 'is_admin_project': True, 'service_user_id': None, 'service_user_domain_id': None, 'service_project_id': None, 'service_project_domain_id': None, 'service_roles': []} {{(pid=80326) fill_context /opt/stack/keystone/keystone/server/flask/request_processing/middleware/auth_context.py:478}}
Jul 25 09:15:17.125183 dv-cinder-797608-60-smb devstack@keystone.service[80326]: DEBUG keystone.server.flask.request_processing.req_logging [None req-288f5854-5597-4315-8efb-0e545480031e None admin] REQUEST_METHOD: `GET` {{(pid=80326) log_request_info /opt/stack/keystone/keystone/server/flask/request_processing/req_logging.py:27}}
Jul 25 09:15:17.125467 dv-cinder-797608-60-smb devstack@keystone.service[80326]: DEBUG keystone.server.flask.request_processing.req_logging [None req-288f5854-5597-4315-8efb-0e545480031e None admin] SCRIPT_NAME: `/identity` {{(pid=80326) log_request_info /opt/stack/keystone/keystone/server/flask/request_processing/req_logging.py:28}}
Jul 25 09:15:17.125755 dv-cinder-797608-60-smb devstack@keystone.service[80326]: DEBUG keystone.server.flask.request_processing.req_logging [None req-288f5854-5597-4315-8efb-0e545480031e None admin] PATH_INFO: `/v3/projects/0aa914fce184422b8ad8af11a186fd39` {{(pid=80326) log_request_info /opt/stack/keystone/keystone/server/flask/request_processing/req_logging.py:29}}
Jul 25 09:15:17.128199 dv-cinder-797608-60-smb devstack@keystone.service[80326]: DEBUG keystone.common.rbac_enforcer.enforcer [None req-288f5854-5597-4315-8efb-0e545480031e None admin] RBAC: Authorizing `identity:get_project(project_id=0aa914fce184422b8ad8af11a186fd39)` {{(pid=80326) enforce_call /opt/stack/keystone/keystone/common/rbac_enforcer/enforcer.py:449}}
Jul 25 09:15:17.129729 dv-cinder-797608-60-smb devstack@keystone.service[80326]: DEBUG keystone.common.rbac_enforcer.enforcer [None req-288f5854-5597-4315-8efb-0e545480031e None admin] RBAC: Authorization granted {{(pid=80326) enforce_call /opt/stack/keystone/keystone/common/rbac_enforcer/enforcer.py:457}}
Jul 25 09:15:17.132137 dv-cinder-797608-60-smb devstack@keystone.service[80326]: [pid: 80326|app: 0|req: 48/91] 10.222.0.17 () {56 vars in 1186 bytes} [Mon Jul 25 09:15:16 2022] GET /identity/v3/projects/0aa914fce184422b8ad8af11a186fd39 => generated 298 bytes in 207 msecs (HTTP/1.1 200) 5 headers in 177 bytes (1 switches on core 0)
Jul 25 09:15:17.133040 dv-cinder-797608-60-smb devstack@keystone.service[80326]: DEBUG keystone.server.flask.request_processing.middleware.auth_context [None req-288f5854-5597-4315-8efb-0e545480031e None admin] Authenticating user token {{(pid=80326) process_request /usr/local/lib/python3.8/dist-packages/keystonemiddleware/auth_token/__init__.py:407}}
Jul 25 09:15:17.182293 dv-cinder-797608-60-smb devstack@keystone.service[80327]: DEBUG keystone.server.flask.request_processing.middleware.auth_context [None req-9e0596b9-27b3-4f74-982b-6329e0e2c8e5 None admin] Validating token access rules against request {{(pid=80327) validate_allowed_request /usr/local/lib/python3.8/dist-packages/keystonemiddleware/auth_token/__init__.py:545}}
Jul 25 09:15:17.225414 dv-cinder-797608-60-smb devstack@keystone.service[80327]: DEBUG keystone.server.flask.request_processing.middleware.auth_context [None req-4e51ce08-1ec9-4822-a260-6f91ebdec48e None admin] RBAC: auth_context: {'token': , 'domain_id': None, 'trust_id': None, 'trustor_id': None, 'trustee_id': None, 'domain_name': None, 'group_ids': [], 'user_id': 'd13929efac23409888975a50b1679e8f', 'user_domain_id': 'default', 'system_scope': 'all', 'project_id': None, 'project_domain_id': None, 'roles': ['admin', 'member', 'reader'], 'is_admin_project': True, 'service_user_id': None, 'service_user_domain_id': None, 'service_project_id': None, 'service_project_domain_id': None, 'service_roles': []} {{(pid=80327) fill_context /opt/stack/keystone/keystone/server/flask/request_processing/middleware/auth_context.py:478}}
Jul 25 09:15:17.226362 dv-cinder-797608-60-smb devstack@keystone.service[80327]: DEBUG keystone.server.flask.request_processing.req_logging [None req-4e51ce08-1ec9-4822-a260-6f91ebdec48e None admin] REQUEST_METHOD: `GET` {{(pid=80327) log_request_info /opt/stack/keystone/keystone/server/flask/request_processing/req_logging.py:27}}
Jul 25 09:15:17.226647 dv-cinder-797608-60-smb devstack@keystone.service[80327]: DEBUG keystone.server.flask.request_processing.req_logging [None req-4e51ce08-1ec9-4822-a260-6f91ebdec48e None admin] SCRIPT_NAME: `/identity` {{(pid=80327) log_request_info /opt/stack/keystone/keystone/server/flask/request_processing/req_logging.py:28}}
Jul 25 09:15:17.226921 dv-cinder-797608-60-smb devstack@keystone.service[80327]: DEBUG keystone.server.flask.request_processing.req_logging [None req-4e51ce08-1ec9-4822-a260-6f91ebdec48e None admin] PATH_INFO: `/v3/users/8516ab02f98b491d89236a33a7ae6108` {{(pid=80327) log_request_info /opt/stack/keystone/keystone/server/flask/request_processing/req_logging.py:29}}
Jul 25 09:15:17.228681 dv-cinder-797608-60-smb devstack@keystone.service[80327]: DEBUG keystone.common.rbac_enforcer.enforcer [None req-4e51ce08-1ec9-4822-a260-6f91ebdec48e None admin] RBAC: Authorizing `identity:get_user(user_id=8516ab02f98b491d89236a33a7ae6108)` {{(pid=80327) enforce_call /opt/stack/keystone/keystone/common/rbac_enforcer/enforcer.py:449}}
Jul 25 09:15:17.229779 dv-cinder-797608-60-smb devstack@keystone.service[80327]: DEBUG keystone.common.rbac_enforcer.enforcer [None req-4e51ce08-1ec9-4822-a260-6f91ebdec48e None admin] RBAC: Authorization granted {{(pid=80327) enforce_call /opt/stack/keystone/keystone/common/rbac_enforcer/enforcer.py:457}}
Jul 25 09:15:17.233199 dv-cinder-797608-60-smb devstack@keystone.service[80327]: [pid: 80327|app: 0|req: 44/92] 10.222.0.17 () {56 vars in 1177 bytes} [Mon Jul 25 09:15:17 2022] GET /identity/v3/users/8516ab02f98b491d89236a33a7ae6108 => generated 275 bytes in 214 msecs (HTTP/1.1 200) 5 headers in 177 bytes (1 switches on core 0)
