Jul 25 09:15:08.688239 dv-cinder-797608-60-smb devstack@keystone.service[80326]: DEBUG keystone.server.flask.request_processing.req_logging [None req-7b4e11d4-f0b5-4513-91aa-f85fa5e29140 None admin] PATH_INFO: `/v3/domains/default` {{(pid=80326) log_request_info /opt/stack/keystone/keystone/server/flask/request_processing/req_logging.py:29}}
Jul 25 09:15:08.689417 dv-cinder-797608-60-smb devstack@keystone.service[80326]: DEBUG keystone.common.rbac_enforcer.enforcer [None req-7b4e11d4-f0b5-4513-91aa-f85fa5e29140 None admin] RBAC: Authorizing `identity:get_domain(domain_id=default)` {{(pid=80326) enforce_call /opt/stack/keystone/keystone/common/rbac_enforcer/enforcer.py:449}}
Jul 25 09:15:08.691088 dv-cinder-797608-60-smb devstack@keystone.service[80326]: DEBUG keystone.common.rbac_enforcer.enforcer [None req-7b4e11d4-f0b5-4513-91aa-f85fa5e29140 None admin] RBAC: Authorization granted {{(pid=80326) enforce_call /opt/stack/keystone/keystone/common/rbac_enforcer/enforcer.py:457}}
Jul 25 09:15:08.692736 dv-cinder-797608-60-smb devstack@keystone.service[80326]: [pid: 80326|app: 0|req: 29/55] 10.222.0.17 () {56 vars in 1108 bytes} [Mon Jul 25 09:15:08 2022] GET /identity/v3/domains/default => generated 199 bytes in 143 msecs (HTTP/1.1 200) 5 headers in 177 bytes (1 switches on core 0)
Jul 25 09:15:08.698357 dv-cinder-797608-60-smb devstack@keystone.service[80326]: DEBUG keystone.server.flask.request_processing.middleware.auth_context [None req-7b4e11d4-f0b5-4513-91aa-f85fa5e29140 None admin] Authenticating user token {{(pid=80326) process_request /usr/local/lib/python3.8/dist-packages/keystonemiddleware/auth_token/__init__.py:407}}
Jul 25 09:15:08.713990 dv-cinder-797608-60-smb devstack@keystone.service[80326]: DEBUG dbcounter [-] [80326] Writing DB stats keystone:SELECT=100 {{(pid=80326) stat_writer /usr/local/lib/python3.8/dist-packages/dbcounter.py:114}}
Jul 25 09:15:08.791185 dv-cinder-797608-60-smb devstack@keystone.service[80327]: DEBUG keystone.server.flask.request_processing.middleware.auth_context [None req-ff0a4ee5-b605-4a2b-97ec-ebf9b06f5aab None admin] Validating token access rules against request {{(pid=80327) validate_allowed_request /usr/local/lib/python3.8/dist-packages/keystonemiddleware/auth_token/__init__.py:545}}
Jul 25 09:15:08.802668 dv-cinder-797608-60-smb devstack@keystone.service[80326]: DEBUG keystone.server.flask.request_processing.middleware.auth_context [None req-7b4e11d4-f0b5-4513-91aa-f85fa5e29140 None admin] Validating token access rules against request {{(pid=80326) validate_allowed_request /usr/local/lib/python3.8/dist-packages/keystonemiddleware/auth_token/__init__.py:545}}
Jul 25 09:15:08.825196 dv-cinder-797608-60-smb devstack@keystone.service[80327]: DEBUG keystone.server.flask.request_processing.middleware.auth_context [None req-39779330-d67b-4d80-9819-417d176334e0 None admin] RBAC: auth_context: {'token': , 'domain_id': None, 'trust_id': None, 'trustor_id': None, 'trustee_id': None, 'domain_name': None, 'group_ids': [], 'user_id': 'd13929efac23409888975a50b1679e8f', 'user_domain_id': 'default', 'system_scope': 'all', 'project_id': None, 'project_domain_id': None, 'roles': ['admin', 'member', 'reader'], 'is_admin_project': True, 'service_user_id': None, 'service_user_domain_id': None, 'service_project_id': None, 'service_project_domain_id': None, 'service_roles': []} {{(pid=80327) fill_context /opt/stack/keystone/keystone/server/flask/request_processing/middleware/auth_context.py:478}}
Jul 25 09:15:08.825869 dv-cinder-797608-60-smb devstack@keystone.service[80327]: DEBUG keystone.server.flask.request_processing.req_logging [None req-39779330-d67b-4d80-9819-417d176334e0 None admin] REQUEST_METHOD: `GET` {{(pid=80327) log_request_info /opt/stack/keystone/keystone/server/flask/request_processing/req_logging.py:27}}
Jul 25 09:15:08.826191 dv-cinder-797608-60-smb devstack@keystone.service[80327]: DEBUG keystone.server.flask.request_processing.req_logging [None req-39779330-d67b-4d80-9819-417d176334e0 None admin] SCRIPT_NAME: `/identity` {{(pid=80327) log_request_info /opt/stack/keystone/keystone/server/flask/request_processing/req_logging.py:28}}
Jul 25 09:15:08.826476 dv-cinder-797608-60-smb devstack@keystone.service[80327]: DEBUG keystone.server.flask.request_processing.req_logging [None req-39779330-d67b-4d80-9819-417d176334e0 None admin] PATH_INFO: `/v3/role_assignments` {{(pid=80327) log_request_info /opt/stack/keystone/keystone/server/flask/request_processing/req_logging.py:29}}
Jul 25 09:15:08.827322 dv-cinder-797608-60-smb devstack@keystone.service[80327]: DEBUG keystone.common.rbac_enforcer.enforcer [None req-39779330-d67b-4d80-9819-417d176334e0 None admin] RBAC: Adding query filter params (role.id=529ea36e7997464a8bb3d9228ca17d5a, scope.domain.id=default, user.id=d13929efac23409888975a50b1679e8f) {{(pid=80327) _extract_filter_values /opt/stack/keystone/keystone/common/rbac_enforcer/enforcer.py:167}}
Jul 25 09:15:08.827635 dv-cinder-797608-60-smb devstack@keystone.service[80327]: DEBUG keystone.common.rbac_enforcer.enforcer [None req-39779330-d67b-4d80-9819-417d176334e0 None admin] RBAC: Authorizing `identity:list_role_assignments()` {{(pid=80327) enforce_call /opt/stack/keystone/keystone/common/rbac_enforcer/enforcer.py:449}}
Jul 25 09:15:08.829078 dv-cinder-797608-60-smb devstack@keystone.service[80327]: DEBUG keystone.common.rbac_enforcer.enforcer [None req-39779330-d67b-4d80-9819-417d176334e0 None admin] RBAC: Authorization granted {{(pid=80327) enforce_call /opt/stack/keystone/keystone/common/rbac_enforcer/enforcer.py:457}}
Jul 25 09:15:08.838014 dv-cinder-797608-60-smb devstack@keystone.service[80326]: DEBUG keystone.server.flask.request_processing.middleware.auth_context [None req-c794f9db-e021-4e5b-8478-3e39f3292d3e None admin] RBAC: auth_context: {'token': , 'domain_id': None, 'trust_id': None, 'trustor_id': None, 'trustee_id': None, 'domain_name': None, 'group_ids': [], 'user_id': 'd13929efac23409888975a50b1679e8f', 'user_domain_id': 'default', 'system_scope': 'all', 'project_id': None, 'project_domain_id': None, 'roles': ['admin', 'member', 'reader'], 'is_admin_project': True, 'service_user_id': None, 'service_user_domain_id': None, 'service_project_id': None, 'service_project_domain_id': None, 'service_roles': []} {{(pid=80326) fill_context /opt/stack/keystone/keystone/server/flask/request_processing/middleware/auth_context.py:478}}
Jul 25 09:15:08.838435 dv-cinder-797608-60-smb devstack@keystone.service[80327]: [pid: 80327|app: 0|req: 27/56] 10.222.0.17 () {56 vars in 1322 bytes} [Mon Jul 25 09:15:08 2022] GET /identity/v3/role_assignments?user.id=d13929efac23409888975a50b1679e8f&scope.domain.id=default&role.id=529ea36e7997464a8bb3d9228ca17d5a => generated 530 bytes in 153 msecs (HTTP/1.1 200) 5 headers in 177 bytes (2 switches on core 0)
Jul 25 09:15:08.838738 dv-cinder-797608-60-smb devstack@keystone.service[80326]: DEBUG keystone.server.flask.request_processing.req_logging [None req-c794f9db-e021-4e5b-8478-3e39f3292d3e None admin] REQUEST_METHOD: `POST` {{(pid=80326) log_request_info /opt/stack/keystone/keystone/server/flask/request_processing/req_logging.py:27}}
Jul 25 09:15:08.839034 dv-cinder-797608-60-smb devstack@keystone.service[80326]: DEBUG keystone.server.flask.request_processing.req_logging [None req-c794f9db-e021-4e5b-8478-3e39f3292d3e None admin] SCRIPT_NAME: `/identity` {{(pid=80326) log_request_info /opt/stack/keystone/keystone/server/flask/request_processing/req_logging.py:28}}
Jul 25 09:15:08.839319 dv-cinder-797608-60-smb devstack@keystone.service[80326]: DEBUG keystone.server.flask.request_processing.req_logging [None req-c794f9db-e021-4e5b-8478-3e39f3292d3e None admin] PATH_INFO: `/v3/projects` {{(pid=80326) log_request_info /opt/stack/keystone/keystone/server/flask/request_processing/req_logging.py:29}}
Jul 25 09:15:08.840042 dv-cinder-797608-60-smb devstack@keystone.service[80326]: DEBUG keystone.common.rbac_enforcer.enforcer [None req-c794f9db-e021-4e5b-8478-3e39f3292d3e None admin] RBAC: Authorizing `identity:create_project()` {{(pid=80326) enforce_call /opt/stack/keystone/keystone/common/rbac_enforcer/enforcer.py:449}}
Jul 25 09:15:08.841519 dv-cinder-797608-60-smb devstack@keystone.service[80326]: DEBUG keystone.common.rbac_enforcer.enforcer [None req-c794f9db-e021-4e5b-8478-3e39f3292d3e None admin] RBAC: Authorization granted {{(pid=80326) enforce_call /opt/stack/keystone/keystone/common/rbac_enforcer/enforcer.py:457}}
Jul 25 09:15:08.935349 dv-cinder-797608-60-smb devstack@keystone.service[80326]: [pid: 80326|app: 0|req: 30/57] 10.222.0.17 () {60 vars in 1140 bytes} [Mon Jul 25 09:15:08 2022] POST /identity/v3/projects => generated 298 bytes in 237 msecs (HTTP/1.1 201) 5 headers in 182 bytes (2 switches on core 0)
Jul 25 09:15:11.041332 dv-cinder-797608-60-smb devstack@keystone.service[80327]: DEBUG keystone.server.flask.request_processing.req_logging [None req-1a646ce8-0ec2-471d-98d5-117f75976252 None None] REQUEST_METHOD: `GET` {{(pid=80327) log_request_info /opt/stack/keystone/keystone/server/flask/request_processing/req_logging.py:27}}
Jul 25 09:15:11.041879 dv-cinder-797608-60-smb devstack@keystone.service[80327]: DEBUG keystone.server.flask.request_processing.req_logging [None req-1a646ce8-0ec2-471d-98d5-117f75976252 None None] SCRIPT_NAME: `/identity` {{(pid=80327) log_request_info /opt/stack/keystone/keystone/server/flask/request_processing/req_logging.py:28}}
Jul 25 09:15:11.041879 dv-cinder-797608-60-smb devstack@keystone.service[80327]: DEBUG keystone.server.flask.request_processing.req_logging [None req-1a646ce8-0ec2-471d-98d5-117f75976252 None None] PATH_INFO: `/` {{(pid=80327) log_request_info /opt/stack/keystone/keystone/server/flask/request_processing/req_logging.py:29}}
Jul 25 09:15:11.043293 dv-cinder-797608-60-smb devstack@keystone.service[80327]: [pid: 80327|app: 0|req: 28/58] 10.222.0.17 () {54 vars in 926 bytes} [Mon Jul 25 09:15:11 2022] GET /identity => generated 270 bytes in 3 msecs (HTTP/1.1 300) 6 headers in 234 bytes (1 switches on core 0)
Jul 25 09:15:11.048327 dv-cinder-797608-60-smb devstack@keystone.service[80326]: DEBUG keystone.server.flask.request_processing.req_logging [None req-f22edcfb-7ecd-4333-b174-4ec693d30f17 None None] REQUEST_METHOD: `POST` {{(pid=80326) log_request_info /opt/stack/keystone/keystone/server/flask/request_processing/req_logging.py:27}}
Jul 25 09:15:11.048734 dv-cinder-797608-60-smb devstack@keystone.service[80326]: DEBUG keystone.server.flask.request_processing.req_logging [None req-f22edcfb-7ecd-4333-b174-4ec693d30f17 None None] SCRIPT_NAME: `/identity` {{(pid=80326) log_request_info /opt/stack/keystone/keystone/server/flask/request_processing/req_logging.py:28}}
Jul 25 09:15:11.048902 dv-cinder-797608-60-smb devstack@keystone.service[80326]: DEBUG keystone.server.flask.request_processing.req_logging [None req-f22edcfb-7ecd-4333-b174-4ec693d30f17 None None] PATH_INFO: `/v3/auth/tokens` {{(pid=80326) log_request_info /opt/stack/keystone/keystone/server/flask/request_processing/req_logging.py:29}}
Jul 25 09:15:11.066606 dv-cinder-797608-60-smb devstack@keystone.service[80326]: DEBUG keystone.auth.core [None req-f22edcfb-7ecd-4333-b174-4ec693d30f17 None None] MFA Rules not processed for user `d13929efac23409888975a50b1679e8f`. Rule list: `[]` (Enabled: `True`). {{(pid=80326) check_auth_methods_against_rules /opt/stack/keystone/keystone/auth/core.py:438}}
Jul 25 09:15:11.067813 dv-cinder-797608-60-smb devstack@keystone.service[80326]: DEBUG keystone.common.fernet_utils [None req-f22edcfb-7ecd-4333-b174-4ec693d30f17 None None] Loaded 2 Fernet keys from /etc/keystone/fernet-keys/, but `[fernet_tokens] max_active_keys = 3`; perhaps there have not been enough key rotations to reach `max_active_keys` yet? {{(pid=80326) load_keys /opt/stack/keystone/keystone/common/fernet_utils.py:286}}
Jul 25 09:15:11.128242 dv-cinder-797608-60-smb devstack@keystone.service[80326]: DEBUG dbcounter [-] [80326] Writing DB stats keystone:SELECT=99,keystone:INSERT=1 {{(pid=80326) stat_writer /usr/local/lib/python3.8/dist-packages/dbcounter.py:114}}
Jul 25 09:15:11.136966 dv-cinder-797608-60-smb devstack@keystone.service[80326]: [pid: 80326|app: 0|req: 31/59] 10.222.0.17 () {58 vars in 1023 bytes} [Mon Jul 25 09:15:11 2022] POST /identity/v3/auth/tokens => generated 799 bytes in 90 msecs (HTTP/1.1 201) 6 headers in 363 bytes (1 switches on core 0)
Jul 25 09:15:11.161674 dv-cinder-797608-60-smb devstack@keystone.service[80327]: DEBUG keystone.server.flask.request_processing.middleware.auth_context [None req-1a646ce8-0ec2-471d-98d5-117f75976252 None None] Authenticating user token {{(pid=80327) process_request /usr/local/lib/python3.8/dist-packages/keystonemiddleware/auth_token/__init__.py:407}}
Jul 25 09:15:11.223339 dv-cinder-797608-60-smb devstack@keystone.service[80327]: DEBUG dbcounter [-] [80327] Writing DB stats keystone:SELECT=100 {{(pid=80327) stat_writer /usr/local/lib/python3.8/dist-packages/dbcounter.py:114}}
Jul 25 09:15:11.266432 dv-cinder-797608-60-smb devstack@keystone.service[80327]: DEBUG keystone.server.flask.request_processing.middleware.auth_context [None req-1a646ce8-0ec2-471d-98d5-117f75976252 None None] Validating token access rules against request {{(pid=80327) validate_allowed_request /usr/local/lib/python3.8/dist-packages/keystonemiddleware/auth_token/__init__.py:545}}
Jul 25 09:15:11.300138 dv-cinder-797608-60-smb devstack@keystone.service[80327]: DEBUG keystone.server.flask.request_processing.middleware.auth_context [None req-bba3ff87-ce92-4059-96fa-391fc612b448 None admin] RBAC: auth_context: {'token': , 'domain_id': None, 'trust_id': None, 'trustor_id': None, 'trustee_id': None, 'domain_name': None, 'group_ids': [], 'user_id': 'd13929efac23409888975a50b1679e8f', 'user_domain_id': 'default', 'system_scope': 'all', 'project_id': None, 'project_domain_id': None, 'roles': ['admin', 'member', 'reader'], 'is_admin_project': True, 'service_user_id': None, 'service_user_domain_id': None, 'service_project_id': None, 'service_project_domain_id': None, 'service_roles': []} {{(pid=80327) fill_context /opt/stack/keystone/keystone/server/flask/request_processing/middleware/auth_context.py:478}}
Jul 25 09:15:11.300853 dv-cinder-797608-60-smb devstack@keystone.service[80327]: DEBUG keystone.server.flask.request_processing.req_logging [None req-bba3ff87-ce92-4059-96fa-391fc612b448 None admin] REQUEST_METHOD: `GET` {{(pid=80327) log_request_info /opt/stack/keystone/keystone/server/flask/request_processing/req_logging.py:27}}
Jul 25 09:15:11.301140 dv-cinder-797608-60-smb devstack@keystone.service[80327]: DEBUG keystone.server.flask.request_processing.req_logging [None req-bba3ff87-ce92-4059-96fa-391fc612b448 None admin] SCRIPT_NAME: `/identity` {{(pid=80327) log_request_info /opt/stack/keystone/keystone/server/flask/request_processing/req_logging.py:28}}
Jul 25 09:15:11.301418 dv-cinder-797608-60-smb devstack@keystone.service[80327]: DEBUG keystone.server.flask.request_processing.req_logging [None req-bba3ff87-ce92-4059-96fa-391fc612b448 None admin] PATH_INFO: `/v3/domains/default` {{(pid=80327) log_request_info /opt/stack/keystone/keystone/server/flask/request_processing/req_logging.py:29}}
Jul 25 09:15:11.303135 dv-cinder-797608-60-smb devstack@keystone.service[80327]: DEBUG keystone.common.rbac_enforcer.enforcer [None req-bba3ff87-ce92-4059-96fa-391fc612b448 None admin] RBAC: Authorizing `identity:get_domain(domain_id=default)` {{(pid=80327) enforce_call /opt/stack/keystone/keystone/common/rbac_enforcer/enforcer.py:449}}
Jul 25 09:15:11.304611 dv-cinder-797608-60-smb devstack@keystone.service[80327]: DEBUG keystone.common.rbac_enforcer.enforcer [None req-bba3ff87-ce92-4059-96fa-391fc612b448 None admin] RBAC: Authorization granted {{(pid=80327) enforce_call /opt/stack/keystone/keystone/common/rbac_enforcer/enforcer.py:457}}
Jul 25 09:15:11.306272 dv-cinder-797608-60-smb devstack@keystone.service[80327]: [pid: 80327|app: 0|req: 29/60] 10.222.0.17 () {56 vars in 1108 bytes} [Mon Jul 25 09:15:11 2022] GET /identity/v3/domains/default => generated 199 bytes in 145 msecs (HTTP/1.1 200) 5 headers in 177 bytes (1 switches on core 0)
Jul 25 09:15:11.311804 dv-cinder-797608-60-smb devstack@keystone.service[80326]: DEBUG keystone.server.flask.request_processing.middleware.auth_context [None req-f22edcfb-7ecd-4333-b174-4ec693d30f17 None None] Authenticating user token {{(pid=80326) process_request /usr/local/lib/python3.8/dist-packages/keystonemiddleware/auth_token/__init__.py:407}}
Jul 25 09:15:11.419511 dv-cinder-797608-60-smb devstack@keystone.service[80326]: DEBUG keystone.server.flask.request_processing.middleware.auth_context [None req-f22edcfb-7ecd-4333-b174-4ec693d30f17 None None] Validating token access rules against request {{(pid=80326) validate_allowed_request /usr/local/lib/python3.8/dist-packages/keystonemiddleware/auth_token/__init__.py:545}}
Jul 25 09:15:11.456750 dv-cinder-797608-60-smb devstack@keystone.service[80326]: DEBUG keystone.server.flask.request_processing.middleware.auth_context [None req-4e2ad4df-3991-4181-b286-af336e31d649 None admin] RBAC: auth_context: {'token': , 'domain_id': None, 'trust_id': None, 'trustor_id': None, 'trustee_id': None, 'domain_name': None, 'group_ids': [], 'user_id': 'd13929efac23409888975a50b1679e8f', 'user_domain_id': 'default', 'system_scope': 'all', 'project_id': None, 'project_domain_id': None, 'roles': ['admin', 'member', 'reader'], 'is_admin_project': True, 'service_user_id': None, 'service_user_domain_id': None, 'service_project_id': None, 'service_project_domain_id': None, 'service_roles': []} {{(pid=80326) fill_context /opt/stack/keystone/keystone/server/flask/request_processing/middleware/auth_context.py:478}}
Jul 25 09:15:11.457497 dv-cinder-797608-60-smb devstack@keystone.service[80326]: DEBUG keystone.server.flask.request_processing.req_logging [None req-4e2ad4df-3991-4181-b286-af336e31d649 None admin] REQUEST_METHOD: `POST` {{(pid=80326) log_request_info /opt/stack/keystone/keystone/server/flask/request_processing/req_logging.py:27}}
Jul 25 09:15:11.457789 dv-cinder-797608-60-smb devstack@keystone.service[80326]: DEBUG keystone.server.flask.request_processing.req_logging [None req-4e2ad4df-3991-4181-b286-af336e31d649 None admin] SCRIPT_NAME: `/identity` {{(pid=80326) log_request_info /opt/stack/keystone/keystone/server/flask/request_processing/req_logging.py:28}}
Jul 25 09:15:11.458138 dv-cinder-797608-60-smb devstack@keystone.service[80326]: DEBUG keystone.server.flask.request_processing.req_logging [None req-4e2ad4df-3991-4181-b286-af336e31d649 None admin] PATH_INFO: `/v3/users` {{(pid=80326) log_request_info /opt/stack/keystone/keystone/server/flask/request_processing/req_logging.py:29}}
Jul 25 09:15:11.458987 dv-cinder-797608-60-smb devstack@keystone.service[80326]: DEBUG keystone.common.rbac_enforcer.enforcer [None req-4e2ad4df-3991-4181-b286-af336e31d649 None admin] RBAC: Authorizing `identity:create_user()` {{(pid=80326) enforce_call /opt/stack/keystone/keystone/common/rbac_enforcer/enforcer.py:449}}
Jul 25 09:15:11.460537 dv-cinder-797608-60-smb devstack@keystone.service[80326]: DEBUG keystone.common.rbac_enforcer.enforcer [None req-4e2ad4df-3991-4181-b286-af336e31d649 None admin] RBAC: Authorization granted {{(pid=80326) enforce_call /opt/stack/keystone/keystone/common/rbac_enforcer/enforcer.py:457}}
Jul 25 09:15:11.555684 dv-cinder-797608-60-smb devstack@keystone.service[80326]: [pid: 80326|app: 0|req: 32/61] 10.222.0.17 () {60 vars in 1132 bytes} [Mon Jul 25 09:15:11 2022] POST /identity/v3/users => generated 275 bytes in 244 msecs (HTTP/1.1 201) 5 headers in 182 bytes (2 switches on core 0)
Jul 25 09:15:14.632872 dv-cinder-797608-60-smb devstack@keystone.service[80327]: DEBUG keystone.server.flask.request_processing.req_logging [None req-50e4ce0d-4994-45e4-ac34-a39adce0958b None None] REQUEST_METHOD: `GET` {{(pid=80327) log_request_info /opt/stack/keystone/keystone/server/flask/request_processing/req_logging.py:27}}
Jul 25 09:15:14.633879 dv-cinder-797608-60-smb devstack@keystone.service[80327]: DEBUG keystone.server.flask.request_processing.req_logging [None req-50e4ce0d-4994-45e4-ac34-a39adce0958b None None] SCRIPT_NAME: `/identity` {{(pid=80327) log_request_info /opt/stack/keystone/keystone/server/flask/request_processing/req_logging.py:28}}
Jul 25 09:15:14.634415 dv-cinder-797608-60-smb devstack@keystone.service[80327]: DEBUG keystone.server.flask.request_processing.req_logging [None req-50e4ce0d-4994-45e4-ac34-a39adce0958b None None] PATH_INFO: `/` {{(pid=80327) log_request_info /opt/stack/keystone/keystone/server/flask/request_processing/req_logging.py:29}}
Jul 25 09:15:14.636009 dv-cinder-797608-60-smb devstack@keystone.service[80327]: [pid: 80327|app: 0|req: 30/62] 10.222.0.17 () {54 vars in 926 bytes} [Mon Jul 25 09:15:14 2022] GET /identity => generated 270 bytes in 4 msecs (HTTP/1.1 300) 6 headers in 234 bytes (1 switches on core 0)
Jul 25 09:15:14.641345 dv-cinder-797608-60-smb devstack@keystone.service[80326]: DEBUG keystone.server.flask.request_processing.req_logging [None req-b4123af7-628a-453c-b0c8-c7a888af5dc5 None None] REQUEST_METHOD: `POST` {{(pid=80326) log_request_info /opt/stack/keystone/keystone/server/flask/request_processing/req_logging.py:27}}
Jul 25 09:15:14.642278 dv-cinder-797608-60-smb devstack@keystone.service[80326]: DEBUG keystone.server.flask.request_processing.req_logging [None req-b4123af7-628a-453c-b0c8-c7a888af5dc5 None None] SCRIPT_NAME: `/identity` {{(pid=80326) log_request_info /opt/stack/keystone/keystone/server/flask/request_processing/req_logging.py:28}}
Jul 25 09:15:14.642756 dv-cinder-797608-60-smb devstack@keystone.service[80326]: DEBUG keystone.server.flask.request_processing.req_logging [None req-b4123af7-628a-453c-b0c8-c7a888af5dc5 None None] PATH_INFO: `/v3/auth/tokens` {{(pid=80326) log_request_info /opt/stack/keystone/keystone/server/flask/request_processing/req_logging.py:29}}
Jul 25 09:15:14.668642 dv-cinder-797608-60-smb devstack@keystone.service[80326]: DEBUG keystone.auth.core [None req-b4123af7-628a-453c-b0c8-c7a888af5dc5 None None] MFA Rules not processed for user `d13929efac23409888975a50b1679e8f`. Rule list: `[]` (Enabled: `True`). {{(pid=80326) check_auth_methods_against_rules /opt/stack/keystone/keystone/auth/core.py:438}}
Jul 25 09:15:14.670322 dv-cinder-797608-60-smb devstack@keystone.service[80326]: DEBUG keystone.common.fernet_utils [None req-b4123af7-628a-453c-b0c8-c7a888af5dc5 None None] Loaded 2 Fernet keys from /etc/keystone/fernet-keys/, but `[fernet_tokens] max_active_keys = 3`; perhaps there have not been enough key rotations to reach `max_active_keys` yet? {{(pid=80326) load_keys /opt/stack/keystone/keystone/common/fernet_utils.py:286}}
Jul 25 09:15:14.738176 dv-cinder-797608-60-smb devstack@keystone.service[80326]: DEBUG dbcounter [-] [80326] Writing DB stats keystone:SELECT=97,keystone:INSERT=3 {{(pid=80326) stat_writer /usr/local/lib/python3.8/dist-packages/dbcounter.py:114}}
Jul 25 09:15:14.765876 dv-cinder-797608-60-smb devstack@keystone.service[80326]: [pid: 80326|app: 0|req: 33/63] 10.222.0.17 () {58 vars in 1023 bytes} [Mon Jul 25 09:15:14 2022] POST /identity/v3/auth/tokens => generated 799 bytes in 126 msecs (HTTP/1.1 201) 6 headers in 363 bytes (1 switches on core 0)
Jul 25 09:15:14.797435 dv-cinder-797608-60-smb devstack@keystone.service[80327]: DEBUG keystone.server.flask.request_processing.middleware.auth_context [None req-50e4ce0d-4994-45e4-ac34-a39adce0958b None None] Authenticating user token {{(pid=80327) process_request /usr/local/lib/python3.8/dist-packages/keystonemiddleware/auth_token/__init__.py:407}}
Jul 25 09:15:14.857720 dv-cinder-797608-60-smb devstack@keystone.service[80326]: DEBUG keystone.server.flask.request_processing.req_logging [None req-e438df91-c416-423f-9e79-e098abbf1a9f None None] REQUEST_METHOD: `GET` {{(pid=80326) log_request_info /opt/stack/keystone/keystone/server/flask/request_processing/req_logging.py:27}}
Jul 25 09:15:14.858029 dv-cinder-797608-60-smb devstack@keystone.service[80326]: DEBUG keystone.server.flask.request_processing.req_logging [None req-e438df91-c416-423f-9e79-e098abbf1a9f None None] SCRIPT_NAME: `/identity` {{(pid=80326) log_request_info /opt/stack/keystone/keystone/server/flask/request_processing/req_logging.py:28}}
Jul 25 09:15:14.858333 dv-cinder-797608-60-smb devstack@keystone.service[80326]: DEBUG keystone.server.flask.request_processing.req_logging [None req-e438df91-c416-423f-9e79-e098abbf1a9f None None] PATH_INFO: `/` {{(pid=80326) log_request_info /opt/stack/keystone/keystone/server/flask/request_processing/req_logging.py:29}}
Jul 25 09:15:14.859861 dv-cinder-797608-60-smb devstack@keystone.service[80326]: [pid: 80326|app: 0|req: 34/64] 10.222.0.17 () {54 vars in 926 bytes} [Mon Jul 25 09:15:14 2022] GET /identity => generated 270 bytes in 3 msecs (HTTP/1.1 300) 6 headers in 234 bytes (2 switches on core 0)
Jul 25 09:15:14.865305 dv-cinder-797608-60-smb devstack@keystone.service[80326]: DEBUG keystone.server.flask.request_processing.req_logging [None req-3176713a-c88a-48dd-9503-63e9440a367c None None] REQUEST_METHOD: `POST` {{(pid=80326) log_request_info /opt/stack/keystone/keystone/server/flask/request_processing/req_logging.py:27}}
Jul 25 09:15:14.865838 dv-cinder-797608-60-smb devstack@keystone.service[80326]: DEBUG keystone.server.flask.request_processing.req_logging [None req-3176713a-c88a-48dd-9503-63e9440a367c None None] SCRIPT_NAME: `/identity` {{(pid=80326) log_request_info /opt/stack/keystone/keystone/server/flask/request_processing/req_logging.py:28}}
Jul 25 09:15:14.866322 dv-cinder-797608-60-smb devstack@keystone.service[80326]: DEBUG keystone.server.flask.request_processing.req_logging [None req-3176713a-c88a-48dd-9503-63e9440a367c None None] PATH_INFO: `/v3/auth/tokens` {{(pid=80326) log_request_info /opt/stack/keystone/keystone/server/flask/request_processing/req_logging.py:29}}
Jul 25 09:15:14.894022 dv-cinder-797608-60-smb devstack@keystone.service[80326]: DEBUG keystone.auth.core [None req-3176713a-c88a-48dd-9503-63e9440a367c None None] MFA Rules not processed for user `d13929efac23409888975a50b1679e8f`. Rule list: `[]` (Enabled: `True`). {{(pid=80326) check_auth_methods_against_rules /opt/stack/keystone/keystone/auth/core.py:438}}
Jul 25 09:15:14.897369 dv-cinder-797608-60-smb devstack@keystone.service[80326]: DEBUG keystone.common.fernet_utils [None req-3176713a-c88a-48dd-9503-63e9440a367c None None] Loaded 2 Fernet keys from /etc/keystone/fernet-keys/, but `[fernet_tokens] max_active_keys = 3`; perhaps there have not been enough key rotations to reach `max_active_keys` yet? {{(pid=80326) load_keys /opt/stack/keystone/keystone/common/fernet_utils.py:286}}
Jul 25 09:15:14.958874 dv-cinder-797608-60-smb devstack@keystone.service[80327]: DEBUG keystone.server.flask.request_processing.middleware.auth_context [None req-50e4ce0d-4994-45e4-ac34-a39adce0958b None None] Validating token access rules against request {{(pid=80327) validate_allowed_request /usr/local/lib/python3.8/dist-packages/keystonemiddleware/auth_token/__init__.py:545}}
Jul 25 09:15:14.992212 dv-cinder-797608-60-smb devstack@keystone.service[80326]: [pid: 80326|app: 0|req: 35/65] 10.222.0.17 () {58 vars in 1023 bytes} [Mon Jul 25 09:15:14 2022] POST /identity/v3/auth/tokens => generated 799 bytes in 128 msecs (HTTP/1.1 201) 6 headers in 363 bytes (2 switches on core 0)
Jul 25 09:15:14.994128 dv-cinder-797608-60-smb devstack@keystone.service[80326]: DEBUG keystone.server.flask.request_processing.req_logging [None req-dfef8297-e418-4eb4-ba30-a4b8031b39f1 None None] REQUEST_METHOD: `GET` {{(pid=80326) log_request_info /opt/stack/keystone/keystone/server/flask/request_processing/req_logging.py:27}}
Jul 25 09:15:14.994626 dv-cinder-797608-60-smb devstack@keystone.service[80326]: DEBUG keystone.server.flask.request_processing.req_logging [None req-dfef8297-e418-4eb4-ba30-a4b8031b39f1 None None] SCRIPT_NAME: `/identity` {{(pid=80326) log_request_info /opt/stack/keystone/keystone/server/flask/request_processing/req_logging.py:28}}
Jul 25 09:15:14.994726 dv-cinder-797608-60-smb devstack@keystone.service[80327]: DEBUG dbcounter [-] [80327] Writing DB stats keystone:SELECT=100 {{(pid=80327) stat_writer /usr/local/lib/python3.8/dist-packages/dbcounter.py:114}}
Jul 25 09:15:14.995211 dv-cinder-797608-60-smb devstack@keystone.service[80326]: DEBUG keystone.server.flask.request_processing.req_logging [None req-dfef8297-e418-4eb4-ba30-a4b8031b39f1 None None] PATH_INFO: `/` {{(pid=80326) log_request_info /opt/stack/keystone/keystone/server/flask/request_processing/req_logging.py:29}}
Jul 25 09:15:14.996871 dv-cinder-797608-60-smb devstack@keystone.service[80326]: [pid: 80326|app: 0|req: 36/66] 10.222.0.17 () {54 vars in 926 bytes} [Mon Jul 25 09:15:14 2022] GET /identity => generated 270 bytes in 4 msecs (HTTP/1.1 300) 6 headers in 234 bytes (1 switches on core 0)
Jul 25 09:15:15.004029 dv-cinder-797608-60-smb devstack@keystone.service[80326]: DEBUG keystone.server.flask.request_processing.req_logging [None req-15b814ce-0811-42cc-b686-818babc82671 None None] REQUEST_METHOD: `POST` {{(pid=80326) log_request_info /opt/stack/keystone/keystone/server/flask/request_processing/req_logging.py:27}}
Jul 25 09:15:15.004456 dv-cinder-797608-60-smb devstack@keystone.service[80326]: DEBUG keystone.server.flask.request_processing.req_logging [None req-15b814ce-0811-42cc-b686-818babc82671 None None] SCRIPT_NAME: `/identity` {{(pid=80326) log_request_info /opt/stack/keystone/keystone/server/flask/request_processing/req_logging.py:28}}
Jul 25 09:15:15.004884 dv-cinder-797608-60-smb devstack@keystone.service[80326]: DEBUG keystone.server.flask.request_processing.req_logging [None req-15b814ce-0811-42cc-b686-818babc82671 None None] PATH_INFO: `/v3/auth/tokens` {{(pid=80326) log_request_info /opt/stack/keystone/keystone/server/flask/request_processing/req_logging.py:29}}
Jul 25 09:15:15.006245 dv-cinder-797608-60-smb devstack@keystone.service[80327]: DEBUG keystone.server.flask.request_processing.middleware.auth_context [None req-f0d35764-0231-4925-81b0-0c40deeb6fbc None admin] RBAC: auth_context: {'token': , 'domain_id': None, 'trust_id': None, 'trustor_id': None, 'trustee_id': None, 'domain_name': None, 'group_ids': [], 'user_id': 'd13929efac23409888975a50b1679e8f', 'user_domain_id': 'default', 'system_scope': 'all', 'project_id': None, 'project_domain_id': None, 'roles': ['admin', 'member', 'reader'], 'is_admin_project': True, 'service_user_id': None, 'service_user_domain_id': None, 'service_project_id': None, 'service_project_domain_id': None, 'service_roles': []} {{(pid=80327) fill_context /opt/stack/keystone/keystone/server/flask/request_processing/middleware/auth_context.py:478}}
Jul 25 09:15:15.008385 dv-cinder-797608-60-smb devstack@keystone.service[80327]: DEBUG keystone.server.flask.request_processing.req_logging [None req-f0d35764-0231-4925-81b0-0c40deeb6fbc None admin] REQUEST_METHOD: `GET` {{(pid=80327) log_request_info /opt/stack/keystone/keystone/server/flask/request_processing/req_logging.py:27}}
Jul 25 09:15:15.008385 dv-cinder-797608-60-smb devstack@keystone.service[80327]: DEBUG keystone.server.flask.request_processing.req_logging [None req-f0d35764-0231-4925-81b0-0c40deeb6fbc None admin] SCRIPT_NAME: `/identity` {{(pid=80327) log_request_info /opt/stack/keystone/keystone/server/flask/request_processing/req_logging.py:28}}
Jul 25 09:15:15.008385 dv-cinder-797608-60-smb devstack@keystone.service[80327]: DEBUG keystone.server.flask.request_processing.req_logging [None req-f0d35764-0231-4925-81b0-0c40deeb6fbc None admin] PATH_INFO: `/v3/roles/member` {{(pid=80327) log_request_info /opt/stack/keystone/keystone/server/flask/request_processing/req_logging.py:29}}
Jul 25 09:15:15.020311 dv-cinder-797608-60-smb devstack@keystone.service[80327]: DEBUG keystone.common.rbac_enforcer.enforcer [None req-f0d35764-0231-4925-81b0-0c40deeb6fbc None admin] Extracting inferred target data resulted in "NOT FOUND (404)". {{(pid=80327) enforce_call /opt/stack/keystone/keystone/common/rbac_enforcer/enforcer.py:409}}
Jul 25 09:15:15.024875 dv-cinder-797608-60-smb devstack@keystone.service[80326]: DEBUG keystone.auth.core [None req-15b814ce-0811-42cc-b686-818babc82671 None None] MFA Rules not processed for user `d13929efac23409888975a50b1679e8f`. Rule list: `[]` (Enabled: `True`). {{(pid=80326) check_auth_methods_against_rules /opt/stack/keystone/keystone/auth/core.py:438}}
Jul 25 09:15:15.026189 dv-cinder-797608-60-smb devstack@keystone.service[80326]: DEBUG keystone.common.fernet_utils [None req-15b814ce-0811-42cc-b686-818babc82671 None None] Loaded 2 Fernet keys from /etc/keystone/fernet-keys/, but `[fernet_tokens] max_active_keys = 3`; perhaps there have not been enough key rotations to reach `max_active_keys` yet? {{(pid=80326) load_keys /opt/stack/keystone/keystone/common/fernet_utils.py:286}}
Jul 25 09:15:15.030798 dv-cinder-797608-60-smb devstack@keystone.service[80327]: ERROR keystone.server.flask.application [None req-f0d35764-0231-4925-81b0-0c40deeb6fbc None admin] Could not find role: member.: keystone.exception.RoleNotFound: Could not find role: member.
Jul 25 09:15:15.030798 dv-cinder-797608-60-smb devstack@keystone.service[80327]: ERROR keystone.server.flask.application
Traceback (most recent call last):
Jul 25 09:15:15.030798 dv-cinder-797608-60-smb devstack@keystone.service[80327]: ERROR keystone.server.flask.application
File "/usr/local/lib/python3.8/dist-packages/flask/app.py", line 1517, in full_dispatch_request
Jul 25 09:15:15.030798 dv-cinder-797608-60-smb devstack@keystone.service[80327]: ERROR keystone.server.flask.application rv = self.dispatch_request()
Jul 25 09:15:15.030798 dv-cinder-797608-60-smb devstack@keystone.service[80327]: ERROR keystone.server.flask.application
File "/usr/local/lib/python3.8/dist-packages/flask/app.py", line 1503, in dispatch_request
Jul 25 09:15:15.030798 dv-cinder-797608-60-smb devstack@keystone.service[80327]: ERROR keystone.server.flask.application return self.ensure_sync(self.view_functions[rule.endpoint])(**req.view_args)
Jul 25 09:15:15.030798 dv-cinder-797608-60-smb devstack@keystone.service[80327]: ERROR keystone.server.flask.application
File "/usr/local/lib/python3.8/dist-packages/flask_restful/__init__.py", line 467, in wrapper
Jul 25 09:15:15.030798 dv-cinder-797608-60-smb devstack@keystone.service[80327]: ERROR keystone.server.flask.application resp = resource(*args, **kwargs)
Jul 25 09:15:15.030798 dv-cinder-797608-60-smb devstack@keystone.service[80327]: ERROR keystone.server.flask.application
File "/usr/local/lib/python3.8/dist-packages/flask/views.py", line 84, in view
Jul 25 09:15:15.030798 dv-cinder-797608-60-smb devstack@keystone.service[80327]: ERROR keystone.server.flask.application return current_app.ensure_sync(self.dispatch_request)(*args, **kwargs)
Jul 25 09:15:15.030798 dv-cinder-797608-60-smb devstack@keystone.service[80327]: ERROR keystone.server.flask.application
File "/usr/local/lib/python3.8/dist-packages/flask_restful/__init__.py", line 582, in dispatch_request
Jul 25 09:15:15.030798 dv-cinder-797608-60-smb devstack@keystone.service[80327]: ERROR keystone.server.flask.application resp = meth(*args, **kwargs)
Jul 25 09:15:15.030798 dv-cinder-797608-60-smb devstack@keystone.service[80327]: ERROR keystone.server.flask.application
File "/opt/stack/keystone/keystone/api/roles.py", line 50, in get
Jul 25 09:15:15.030798 dv-cinder-797608-60-smb devstack@keystone.service[80327]: ERROR keystone.server.flask.application return self._get_role(role_id)
Jul 25 09:15:15.030798 dv-cinder-797608-60-smb devstack@keystone.service[80327]: ERROR keystone.server.flask.application
File "/opt/stack/keystone/keystone/api/roles.py", line 70, in _get_role
Jul 25 09:15:15.030798 dv-cinder-797608-60-smb devstack@keystone.service[80327]: ERROR keystone.server.flask.application ENFORCER.enforce_call(action='identity:get_role')
Jul 25 09:15:15.031656 dv-cinder-797608-60-smb devstack@keystone.service[80327]: ERROR keystone.server.flask.application
File "/opt/stack/keystone/keystone/common/rbac_enforcer/enforcer.py", line 402, in enforce_call
Jul 25 09:15:15.031656 dv-cinder-797608-60-smb devstack@keystone.service[80327]: ERROR keystone.server.flask.application policy_dict.update(cls._extract_member_target_data(
Jul 25 09:15:15.031656 dv-cinder-797608-60-smb devstack@keystone.service[80327]: ERROR keystone.server.flask.application
File "/opt/stack/keystone/keystone/common/rbac_enforcer/enforcer.py", line 234, in _extract_member_target_data
Jul 25 09:15:15.031656 dv-cinder-797608-60-smb devstack@keystone.service[80327]: ERROR keystone.server.flask.application member_name: func(flask.request.view_args[key])
Jul 25 09:15:15.031656 dv-cinder-797608-60-smb devstack@keystone.service[80327]: ERROR keystone.server.flask.application
File "/opt/stack/keystone/keystone/common/manager.py", line 115, in wrapped
Jul 25 09:15:15.031656 dv-cinder-797608-60-smb devstack@keystone.service[80327]: ERROR keystone.server.flask.application __ret_val = __f(*args, **kwargs)
Jul 25 09:15:15.031656 dv-cinder-797608-60-smb devstack@keystone.service[80327]: ERROR keystone.server.flask.application
File "/usr/local/lib/python3.8/dist-packages/decorator.py", line 232, in fun
Jul 25 09:15:15.031656 dv-cinder-797608-60-smb devstack@keystone.service[80327]: ERROR keystone.server.flask.application return caller(func, *(extras + args), **kw)
Jul 25 09:15:15.031656 dv-cinder-797608-60-smb devstack@keystone.service[80327]: ERROR keystone.server.flask.application
File "/usr/local/lib/python3.8/dist-packages/dogpile/cache/region.py", line 1577, in get_or_create_for_user_func
Jul 25 09:15:15.031656 dv-cinder-797608-60-smb devstack@keystone.service[80327]: ERROR keystone.server.flask.application return self.get_or_create(
Jul 25 09:15:15.031656 dv-cinder-797608-60-smb devstack@keystone.service[80327]: ERROR keystone.server.flask.application
File "/usr/local/lib/python3.8/dist-packages/dogpile/cache/region.py", line 1042, in get_or_create
Jul 25 09:15:15.031656 dv-cinder-797608-60-smb devstack@keystone.service[80327]: ERROR keystone.server.flask.application with Lock(
Jul 25 09:15:15.031656 dv-cinder-797608-60-smb devstack@keystone.service[80327]: ERROR keystone.server.flask.application
File "/usr/local/lib/python3.8/dist-packages/dogpile/lock.py", line 185, in __enter__
Jul 25 09:15:15.031656 dv-cinder-797608-60-smb devstack@keystone.service[80327]: ERROR keystone.server.flask.application return self._enter()
Jul 25 09:15:15.031656 dv-cinder-797608-60-smb devstack@keystone.service[80327]: ERROR keystone.server.flask.application
File "/usr/local/lib/python3.8/dist-packages/dogpile/lock.py", line 94, in _enter
Jul 25 09:15:15.031656 dv-cinder-797608-60-smb devstack@keystone.service[80327]: ERROR keystone.server.flask.application generated = self._enter_create(value, createdtime)
Jul 25 09:15:15.032533 dv-cinder-797608-60-smb devstack@keystone.service[80327]: ERROR keystone.server.flask.application
File "/usr/local/lib/python3.8/dist-packages/dogpile/lock.py", line 178, in _enter_create
Jul 25 09:15:15.032533 dv-cinder-797608-60-smb devstack@keystone.service[80327]: ERROR keystone.server.flask.application return self.creator()
Jul 25 09:15:15.032533 dv-cinder-797608-60-smb devstack@keystone.service[80327]: ERROR keystone.server.flask.application
File "/usr/local/lib/python3.8/dist-packages/dogpile/cache/region.py", line 995, in gen_value
Jul 25 09:15:15.032533 dv-cinder-797608-60-smb devstack@keystone.service[80327]: ERROR keystone.server.flask.application created_value = creator(
Jul 25 09:15:15.032533 dv-cinder-797608-60-smb devstack@keystone.service[80327]: ERROR keystone.server.flask.application
File "/opt/stack/keystone/keystone/assignment/core.py", line 1276, in get_role
Jul 25 09:15:15.032533 dv-cinder-797608-60-smb devstack@keystone.service[80327]: ERROR keystone.server.flask.application return self.driver.get_role(role_id)
Jul 25 09:15:15.032533 dv-cinder-797608-60-smb devstack@keystone.service[80327]: ERROR keystone.server.flask.application
File "/opt/stack/keystone/keystone/assignment/role_backends/sql.py", line 70, in get_role
Jul 25 09:15:15.032533 dv-cinder-797608-60-smb devstack@keystone.service[80327]: ERROR keystone.server.flask.application return self._get_role(session, role_id).to_dict()
Jul 25 09:15:15.032533 dv-cinder-797608-60-smb devstack@keystone.service[80327]: ERROR keystone.server.flask.application
File "/opt/stack/keystone/keystone/assignment/role_backends/sql.py", line 65, in _get_role
Jul 25 09:15:15.032533 dv-cinder-797608-60-smb devstack@keystone.service[80327]: ERROR keystone.server.flask.application raise exception.RoleNotFound(role_id=role_id)
Jul 25 09:15:15.032533 dv-cinder-797608-60-smb devstack@keystone.service[80327]: ERROR keystone.server.flask.application keystone.exception.RoleNotFound: Could not find role: member.
Jul 25 09:15:15.032533 dv-cinder-797608-60-smb devstack@keystone.service[80327]: ERROR keystone.server.flask.application
Jul 25 09:15:15.035073 dv-cinder-797608-60-smb devstack@keystone.service[80327]: [pid: 80327|app: 0|req: 31/67] 10.222.0.17 () {56 vars in 1099 bytes} [Mon Jul 25 09:15:14 2022] GET /identity/v3/roles/member => generated 84 bytes in 238 msecs (HTTP/1.1 404) 5 headers in 183 bytes (1 switches on core 0)
Jul 25 09:15:15.038381 dv-cinder-797608-60-smb devstack@keystone.service[80327]: DEBUG keystone.server.flask.request_processing.middleware.auth_context [None req-f0d35764-0231-4925-81b0-0c40deeb6fbc None admin] Authenticating user token {{(pid=80327) process_request /usr/local/lib/python3.8/dist-packages/keystonemiddleware/auth_token/__init__.py:407}}
Jul 25 09:15:15.106881 dv-cinder-797608-60-smb devstack@keystone.service[80326]: [pid: 80326|app: 0|req: 37/68] 10.222.0.17 () {58 vars in 1023 bytes} [Mon Jul 25 09:15:15 2022] POST /identity/v3/auth/tokens => generated 799 bytes in 104 msecs (HTTP/1.1 201) 6 headers in 363 bytes (1 switches on core 0)
Jul 25 09:15:15.108143 dv-cinder-797608-60-smb devstack@keystone.service[80326]: DEBUG keystone.server.flask.request_processing.middleware.auth_context [None req-15b814ce-0811-42cc-b686-818babc82671 None None] Authenticating user token {{(pid=80326) process_request /usr/local/lib/python3.8/dist-packages/keystonemiddleware/auth_token/__init__.py:407}}
Jul 25 09:15:15.192764 dv-cinder-797608-60-smb devstack@keystone.service[80327]: DEBUG keystone.server.flask.request_processing.middleware.auth_context [None req-f0d35764-0231-4925-81b0-0c40deeb6fbc None admin] Validating token access rules against request {{(pid=80327) validate_allowed_request /usr/local/lib/python3.8/dist-packages/keystonemiddleware/auth_token/__init__.py:545}}
Jul 25 09:15:15.195415 dv-cinder-797608-60-smb devstack@keystone.service[80326]: DEBUG dbcounter [-] [80326] Writing DB stats keystone:SELECT=100 {{(pid=80326) stat_writer /usr/local/lib/python3.8/dist-packages/dbcounter.py:114}}
Jul 25 09:15:15.243224 dv-cinder-797608-60-smb devstack@keystone.service[80327]: DEBUG keystone.server.flask.request_processing.middleware.auth_context [None req-1ee022ed-aa7a-4137-94c2-bff5b05da55d None admin] RBAC: auth_context: {'token': , 'domain_id': None, 'trust_id': None, 'trustor_id': None, 'trustee_id': None, 'domain_name': None, 'group_ids': [], 'user_id': 'd13929efac23409888975a50b1679e8f', 'user_domain_id': 'default', 'system_scope': 'all', 'project_id': None, 'project_domain_id': None, 'roles': ['admin', 'member', 'reader'], 'is_admin_project': True, 'service_user_id': None, 'service_user_domain_id': None, 'service_project_id': None, 'service_project_domain_id': None, 'service_roles': []} {{(pid=80327) fill_context /opt/stack/keystone/keystone/server/flask/request_processing/middleware/auth_context.py:478}}
Jul 25 09:15:15.244761 dv-cinder-797608-60-smb devstack@keystone.service[80327]: DEBUG keystone.server.flask.request_processing.req_logging [None req-1ee022ed-aa7a-4137-94c2-bff5b05da55d None admin] REQUEST_METHOD: `GET` {{(pid=80327) log_request_info /opt/stack/keystone/keystone/server/flask/request_processing/req_logging.py:27}}
Jul 25 09:15:15.245213 dv-cinder-797608-60-smb devstack@keystone.service[80327]: DEBUG keystone.server.flask.request_processing.req_logging [None req-1ee022ed-aa7a-4137-94c2-bff5b05da55d None admin] SCRIPT_NAME: `/identity` {{(pid=80327) log_request_info /opt/stack/keystone/keystone/server/flask/request_processing/req_logging.py:28}}
Jul 25 09:15:15.245666 dv-cinder-797608-60-smb devstack@keystone.service[80327]: DEBUG keystone.server.flask.request_processing.req_logging [None req-1ee022ed-aa7a-4137-94c2-bff5b05da55d None admin] PATH_INFO: `/v3/roles/admin` {{(pid=80327) log_request_info /opt/stack/keystone/keystone/server/flask/request_processing/req_logging.py:29}}
Jul 25 09:15:15.265081 dv-cinder-797608-60-smb devstack@keystone.service[80327]: DEBUG keystone.common.rbac_enforcer.enforcer [None req-1ee022ed-aa7a-4137-94c2-bff5b05da55d None admin] Extracting inferred target data resulted in "NOT FOUND (404)". {{(pid=80327) enforce_call /opt/stack/keystone/keystone/common/rbac_enforcer/enforcer.py:409}}
Jul 25 09:15:15.277048 dv-cinder-797608-60-smb devstack@keystone.service[80326]: DEBUG keystone.server.flask.request_processing.middleware.auth_context [None req-15b814ce-0811-42cc-b686-818babc82671 None None] Validating token access rules against request {{(pid=80326) validate_allowed_request /usr/local/lib/python3.8/dist-packages/keystonemiddleware/auth_token/__init__.py:545}}
Jul 25 09:15:15.284038 dv-cinder-797608-60-smb devstack@keystone.service[80327]: ERROR keystone.server.flask.application [None req-1ee022ed-aa7a-4137-94c2-bff5b05da55d None admin] Could not find role: admin.: keystone.exception.RoleNotFound: Could not find role: admin.
Jul 25 09:15:15.284038 dv-cinder-797608-60-smb devstack@keystone.service[80327]: ERROR keystone.server.flask.application
Traceback (most recent call last):
Jul 25 09:15:15.284038 dv-cinder-797608-60-smb devstack@keystone.service[80327]: ERROR keystone.server.flask.application
File "/usr/local/lib/python3.8/dist-packages/flask/app.py", line 1517, in full_dispatch_request
Jul 25 09:15:15.284038 dv-cinder-797608-60-smb devstack@keystone.service[80327]: ERROR keystone.server.flask.application rv = self.dispatch_request()
Jul 25 09:15:15.284038 dv-cinder-797608-60-smb devstack@keystone.service[80327]: ERROR keystone.server.flask.application
File "/usr/local/lib/python3.8/dist-packages/flask/app.py", line 1503, in dispatch_request
Jul 25 09:15:15.284038 dv-cinder-797608-60-smb devstack@keystone.service[80327]: ERROR keystone.server.flask.application return self.ensure_sync(self.view_functions[rule.endpoint])(**req.view_args)
Jul 25 09:15:15.284038 dv-cinder-797608-60-smb devstack@keystone.service[80327]: ERROR keystone.server.flask.application
File "/usr/local/lib/python3.8/dist-packages/flask_restful/__init__.py", line 467, in wrapper
Jul 25 09:15:15.284038 dv-cinder-797608-60-smb devstack@keystone.service[80327]: ERROR keystone.server.flask.application resp = resource(*args, **kwargs)
Jul 25 09:15:15.284038 dv-cinder-797608-60-smb devstack@keystone.service[80327]: ERROR keystone.server.flask.application
File "/usr/local/lib/python3.8/dist-packages/flask/views.py", line 84, in view
Jul 25 09:15:15.284038 dv-cinder-797608-60-smb devstack@keystone.service[80327]: ERROR keystone.server.flask.application return current_app.ensure_sync(self.dispatch_request)(*args, **kwargs)
Jul 25 09:15:15.284038 dv-cinder-797608-60-smb devstack@keystone.service[80327]: ERROR keystone.server.flask.application
File "/usr/local/lib/python3.8/dist-packages/flask_restful/__init__.py", line 582, in dispatch_request
Jul 25 09:15:15.284038 dv-cinder-797608-60-smb devstack@keystone.service[80327]: ERROR keystone.server.flask.application resp = meth(*args, **kwargs)
Jul 25 09:15:15.284038 dv-cinder-797608-60-smb devstack@keystone.service[80327]: ERROR keystone.server.flask.application
File "/opt/stack/keystone/keystone/api/roles.py", line 50, in get
Jul 25 09:15:15.284038 dv-cinder-797608-60-smb devstack@keystone.service[80327]: ERROR keystone.server.flask.application return self._get_role(role_id)
Jul 25 09:15:15.284038 dv-cinder-797608-60-smb devstack@keystone.service[80327]: ERROR keystone.server.flask.application
File "/opt/stack/keystone/keystone/api/roles.py", line 70, in _get_role
Jul 25 09:15:15.284038 dv-cinder-797608-60-smb devstack@keystone.service[80327]: ERROR keystone.server.flask.application ENFORCER.enforce_call(action='identity:get_role')
Jul 25 09:15:15.286002 dv-cinder-797608-60-smb devstack@keystone.service[80327]: ERROR keystone.server.flask.application
File "/opt/stack/keystone/keystone/common/rbac_enforcer/enforcer.py", line 402, in enforce_call
Jul 25 09:15:15.286002 dv-cinder-797608-60-smb devstack@keystone.service[80327]: ERROR keystone.server.flask.application policy_dict.update(cls._extract_member_target_data(
Jul 25 09:15:15.286002 dv-cinder-797608-60-smb devstack@keystone.service[80327]: ERROR keystone.server.flask.application
File "/opt/stack/keystone/keystone/common/rbac_enforcer/enforcer.py", line 234, in _extract_member_target_data
Jul 25 09:15:15.286002 dv-cinder-797608-60-smb devstack@keystone.service[80327]: ERROR keystone.server.flask.application member_name: func(flask.request.view_args[key])
Jul 25 09:15:15.286002 dv-cinder-797608-60-smb devstack@keystone.service[80327]: ERROR keystone.server.flask.application
File "/opt/stack/keystone/keystone/common/manager.py", line 115, in wrapped
Jul 25 09:15:15.286002 dv-cinder-797608-60-smb devstack@keystone.service[80327]: ERROR keystone.server.flask.application __ret_val = __f(*args, **kwargs)
Jul 25 09:15:15.286002 dv-cinder-797608-60-smb devstack@keystone.service[80327]: ERROR keystone.server.flask.application
File "/usr/local/lib/python3.8/dist-packages/decorator.py", line 232, in fun
