Jul 16 22:39:37.856574 dv-cinder-797608-6-smb devstack@c-api.service[101621]: INFO cinder.api.openstack.wsgi [None req-aefee5a9-5cab-477a-8f4e-6c6fb1a2867f tempest-GroupsTest-1487493727 tempest-GroupsTest-1487493727-project-admin] http://10.222.0.23/volume/v3/ae308772d50a47caa158f47a9c17884e/types returned with HTTP 200
Jul 16 22:39:37.857357 dv-cinder-797608-6-smb devstack@c-api.service[101621]: [pid: 101621|app: 0|req: 5/10] 10.222.0.23 () {60 vars in 1229 bytes} [Fri Jul 16 22:39:37 2021] POST /volume/v3/ae308772d50a47caa158f47a9c17884e/types => generated 215 bytes in 330 msecs (HTTP/1.1 200) 7 headers in 285 bytes (2 switches on core 0)
Jul 16 22:39:37.874432 dv-cinder-797608-6-smb devstack@c-api.service[101621]: INFO cinder.api.openstack.wsgi [None req-c7310fd1-7077-4773-95d4-29dd47411c4d tempest-GroupsTest-1487493727 tempest-GroupsTest-1487493727-project-admin] POST http://10.222.0.23/volume/v3/ae308772d50a47caa158f47a9c17884e/group_types
Jul 16 22:39:37.875247 dv-cinder-797608-6-smb devstack@c-api.service[101620]: INFO cinder.api.v3.groups [None req-f0cf605e-916c-43ba-890f-0d93b5039756 tempest-GroupSnapshotsTest-1733788687 tempest-GroupSnapshotsTest-1733788687-project] Creating group tempest-GroupSnapshotsTest-Group-521924905.
Jul 16 22:39:37.876187 dv-cinder-797608-6-smb devstack@c-api.service[101621]: DEBUG cinder.api.openstack.wsgi [None req-c7310fd1-7077-4773-95d4-29dd47411c4d tempest-GroupsTest-1487493727 tempest-GroupsTest-1487493727-project-admin] Action: 'create', calling method: version_select, body: {"group_type": {"name": "tempest-GroupsTest-group-type-1807637674"}} {{(pid=101621) _process_stack /opt/stack/cinder/cinder/api/openstack/wsgi.py:864}}
Jul 16 22:39:37.921015 dv-cinder-797608-6-smb devstack@c-api.service[101621]: INFO cinder.api.openstack.wsgi [None req-c7310fd1-7077-4773-95d4-29dd47411c4d tempest-GroupsTest-1487493727 tempest-GroupsTest-1487493727-project-admin] http://10.222.0.23/volume/v3/ae308772d50a47caa158f47a9c17884e/group_types returned with HTTP 202
Jul 16 22:39:37.922280 dv-cinder-797608-6-smb devstack@c-api.service[101621]: [pid: 101621|app: 0|req: 6/11] 10.222.0.23 () {62 vars in 1288 bytes} [Fri Jul 16 22:39:37 2021] POST /volume/v3/ae308772d50a47caa158f47a9c17884e/group_types => generated 173 bytes in 58 msecs (HTTP/1.1 202) 7 headers in 292 bytes (1 switches on core 0)
Jul 16 22:39:37.992231 dv-cinder-797608-6-smb devstack@c-api.service[101620]: DEBUG cinder.volume.api [None req-f0cf605e-916c-43ba-890f-0d93b5039756 tempest-GroupSnapshotsTest-1733788687 tempest-GroupSnapshotsTest-1733788687-project] Availability zone cache updated, next update will occur around 2021-07-16 23:39:37.991386. {{(pid=101620) list_availability_zones /opt/stack/cinder/cinder/volume/api.py:148}}
Jul 16 22:39:38.001209 dv-cinder-797608-6-smb devstack@c-api.service[101620]: INFO cinder.volume.api [None req-f0cf605e-916c-43ba-890f-0d93b5039756 tempest-GroupSnapshotsTest-1733788687 tempest-GroupSnapshotsTest-1733788687-project] Availability Zones retrieved successfully.
Jul 16 22:39:38.105815 dv-cinder-797608-6-smb devstack@c-api.service[101620]: DEBUG cinder.quota [None req-f0cf605e-916c-43ba-890f-0d93b5039756 tempest-GroupSnapshotsTest-1733788687 tempest-GroupSnapshotsTest-1733788687-project] Created reservations ['be9a4ff6-6340-4bf0-842f-70bee9ff7d6d'] {{(pid=101620) reserve /opt/stack/cinder/cinder/quota.py:755}}
Jul 16 22:39:38.217298 dv-cinder-797608-6-smb devstack@c-api.service[101621]: INFO cinder.api.openstack.wsgi [None req-a512e143-4f8b-42f6-b58a-a3a4fda92f0e tempest-GroupsTest-1738867901 tempest-GroupsTest-1738867901-project] POST http://10.222.0.23/volume/v3/6fd113aea62c4546a8594af07b398fe4/groups
Jul 16 22:39:38.218415 dv-cinder-797608-6-smb devstack@c-api.service[101621]: DEBUG cinder.api.openstack.wsgi [None req-a512e143-4f8b-42f6-b58a-a3a4fda92f0e tempest-GroupsTest-1738867901 tempest-GroupsTest-1738867901-project] Action: 'create', calling method: version_select, body: {"group": {"group_type": "2d195bd8-c300-4f57-8b81-b02ef9a46455", "volume_types": ["20510406-7774-4bf1-8835-ede846f12926"], "name": "tempest-Group1-1351362038"}} {{(pid=101621) _process_stack /opt/stack/cinder/cinder/api/openstack/wsgi.py:864}}
Jul 16 22:39:38.219651 dv-cinder-797608-6-smb devstack@c-api.service[101621]: DEBUG cinder.api.v3.groups [None req-a512e143-4f8b-42f6-b58a-a3a4fda92f0e tempest-GroupsTest-1738867901 tempest-GroupsTest-1738867901-project] Creating new group {'group': {'group_type': '2d195bd8-c300-4f57-8b81-b02ef9a46455', 'volume_types': ['20510406-7774-4bf1-8835-ede846f12926'], 'name': 'tempest-Group1-1351362038'}} {{(pid=101621) create /opt/stack/cinder/cinder/api/v3/groups.py:190}}
Jul 16 22:39:38.228861 dv-cinder-797608-6-smb devstack@c-api.service[101621]: INFO cinder.api.v3.groups [None req-a512e143-4f8b-42f6-b58a-a3a4fda92f0e tempest-GroupsTest-1738867901 tempest-GroupsTest-1738867901-project] Creating group tempest-Group1-1351362038.
Jul 16 22:39:38.265602 dv-cinder-797608-6-smb devstack@c-api.service[101621]: DEBUG cinder.volume.api [None req-a512e143-4f8b-42f6-b58a-a3a4fda92f0e tempest-GroupsTest-1738867901 tempest-GroupsTest-1738867901-project] Availability zone cache updated, next update will occur around 2021-07-16 23:39:38.264546. {{(pid=101621) list_availability_zones /opt/stack/cinder/cinder/volume/api.py:148}}
Jul 16 22:39:38.266570 dv-cinder-797608-6-smb devstack@c-api.service[101621]: INFO cinder.volume.api [None req-a512e143-4f8b-42f6-b58a-a3a4fda92f0e tempest-GroupsTest-1738867901 tempest-GroupsTest-1738867901-project] Availability Zones retrieved successfully.
Jul 16 22:39:38.266904 dv-cinder-797608-6-smb devstack@c-api.service[101620]: INFO cinder.api.openstack.wsgi [None req-f0cf605e-916c-43ba-890f-0d93b5039756 tempest-GroupSnapshotsTest-1733788687 tempest-GroupSnapshotsTest-1733788687-project] http://10.222.0.23/volume/v3/359179e344e3472ca7d99de78fa4e8e8/groups returned with HTTP 202
Jul 16 22:39:38.267401 dv-cinder-797608-6-smb devstack@c-api.service[101620]: [pid: 101620|app: 0|req: 6/12] 10.222.0.23 () {62 vars in 1274 bytes} [Fri Jul 16 22:39:37 2021] POST /volume/v3/359179e344e3472ca7d99de78fa4e8e8/groups => generated 111 bytes in 796 msecs (HTTP/1.1 202) 7 headers in 292 bytes (1 switches on core 0)
Jul 16 22:39:38.350745 dv-cinder-797608-6-smb devstack@c-api.service[101620]: INFO cinder.api.openstack.wsgi [None req-a38c12cf-f1cd-4289-ac07-c6423ca65cea tempest-VolumesServicesTestJSON-1525981337 tempest-VolumesServicesTestJSON-1525981337-project-admin] GET http://10.222.0.23/volume/v3/c3a4a015cfc74774ab7268bfef1a4e77/os-services
Jul 16 22:39:38.351473 dv-cinder-797608-6-smb devstack@c-api.service[101620]: DEBUG cinder.api.openstack.wsgi [None req-a38c12cf-f1cd-4289-ac07-c6423ca65cea tempest-VolumesServicesTestJSON-1525981337 tempest-VolumesServicesTestJSON-1525981337-project-admin] Empty body provided in request {{(pid=101620) get_body /opt/stack/cinder/cinder/api/openstack/wsgi.py:713}}
Jul 16 22:39:38.351651 dv-cinder-797608-6-smb devstack@c-api.service[101620]: /usr/local/lib/python3.8/dist-packages/webob/acceptparse.py:1047: DeprecationWarning: The behavior of AcceptValidHeader.best_match is currently being maintained for backward compatibility, but it will be deprecated in the future, as it does not conform to the RFC.
Jul 16 22:39:38.351651 dv-cinder-797608-6-smb devstack@c-api.service[101620]: warnings.warn(
Jul 16 22:39:38.352027 dv-cinder-797608-6-smb devstack@c-api.service[101620]: DEBUG cinder.api.openstack.wsgi [None req-a38c12cf-f1cd-4289-ac07-c6423ca65cea tempest-VolumesServicesTestJSON-1525981337 tempest-VolumesServicesTestJSON-1525981337-project-admin] Calling method 'index' {{(pid=101620) _process_stack /opt/stack/cinder/cinder/api/openstack/wsgi.py:866}}
Jul 16 22:39:38.352724 dv-cinder-797608-6-smb devstack@c-api.service[101620]: /usr/local/lib/python3.8/dist-packages/oslo_context/context.py:105: DeprecationWarning: Policy enforcement is depending on the value of is_admin. This key is deprecated. Please update your policy file to use the standard policy values.
Jul 16 22:39:38.352724 dv-cinder-797608-6-smb devstack@c-api.service[101620]: warnings.warn('Policy enforcement is depending on the value of '
Jul 16 22:39:38.368197 dv-cinder-797608-6-smb devstack@c-api.service[101620]: INFO cinder.api.openstack.wsgi [None req-a38c12cf-f1cd-4289-ac07-c6423ca65cea tempest-VolumesServicesTestJSON-1525981337 tempest-VolumesServicesTestJSON-1525981337-project-admin] http://10.222.0.23/volume/v3/c3a4a015cfc74774ab7268bfef1a4e77/os-services returned with HTTP 200
Jul 16 22:39:38.369598 dv-cinder-797608-6-smb devstack@c-api.service[101620]: [pid: 101620|app: 0|req: 7/13] 10.222.0.23 () {58 vars in 1226 bytes} [Fri Jul 16 22:39:38 2021] GET /volume/v3/c3a4a015cfc74774ab7268bfef1a4e77/os-services => generated 640 bytes in 102 msecs (HTTP/1.1 200) 7 headers in 285 bytes (1 switches on core 0)
Jul 16 22:39:38.381974 dv-cinder-797608-6-smb devstack@c-api.service[101621]: DEBUG cinder.quota [None req-a512e143-4f8b-42f6-b58a-a3a4fda92f0e tempest-GroupsTest-1738867901 tempest-GroupsTest-1738867901-project] Created reservations ['ae0fd544-f590-40d1-acf3-47a2ed1cec76'] {{(pid=101621) reserve /opt/stack/cinder/cinder/quota.py:755}}
Jul 16 22:39:38.479757 dv-cinder-797608-6-smb devstack@c-api.service[101620]: WARNING keystonemiddleware.auth_token [None req-a38c12cf-f1cd-4289-ac07-c6423ca65cea tempest-VolumesServicesTestJSON-1525981337 tempest-VolumesServicesTestJSON-1525981337-project-admin] A valid token was submitted as a service token, but it was not a valid service token. This is incorrect but backwards compatible behaviour. This will be removed in future releases.
Jul 16 22:39:38.484146 dv-cinder-797608-6-smb devstack@c-api.service[101620]: INFO cinder.api.openstack.wsgi [req-16f6968b-1e8a-45d5-83e5-85d7178f1c14 req-d2b71869-7342-4eeb-a63c-4a75c0565165 tempest-VolumesNegativeTest-609656587 tempest-VolumesNegativeTest-609656587-project] DELETE http://10.222.0.23/volume/v3/64a5be4ec01c42d893a5f2efce4de7c3/volumes/tempest-invalid-1819183613
Jul 16 22:39:38.484845 dv-cinder-797608-6-smb devstack@c-api.service[101620]: DEBUG cinder.api.openstack.wsgi [req-16f6968b-1e8a-45d5-83e5-85d7178f1c14 req-d2b71869-7342-4eeb-a63c-4a75c0565165 tempest-VolumesNegativeTest-609656587 tempest-VolumesNegativeTest-609656587-project] Empty body provided in request {{(pid=101620) get_body /opt/stack/cinder/cinder/api/openstack/wsgi.py:713}}
Jul 16 22:39:38.485884 dv-cinder-797608-6-smb devstack@c-api.service[101620]: DEBUG cinder.api.openstack.wsgi [req-16f6968b-1e8a-45d5-83e5-85d7178f1c14 req-d2b71869-7342-4eeb-a63c-4a75c0565165 tempest-VolumesNegativeTest-609656587 tempest-VolumesNegativeTest-609656587-project] Calling method 'delete' {{(pid=101620) _process_stack /opt/stack/cinder/cinder/api/openstack/wsgi.py:866}}
Jul 16 22:39:38.486539 dv-cinder-797608-6-smb devstack@c-api.service[101620]: INFO cinder.api.v3.volumes [req-16f6968b-1e8a-45d5-83e5-85d7178f1c14 req-d2b71869-7342-4eeb-a63c-4a75c0565165 tempest-VolumesNegativeTest-609656587 tempest-VolumesNegativeTest-609656587-project] Delete volume with id: tempest-invalid-1819183613
Jul 16 22:39:38.563926 dv-cinder-797608-6-smb devstack@c-api.service[101621]: INFO cinder.api.openstack.wsgi [None req-a512e143-4f8b-42f6-b58a-a3a4fda92f0e tempest-GroupsTest-1738867901 tempest-GroupsTest-1738867901-project] http://10.222.0.23/volume/v3/6fd113aea62c4546a8594af07b398fe4/groups returned with HTTP 202
Jul 16 22:39:38.566105 dv-cinder-797608-6-smb devstack@c-api.service[101621]: [pid: 101621|app: 0|req: 7/14] 10.222.0.23 () {62 vars in 1274 bytes} [Fri Jul 16 22:39:37 2021] POST /volume/v3/6fd113aea62c4546a8594af07b398fe4/groups => generated 94 bytes in 638 msecs (HTTP/1.1 202) 7 headers in 291 bytes (1 switches on core 0)
Jul 16 22:39:38.585587 dv-cinder-797608-6-smb devstack@c-api.service[101621]: INFO cinder.api.openstack.wsgi [None req-f2dea459-17d7-48d2-a5ef-b94d2b25de49 tempest-GroupSnapshotsTest-1733788687 tempest-GroupSnapshotsTest-1733788687-project] GET http://10.222.0.23/volume/v3/359179e344e3472ca7d99de78fa4e8e8/groups/912339ce-43dd-486e-a44a-315c0bd36e72
Jul 16 22:39:38.586941 dv-cinder-797608-6-smb devstack@c-api.service[101621]: DEBUG cinder.api.openstack.wsgi [None req-f2dea459-17d7-48d2-a5ef-b94d2b25de49 tempest-GroupSnapshotsTest-1733788687 tempest-GroupSnapshotsTest-1733788687-project] Empty body provided in request {{(pid=101621) get_body /opt/stack/cinder/cinder/api/openstack/wsgi.py:713}}
Jul 16 22:39:38.587158 dv-cinder-797608-6-smb devstack@c-api.service[101621]: /usr/local/lib/python3.8/dist-packages/webob/acceptparse.py:1047: DeprecationWarning: The behavior of AcceptValidHeader.best_match is currently being maintained for backward compatibility, but it will be deprecated in the future, as it does not conform to the RFC.
Jul 16 22:39:38.587158 dv-cinder-797608-6-smb devstack@c-api.service[101621]: warnings.warn(
Jul 16 22:39:38.588193 dv-cinder-797608-6-smb devstack@c-api.service[101621]: DEBUG cinder.api.openstack.wsgi [None req-f2dea459-17d7-48d2-a5ef-b94d2b25de49 tempest-GroupSnapshotsTest-1733788687 tempest-GroupSnapshotsTest-1733788687-project] Calling method 'version_select' {{(pid=101621) _process_stack /opt/stack/cinder/cinder/api/openstack/wsgi.py:866}}
Jul 16 22:39:38.589606 dv-cinder-797608-6-smb devstack@c-api.service[101621]: DEBUG cinder.api.v3.groups [None req-f2dea459-17d7-48d2-a5ef-b94d2b25de49 tempest-GroupSnapshotsTest-1733788687 tempest-GroupSnapshotsTest-1733788687-project] show called for member 912339ce-43dd-486e-a44a-315c0bd36e72 {{(pid=101621) show /opt/stack/cinder/cinder/api/v3/groups.py:58}}
Jul 16 22:39:38.607910 dv-cinder-797608-6-smb devstack@c-api.service[101621]: /usr/local/lib/python3.8/dist-packages/oslo_context/context.py:105: DeprecationWarning: Policy enforcement is depending on the value of is_admin. This key is deprecated. Please update your policy file to use the standard policy values.
Jul 16 22:39:38.607910 dv-cinder-797608-6-smb devstack@c-api.service[101621]: warnings.warn('Policy enforcement is depending on the value of '
Jul 16 22:39:38.639336 dv-cinder-797608-6-smb devstack@c-api.service[101620]: INFO cinder.api.openstack.wsgi [req-16f6968b-1e8a-45d5-83e5-85d7178f1c14 req-d2b71869-7342-4eeb-a63c-4a75c0565165 tempest-VolumesNegativeTest-609656587 tempest-VolumesNegativeTest-609656587-project] http://10.222.0.23/volume/v3/64a5be4ec01c42d893a5f2efce4de7c3/volumes/tempest-invalid-1819183613 returned with HTTP 404
Jul 16 22:39:38.640323 dv-cinder-797608-6-smb devstack@c-api.service[101620]: [pid: 101620|app: 0|req: 8/15] 10.222.0.23 () {62 vars in 1571 bytes} [Fri Jul 16 22:39:38 2021] DELETE /volume/v3/64a5be4ec01c42d893a5f2efce4de7c3/volumes/tempest-invalid-1819183613 => generated 99 bytes in 261 msecs (HTTP/1.1 404) 7 headers in 291 bytes (1 switches on core 0)
Jul 16 22:39:38.656360 dv-cinder-797608-6-smb devstack@c-api.service[101620]: INFO cinder.api.openstack.wsgi [None req-56a86367-9174-436b-a685-4153b49f466f tempest-VolumesServicesTestJSON-1525981337 tempest-VolumesServicesTestJSON-1525981337-project-admin] GET http://10.222.0.23/volume/v3/c3a4a015cfc74774ab7268bfef1a4e77/os-services?host=dv-cinder-797608-6-smb
Jul 16 22:39:38.667204 dv-cinder-797608-6-smb devstack@c-api.service[101620]: DEBUG cinder.api.openstack.wsgi [None req-56a86367-9174-436b-a685-4153b49f466f tempest-VolumesServicesTestJSON-1525981337 tempest-VolumesServicesTestJSON-1525981337-project-admin] Empty body provided in request {{(pid=101620) get_body /opt/stack/cinder/cinder/api/openstack/wsgi.py:713}}
Jul 16 22:39:38.667988 dv-cinder-797608-6-smb devstack@c-api.service[101621]: INFO cinder.api.openstack.wsgi [None req-f2dea459-17d7-48d2-a5ef-b94d2b25de49 tempest-GroupSnapshotsTest-1733788687 tempest-GroupSnapshotsTest-1733788687-project] http://10.222.0.23/volume/v3/359179e344e3472ca7d99de78fa4e8e8/groups/912339ce-43dd-486e-a44a-315c0bd36e72 returned with HTTP 200
Jul 16 22:39:38.669288 dv-cinder-797608-6-smb devstack@c-api.service[101620]: DEBUG cinder.api.openstack.wsgi [None req-56a86367-9174-436b-a685-4153b49f466f tempest-VolumesServicesTestJSON-1525981337 tempest-VolumesServicesTestJSON-1525981337-project-admin] Calling method 'index' {{(pid=101620) _process_stack /opt/stack/cinder/cinder/api/openstack/wsgi.py:866}}
Jul 16 22:39:38.670501 dv-cinder-797608-6-smb devstack@c-api.service[101621]: [pid: 101621|app: 0|req: 8/16] 10.222.0.23 () {60 vars in 1363 bytes} [Fri Jul 16 22:39:38 2021] GET /volume/v3/359179e344e3472ca7d99de78fa4e8e8/groups/912339ce-43dd-486e-a44a-315c0bd36e72 => generated 392 bytes in 104 msecs (HTTP/1.1 200) 7 headers in 286 bytes (1 switches on core 0)
Jul 16 22:39:38.684850 dv-cinder-797608-6-smb devstack@c-api.service[101621]: INFO cinder.api.openstack.wsgi [None req-92bd4e7e-2be8-49fd-9322-eb4acb19ce8a tempest-GroupsTest-1738867901 tempest-GroupsTest-1738867901-project] GET http://10.222.0.23/volume/v3/6fd113aea62c4546a8594af07b398fe4/groups/35b53f83-5517-4c76-9514-3c905f355ba6
Jul 16 22:39:38.697278 dv-cinder-797608-6-smb devstack@c-api.service[101621]: DEBUG cinder.api.openstack.wsgi [None req-92bd4e7e-2be8-49fd-9322-eb4acb19ce8a tempest-GroupsTest-1738867901 tempest-GroupsTest-1738867901-project] Empty body provided in request {{(pid=101621) get_body /opt/stack/cinder/cinder/api/openstack/wsgi.py:713}}
Jul 16 22:39:38.697721 dv-cinder-797608-6-smb devstack@c-api.service[101621]: /usr/local/lib/python3.8/dist-packages/webob/acceptparse.py:1047: DeprecationWarning: The behavior of AcceptValidHeader.best_match is currently being maintained for backward compatibility, but it will be deprecated in the future, as it does not conform to the RFC.
Jul 16 22:39:38.697721 dv-cinder-797608-6-smb devstack@c-api.service[101621]: warnings.warn(
Jul 16 22:39:38.698369 dv-cinder-797608-6-smb devstack@c-api.service[101621]: DEBUG cinder.api.openstack.wsgi [None req-92bd4e7e-2be8-49fd-9322-eb4acb19ce8a tempest-GroupsTest-1738867901 tempest-GroupsTest-1738867901-project] Calling method 'version_select' {{(pid=101621) _process_stack /opt/stack/cinder/cinder/api/openstack/wsgi.py:866}}
Jul 16 22:39:38.698500 dv-cinder-797608-6-smb devstack@c-api.service[101620]: INFO cinder.api.openstack.wsgi [None req-56a86367-9174-436b-a685-4153b49f466f tempest-VolumesServicesTestJSON-1525981337 tempest-VolumesServicesTestJSON-1525981337-project-admin] http://10.222.0.23/volume/v3/c3a4a015cfc74774ab7268bfef1a4e77/os-services?host=dv-cinder-797608-6-smb returned with HTTP 200
Jul 16 22:39:38.699145 dv-cinder-797608-6-smb devstack@c-api.service[101620]: [pid: 101620|app: 0|req: 9/17] 10.222.0.23 () {58 vars in 1281 bytes} [Fri Jul 16 22:39:38 2021] GET /volume/v3/c3a4a015cfc74774ab7268bfef1a4e77/os-services?host=dv-cinder-797608-6-smb => generated 201 bytes in 58 msecs (HTTP/1.1 200) 7 headers in 285 bytes (1 switches on core 0)
Jul 16 22:39:38.702560 dv-cinder-797608-6-smb devstack@c-api.service[101620]: INFO cinder.api.openstack.wsgi [None req-0f924fe9-2f9c-4162-9874-bf465dafc217 tempest-GroupSnapshotsTest-1733788687 tempest-GroupSnapshotsTest-1733788687-project] POST http://10.222.0.23/volume/v3/359179e344e3472ca7d99de78fa4e8e8/volumes
Jul 16 22:39:38.703296 dv-cinder-797608-6-smb devstack@c-api.service[101620]: DEBUG cinder.api.openstack.wsgi [None req-0f924fe9-2f9c-4162-9874-bf465dafc217 tempest-GroupSnapshotsTest-1733788687 tempest-GroupSnapshotsTest-1733788687-project] Action: 'create', calling method: create, body: {"volume": {"volume_type": "dab87470-53d8-4d8f-9737-0defccf18692", "group_id": "912339ce-43dd-486e-a44a-315c0bd36e72", "size": 1, "name": "tempest-GroupSnapshotsTest-Volume-1484400864"}} {{(pid=101620) _process_stack /opt/stack/cinder/cinder/api/openstack/wsgi.py:864}}
Jul 16 22:39:38.703593 dv-cinder-797608-6-smb devstack@c-api.service[101621]: DEBUG cinder.api.v3.groups [None req-92bd4e7e-2be8-49fd-9322-eb4acb19ce8a tempest-GroupsTest-1738867901 tempest-GroupsTest-1738867901-project] show called for member 35b53f83-5517-4c76-9514-3c905f355ba6 {{(pid=101621) show /opt/stack/cinder/cinder/api/v3/groups.py:58}}
Jul 16 22:39:38.706001 dv-cinder-797608-6-smb devstack@c-api.service[101620]: DEBUG cinder.api.v3.volumes [None req-0f924fe9-2f9c-4162-9874-bf465dafc217 tempest-GroupSnapshotsTest-1733788687 tempest-GroupSnapshotsTest-1733788687-project] Create volume request body: {'volume': {'volume_type': 'dab87470-53d8-4d8f-9737-0defccf18692', 'group_id': '912339ce-43dd-486e-a44a-315c0bd36e72', 'size': 1, 'name': 'tempest-GroupSnapshotsTest-Volume-1484400864'}} {{(pid=101620) create /opt/stack/cinder/cinder/api/v3/volumes.py:289}}
Jul 16 22:39:38.724791 dv-cinder-797608-6-smb devstack@c-api.service[101621]: /usr/local/lib/python3.8/dist-packages/oslo_context/context.py:105: DeprecationWarning: Policy enforcement is depending on the value of is_admin. This key is deprecated. Please update your policy file to use the standard policy values.
Jul 16 22:39:38.724791 dv-cinder-797608-6-smb devstack@c-api.service[101621]: warnings.warn('Policy enforcement is depending on the value of '
Jul 16 22:39:38.749607 dv-cinder-797608-6-smb devstack@c-api.service[101620]: /usr/local/lib/python3.8/dist-packages/oslo_context/context.py:105: DeprecationWarning: Policy enforcement is depending on the value of is_admin. This key is deprecated. Please update your policy file to use the standard policy values.
Jul 16 22:39:38.749607 dv-cinder-797608-6-smb devstack@c-api.service[101620]: warnings.warn('Policy enforcement is depending on the value of '
Jul 16 22:39:38.753546 dv-cinder-797608-6-smb devstack@c-api.service[101620]: INFO cinder.api.v3.volumes [None req-0f924fe9-2f9c-4162-9874-bf465dafc217 tempest-GroupSnapshotsTest-1733788687 tempest-GroupSnapshotsTest-1733788687-project] Create volume of 1 GB
Jul 16 22:39:38.759702 dv-cinder-797608-6-smb devstack@c-api.service[101621]: INFO cinder.api.openstack.wsgi [None req-92bd4e7e-2be8-49fd-9322-eb4acb19ce8a tempest-GroupsTest-1738867901 tempest-GroupsTest-1738867901-project] http://10.222.0.23/volume/v3/6fd113aea62c4546a8594af07b398fe4/groups/35b53f83-5517-4c76-9514-3c905f355ba6 returned with HTTP 200
Jul 16 22:39:38.760485 dv-cinder-797608-6-smb devstack@c-api.service[101621]: [pid: 101621|app: 0|req: 9/18] 10.222.0.23 () {60 vars in 1363 bytes} [Fri Jul 16 22:39:38 2021] GET /volume/v3/6fd113aea62c4546a8594af07b398fe4/groups/35b53f83-5517-4c76-9514-3c905f355ba6 => generated 323 bytes in 89 msecs (HTTP/1.1 200) 7 headers in 286 bytes (1 switches on core 0)
Jul 16 22:39:38.788019 dv-cinder-797608-6-smb devstack@c-api.service[101621]: INFO cinder.api.openstack.wsgi [None req-f2fd9b4e-12d5-47f0-888e-e5bb373e6b7e tempest-VolumesServicesTestJSON-1525981337 tempest-VolumesServicesTestJSON-1525981337-project-admin] GET http://10.222.0.23/volume/v3/c3a4a015cfc74774ab7268bfef1a4e77/os-services?host=dv-cinder-797608-6-smb&binary=cinder-scheduler
Jul 16 22:39:38.797931 dv-cinder-797608-6-smb devstack@c-api.service[101620]: DEBUG cinder.volume.api [None req-0f924fe9-2f9c-4162-9874-bf465dafc217 tempest-GroupSnapshotsTest-1733788687 tempest-GroupSnapshotsTest-1733788687-project] Availability zone cache updated, next update will occur around 2021-07-16 23:39:38.797473. {{(pid=101620) list_availability_zones /opt/stack/cinder/cinder/volume/api.py:148}}
Jul 16 22:39:38.798226 dv-cinder-797608-6-smb devstack@c-api.service[101620]: INFO cinder.volume.api [None req-0f924fe9-2f9c-4162-9874-bf465dafc217 tempest-GroupSnapshotsTest-1733788687 tempest-GroupSnapshotsTest-1733788687-project] Availability Zones retrieved successfully.
Jul 16 22:39:38.807097 dv-cinder-797608-6-smb devstack@c-api.service[101621]: DEBUG cinder.api.openstack.wsgi [None req-f2fd9b4e-12d5-47f0-888e-e5bb373e6b7e tempest-VolumesServicesTestJSON-1525981337 tempest-VolumesServicesTestJSON-1525981337-project-admin] Empty body provided in request {{(pid=101621) get_body /opt/stack/cinder/cinder/api/openstack/wsgi.py:713}}
Jul 16 22:39:38.807323 dv-cinder-797608-6-smb devstack@c-api.service[101621]: /usr/local/lib/python3.8/dist-packages/webob/acceptparse.py:1047: DeprecationWarning: The behavior of AcceptValidHeader.best_match is currently being maintained for backward compatibility, but it will be deprecated in the future, as it does not conform to the RFC.
Jul 16 22:39:38.807323 dv-cinder-797608-6-smb devstack@c-api.service[101621]: warnings.warn(
Jul 16 22:39:38.808052 dv-cinder-797608-6-smb devstack@c-api.service[101621]: DEBUG cinder.api.openstack.wsgi [None req-f2fd9b4e-12d5-47f0-888e-e5bb373e6b7e tempest-VolumesServicesTestJSON-1525981337 tempest-VolumesServicesTestJSON-1525981337-project-admin] Calling method 'index' {{(pid=101621) _process_stack /opt/stack/cinder/cinder/api/openstack/wsgi.py:866}}
Jul 16 22:39:38.808886 dv-cinder-797608-6-smb devstack@c-api.service[101621]: /usr/local/lib/python3.8/dist-packages/oslo_context/context.py:105: DeprecationWarning: Policy enforcement is depending on the value of is_admin. This key is deprecated. Please update your policy file to use the standard policy values.
Jul 16 22:39:38.808886 dv-cinder-797608-6-smb devstack@c-api.service[101621]: warnings.warn('Policy enforcement is depending on the value of '
Jul 16 22:39:38.840163 dv-cinder-797608-6-smb devstack@c-api.service[101621]: INFO cinder.api.openstack.wsgi [None req-f2fd9b4e-12d5-47f0-888e-e5bb373e6b7e tempest-VolumesServicesTestJSON-1525981337 tempest-VolumesServicesTestJSON-1525981337-project-admin] http://10.222.0.23/volume/v3/c3a4a015cfc74774ab7268bfef1a4e77/os-services?host=dv-cinder-797608-6-smb&binary=cinder-scheduler returned with HTTP 200
Jul 16 22:39:38.844744 dv-cinder-797608-6-smb devstack@c-api.service[101621]: [pid: 101621|app: 0|req: 10/19] 10.222.0.23 () {58 vars in 1329 bytes} [Fri Jul 16 22:39:38 2021] GET /volume/v3/c3a4a015cfc74774ab7268bfef1a4e77/os-services?host=dv-cinder-797608-6-smb&binary=cinder-scheduler => generated 201 bytes in 83 msecs (HTTP/1.1 200) 7 headers in 285 bytes (1 switches on core 0)
Jul 16 22:39:38.849079 dv-cinder-797608-6-smb devstack@c-api.service[101621]: INFO cinder.api.openstack.wsgi [None req-2b86db6d-4eee-4438-ab8d-ce64566db856 tempest-GroupsTest-1738867901 tempest-GroupsTest-1738867901-project] POST http://10.222.0.23/volume/v3/6fd113aea62c4546a8594af07b398fe4/groups
Jul 16 22:39:38.850586 dv-cinder-797608-6-smb devstack@c-api.service[101621]: DEBUG cinder.api.openstack.wsgi [None req-2b86db6d-4eee-4438-ab8d-ce64566db856 tempest-GroupsTest-1738867901 tempest-GroupsTest-1738867901-project] Action: 'create', calling method: version_select, body: {"group": {"group_type": "2d195bd8-c300-4f57-8b81-b02ef9a46455", "volume_types": ["20510406-7774-4bf1-8835-ede846f12926"], "name": "tempest-Group2-911882457"}} {{(pid=101621) _process_stack /opt/stack/cinder/cinder/api/openstack/wsgi.py:864}}
Jul 16 22:39:38.856314 dv-cinder-797608-6-smb devstack@c-api.service[101621]: DEBUG cinder.api.v3.groups [None req-2b86db6d-4eee-4438-ab8d-ce64566db856 tempest-GroupsTest-1738867901 tempest-GroupsTest-1738867901-project] Creating new group {'group': {'group_type': '2d195bd8-c300-4f57-8b81-b02ef9a46455', 'volume_types': ['20510406-7774-4bf1-8835-ede846f12926'], 'name': 'tempest-Group2-911882457'}} {{(pid=101621) create /opt/stack/cinder/cinder/api/v3/groups.py:190}}
Jul 16 22:39:38.865032 dv-cinder-797608-6-smb devstack@c-api.service[101621]: INFO cinder.api.v3.groups [None req-2b86db6d-4eee-4438-ab8d-ce64566db856 tempest-GroupsTest-1738867901 tempest-GroupsTest-1738867901-project] Creating group tempest-Group2-911882457.
Jul 16 22:39:38.880182 dv-cinder-797608-6-smb devstack@c-api.service[101621]: INFO cinder.volume.api [None req-2b86db6d-4eee-4438-ab8d-ce64566db856 tempest-GroupsTest-1738867901 tempest-GroupsTest-1738867901-project] Availability Zones retrieved successfully.
Jul 16 22:39:38.901236 dv-cinder-797608-6-smb devstack@c-api.service[101621]: DEBUG cinder.quota [None req-2b86db6d-4eee-4438-ab8d-ce64566db856 tempest-GroupsTest-1738867901 tempest-GroupsTest-1738867901-project] Created reservations ['3b08e532-b164-4282-95f0-84e8ec34f30f'] {{(pid=101621) reserve /opt/stack/cinder/cinder/quota.py:755}}
Jul 16 22:39:38.915412 dv-cinder-797608-6-smb devstack@c-api.service[101620]: DEBUG cinder.volume.api [None req-0f924fe9-2f9c-4162-9874-bf465dafc217 tempest-GroupSnapshotsTest-1733788687 tempest-GroupSnapshotsTest-1733788687-project] Flow 'volume_create_api' (16847832-053f-4714-8a36-ef49d57727e2) transitioned into state 'RUNNING' from state 'PENDING' {{(pid=101620) _flow_receiver /usr/local/lib/python3.8/dist-packages/taskflow/listeners/logging.py:141}}
Jul 16 22:39:38.927147 dv-cinder-797608-6-smb devstack@c-api.service[101620]: DEBUG cinder.volume.api [None req-0f924fe9-2f9c-4162-9874-bf465dafc217 tempest-GroupSnapshotsTest-1733788687 tempest-GroupSnapshotsTest-1733788687-project] Task 'cinder.volume.flows.api.create_volume.ExtractVolumeRequestTask;volume:create' (fc1eab45-5690-420a-a912-58d32d4263b7) transitioned into state 'RUNNING' from state 'PENDING' {{(pid=101620) _task_receiver /usr/local/lib/python3.8/dist-packages/taskflow/listeners/logging.py:190}}
Jul 16 22:39:38.933095 dv-cinder-797608-6-smb devstack@c-api.service[101620]: /usr/local/lib/python3.8/dist-packages/oslo_context/context.py:105: DeprecationWarning: Policy enforcement is depending on the value of is_admin. This key is deprecated. Please update your policy file to use the standard policy values.
Jul 16 22:39:38.933095 dv-cinder-797608-6-smb devstack@c-api.service[101620]: warnings.warn('Policy enforcement is depending on the value of '
Jul 16 22:39:38.936225 dv-cinder-797608-6-smb devstack@c-api.service[101620]: DEBUG cinder.volume.flows.api.create_volume [None req-0f924fe9-2f9c-4162-9874-bf465dafc217 tempest-GroupSnapshotsTest-1733788687 tempest-GroupSnapshotsTest-1733788687-project] Validating volume size '1' using validate_int {{(pid=101620) _extract_size /opt/stack/cinder/cinder/volume/flows/api/create_volume.py:201}}
Jul 16 22:39:38.960199 dv-cinder-797608-6-smb devstack@c-api.service[101621]: INFO cinder.api.openstack.wsgi [None req-2b86db6d-4eee-4438-ab8d-ce64566db856 tempest-GroupsTest-1738867901 tempest-GroupsTest-1738867901-project] http://10.222.0.23/volume/v3/6fd113aea62c4546a8594af07b398fe4/groups returned with HTTP 202
Jul 16 22:39:38.967586 dv-cinder-797608-6-smb devstack@c-api.service[101621]: [pid: 101621|app: 0|req: 11/20] 10.222.0.23 () {62 vars in 1274 bytes} [Fri Jul 16 22:39:38 2021] POST /volume/v3/6fd113aea62c4546a8594af07b398fe4/groups => generated 93 bytes in 122 msecs (HTTP/1.1 202) 7 headers in 291 bytes (1 switches on core 0)
Jul 16 22:39:38.976924 dv-cinder-797608-6-smb devstack@c-api.service[101621]: INFO cinder.api.openstack.wsgi [None req-e12e5cf2-84ab-4a6d-ae59-f9538fe78c38 tempest-VolumesServicesTestJSON-1525981337 tempest-VolumesServicesTestJSON-1525981337-project-admin] GET http://10.222.0.23/volume/v3/c3a4a015cfc74774ab7268bfef1a4e77/os-services?binary=cinder-scheduler
Jul 16 22:39:38.979543 dv-cinder-797608-6-smb devstack@c-api.service[101621]: DEBUG cinder.api.openstack.wsgi [None req-e12e5cf2-84ab-4a6d-ae59-f9538fe78c38 tempest-VolumesServicesTestJSON-1525981337 tempest-VolumesServicesTestJSON-1525981337-project-admin] Empty body provided in request {{(pid=101621) get_body /opt/stack/cinder/cinder/api/openstack/wsgi.py:713}}
Jul 16 22:39:38.980642 dv-cinder-797608-6-smb devstack@c-api.service[101621]: /usr/local/lib/python3.8/dist-packages/webob/acceptparse.py:1047: DeprecationWarning: The behavior of AcceptValidHeader.best_match is currently being maintained for backward compatibility, but it will be deprecated in the future, as it does not conform to the RFC.
Jul 16 22:39:38.980642 dv-cinder-797608-6-smb devstack@c-api.service[101621]: warnings.warn(
Jul 16 22:39:38.981044 dv-cinder-797608-6-smb devstack@c-api.service[101621]: DEBUG cinder.api.openstack.wsgi [None req-e12e5cf2-84ab-4a6d-ae59-f9538fe78c38 tempest-VolumesServicesTestJSON-1525981337 tempest-VolumesServicesTestJSON-1525981337-project-admin] Calling method 'index' {{(pid=101621) _process_stack /opt/stack/cinder/cinder/api/openstack/wsgi.py:866}}
Jul 16 22:39:38.982852 dv-cinder-797608-6-smb devstack@c-api.service[101621]: /usr/local/lib/python3.8/dist-packages/oslo_context/context.py:105: DeprecationWarning: Policy enforcement is depending on the value of is_admin. This key is deprecated. Please update your policy file to use the standard policy values.
Jul 16 22:39:38.982852 dv-cinder-797608-6-smb devstack@c-api.service[101621]: warnings.warn('Policy enforcement is depending on the value of '
Jul 16 22:39:38.992426 dv-cinder-797608-6-smb devstack@c-api.service[101621]: INFO cinder.api.openstack.wsgi [None req-e12e5cf2-84ab-4a6d-ae59-f9538fe78c38 tempest-VolumesServicesTestJSON-1525981337 tempest-VolumesServicesTestJSON-1525981337-project-admin] http://10.222.0.23/volume/v3/c3a4a015cfc74774ab7268bfef1a4e77/os-services?binary=cinder-scheduler returned with HTTP 200
Jul 16 22:39:38.993988 dv-cinder-797608-6-smb devstack@c-api.service[101621]: [pid: 101621|app: 0|req: 12/21] 10.222.0.23 () {58 vars in 1273 bytes} [Fri Jul 16 22:39:38 2021] GET /volume/v3/c3a4a015cfc74774ab7268bfef1a4e77/os-services?binary=cinder-scheduler => generated 201 bytes in 26 msecs (HTTP/1.1 200) 7 headers in 285 bytes (1 switches on core 0)
Jul 16 22:39:39.031375 dv-cinder-797608-6-smb devstack@c-api.service[101620]: DEBUG cinder.volume.api [None req-0f924fe9-2f9c-4162-9874-bf465dafc217 tempest-GroupSnapshotsTest-1733788687 tempest-GroupSnapshotsTest-1733788687-project] Task 'cinder.volume.flows.api.create_volume.ExtractVolumeRequestTask;volume:create' (fc1eab45-5690-420a-a912-58d32d4263b7) transitioned into state 'SUCCESS' from state 'RUNNING' with result '{'size': 1, 'snapshot_id': None, 'source_volid': None, 'volume_type': VolumeType(created_at=2021-07-16T22:39:37Z,deleted=False,deleted_at=None,description=None,extra_specs={},id=dab87470-53d8-4d8f-9737-0defccf18692,is_public=True,name='tempest-GroupSnapshotsTest-volume-type-677940939',projects=[],qos_specs=,qos_specs_id=None,updated_at=None), 'volume_type_id': 'dab87470-53d8-4d8f-9737-0defccf18692', 'encryption_key_id': None, 'qos_specs': None, 'consistencygroup_id': None, 'cgsnapshot_id': None, 'group_id': '912339ce-43dd-486e-a44a-315c0bd36e72', 'replication_status': 'disabled', 'refresh_az': False, 'backup_id': None, 'multiattach': False, 'availability_zones': ['nova']}' {{(pid=101620) _task_receiver /usr/local/lib/python3.8/dist-packages/taskflow/listeners/logging.py:178}}
Jul 16 22:39:39.039888 dv-cinder-797608-6-smb devstack@c-api.service[101620]: DEBUG cinder.volume.api [None req-0f924fe9-2f9c-4162-9874-bf465dafc217 tempest-GroupSnapshotsTest-1733788687 tempest-GroupSnapshotsTest-1733788687-project] Task 'cinder.volume.flows.api.create_volume.QuotaReserveTask;volume:create' (ebfff9f2-39fd-4421-96ef-dcb50df5c4da) transitioned into state 'RUNNING' from state 'PENDING' {{(pid=101620) _task_receiver /usr/local/lib/python3.8/dist-packages/taskflow/listeners/logging.py:190}}
Jul 16 22:39:39.078872 dv-cinder-797608-6-smb devstack@c-api.service[101621]: WARNING keystonemiddleware.auth_token [None req-e12e5cf2-84ab-4a6d-ae59-f9538fe78c38 tempest-VolumesServicesTestJSON-1525981337 tempest-VolumesServicesTestJSON-1525981337-project-admin] A valid token was submitted as a service token, but it was not a valid service token. This is incorrect but backwards compatible behaviour. This will be removed in future releases.
Jul 16 22:39:39.084350 dv-cinder-797608-6-smb devstack@c-api.service[101621]: INFO cinder.api.openstack.wsgi [req-8eb7f188-7e95-4ab7-b52e-69284f0cbe95 req-14e9ec47-d9c4-4d1a-99e9-602ea97b79ff tempest-VolumesNegativeTest-609656587 tempest-VolumesNegativeTest-609656587-project] DELETE http://10.222.0.23/volume/v3/64a5be4ec01c42d893a5f2efce4de7c3/volumes/a077b653-93aa-4d52-b787-2a91d78133db
Jul 16 22:39:39.084896 dv-cinder-797608-6-smb devstack@c-api.service[101621]: DEBUG cinder.api.openstack.wsgi [req-8eb7f188-7e95-4ab7-b52e-69284f0cbe95 req-14e9ec47-d9c4-4d1a-99e9-602ea97b79ff tempest-VolumesNegativeTest-609656587 tempest-VolumesNegativeTest-609656587-project] Empty body provided in request {{(pid=101621) get_body /opt/stack/cinder/cinder/api/openstack/wsgi.py:713}}
Jul 16 22:39:39.085320 dv-cinder-797608-6-smb devstack@c-api.service[101621]: DEBUG cinder.api.openstack.wsgi [req-8eb7f188-7e95-4ab7-b52e-69284f0cbe95 req-14e9ec47-d9c4-4d1a-99e9-602ea97b79ff tempest-VolumesNegativeTest-609656587 tempest-VolumesNegativeTest-609656587-project] Calling method 'delete' {{(pid=101621) _process_stack /opt/stack/cinder/cinder/api/openstack/wsgi.py:866}}
Jul 16 22:39:39.086342 dv-cinder-797608-6-smb devstack@c-api.service[101621]: INFO cinder.api.v3.volumes [req-8eb7f188-7e95-4ab7-b52e-69284f0cbe95 req-14e9ec47-d9c4-4d1a-99e9-602ea97b79ff tempest-VolumesNegativeTest-609656587 tempest-VolumesNegativeTest-609656587-project] Delete volume with id: a077b653-93aa-4d52-b787-2a91d78133db
Jul 16 22:39:39.113314 dv-cinder-797608-6-smb devstack@c-api.service[101620]: WARNING cinder.quota [None req-0f924fe9-2f9c-4162-9874-bf465dafc217 tempest-GroupSnapshotsTest-1733788687 tempest-GroupSnapshotsTest-1733788687-project] Deprecated: Default quota for resource: volumes_tempest-GroupSnapshotsTest-volume-type-677940939 is set by the default quota flag: quota_volumes_tempest-GroupSnapshotsTest-volume-type-677940939, it is now deprecated. Please use the default quota class for default quota.
Jul 16 22:39:39.114327 dv-cinder-797608-6-smb devstack@c-api.service[101620]: WARNING cinder.quota [None req-0f924fe9-2f9c-4162-9874-bf465dafc217 tempest-GroupSnapshotsTest-1733788687 tempest-GroupSnapshotsTest-1733788687-project] Deprecated: Default quota for resource: gigabytes_tempest-GroupSnapshotsTest-volume-type-677940939 is set by the default quota flag: quota_gigabytes_tempest-GroupSnapshotsTest-volume-type-677940939, it is now deprecated. Please use the default quota class for default quota.
Jul 16 22:39:39.153002 dv-cinder-797608-6-smb devstack@c-api.service[101621]: INFO cinder.api.openstack.wsgi [req-8eb7f188-7e95-4ab7-b52e-69284f0cbe95 req-14e9ec47-d9c4-4d1a-99e9-602ea97b79ff tempest-VolumesNegativeTest-609656587 tempest-VolumesNegativeTest-609656587-project] http://10.222.0.23/volume/v3/64a5be4ec01c42d893a5f2efce4de7c3/volumes/a077b653-93aa-4d52-b787-2a91d78133db returned with HTTP 404
Jul 16 22:39:39.154344 dv-cinder-797608-6-smb devstack@c-api.service[101621]: [pid: 101621|app: 0|req: 13/22] 10.222.0.23 () {62 vars in 1601 bytes} [Fri Jul 16 22:39:38 2021] DELETE /volume/v3/64a5be4ec01c42d893a5f2efce4de7c3/volumes/a077b653-93aa-4d52-b787-2a91d78133db => generated 109 bytes in 160 msecs (HTTP/1.1 404) 7 headers in 292 bytes (1 switches on core 0)
Jul 16 22:39:39.158715 dv-cinder-797608-6-smb devstack@c-api.service[101621]: INFO cinder.api.openstack.wsgi [None req-16a6b3e6-8998-4977-a923-9cb46e3d1fa6 tempest-GroupsTest-1738867901 tempest-GroupsTest-1738867901-project] GET http://10.222.0.23/volume/v3/6fd113aea62c4546a8594af07b398fe4/groups/72ef2137-ecdf-4a9d-b18d-4c5c43ae95ea
Jul 16 22:39:39.166280 dv-cinder-797608-6-smb devstack@c-api.service[101621]: DEBUG cinder.api.openstack.wsgi [None req-16a6b3e6-8998-4977-a923-9cb46e3d1fa6 tempest-GroupsTest-1738867901 tempest-GroupsTest-1738867901-project] Empty body provided in request {{(pid=101621) get_body /opt/stack/cinder/cinder/api/openstack/wsgi.py:713}}
Jul 16 22:39:39.166729 dv-cinder-797608-6-smb devstack@c-api.service[101621]: DEBUG cinder.api.openstack.wsgi [None req-16a6b3e6-8998-4977-a923-9cb46e3d1fa6 tempest-GroupsTest-1738867901 tempest-GroupsTest-1738867901-project] Calling method 'version_select' {{(pid=101621) _process_stack /opt/stack/cinder/cinder/api/openstack/wsgi.py:866}}
Jul 16 22:39:39.167123 dv-cinder-797608-6-smb devstack@c-api.service[101621]: DEBUG cinder.api.v3.groups [None req-16a6b3e6-8998-4977-a923-9cb46e3d1fa6 tempest-GroupsTest-1738867901 tempest-GroupsTest-1738867901-project] show called for member 72ef2137-ecdf-4a9d-b18d-4c5c43ae95ea {{(pid=101621) show /opt/stack/cinder/cinder/api/v3/groups.py:58}}
Jul 16 22:39:39.175807 dv-cinder-797608-6-smb devstack@c-api.service[101621]: /usr/local/lib/python3.8/dist-packages/oslo_context/context.py:105: DeprecationWarning: Policy enforcement is depending on the value of is_admin. This key is deprecated. Please update your policy file to use the standard policy values.
Jul 16 22:39:39.175807 dv-cinder-797608-6-smb devstack@c-api.service[101621]: warnings.warn('Policy enforcement is depending on the value of '
Jul 16 22:39:39.213118 dv-cinder-797608-6-smb devstack@c-api.service[101621]: INFO cinder.api.openstack.wsgi [None req-16a6b3e6-8998-4977-a923-9cb46e3d1fa6 tempest-GroupsTest-1738867901 tempest-GroupsTest-1738867901-project] http://10.222.0.23/volume/v3/6fd113aea62c4546a8594af07b398fe4/groups/72ef2137-ecdf-4a9d-b18d-4c5c43ae95ea returned with HTTP 200
Jul 16 22:39:39.217250 dv-cinder-797608-6-smb devstack@c-api.service[101621]: [pid: 101621|app: 0|req: 14/23] 10.222.0.23 () {60 vars in 1363 bytes} [Fri Jul 16 22:39:39 2021] GET /volume/v3/6fd113aea62c4546a8594af07b398fe4/groups/72ef2137-ecdf-4a9d-b18d-4c5c43ae95ea => generated 322 bytes in 62 msecs (HTTP/1.1 200) 7 headers in 286 bytes (1 switches on core 0)
Jul 16 22:39:39.237039 dv-cinder-797608-6-smb devstack@c-api.service[101620]: DEBUG cinder.quota [None req-0f924fe9-2f9c-4162-9874-bf465dafc217 tempest-GroupSnapshotsTest-1733788687 tempest-GroupSnapshotsTest-1733788687-project] Created reservations ['bfb2702f-b352-4037-b20a-0a2f0d988351', 'a635a54c-53e7-4ae2-a3c4-7fcb8e6e269e', '05675b38-f3af-4b74-9057-3b0bff85294f', '2c0b818f-633e-4d60-b8b1-96ceaf08c6f5'] {{(pid=101620) reserve /opt/stack/cinder/cinder/quota.py:755}}
Jul 16 22:39:39.238903 dv-cinder-797608-6-smb devstack@c-api.service[101620]: DEBUG cinder.volume.api [None req-0f924fe9-2f9c-4162-9874-bf465dafc217 tempest-GroupSnapshotsTest-1733788687 tempest-GroupSnapshotsTest-1733788687-project] Task 'cinder.volume.flows.api.create_volume.QuotaReserveTask;volume:create' (ebfff9f2-39fd-4421-96ef-dcb50df5c4da) transitioned into state 'SUCCESS' from state 'RUNNING' with result '{'reservations': ['bfb2702f-b352-4037-b20a-0a2f0d988351', 'a635a54c-53e7-4ae2-a3c4-7fcb8e6e269e', '05675b38-f3af-4b74-9057-3b0bff85294f', '2c0b818f-633e-4d60-b8b1-96ceaf08c6f5']}' {{(pid=101620) _task_receiver /usr/local/lib/python3.8/dist-packages/taskflow/listeners/logging.py:178}}
Jul 16 22:39:39.241839 dv-cinder-797608-6-smb devstack@c-api.service[101620]: DEBUG cinder.volume.api [None req-0f924fe9-2f9c-4162-9874-bf465dafc217 tempest-GroupSnapshotsTest-1733788687 tempest-GroupSnapshotsTest-1733788687-project] Task 'cinder.volume.flows.api.create_volume.EntryCreateTask;volume:create' (4425e82a-66bf-487c-8888-a6091dd368e1) transitioned into state 'RUNNING' from state 'PENDING' {{(pid=101620) _task_receiver /usr/local/lib/python3.8/dist-packages/taskflow/listeners/logging.py:190}}
Jul 16 22:39:39.276679 dv-cinder-797608-6-smb devstack@c-api.service[101620]: DEBUG cinder.volume.api [None req-0f924fe9-2f9c-4162-9874-bf465dafc217 tempest-GroupSnapshotsTest-1733788687 tempest-GroupSnapshotsTest-1733788687-project] Task 'cinder.volume.flows.api.create_volume.EntryCreateTask;volume:create' (4425e82a-66bf-487c-8888-a6091dd368e1) transitioned into state 'SUCCESS' from state 'RUNNING' with result '{'volume_id': '37526e74-b509-4773-af22-00373a512c9d', 'volume_properties': VolumeProperties(attach_status='detached',availability_zone='nova',cgsnapshot_id=None,consistencygroup_id=None,display_description=None,display_name='tempest-GroupSnapshotsTest-Volume-1484400864',encryption_key_id=None,group_id=912339ce-43dd-486e-a44a-315c0bd36e72,group_type_id=,metadata={},multiattach=False,project_id='359179e344e3472ca7d99de78fa4e8e8',qos_specs=None,replication_status=,reservations=['bfb2702f-b352-4037-b20a-0a2f0d988351','a635a54c-53e7-4ae2-a3c4-7fcb8e6e269e','05675b38-f3af-4b74-9057-3b0bff85294f','2c0b818f-633e-4d60-b8b1-96ceaf08c6f5'],size=1,snapshot_id=None,source_replicaid=,source_volid=None,status='creating',user_id='ba6f9d8f98eb455397de069e9a4e57dd',volume_type_id=dab87470-53d8-4d8f-9737-0defccf18692), 'volume': Volume(_name_id=None,admin_metadata=,attach_status='detached',availability_zone='nova',bootable=False,cluster=,cluster_name=None,consistencygroup=,consistencygroup_id=None,created_at=2021-07-16T22:39:39Z,deleted=False,deleted_at=None,display_description=None,display_name='tempest-GroupSnapshotsTest-Volume-1484400864',ec2_id=None,encryption_key_id=None,glance_metadata=,group=,group_id=912339ce-43dd-486e-a44a-315c0bd36e72,host=None,id=37526e74-b509-4773-af22-00373a512c9d,launched_at=None,metadata={},migration_status=None,multiattach=False,previous_status=None,project_id='359179e344e3472ca7d99de78fa4e8e8',provider_auth=None,provider_geometry=None,provider_id=None,provider_location=None,replication_driver_data=None,replication_extended_status=None,replication_status=None,scheduled_at=None,service_uuid=None,shared_targets=True,size=1,snapshot_id=None,snapshots=,source_volid=None,status='creating',terminated_at=None,updated_at=None,user_id='ba6f9d8f98eb455397de069e9a4e57dd',volume_attachment=,volume_type=VolumeType(dab87470-53d8-4d8f-9737-0defccf18692),volume_type_id=dab87470-53d8-4d8f-9737-0defccf18692)}' {{(pid=101620) _task_receiver /usr/local/lib/python3.8/dist-packages/taskflow/listeners/logging.py:178}}
Jul 16 22:39:39.280067 dv-cinder-797608-6-smb devstack@c-api.service[101620]: DEBUG cinder.volume.api [None req-0f924fe9-2f9c-4162-9874-bf465dafc217 tempest-GroupSnapshotsTest-1733788687 tempest-GroupSnapshotsTest-1733788687-project] Task 'cinder.volume.flows.api.create_volume.QuotaCommitTask;volume:create' (d4bc4ab3-5bd7-4bf3-87d5-078aba765ffc) transitioned into state 'RUNNING' from state 'PENDING' {{(pid=101620) _task_receiver /usr/local/lib/python3.8/dist-packages/taskflow/listeners/logging.py:190}}
Jul 16 22:39:39.317526 dv-cinder-797608-6-smb devstack@c-api.service[101620]: DEBUG cinder.volume.api [None req-0f924fe9-2f9c-4162-9874-bf465dafc217 tempest-GroupSnapshotsTest-1733788687 tempest-GroupSnapshotsTest-1733788687-project] Task 'cinder.volume.flows.api.create_volume.QuotaCommitTask;volume:create' (d4bc4ab3-5bd7-4bf3-87d5-078aba765ffc) transitioned into state 'SUCCESS' from state 'RUNNING' with result '{'volume_properties': VolumeProperties(attach_status='detached',availability_zone='nova',cgsnapshot_id=None,consistencygroup_id=None,display_description=None,display_name='tempest-GroupSnapshotsTest-Volume-1484400864',encryption_key_id=None,group_id=912339ce-43dd-486e-a44a-315c0bd36e72,group_type_id=,metadata={},multiattach=False,project_id='359179e344e3472ca7d99de78fa4e8e8',qos_specs=None,replication_status=,reservations=['bfb2702f-b352-4037-b20a-0a2f0d988351','a635a54c-53e7-4ae2-a3c4-7fcb8e6e269e','05675b38-f3af-4b74-9057-3b0bff85294f','2c0b818f-633e-4d60-b8b1-96ceaf08c6f5'],size=1,snapshot_id=None,source_replicaid=,source_volid=None,status='creating',user_id='ba6f9d8f98eb455397de069e9a4e57dd',volume_type_id=dab87470-53d8-4d8f-9737-0defccf18692)}' {{(pid=101620) _task_receiver /usr/local/lib/python3.8/dist-packages/taskflow/listeners/logging.py:178}}
Jul 16 22:39:39.320017 dv-cinder-797608-6-smb devstack@c-api.service[101620]: DEBUG cinder.volume.api [None req-0f924fe9-2f9c-4162-9874-bf465dafc217 tempest-GroupSnapshotsTest-1733788687 tempest-GroupSnapshotsTest-1733788687-project] Task 'cinder.volume.flows.api.create_volume.VolumeCastTask;volume:create' (1254c994-4c3e-478f-b7c0-8ce1b347c80b) transitioned into state 'RUNNING' from state 'PENDING' {{(pid=101620) _task_receiver /usr/local/lib/python3.8/dist-packages/taskflow/listeners/logging.py:190}}
Jul 16 22:39:39.355276 dv-cinder-797608-6-smb devstack@c-api.service[101620]: DEBUG cinder.volume.api [None req-0f924fe9-2f9c-4162-9874-bf465dafc217 tempest-GroupSnapshotsTest-1733788687 tempest-GroupSnapshotsTest-1733788687-project] Task 'cinder.volume.flows.api.create_volume.VolumeCastTask;volume:create' (1254c994-4c3e-478f-b7c0-8ce1b347c80b) transitioned into state 'SUCCESS' from state 'RUNNING' with result 'None' {{(pid=101620) _task_receiver /usr/local/lib/python3.8/dist-packages/taskflow/listeners/logging.py:178}}
Jul 16 22:39:39.363269 dv-cinder-797608-6-smb devstack@c-api.service[101620]: DEBUG cinder.volume.api [None req-0f924fe9-2f9c-4162-9874-bf465dafc217 tempest-GroupSnapshotsTest-1733788687 tempest-GroupSnapshotsTest-1733788687-project] Flow 'volume_create_api' (16847832-053f-4714-8a36-ef49d57727e2) transitioned into state 'SUCCESS' from state 'RUNNING' {{(pid=101620) _flow_receiver /usr/local/lib/python3.8/dist-packages/taskflow/listeners/logging.py:141}}
Jul 16 22:39:39.365913 dv-cinder-797608-6-smb devstack@c-api.service[101620]: INFO cinder.volume.api [None req-0f924fe9-2f9c-4162-9874-bf465dafc217 tempest-GroupSnapshotsTest-1733788687 tempest-GroupSnapshotsTest-1733788687-project] Create volume request issued successfully.
Jul 16 22:39:39.373199 dv-cinder-797608-6-smb devstack@c-api.service[101621]: INFO cinder.api.openstack.wsgi [None req-63116225-9abe-40ad-ae52-d2e25e8c73d1 tempest-VolumesServicesTestJSON-987786897 tempest-VolumesServicesTestJSON-987786897-project] POST http://10.222.0.23/volume/v3/6272303a7b354ff7a2de0a3b59f88b28/volumes
Jul 16 22:39:39.373589 dv-cinder-797608-6-smb devstack@c-api.service[101621]: /usr/local/lib/python3.8/dist-packages/webob/acceptparse.py:1047: DeprecationWarning: The behavior of AcceptValidHeader.best_match is currently being maintained for backward compatibility, but it will be deprecated in the future, as it does not conform to the RFC.
Jul 16 22:39:39.373589 dv-cinder-797608-6-smb devstack@c-api.service[101621]: warnings.warn(
