Jul 16 22:39:30.172745 dv-cinder-797608-6-iscsi neutron-server[99617]: INFO neutron.wsgi [None req-68b61cbc-aedd-46d0-92f2-52c54c60fda0 admin admin] 10.222.0.24 "POST /v2.0/networks HTTP/1.1" status: 201 len: 884 time: 0.8371689
Jul 16 22:39:30.175824 dv-cinder-797608-6-iscsi neutron-server[99618]: DEBUG neutron.wsgi [-] (99618) accepted ('10.222.0.24', 49250) {{(pid=99618) server /usr/local/lib/python3.8/dist-packages/eventlet/wsgi.py:982}}
Jul 16 22:39:30.177501 dv-cinder-797608-6-iscsi neutron-server[99617]: DEBUG neutron.plugins.ml2.drivers.helpers [None req-8f13fed4-4881-4c3b-8b90-ee898c824ec7 admin admin] vlan segment allocate from pool success with {'physical_network': 'physnet1', 'vlan_id': 307} {{(pid=99617) allocate_partially_specified_segment /opt/stack/neutron/neutron/plugins/ml2/drivers/helpers.py:153}}
Jul 16 22:39:30.180781 dv-cinder-797608-6-iscsi neutron-server[99618]: DEBUG neutron.api.v2.base [None req-ada18d2b-6a6d-40d1-80f0-74d322116840 admin admin] Request body: {'subnet': {'network_id': '07654b97-acf5-428f-8c65-6e5a0f8f3b8b', 'cidr': '172.20.0.0/28', 'name': 'tempest-AttachVolumeTestJSON-1405369743-subnet', 'tenant_id': '12637db01ff948e0b2bb6cede048908e', 'enable_dhcp': True, 'ip_version': 4}} {{(pid=99618) prepare_request_body /opt/stack/neutron/neutron/api/v2/base.py:729}}
Jul 16 22:39:30.205202 dv-cinder-797608-6-iscsi neutron-server[99617]: DEBUG neutron_lib.callbacks.manager [None req-8f13fed4-4881-4c3b-8b90-ee898c824ec7 admin admin] Notify callbacks ['neutron.plugins.ml2.plugin.Ml2Plugin._handle_segment_change-1429915'] for segment, precommit_create {{(pid=99617) _notify_loop /usr/local/lib/python3.8/dist-packages/neutron_lib/callbacks/manager.py:192}}
Jul 16 22:39:30.205768 dv-cinder-797608-6-iscsi neutron-server[99617]: INFO neutron.db.segments_db [None req-8f13fed4-4881-4c3b-8b90-ee898c824ec7 admin admin] Added segment abd53ce0-506a-485f-be58-0e2742296469 of type vlan for network 7b5c6e51-790a-40aa-bdd8-afd0d6a83cb0
Jul 16 22:39:30.230042 dv-cinder-797608-6-iscsi neutron-server[99618]: DEBUG neutron.pecan_wsgi.hooks.quota_enforcement [None req-ada18d2b-6a6d-40d1-80f0-74d322116840 admin admin] Made reservation on behalf of 12637db01ff948e0b2bb6cede048908e for: {'subnet': 1} {{(pid=99618) before /opt/stack/neutron/neutron/pecan_wsgi/hooks/quota_enforcement.py:53}}
Jul 16 22:39:30.236782 dv-cinder-797608-6-iscsi neutron-server[99618]: DEBUG neutron_lib.callbacks.manager [None req-ada18d2b-6a6d-40d1-80f0-74d322116840 admin admin] Notify callbacks [] for subnet, before_create {{(pid=99618) _notify_loop /usr/local/lib/python3.8/dist-packages/neutron_lib/callbacks/manager.py:192}}
Jul 16 22:39:30.254251 dv-cinder-797608-6-iscsi neutron-server[99617]: DEBUG neutron.api.rpc.handlers.resources_rpc [None req-68b61cbc-aedd-46d0-92f2-52c54c60fda0 admin admin] Pushing event updated for resources: {'Network': ['ID=07654b97-acf5-428f-8c65-6e5a0f8f3b8b,revision_number=1']} {{(pid=99617) push /opt/stack/neutron/neutron/api/rpc/handlers/resources_rpc.py:237}}
Jul 16 22:39:30.263704 dv-cinder-797608-6-iscsi neutron-server[99617]: DEBUG neutron.api.rpc.handlers.resources_rpc [None req-8f13fed4-4881-4c3b-8b90-ee898c824ec7 admin admin] Pushing event updated for resources: {'SecurityGroup': ['ID=42eb34ac-f2fc-4c2c-8c5e-0c508a30f1a8,revision_number=1']} {{(pid=99617) push /opt/stack/neutron/neutron/api/rpc/handlers/resources_rpc.py:237}}
Jul 16 22:39:30.269747 dv-cinder-797608-6-iscsi neutron-server[99619]: DEBUG neutron.plugins.ml2.rpc [None req-bdfa3cdd-280f-4acd-8548-8efed9b25c0c None None] Network 07654b97-acf5-428f-8c65-6e5a0f8f3b8b details requested by agent ovs-agent-dv-cinder-797608-6-iscsi with host dv-cinder-797608-6-iscsi {{(pid=99619) get_network_details /opt/stack/neutron/neutron/plugins/ml2/rpc.py:248}}
Jul 16 22:39:30.301090 dv-cinder-797608-6-iscsi neutron-server[99617]: DEBUG neutron_lib.callbacks.manager [None req-8f13fed4-4881-4c3b-8b90-ee898c824ec7 admin admin] Notify callbacks ['neutron.services.auto_allocate.db._ensure_external_network_default_value_callback-8731316800022'] for network, precommit_create {{(pid=99617) _notify_loop /usr/local/lib/python3.8/dist-packages/neutron_lib/callbacks/manager.py:192}}
Jul 16 22:39:30.318651 dv-cinder-797608-6-iscsi neutron-server[99617]: DEBUG neutron.wsgi [-] (99617) accepted ('10.222.0.24', 49270) {{(pid=99617) server /usr/local/lib/python3.8/dist-packages/eventlet/wsgi.py:982}}
Jul 16 22:39:30.323695 dv-cinder-797608-6-iscsi neutron-server[99617]: WARNING keystonemiddleware.auth_token [-] A valid token was submitted as a service token, but it was not a valid service token. This is incorrect but backwards compatible behaviour. This will be removed in future releases.
Jul 16 22:39:30.416864 dv-cinder-797608-6-iscsi neutron-server[99617]: DEBUG neutron.pecan_wsgi.hooks.quota_enforcement [None req-7f472c37-4158-44b1-8475-cd59a615c8ca admin admin] Made reservation on behalf of 451c3e7fefbb4f29aff61cee92649a21 for: {'network': 1} {{(pid=99617) before /opt/stack/neutron/neutron/pecan_wsgi/hooks/quota_enforcement.py:53}}
Jul 16 22:39:30.420398 dv-cinder-797608-6-iscsi neutron-server[99617]: DEBUG neutron_lib.callbacks.manager [None req-7f472c37-4158-44b1-8475-cd59a615c8ca admin admin] Notify callbacks ['neutron.plugins.ml2.plugin.SecurityGroupDbMixin._ensure_default_security_group_handler-534746'] for network, before_create {{(pid=99617) _notify_loop /usr/local/lib/python3.8/dist-packages/neutron_lib/callbacks/manager.py:192}}
Jul 16 22:39:30.479673 dv-cinder-797608-6-iscsi neutron-server[99617]: DEBUG neutron_lib.callbacks.manager [None req-8f13fed4-4881-4c3b-8b90-ee898c824ec7 admin admin] Notify callbacks ['neutron.plugins.ml2.ovo_rpc._ObjectChangeHandler.handle_event-1802702', 'neutron.api.rpc.agentnotifiers.dhcp_rpc_agent_api.DhcpAgentNotifyAPI._native_event_send_dhcp_notification-1631249'] for network, after_create {{(pid=99617) _notify_loop /usr/local/lib/python3.8/dist-packages/neutron_lib/callbacks/manager.py:192}}
Jul 16 22:39:30.481587 dv-cinder-797608-6-iscsi neutron-server[99617]: DEBUG neutron.pecan_wsgi.hooks.policy_enforcement [None req-8f13fed4-4881-4c3b-8b90-ee898c824ec7 admin admin] Attributes excluded by policy engine: ['standard_attr_id', 'vlan_transparent'] {{(pid=99617) _exclude_attributes_by_policy /opt/stack/neutron/neutron/pecan_wsgi/hooks/policy_enforcement.py:255}}
Jul 16 22:39:30.484221 dv-cinder-797608-6-iscsi neutron-server[99617]: DEBUG neutron_lib.callbacks.manager [None req-8f13fed4-4881-4c3b-8b90-ee898c824ec7 admin admin] Notify callbacks ['neutron.api.rpc.agentnotifiers.dhcp_rpc_agent_api.DhcpAgentNotifyAPI._send_dhcp_notification-1631335'] for network, before_response {{(pid=99617) _notify_loop /usr/local/lib/python3.8/dist-packages/neutron_lib/callbacks/manager.py:192}}
Jul 16 22:39:30.501972 dv-cinder-797608-6-iscsi neutron-server[99617]: DEBUG neutron_lib.callbacks.manager [None req-7f472c37-4158-44b1-8475-cd59a615c8ca admin admin] Notify callbacks [] for security_group, before_create {{(pid=99617) _notify_loop /usr/local/lib/python3.8/dist-packages/neutron_lib/callbacks/manager.py:192}}
Jul 16 22:39:30.587779 dv-cinder-797608-6-iscsi neutron-server[99617]: INFO neutron.wsgi [None req-8f13fed4-4881-4c3b-8b90-ee898c824ec7 admin admin] 10.222.0.24 "POST /v2.0/networks HTTP/1.1" status: 201 len: 892 time: 1.1974552
Jul 16 22:39:30.603976 dv-cinder-797608-6-iscsi neutron-server[99617]: DEBUG neutron.wsgi [-] (99617) accepted ('10.222.0.24', 49280) {{(pid=99617) server /usr/local/lib/python3.8/dist-packages/eventlet/wsgi.py:982}}
Jul 16 22:39:30.617863 dv-cinder-797608-6-iscsi neutron-server[99618]: DEBUG neutron_lib.callbacks.manager [None req-ada18d2b-6a6d-40d1-80f0-74d322116840 admin admin] Notify callbacks ['neutron.plugins.ml2.ovo_rpc._ObjectChangeHandler.handle_event-70330', 'neutron.api.rpc.agentnotifiers.dhcp_rpc_agent_api.DhcpAgentNotifyAPI._native_event_send_dhcp_notification-1631249'] for subnet, after_create {{(pid=99618) _notify_loop /usr/local/lib/python3.8/dist-packages/neutron_lib/callbacks/manager.py:192}}
Jul 16 22:39:30.671142 dv-cinder-797608-6-iscsi neutron-server[99618]: DEBUG neutron.api.rpc.handlers.resources_rpc [None req-ada18d2b-6a6d-40d1-80f0-74d322116840 admin admin] Pushing event updated for resources: {'Subnet': ['ID=91acd449-9df6-4265-ba3f-63ff7f25734f,revision_number=0']} {{(pid=99618) push /opt/stack/neutron/neutron/api/rpc/handlers/resources_rpc.py:237}}
Jul 16 22:39:30.671315 dv-cinder-797608-6-iscsi neutron-server[99617]: DEBUG neutron.api.v2.base [None req-23b83407-00a6-4ae4-b717-3f4f6b515e07 admin admin] Request body: {'subnet': {'network_id': '7b5c6e51-790a-40aa-bdd8-afd0d6a83cb0', 'cidr': '172.20.0.0/28', 'name': 'tempest-ServerRescueNegativeTestJSON-1773705885-subnet', 'tenant_id': 'ffe04c437f1e4ab5bb3423033ba0dd13', 'enable_dhcp': False, 'ip_version': 4}} {{(pid=99617) prepare_request_body /opt/stack/neutron/neutron/api/v2/base.py:729}}
Jul 16 22:39:30.688530 dv-cinder-797608-6-iscsi neutron-server[99617]: DEBUG neutron.api.rpc.handlers.resources_rpc [None req-8f13fed4-4881-4c3b-8b90-ee898c824ec7 admin admin] Pushing event updated for resources: {'Network': ['ID=7b5c6e51-790a-40aa-bdd8-afd0d6a83cb0,revision_number=1']} {{(pid=99617) push /opt/stack/neutron/neutron/api/rpc/handlers/resources_rpc.py:237}}
Jul 16 22:39:30.709289 dv-cinder-797608-6-iscsi neutron-server[99618]: DEBUG neutron.plugins.ml2.drivers.mech_agent [None req-ada18d2b-6a6d-40d1-80f0-74d322116840 admin admin] Checking segment: {'id': 'c4a7d85e-fff3-4592-9aec-8739caf59cb5', 'network_type': 'vlan', 'physical_network': 'physnet1', 'segmentation_id': 335, 'network_id': '07654b97-acf5-428f-8c65-6e5a0f8f3b8b'} for mappings: {'physnet1': 'br-data'} with network types: ['local', 'flat', 'vlan'] {{(pid=99618) check_segment_for_agent /opt/stack/neutron/neutron/plugins/ml2/drivers/mech_agent.py:341}}
Jul 16 22:39:30.709877 dv-cinder-797608-6-iscsi neutron-server[99618]: DEBUG neutron.scheduler.dhcp_agent_scheduler [None req-ada18d2b-6a6d-40d1-80f0-74d322116840 admin admin] Network hostable DHCP agents. Network: 07654b97-acf5-428f-8c65-6e5a0f8f3b8b, hostable agents: ['aa6d876b-7d91-432d-87ec-408ca60145c2'], hosted agents: [] {{(pid=99618) _get_network_hostable_dhcp_agents /opt/stack/neutron/neutron/scheduler/dhcp_agent_scheduler.py:329}}
Jul 16 22:39:30.712977 dv-cinder-797608-6-iscsi neutron-server[99619]: DEBUG neutron.plugins.ml2.rpc [None req-bdfa3cdd-280f-4acd-8548-8efed9b25c0c None None] Network 7b5c6e51-790a-40aa-bdd8-afd0d6a83cb0 details requested by agent ovs-agent-dv-cinder-797608-6-iscsi with host dv-cinder-797608-6-iscsi {{(pid=99619) get_network_details /opt/stack/neutron/neutron/plugins/ml2/rpc.py:248}}
Jul 16 22:39:30.732036 dv-cinder-797608-6-iscsi neutron-server[99618]: DEBUG neutron.scheduler.dhcp_agent_scheduler [None req-ada18d2b-6a6d-40d1-80f0-74d322116840 admin admin] Network 07654b97-acf5-428f-8c65-6e5a0f8f3b8b is scheduled to be hosted by DHCP agent aa6d876b-7d91-432d-87ec-408ca60145c2 with binding_index 1 {{(pid=99618) bind /opt/stack/neutron/neutron/scheduler/dhcp_agent_scheduler.py:227}}
Jul 16 22:39:30.741628 dv-cinder-797608-6-iscsi neutron-server[99617]: DEBUG neutron.pecan_wsgi.hooks.policy_enforcement [req-4e789372-448b-497b-9be3-14a8b1004ab1 req-0a1dbf3f-655a-473e-8493-93a9792f28cb tempest-DeleteServersTestJSON-991944486 tempest-DeleteServersTestJSON-991944486-project] Attributes excluded by policy engine: ['standard_attr_id', 'vlan_transparent', 'provider:network_type', 'provider:physical_network', 'provider:segmentation_id'] {{(pid=99617) _exclude_attributes_by_policy /opt/stack/neutron/neutron/pecan_wsgi/hooks/policy_enforcement.py:255}}
Jul 16 22:39:30.744030 dv-cinder-797608-6-iscsi neutron-server[99617]: INFO neutron.wsgi [req-4e789372-448b-497b-9be3-14a8b1004ab1 req-0a1dbf3f-655a-473e-8493-93a9792f28cb tempest-DeleteServersTestJSON-991944486 tempest-DeleteServersTestJSON-991944486-project] 10.222.0.24 "GET /v2.0/networks?id=9289c5e1-b9bf-467f-b674-27400eb5733f HTTP/1.1" status: 200 len: 812 time: 0.4214861
Jul 16 22:39:30.749569 dv-cinder-797608-6-iscsi neutron-server[99618]: DEBUG neutron.scheduler.base_scheduler [None req-ada18d2b-6a6d-40d1-80f0-74d322116840 admin admin] Resources bound (agent type, host, resource id): (DHCP agent, dv-cinder-797608-6-iscsi, 07654b97-acf5-428f-8c65-6e5a0f8f3b8b) {{(pid=99618) schedule /opt/stack/neutron/neutron/scheduler/base_scheduler.py:57}}
Jul 16 22:39:30.762636 dv-cinder-797608-6-iscsi neutron-server[99618]: DEBUG neutron.pecan_wsgi.hooks.policy_enforcement [None req-ada18d2b-6a6d-40d1-80f0-74d322116840 admin admin] Attributes excluded by policy engine: ['standard_attr_id', 'shared', 'network'] {{(pid=99618) _exclude_attributes_by_policy /opt/stack/neutron/neutron/pecan_wsgi/hooks/policy_enforcement.py:255}}
Jul 16 22:39:30.766158 dv-cinder-797608-6-iscsi neutron-server[99618]: DEBUG neutron_lib.callbacks.manager [None req-ada18d2b-6a6d-40d1-80f0-74d322116840 admin admin] Notify callbacks ['neutron.api.rpc.agentnotifiers.dhcp_rpc_agent_api.DhcpAgentNotifyAPI._send_dhcp_notification-1631335'] for subnet, before_response {{(pid=99618) _notify_loop /usr/local/lib/python3.8/dist-packages/neutron_lib/callbacks/manager.py:192}}
Jul 16 22:39:30.782584 dv-cinder-797608-6-iscsi neutron-server[99617]: INFO neutron.wsgi [req-4e789372-448b-497b-9be3-14a8b1004ab1 req-48ca702a-0662-4714-9dc9-200d41e9cb0d tempest-DeleteServersTestJSON-991944486 tempest-DeleteServersTestJSON-991944486-project] 10.222.0.24 "GET /v2.0/quotas/4a9b625bc6e54f13889f535a540107d6 HTTP/1.1" status: 200 len: 375 time: 0.0254359
Jul 16 22:39:30.784805 dv-cinder-797608-6-iscsi neutron-server[99619]: DEBUG neutron.api.rpc.handlers.dhcp_rpc [None req-2d6a0257-fc3f-42b8-b51c-6a07e58235c0 None None] Network 07654b97-acf5-428f-8c65-6e5a0f8f3b8b requested from dv-cinder-797608-6-iscsi {{(pid=99619) get_network_info /opt/stack/neutron/neutron/api/rpc/handlers/dhcp_rpc.py:218}}
Jul 16 22:39:30.844945 dv-cinder-797608-6-iscsi neutron-server[99617]: INFO neutron.wsgi [req-4e789372-448b-497b-9be3-14a8b1004ab1 req-40e6403f-7217-41c3-9c8c-a7cfe27fb4fb tempest-DeleteServersTestJSON-991944486 tempest-DeleteServersTestJSON-991944486-project] 10.222.0.24 "GET /v2.0/ports?tenant_id=4a9b625bc6e54f13889f535a540107d6&fields=id HTTP/1.1" status: 200 len: 210 time: 0.0549653
Jul 16 22:39:30.924898 dv-cinder-797608-6-iscsi neutron-server[99617]: DEBUG neutron_lib.callbacks.manager [None req-7f472c37-4158-44b1-8475-cd59a615c8ca admin admin] Notify callbacks [] for security_group, precommit_create {{(pid=99617) _notify_loop /usr/local/lib/python3.8/dist-packages/neutron_lib/callbacks/manager.py:192}}
Jul 16 22:39:30.938571 dv-cinder-797608-6-iscsi neutron-server[99617]: DEBUG neutron_lib.callbacks.manager [None req-7f472c37-4158-44b1-8475-cd59a615c8ca admin admin] Notify callbacks ['neutron.plugins.ml2.ovo_rpc._ObjectChangeHandler.handle_event-1812323'] for security_group, after_create {{(pid=99617) _notify_loop /usr/local/lib/python3.8/dist-packages/neutron_lib/callbacks/manager.py:192}}
Jul 16 22:39:30.953927 dv-cinder-797608-6-iscsi neutron-server[99617]: DEBUG neutron.plugins.ml2.drivers.helpers [None req-7f472c37-4158-44b1-8475-cd59a615c8ca admin admin] vlan segment allocate from pool success with {'physical_network': 'physnet1', 'vlan_id': 330} {{(pid=99617) allocate_partially_specified_segment /opt/stack/neutron/neutron/plugins/ml2/drivers/helpers.py:153}}
Jul 16 22:39:30.978820 dv-cinder-797608-6-iscsi neutron-server[99617]: DEBUG neutron_lib.callbacks.manager [None req-7f472c37-4158-44b1-8475-cd59a615c8ca admin admin] Notify callbacks ['neutron.plugins.ml2.plugin.Ml2Plugin._handle_segment_change-1429915'] for segment, precommit_create {{(pid=99617) _notify_loop /usr/local/lib/python3.8/dist-packages/neutron_lib/callbacks/manager.py:192}}
Jul 16 22:39:30.979236 dv-cinder-797608-6-iscsi neutron-server[99617]: INFO neutron.db.segments_db [None req-7f472c37-4158-44b1-8475-cd59a615c8ca admin admin] Added segment a6eed6c7-4f6a-4f7e-83f9-da163cff8b77 of type vlan for network 50e44edd-5b1f-499c-8dc2-2e586d01fac2
Jul 16 22:39:30.995530 dv-cinder-797608-6-iscsi neutron-server[99618]: INFO neutron.wsgi [None req-ada18d2b-6a6d-40d1-80f0-74d322116840 admin admin] 10.222.0.24 "POST /v2.0/subnets HTTP/1.1" status: 201 len: 847 time: 0.8184180
Jul 16 22:39:30.998116 dv-cinder-797608-6-iscsi neutron-server[99618]: DEBUG neutron.wsgi [-] (99618) accepted ('10.222.0.24', 49302) {{(pid=99618) server /usr/local/lib/python3.8/dist-packages/eventlet/wsgi.py:982}}
Jul 16 22:39:31.000438 dv-cinder-797608-6-iscsi neutron-server[99619]: DEBUG neutron.api.rpc.handlers.dhcp_rpc [None req-05c9e95b-d533-499f-ac48-4ac8ddea6936 None None] Create dhcp port {'port': {'name': '', 'admin_state_up': True, 'device_id': 'dhcp0c2c50bd-4712-5285-b82f-07d806f2dbc6-07654b97-acf5-428f-8c65-6e5a0f8f3b8b', 'network_id': '07654b97-acf5-428f-8c65-6e5a0f8f3b8b', 'tenant_id': '12637db01ff948e0b2bb6cede048908e', 'fixed_ips': [{'subnet_id': '91acd449-9df6-4265-ba3f-63ff7f25734f'}]}} from dv-cinder-797608-6-iscsi. {{(pid=99619) create_dhcp_port /opt/stack/neutron/neutron/api/rpc/handlers/dhcp_rpc.py:285}}
Jul 16 22:39:31.001329 dv-cinder-797608-6-iscsi neutron-server[99619]: DEBUG neutron_lib.callbacks.manager [None req-05c9e95b-d533-499f-ac48-4ac8ddea6936 None None] Notify callbacks ['neutron.plugins.ml2.plugin.SecurityGroupDbMixin._ensure_default_security_group_handler-534746'] for port, before_create {{(pid=99619) _notify_loop /usr/local/lib/python3.8/dist-packages/neutron_lib/callbacks/manager.py:192}}
Jul 16 22:39:31.003844 dv-cinder-797608-6-iscsi neutron-server[99617]: DEBUG neutron.pecan_wsgi.hooks.quota_enforcement [None req-23b83407-00a6-4ae4-b717-3f4f6b515e07 admin admin] Made reservation on behalf of ffe04c437f1e4ab5bb3423033ba0dd13 for: {'subnet': 1} {{(pid=99617) before /opt/stack/neutron/neutron/pecan_wsgi/hooks/quota_enforcement.py:53}}
Jul 16 22:39:31.004140 dv-cinder-797608-6-iscsi neutron-server[99618]: DEBUG neutron.api.v2.base [None req-9319f2d3-7d1e-4b1d-ac35-b16c511db04d admin admin] Request body: {'router': {'name': 'tempest-AttachVolumeTestJSON-1405369743-router', 'tenant_id': '12637db01ff948e0b2bb6cede048908e', 'external_gateway_info': {'network_id': 'b1714fb3-c09d-4c71-8dbd-2e60563d15e8'}}} {{(pid=99618) prepare_request_body /opt/stack/neutron/neutron/api/v2/base.py:729}}
Jul 16 22:39:31.006643 dv-cinder-797608-6-iscsi neutron-server[99617]: DEBUG neutron_lib.callbacks.manager [None req-23b83407-00a6-4ae4-b717-3f4f6b515e07 admin admin] Notify callbacks [] for subnet, before_create {{(pid=99617) _notify_loop /usr/local/lib/python3.8/dist-packages/neutron_lib/callbacks/manager.py:192}}
Jul 16 22:39:31.059970 dv-cinder-797608-6-iscsi neutron-server[99618]: DEBUG neutron_lib.callbacks.manager [None req-9319f2d3-7d1e-4b1d-ac35-b16c511db04d admin admin] Notify callbacks ['neutron.services.l3_router.l3_router_plugin.L3_HA_NAT_db_mixin._before_router_create-1785994', 'neutron.services.l3_router.service_providers.driver_controller.DriverController._check_router_request-3451'] for router, before_create {{(pid=99618) _notify_loop /usr/local/lib/python3.8/dist-packages/neutron_lib/callbacks/manager.py:192}}
Jul 16 22:39:31.061432 dv-cinder-797608-6-iscsi neutron-server[99618]: DEBUG neutron_lib.callbacks.manager [None req-9319f2d3-7d1e-4b1d-ac35-b16c511db04d admin admin] Notify callbacks ['neutron.services.l3_router.l3_router_plugin.L3_HA_NAT_db_mixin._precommit_router_create-1728760', 'neutron.services.l3_router.l3_router_plugin.DVRResourceOperationHandler._set_distributed_flag-1785933', 'neutron.services.l3_router.l3_router_plugin.RouterAvailabilityZoneMixin._process_az_request-1796261', 'neutron.services.l3_router.service_providers.driver_controller.DriverController._set_router_provider-3442'] for router, precommit_create {{(pid=99618) _notify_loop /usr/local/lib/python3.8/dist-packages/neutron_lib/callbacks/manager.py:192}}
Jul 16 22:39:31.132379 dv-cinder-797608-6-iscsi neutron-server[99617]: DEBUG neutron.api.rpc.handlers.resources_rpc [None req-7f472c37-4158-44b1-8475-cd59a615c8ca admin admin] Pushing event updated for resources: {'SecurityGroup': ['ID=c89068e4-4fb5-4788-a9f0-e81304c1f040,revision_number=1']} {{(pid=99617) push /opt/stack/neutron/neutron/api/rpc/handlers/resources_rpc.py:237}}
Jul 16 22:39:31.171586 dv-cinder-797608-6-iscsi neutron-server[99617]: DEBUG neutron_lib.callbacks.manager [None req-7f472c37-4158-44b1-8475-cd59a615c8ca admin admin] Notify callbacks ['neutron.services.auto_allocate.db._ensure_external_network_default_value_callback-8731316800022'] for network, precommit_create {{(pid=99617) _notify_loop /usr/local/lib/python3.8/dist-packages/neutron_lib/callbacks/manager.py:192}}
Jul 16 22:39:31.178914 dv-cinder-797608-6-iscsi neutron-server[99618]: DEBUG neutron_lib.callbacks.manager [None req-9319f2d3-7d1e-4b1d-ac35-b16c511db04d admin admin] Notify callbacks [] for router_controller, precommit_add_association {{(pid=99618) _notify_loop /usr/local/lib/python3.8/dist-packages/neutron_lib/callbacks/manager.py:192}}
Jul 16 22:39:31.272060 dv-cinder-797608-6-iscsi neutron-server[99617]: DEBUG neutron.wsgi [req-4e789372-448b-497b-9be3-14a8b1004ab1 req-34dababd-2fc2-4793-8f53-09d24944a9b4 service neutron] http://10.222.0.24:9696/v2.0/extensions returned with HTTP 200 {{(pid=99617) __call__ /opt/stack/neutron/neutron/wsgi.py:729}}
Jul 16 22:39:31.281764 dv-cinder-797608-6-iscsi neutron-server[99617]: INFO neutron.wsgi [req-4e789372-448b-497b-9be3-14a8b1004ab1 req-34dababd-2fc2-4793-8f53-09d24944a9b4 service neutron] 10.222.0.24 "GET /v2.0/extensions HTTP/1.1" status: 200 len: 13640 time: 0.1174467
Jul 16 22:39:31.293282 dv-cinder-797608-6-iscsi neutron-server[99619]: DEBUG neutron.db.db_base_plugin_common [None req-05c9e95b-d533-499f-ac48-4ac8ddea6936 None None] Allocated IP 172.20.0.2 (07654b97-acf5-428f-8c65-6e5a0f8f3b8b/91acd449-9df6-4265-ba3f-63ff7f25734f/6ca85b2f-9705-400a-a61a-b24c549a179d) {{(pid=99619) _store_ip_allocation /opt/stack/neutron/neutron/db/db_base_plugin_common.py:131}}
Jul 16 22:39:31.385662 dv-cinder-797608-6-iscsi neutron-server[99617]: DEBUG neutron_lib.callbacks.manager [None req-7f472c37-4158-44b1-8475-cd59a615c8ca admin admin] Notify callbacks ['neutron.plugins.ml2.ovo_rpc._ObjectChangeHandler.handle_event-1802702', 'neutron.api.rpc.agentnotifiers.dhcp_rpc_agent_api.DhcpAgentNotifyAPI._native_event_send_dhcp_notification-1631249'] for network, after_create {{(pid=99617) _notify_loop /usr/local/lib/python3.8/dist-packages/neutron_lib/callbacks/manager.py:192}}
Jul 16 22:39:31.386758 dv-cinder-797608-6-iscsi neutron-server[99617]: DEBUG neutron.pecan_wsgi.hooks.policy_enforcement [None req-7f472c37-4158-44b1-8475-cd59a615c8ca admin admin] Attributes excluded by policy engine: ['standard_attr_id', 'vlan_transparent'] {{(pid=99617) _exclude_attributes_by_policy /opt/stack/neutron/neutron/pecan_wsgi/hooks/policy_enforcement.py:255}}
Jul 16 22:39:31.387718 dv-cinder-797608-6-iscsi neutron-server[99617]: DEBUG neutron_lib.callbacks.manager [None req-7f472c37-4158-44b1-8475-cd59a615c8ca admin admin] Notify callbacks ['neutron.api.rpc.agentnotifiers.dhcp_rpc_agent_api.DhcpAgentNotifyAPI._send_dhcp_notification-1631335'] for network, before_response {{(pid=99617) _notify_loop /usr/local/lib/python3.8/dist-packages/neutron_lib/callbacks/manager.py:192}}
Jul 16 22:39:31.391915 dv-cinder-797608-6-iscsi neutron-server[99617]: DEBUG neutron_lib.callbacks.manager [None req-23b83407-00a6-4ae4-b717-3f4f6b515e07 admin admin] Notify callbacks ['neutron.plugins.ml2.ovo_rpc._ObjectChangeHandler.handle_event-70330', 'neutron.api.rpc.agentnotifiers.dhcp_rpc_agent_api.DhcpAgentNotifyAPI._native_event_send_dhcp_notification-1631249'] for subnet, after_create {{(pid=99617) _notify_loop /usr/local/lib/python3.8/dist-packages/neutron_lib/callbacks/manager.py:192}}
Jul 16 22:39:31.399171 dv-cinder-797608-6-iscsi neutron-server[99618]: DEBUG neutron_lib.callbacks.manager [None req-9319f2d3-7d1e-4b1d-ac35-b16c511db04d admin admin] Notify callbacks ['neutron.services.l3_router.l3_router_plugin.DVRResourceOperationHandler._handle_distributed_migration-1785951', 'neutron.services.l3_router.l3_router_plugin.L3_HA_NAT_db_mixin._validate_migration-1786095', 'neutron.services.l3_router.service_providers.driver_controller.DriverController._update_router_provider-3424'] for router, precommit_update {{(pid=99618) _notify_loop /usr/local/lib/python3.8/dist-packages/neutron_lib/callbacks/manager.py:192}}
Jul 16 22:39:31.407214 dv-cinder-797608-6-iscsi neutron-server[99617]: INFO neutron.wsgi [req-4e789372-448b-497b-9be3-14a8b1004ab1 req-fa214943-f866-48a6-9a0d-deca7992ecf0 service neutron] 10.222.0.24 "GET /v2.0/networks/9289c5e1-b9bf-467f-b674-27400eb5733f?fields=segments HTTP/1.1" status: 200 len: 212 time: 0.1244977
Jul 16 22:39:31.486836 dv-cinder-797608-6-iscsi neutron-server[99617]: DEBUG neutron.api.rpc.handlers.resources_rpc [None req-23b83407-00a6-4ae4-b717-3f4f6b515e07 admin admin] Pushing event updated for resources: {'Subnet': ['ID=3393095a-2616-4956-9106-a5f93d079344,revision_number=0']} {{(pid=99617) push /opt/stack/neutron/neutron/api/rpc/handlers/resources_rpc.py:237}}
Jul 16 22:39:31.538953 dv-cinder-797608-6-iscsi neutron-server[99617]: INFO neutron.wsgi [None req-7f472c37-4158-44b1-8475-cd59a615c8ca admin admin] 10.222.0.24 "POST /v2.0/networks HTTP/1.1" status: 201 len: 889 time: 2.1116569
Jul 16 22:39:31.542457 dv-cinder-797608-6-iscsi neutron-server[99618]: DEBUG neutron.wsgi [-] (99618) accepted ('10.222.0.24', 49322) {{(pid=99618) server /usr/local/lib/python3.8/dist-packages/eventlet/wsgi.py:982}}
Jul 16 22:39:31.554203 dv-cinder-797608-6-iscsi neutron-server[99618]: DEBUG neutron.api.v2.base [None req-1aab864a-7cc3-4101-8a7b-f5f67ed2102b admin admin] Request body: {'subnet': {'network_id': '50e44edd-5b1f-499c-8dc2-2e586d01fac2', 'cidr': '172.20.0.0/28', 'name': 'tempest-AttachVolumeShelveTestJSON-946868612-subnet', 'tenant_id': '451c3e7fefbb4f29aff61cee92649a21', 'enable_dhcp': True, 'ip_version': 4}} {{(pid=99618) prepare_request_body /opt/stack/neutron/neutron/api/v2/base.py:729}}
Jul 16 22:39:31.616631 dv-cinder-797608-6-iscsi neutron-server[99619]: DEBUG neutron_lib.callbacks.manager [None req-05c9e95b-d533-499f-ac48-4ac8ddea6936 None None] Notify callbacks [] for port, precommit_create {{(pid=99619) _notify_loop /usr/local/lib/python3.8/dist-packages/neutron_lib/callbacks/manager.py:192}}
Jul 16 22:39:31.635296 dv-cinder-797608-6-iscsi neutron-server[99619]: DEBUG neutron.db.provisioning_blocks [None req-05c9e95b-d533-499f-ac48-4ac8ddea6936 None None] Transition to ACTIVE for port object 6ca85b2f-9705-400a-a61a-b24c549a179d will not be triggered until provisioned by entity L2. {{(pid=99619) add_provisioning_component /opt/stack/neutron/neutron/db/provisioning_blocks.py:73}}
Jul 16 22:39:31.677032 dv-cinder-797608-6-iscsi neutron-server[99619]: DEBUG neutron.db.provisioning_blocks [None req-05c9e95b-d533-499f-ac48-4ac8ddea6936 None None] Transition to ACTIVE for port object 6ca85b2f-9705-400a-a61a-b24c549a179d will not be triggered until provisioned by entity DHCP. {{(pid=99619) add_provisioning_component /opt/stack/neutron/neutron/db/provisioning_blocks.py:73}}
Jul 16 22:39:31.692065 dv-cinder-797608-6-iscsi neutron-server[99619]: DEBUG neutron_lib.callbacks.manager [None req-05c9e95b-d533-499f-ac48-4ac8ddea6936 None None] Notify callbacks ['neutron.plugins.ml2.plugin.SecurityGroupServerNotifierRpcMixin._notify_sg_on_port_change-535073', 'neutron.plugins.ml2.ovo_rpc._ObjectChangeHandler.handle_event-2002495', 'neutron.api.rpc.agentnotifiers.dhcp_rpc_agent_api.DhcpAgentNotifyAPI._native_event_send_dhcp_notification-1631249', 'neutron.db.l3_dvrscheduler_db._notify_l3_agent_new_port-8731316840614'] for port, after_create {{(pid=99619) _notify_loop /usr/local/lib/python3.8/dist-packages/neutron_lib/callbacks/manager.py:192}}
Jul 16 22:39:31.747570 dv-cinder-797608-6-iscsi neutron-server[99618]: DEBUG neutron.pecan_wsgi.hooks.quota_enforcement [None req-1aab864a-7cc3-4101-8a7b-f5f67ed2102b admin admin] Made reservation on behalf of 451c3e7fefbb4f29aff61cee92649a21 for: {'subnet': 1} {{(pid=99618) before /opt/stack/neutron/neutron/pecan_wsgi/hooks/quota_enforcement.py:53}}
Jul 16 22:39:31.747570 dv-cinder-797608-6-iscsi neutron-server[99618]: DEBUG neutron_lib.callbacks.manager [None req-1aab864a-7cc3-4101-8a7b-f5f67ed2102b admin admin] Notify callbacks [] for subnet, before_create {{(pid=99618) _notify_loop /usr/local/lib/python3.8/dist-packages/neutron_lib/callbacks/manager.py:192}}
Jul 16 22:39:31.761129 dv-cinder-797608-6-iscsi neutron-server[99619]: DEBUG neutron.scheduler.dhcp_agent_scheduler [None req-05c9e95b-d533-499f-ac48-4ac8ddea6936 None None] Network 07654b97-acf5-428f-8c65-6e5a0f8f3b8b is already hosted by enough agents. {{(pid=99619) _get_dhcp_agents_hosting_network /opt/stack/neutron/neutron/scheduler/dhcp_agent_scheduler.py:275}}
Jul 16 22:39:31.765985 dv-cinder-797608-6-iscsi neutron-server[99619]: DEBUG neutron.scheduler.base_scheduler [None req-05c9e95b-d533-499f-ac48-4ac8ddea6936 None None] Resources bound (agent type, host, resource id): {{(pid=99619) schedule /opt/stack/neutron/neutron/scheduler/base_scheduler.py:57}}
Jul 16 22:39:31.770076 dv-cinder-797608-6-iscsi neutron-server[99619]: DEBUG neutron.db.l3_dvrscheduler_db [None req-05c9e95b-d533-499f-ac48-4ac8ddea6936 None None] Received port after_create {{(pid=99619) _notify_l3_agent_new_port /opt/stack/neutron/neutron/db/l3_dvrscheduler_db.py:535}}
Jul 16 22:39:31.850580 dv-cinder-797608-6-iscsi neutron-server[99619]: DEBUG neutron.plugins.ml2.managers [None req-05c9e95b-d533-499f-ac48-4ac8ddea6936 None None] Attempting to bind port 6ca85b2f-9705-400a-a61a-b24c549a179d on host dv-cinder-797608-6-iscsi for vnic_type normal with profile {{(pid=99619) bind_port /opt/stack/neutron/neutron/plugins/ml2/managers.py:790}}
Jul 16 22:39:31.851082 dv-cinder-797608-6-iscsi neutron-server[99619]: DEBUG neutron.plugins.ml2.managers [None req-05c9e95b-d533-499f-ac48-4ac8ddea6936 None None] Attempting to bind port 6ca85b2f-9705-400a-a61a-b24c549a179d by drivers openvswitch,hyperv on host dv-cinder-797608-6-iscsi at level 0 using segments [{'id': 'c4a7d85e-fff3-4592-9aec-8739caf59cb5', 'network_type': 'vlan', 'physical_network': 'physnet1', 'segmentation_id': 335, 'network_id': '07654b97-acf5-428f-8c65-6e5a0f8f3b8b'}] {{(pid=99619) _bind_port_level /opt/stack/neutron/neutron/plugins/ml2/managers.py:815}}
Jul 16 22:39:31.851293 dv-cinder-797608-6-iscsi neutron-server[99619]: DEBUG neutron.plugins.ml2.drivers.mech_agent [None req-05c9e95b-d533-499f-ac48-4ac8ddea6936 None None] Attempting to bind port 6ca85b2f-9705-400a-a61a-b24c549a179d on network 07654b97-acf5-428f-8c65-6e5a0f8f3b8b {{(pid=99619) bind_port /opt/stack/neutron/neutron/plugins/ml2/drivers/mech_agent.py:86}}
Jul 16 22:39:31.867773 dv-cinder-797608-6-iscsi neutron-server[99619]: DEBUG neutron.api.rpc.handlers.resources_rpc [None req-05c9e95b-d533-499f-ac48-4ac8ddea6936 None None] Pushing event updated for resources: {'Port': ['ID=6ca85b2f-9705-400a-a61a-b24c549a179d,revision_number=1']} {{(pid=99619) push /opt/stack/neutron/neutron/api/rpc/handlers/resources_rpc.py:237}}
Jul 16 22:39:31.889360 dv-cinder-797608-6-iscsi neutron-server[99619]: DEBUG neutron.api.rpc.callbacks.version_manager [None req-05c9e95b-d533-499f-ac48-4ac8ddea6936 None None] Version for resource type AddressGroup changed None to 1.2 on consumer Open vSwitch agent@dv-cinder-797608-6-iscsi {{(pid=99619) _set_version /opt/stack/neutron/neutron/api/rpc/callbacks/version_manager.py:113}}
Jul 16 22:39:31.889902 dv-cinder-797608-6-iscsi neutron-server[99619]: DEBUG neutron.api.rpc.callbacks.version_manager [None req-05c9e95b-d533-499f-ac48-4ac8ddea6936 None None] Version for resource type ConntrackHelper changed None to 1.0 on consumer Open vSwitch agent@dv-cinder-797608-6-iscsi {{(pid=99619) _set_version /opt/stack/neutron/neutron/api/rpc/callbacks/version_manager.py:113}}
Jul 16 22:39:31.890390 dv-cinder-797608-6-iscsi neutron-server[99619]: DEBUG neutron.api.rpc.callbacks.version_manager [None req-05c9e95b-d533-499f-ac48-4ac8ddea6936 None None] Version for resource type Log changed None to 1.0 on consumer Open vSwitch agent@dv-cinder-797608-6-iscsi {{(pid=99619) _set_version /opt/stack/neutron/neutron/api/rpc/callbacks/version_manager.py:113}}
Jul 16 22:39:31.890866 dv-cinder-797608-6-iscsi neutron-server[99619]: DEBUG neutron.api.rpc.callbacks.version_manager [None req-05c9e95b-d533-499f-ac48-4ac8ddea6936 None None] Version for resource type Network changed None to 1.1 on consumer Open vSwitch agent@dv-cinder-797608-6-iscsi {{(pid=99619) _set_version /opt/stack/neutron/neutron/api/rpc/callbacks/version_manager.py:113}}
Jul 16 22:39:31.891330 dv-cinder-797608-6-iscsi neutron-server[99619]: DEBUG neutron.api.rpc.callbacks.version_manager [None req-05c9e95b-d533-499f-ac48-4ac8ddea6936 None None] Version for resource type Port changed None to 1.7 on consumer Open vSwitch agent@dv-cinder-797608-6-iscsi {{(pid=99619) _set_version /opt/stack/neutron/neutron/api/rpc/callbacks/version_manager.py:113}}
Jul 16 22:39:31.891790 dv-cinder-797608-6-iscsi neutron-server[99619]: DEBUG neutron.api.rpc.callbacks.version_manager [None req-05c9e95b-d533-499f-ac48-4ac8ddea6936 None None] Version for resource type PortForwarding changed None to 1.2 on consumer Open vSwitch agent@dv-cinder-797608-6-iscsi {{(pid=99619) _set_version /opt/stack/neutron/neutron/api/rpc/callbacks/version_manager.py:113}}
Jul 16 22:39:31.892262 dv-cinder-797608-6-iscsi neutron-server[99619]: DEBUG neutron.api.rpc.callbacks.version_manager [None req-05c9e95b-d533-499f-ac48-4ac8ddea6936 None None] Version for resource type QosPolicy changed None to 1.8 on consumer Open vSwitch agent@dv-cinder-797608-6-iscsi {{(pid=99619) _set_version /opt/stack/neutron/neutron/api/rpc/callbacks/version_manager.py:113}}
Jul 16 22:39:31.906154 dv-cinder-797608-6-iscsi neutron-server[99619]: DEBUG neutron.api.rpc.callbacks.version_manager [None req-05c9e95b-d533-499f-ac48-4ac8ddea6936 None None] Version for resource type SecurityGroup changed None to 1.4 on consumer Open vSwitch agent@dv-cinder-797608-6-iscsi {{(pid=99619) _set_version /opt/stack/neutron/neutron/api/rpc/callbacks/version_manager.py:113}}
Jul 16 22:39:31.906953 dv-cinder-797608-6-iscsi neutron-server[99619]: DEBUG neutron.api.rpc.callbacks.version_manager [None req-05c9e95b-d533-499f-ac48-4ac8ddea6936 None None] Version for resource type SecurityGroupRule changed None to 1.2 on consumer Open vSwitch agent@dv-cinder-797608-6-iscsi {{(pid=99619) _set_version /opt/stack/neutron/neutron/api/rpc/callbacks/version_manager.py:113}}
Jul 16 22:39:31.907522 dv-cinder-797608-6-iscsi neutron-server[99619]: DEBUG neutron.api.rpc.callbacks.version_manager [None req-05c9e95b-d533-499f-ac48-4ac8ddea6936 None None] Version for resource type SubPort changed None to 1.0 on consumer Open vSwitch agent@dv-cinder-797608-6-iscsi {{(pid=99619) _set_version /opt/stack/neutron/neutron/api/rpc/callbacks/version_manager.py:113}}
Jul 16 22:39:31.908081 dv-cinder-797608-6-iscsi neutron-server[99619]: DEBUG neutron.api.rpc.callbacks.version_manager [None req-05c9e95b-d533-499f-ac48-4ac8ddea6936 None None] Version for resource type Subnet changed None to 1.1 on consumer Open vSwitch agent@dv-cinder-797608-6-iscsi {{(pid=99619) _set_version /opt/stack/neutron/neutron/api/rpc/callbacks/version_manager.py:113}}
Jul 16 22:39:31.908642 dv-cinder-797608-6-iscsi neutron-server[99619]: DEBUG neutron.api.rpc.callbacks.version_manager [None req-05c9e95b-d533-499f-ac48-4ac8ddea6936 None None] Version for resource type Trunk changed None to 1.1 on consumer Open vSwitch agent@dv-cinder-797608-6-iscsi {{(pid=99619) _set_version /opt/stack/neutron/neutron/api/rpc/callbacks/version_manager.py:113}}
Jul 16 22:39:31.910190 dv-cinder-797608-6-iscsi neutron-server[99619]: DEBUG neutron.api.rpc.callbacks.version_manager [None req-05c9e95b-d533-499f-ac48-4ac8ddea6936 None None] Tracked resource versions report:
Jul 16 22:39:31.910190 dv-cinder-797608-6-iscsi neutron-server[99619]: pushed versions:
Jul 16 22:39:31.910190 dv-cinder-797608-6-iscsi neutron-server[99619]: { 'AddressGroup': {'1.2'},
Jul 16 22:39:31.910190 dv-cinder-797608-6-iscsi neutron-server[99619]: 'ConntrackHelper': {'1.0'},
Jul 16 22:39:31.910190 dv-cinder-797608-6-iscsi neutron-server[99619]: 'Log': {'1.0'},
Jul 16 22:39:31.910190 dv-cinder-797608-6-iscsi neutron-server[99619]: 'Network': {'1.1'},
Jul 16 22:39:31.910190 dv-cinder-797608-6-iscsi neutron-server[99619]: 'Port': {'1.7'},
Jul 16 22:39:31.910190 dv-cinder-797608-6-iscsi neutron-server[99619]: 'PortForwarding': {'1.2'},
Jul 16 22:39:31.910190 dv-cinder-797608-6-iscsi neutron-server[99619]: 'QosPolicy': {'1.8'},
Jul 16 22:39:31.910190 dv-cinder-797608-6-iscsi neutron-server[99619]: 'SecurityGroup': {'1.4'},
Jul 16 22:39:31.910190 dv-cinder-797608-6-iscsi neutron-server[99619]: 'SecurityGroupRule': {'1.2'},
Jul 16 22:39:31.910190 dv-cinder-797608-6-iscsi neutron-server[99619]: 'SubPort': {'1.0'},
Jul 16 22:39:31.910190 dv-cinder-797608-6-iscsi neutron-server[99619]: 'Subnet': {'1.1'},
Jul 16 22:39:31.910190 dv-cinder-797608-6-iscsi neutron-server[99619]: 'Trunk': {'1.1'}}
Jul 16 22:39:31.910190 dv-cinder-797608-6-iscsi neutron-server[99619]: consumer versions:
Jul 16 22:39:31.910190 dv-cinder-797608-6-iscsi neutron-server[99619]: { DHCP agent@dv-cinder-797608-6-iscsi: {},
Jul 16 22:39:31.910190 dv-cinder-797608-6-iscsi neutron-server[99619]: HyperV agent@hv-cinder-79760: {},
Jul 16 22:39:31.910190 dv-cinder-797608-6-iscsi neutron-server[99619]: L3 agent@dv-cinder-797608-6-iscsi: {},
Jul 16 22:39:31.910190 dv-cinder-797608-6-iscsi neutron-server[99619]: Metadata agent@dv-cinder-797608-6-iscsi: {},
Jul 16 22:39:31.910190 dv-cinder-797608-6-iscsi neutron-server[99619]: Metering agent@dv-cinder-797608-6-iscsi: {},
Jul 16 22:39:31.910190 dv-cinder-797608-6-iscsi neutron-server[99619]: Open vSwitch agent@dv-cinder-797608-6-iscsi: { 'AddressGroup': '1.2',
Jul 16 22:39:31.910190 dv-cinder-797608-6-iscsi neutron-server[99619]: 'ConntrackHelper': '1.0',
Jul 16 22:39:31.910190 dv-cinder-797608-6-iscsi neutron-server[99619]: 'Log': '1.0',
Jul 16 22:39:31.910190 dv-cinder-797608-6-iscsi neutron-server[99619]: 'Network': '1.1',
Jul 16 22:39:31.910190 dv-cinder-797608-6-iscsi neutron-server[99619]: 'Port': '1.7',
Jul 16 22:39:31.910190 dv-cinder-797608-6-iscsi neutron-server[99619]: 'PortForwarding': '1.2',
Jul 16 22:39:31.910190 dv-cinder-797608-6-iscsi neutron-server[99619]: 'QosPolicy': '1.8',
Jul 16 22:39:31.910190 dv-cinder-797608-6-iscsi neutron-server[99619]: 'SecurityGroup': '1.4',
Jul 16 22:39:31.910190 dv-cinder-797608-6-iscsi neutron-server[99619]: 'SecurityGroupRule': '1.2',
Jul 16 22:39:31.910190 dv-cinder-797608-6-iscsi neutron-server[99619]: 'SubPort': '1.0',
Jul 16 22:39:31.910190 dv-cinder-797608-6-iscsi neutron-server[99619]: 'Subnet': '1.1',
Jul 16 22:39:31.910190 dv-cinder-797608-6-iscsi neutron-server[99619]: 'Trunk': '1.1'}}
Jul 16 22:39:31.910190 dv-cinder-797608-6-iscsi neutron-server[99619]: {{(pid=99619) report /opt/stack/neutron/neutron/api/rpc/callbacks/version_manager.py:175}}
Jul 16 22:39:31.913520 dv-cinder-797608-6-iscsi neutron-server[99619]: DEBUG neutron.plugins.ml2.drivers.mech_agent [None req-05c9e95b-d533-499f-ac48-4ac8ddea6936 None None] Checking agent: {'id': 'e301c28a-b918-4cae-9446-5d2755af3de7', 'agent_type': 'Open vSwitch agent', 'binary': 'neutron-openvswitch-agent', 'topic': 'N/A', 'host': 'dv-cinder-797608-6-iscsi', 'admin_state_up': True, 'created_at': datetime.datetime(2021, 7, 16, 22, 31, 57), 'started_at': datetime.datetime(2021, 7, 16, 22, 32, 27), 'heartbeat_timestamp': datetime.datetime(2021, 7, 16, 22, 39, 27), 'description': None, 'resources_synced': None, 'availability_zone': None, 'alive': True, 'configurations': {'arp_responder_enabled': False, 'baremetal_smartnic': False, 'bridge_mappings': {'physnet1': 'br-data'}, 'datapath_type': 'system', 'devices': 0, 'enable_distributed_routing': False, 'extensions': [], 'in_distributed_mode': False, 'integration_bridge': 'br-int', 'l2_population': False, 'log_agent_heartbeats': False, 'ovs_capabilities': {'datapath_types': ['netdev', 'system'], 'iface_types': ['erspan', 'geneve', 'gre', 'internal', 'ip6erspan', 'ip6gre', 'lisp', 'patch', 'stt', 'system', 'tap', 'vxlan']}, 'ovs_hybrid_plug': False, 'resource_provider_bandwidths': {}, 'resource_provider_hypervisors': {'br-data': 'dv-cinder-797608-6-iscsi'}, 'resource_provider_inventory_defaults': {'allocation_ratio': 1.0, 'min_unit': 1, 'step_size': 1, 'reserved': 0}, 'tunnel_types': [], 'tunneling_ip': None, 'vhostuser_socket_dir': '/var/run/openvswitch'}, 'resource_versions': {'AddressGroup': '1.2', 'ConntrackHelper': '1.0', 'Log': '1.0', 'Network': '1.1', 'Port': '1.7', 'PortForwarding': '1.2', 'QosPolicy': '1.8', 'SecurityGroup': '1.4', 'SecurityGroupRule': '1.2', 'SubPort': '1.0', 'Subnet': '1.1', 'Trunk': '1.1'}} {{(pid=99619) bind_port /opt/stack/neutron/neutron/plugins/ml2/drivers/mech_agent.py:105}}
Jul 16 22:39:31.923200 dv-cinder-797608-6-iscsi neutron-server[99618]: DEBUG neutron_lib.callbacks.manager [None req-9319f2d3-7d1e-4b1d-ac35-b16c511db04d admin admin] Notify callbacks [] for router_gateway, before_create {{(pid=99618) _notify_loop /usr/local/lib/python3.8/dist-packages/neutron_lib/callbacks/manager.py:192}}
Jul 16 22:39:31.930109 dv-cinder-797608-6-iscsi neutron-server[99619]: DEBUG neutron.plugins.ml2.drivers.mech_agent [None req-05c9e95b-d533-499f-ac48-4ac8ddea6936 None None] Checking segment: {'id': 'c4a7d85e-fff3-4592-9aec-8739caf59cb5', 'network_type': 'vlan', 'physical_network': 'physnet1', 'segmentation_id': 335, 'network_id': '07654b97-acf5-428f-8c65-6e5a0f8f3b8b'} for mappings: {'physnet1': 'br-data'} with network types: ['local', 'flat', 'vlan'] {{(pid=99619) check_segment_for_agent /opt/stack/neutron/neutron/plugins/ml2/drivers/mech_agent.py:341}}
Jul 16 22:39:31.930555 dv-cinder-797608-6-iscsi neutron-server[99619]: DEBUG neutron_lib.callbacks.manager [None req-05c9e95b-d533-499f-ac48-4ac8ddea6936 None None] Notify callbacks [] for ovs_bridge_name, before_read {{(pid=99619) _notify_loop /usr/local/lib/python3.8/dist-packages/neutron_lib/callbacks/manager.py:192}}
Jul 16 22:39:31.931061 dv-cinder-797608-6-iscsi neutron-server[99619]: DEBUG neutron.plugins.ml2.drivers.mech_agent [None req-05c9e95b-d533-499f-ac48-4ac8ddea6936 None None] Bound using segment: {'id': 'c4a7d85e-fff3-4592-9aec-8739caf59cb5', 'network_type': 'vlan', 'physical_network': 'physnet1', 'segmentation_id': 335, 'network_id': '07654b97-acf5-428f-8c65-6e5a0f8f3b8b'} {{(pid=99619) bind_port /opt/stack/neutron/neutron/plugins/ml2/drivers/mech_agent.py:115}}
Jul 16 22:39:31.931462 dv-cinder-797608-6-iscsi neutron-server[99619]: DEBUG neutron.plugins.ml2.managers [None req-05c9e95b-d533-499f-ac48-4ac8ddea6936 None None] Bound port: 6ca85b2f-9705-400a-a61a-b24c549a179d, host: dv-cinder-797608-6-iscsi, vif_type: ovs, vif_details: {"connectivity": "l2", "port_filter": true, "ovs_hybrid_plug": false, "datapath_type": "system", "bridge_name": "br-int"}, binding_levels: [{'bound_driver': 'openvswitch', 'bound_segment': {'id': 'c4a7d85e-fff3-4592-9aec-8739caf59cb5', 'network_type': 'vlan', 'physical_network': 'physnet1', 'segmentation_id': 335, 'network_id': '07654b97-acf5-428f-8c65-6e5a0f8f3b8b'}}] {{(pid=99619) _bind_port_level /opt/stack/neutron/neutron/plugins/ml2/managers.py:928}}
Jul 16 22:39:31.931824 dv-cinder-797608-6-iscsi neutron-server[99619]: DEBUG neutron_lib.callbacks.manager [None req-05c9e95b-d533-499f-ac48-4ac8ddea6936 None None] Notify callbacks ['neutron.plugins.ml2.plugin.SecurityGroupDbMixin._ensure_default_security_group_handler-534746'] for port, before_update {{(pid=99619) _notify_loop /usr/local/lib/python3.8/dist-packages/neutron_lib/callbacks/manager.py:192}}
Jul 16 22:39:31.990493 dv-cinder-797608-6-iscsi neutron-server[99618]: DEBUG neutron_lib.callbacks.manager [None req-9319f2d3-7d1e-4b1d-ac35-b16c511db04d admin admin] Notify callbacks ['neutron.plugins.ml2.plugin.SecurityGroupDbMixin._ensure_default_security_group_handler-534746'] for port, before_create {{(pid=99618) _notify_loop /usr/local/lib/python3.8/dist-packages/neutron_lib/callbacks/manager.py:192}}
Jul 16 22:39:32.027821 dv-cinder-797608-6-iscsi neutron-server[99617]: DEBUG neutron.api.rpc.handlers.resources_rpc [None req-7f472c37-4158-44b1-8475-cd59a615c8ca admin admin] Pushing event updated for resources: {'Network': ['ID=50e44edd-5b1f-499c-8dc2-2e586d01fac2,revision_number=1']} {{(pid=99617) push /opt/stack/neutron/neutron/api/rpc/handlers/resources_rpc.py:237}}
Jul 16 22:39:32.032310 dv-cinder-797608-6-iscsi neutron-server[99617]: DEBUG neutron.plugins.ml2.drivers.mech_agent [None req-23b83407-00a6-4ae4-b717-3f4f6b515e07 admin admin] Checking segment: {'id': 'abd53ce0-506a-485f-be58-0e2742296469', 'network_type': 'vlan', 'physical_network': 'physnet1', 'segmentation_id': 307, 'network_id': '7b5c6e51-790a-40aa-bdd8-afd0d6a83cb0'} for mappings: {'physnet1': 'br-data'} with network types: ['local', 'flat', 'vlan'] {{(pid=99617) check_segment_for_agent /opt/stack/neutron/neutron/plugins/ml2/drivers/mech_agent.py:341}}
Jul 16 22:39:32.032538 dv-cinder-797608-6-iscsi neutron-server[99617]: DEBUG neutron.scheduler.dhcp_agent_scheduler [None req-23b83407-00a6-4ae4-b717-3f4f6b515e07 admin admin] Network hostable DHCP agents. Network: 7b5c6e51-790a-40aa-bdd8-afd0d6a83cb0, hostable agents: ['aa6d876b-7d91-432d-87ec-408ca60145c2'], hosted agents: [] {{(pid=99617) _get_network_hostable_dhcp_agents /opt/stack/neutron/neutron/scheduler/dhcp_agent_scheduler.py:329}}
Jul 16 22:39:32.068350 dv-cinder-797608-6-iscsi neutron-server[99617]: DEBUG neutron.scheduler.dhcp_agent_scheduler [None req-23b83407-00a6-4ae4-b717-3f4f6b515e07 admin admin] Network 7b5c6e51-790a-40aa-bdd8-afd0d6a83cb0 is scheduled to be hosted by DHCP agent aa6d876b-7d91-432d-87ec-408ca60145c2 with binding_index 1 {{(pid=99617) bind /opt/stack/neutron/neutron/scheduler/dhcp_agent_scheduler.py:227}}
Jul 16 22:39:32.086382 dv-cinder-797608-6-iscsi neutron-server[99619]: DEBUG neutron.plugins.ml2.rpc [None req-bdfa3cdd-280f-4acd-8548-8efed9b25c0c None None] Network 50e44edd-5b1f-499c-8dc2-2e586d01fac2 details requested by agent ovs-agent-dv-cinder-797608-6-iscsi with host dv-cinder-797608-6-iscsi {{(pid=99619) get_network_details /opt/stack/neutron/neutron/plugins/ml2/rpc.py:248}}
Jul 16 22:39:32.090232 dv-cinder-797608-6-iscsi neutron-server[99617]: INFO neutron.wsgi [req-4e789372-448b-497b-9be3-14a8b1004ab1 req-46a2b42a-7ce1-4577-84ff-ef74dae84c8d service neutron] 10.222.0.24 "GET /v2.0/networks/9289c5e1-b9bf-467f-b674-27400eb5733f?fields=provider%3Aphysical_network&fields=provider%3Anetwork_type HTTP/1.1" status: 200 len: 281 time: 0.6815982
Jul 16 22:39:32.093090 dv-cinder-797608-6-iscsi neutron-server[99617]: DEBUG neutron.scheduler.base_scheduler [None req-23b83407-00a6-4ae4-b717-3f4f6b515e07 admin admin] Resources bound (agent type, host, resource id): (DHCP agent, dv-cinder-797608-6-iscsi, 7b5c6e51-790a-40aa-bdd8-afd0d6a83cb0) {{(pid=99617) schedule /opt/stack/neutron/neutron/scheduler/base_scheduler.py:57}}
Jul 16 22:39:32.102896 dv-cinder-797608-6-iscsi neutron-server[99617]: DEBUG neutron.pecan_wsgi.hooks.policy_enforcement [None req-23b83407-00a6-4ae4-b717-3f4f6b515e07 admin admin] Attributes excluded by policy engine: ['standard_attr_id', 'shared', 'network'] {{(pid=99617) _exclude_attributes_by_policy /opt/stack/neutron/neutron/pecan_wsgi/hooks/policy_enforcement.py:255}}
Jul 16 22:39:32.103498 dv-cinder-797608-6-iscsi neutron-server[99617]: DEBUG neutron_lib.callbacks.manager [None req-23b83407-00a6-4ae4-b717-3f4f6b515e07 admin admin] Notify callbacks ['neutron.api.rpc.agentnotifiers.dhcp_rpc_agent_api.DhcpAgentNotifyAPI._send_dhcp_notification-1631335'] for subnet, before_response {{(pid=99617) _notify_loop /usr/local/lib/python3.8/dist-packages/neutron_lib/callbacks/manager.py:192}}
Jul 16 22:39:32.112983 dv-cinder-797608-6-iscsi neutron-server[99619]: DEBUG neutron.plugins.ml2.db [None req-05c9e95b-d533-499f-ac48-4ac8ddea6936 None None] For port 6ca85b2f-9705-400a-a61a-b24c549a179d, host dv-cinder-797608-6-iscsi, cleared binding levels {{(pid=99619) clear_binding_levels /opt/stack/neutron/neutron/plugins/ml2/db.py:87}}
Jul 16 22:39:32.116981 dv-cinder-797608-6-iscsi neutron-server[99619]: DEBUG neutron.api.rpc.handlers.dhcp_rpc [None req-bec351bd-ed3e-4021-8cc5-3173c19c55ad None None] Network 7b5c6e51-790a-40aa-bdd8-afd0d6a83cb0 requested from dv-cinder-797608-6-iscsi {{(pid=99619) get_network_info /opt/stack/neutron/neutron/api/rpc/handlers/dhcp_rpc.py:218}}
Jul 16 22:39:32.136981 dv-cinder-797608-6-iscsi neutron-server[99617]: INFO neutron.wsgi [None req-23b83407-00a6-4ae4-b717-3f4f6b515e07 admin admin] 10.222.0.24 "POST /v2.0/subnets HTTP/1.1" status: 201 len: 856 time: 1.4756877
Jul 16 22:39:32.139811 dv-cinder-797608-6-iscsi neutron-server[99617]: DEBUG neutron.wsgi [-] (99617) accepted ('10.222.0.24', 49348) {{(pid=99617) server /usr/local/lib/python3.8/dist-packages/eventlet/wsgi.py:982}}
Jul 16 22:39:32.144826 dv-cinder-797608-6-iscsi neutron-server[99617]: DEBUG neutron.api.v2.base [None req-7fe10726-4c46-4d8f-b1dc-4712c25f9772 admin admin] Request body: {'router': {'name': 'tempest-ServerRescueNegativeTestJSON-1773705885-router', 'tenant_id': 'ffe04c437f1e4ab5bb3423033ba0dd13', 'external_gateway_info': {'network_id': 'b1714fb3-c09d-4c71-8dbd-2e60563d15e8'}}} {{(pid=99617) prepare_request_body /opt/stack/neutron/neutron/api/v2/base.py:729}}
