Jul 18 14:19:06.354066 dv-cinder-797608-58-iscsi devstack@c-api.service[110834]: DEBUG cinder.quota [None req-796f5e27-5919-48c7-9e8a-7e7ce019af96 tempest-GroupSnapshotsV319Test-1285157896 tempest-GroupSnapshotsV319Test-1285157896-project] Created reservations ['c20e3375-c594-42a2-84b1-c5d8e53b2d0e', 'd06e13db-d3e1-4c7b-95d7-725f0baee227', '6ad5788e-cdce-4e95-bcd5-734f914bbed5', 'e2fbf565-fee9-4388-bfc4-3f10a95994dc'] {{(pid=110834) reserve /opt/stack/cinder/cinder/quota.py:755}}
Jul 18 14:19:06.356695 dv-cinder-797608-58-iscsi devstack@c-api.service[110834]: DEBUG cinder.volume.api [None req-796f5e27-5919-48c7-9e8a-7e7ce019af96 tempest-GroupSnapshotsV319Test-1285157896 tempest-GroupSnapshotsV319Test-1285157896-project] Task 'cinder.volume.flows.api.create_volume.QuotaReserveTask;volume:create' (2fa5526a-9615-475a-80b4-966b6a5fc4d3) transitioned into state 'SUCCESS' from state 'RUNNING' with result '{'reservations': ['c20e3375-c594-42a2-84b1-c5d8e53b2d0e', 'd06e13db-d3e1-4c7b-95d7-725f0baee227', '6ad5788e-cdce-4e95-bcd5-734f914bbed5', 'e2fbf565-fee9-4388-bfc4-3f10a95994dc']}' {{(pid=110834) _task_receiver /usr/local/lib/python3.8/dist-packages/taskflow/listeners/logging.py:178}}
Jul 18 14:19:06.363132 dv-cinder-797608-58-iscsi devstack@c-api.service[110834]: DEBUG cinder.volume.api [None req-796f5e27-5919-48c7-9e8a-7e7ce019af96 tempest-GroupSnapshotsV319Test-1285157896 tempest-GroupSnapshotsV319Test-1285157896-project] Task 'cinder.volume.flows.api.create_volume.EntryCreateTask;volume:create' (7f355262-14fb-4426-ad1b-7b3aa3e52530) transitioned into state 'RUNNING' from state 'PENDING' {{(pid=110834) _task_receiver /usr/local/lib/python3.8/dist-packages/taskflow/listeners/logging.py:190}}
Jul 18 14:19:06.451252 dv-cinder-797608-58-iscsi devstack@c-api.service[110835]: INFO cinder.volume.api [req-cc00097c-bbd6-47b1-b34a-fa00007d676f req-53a5e107-d4a0-443c-85a7-ce3a4eaac180 tempest-VolumesSnapshotsTestJSON-420371881 tempest-VolumesSnapshotsTestJSON-420371881-project] Snapshot create request issued successfully.
Jul 18 14:19:06.452042 dv-cinder-797608-58-iscsi devstack@c-api.service[110835]: INFO cinder.api.openstack.wsgi [req-cc00097c-bbd6-47b1-b34a-fa00007d676f req-53a5e107-d4a0-443c-85a7-ce3a4eaac180 tempest-VolumesSnapshotsTestJSON-420371881 tempest-VolumesSnapshotsTestJSON-420371881-project] http://10.222.0.71/volume/v3/c64ef5c9e4e74877afbe0b977348706e/snapshots returned with HTTP 202
Jul 18 14:19:06.453402 dv-cinder-797608-58-iscsi devstack@c-api.service[110835]: [pid: 110835|app: 0|req: 9/23] 10.222.0.71 () {64 vars in 1527 bytes} [Mon Jul 18 14:19:05 2022] POST /volume/v3/c64ef5c9e4e74877afbe0b977348706e/snapshots => generated 310 bytes in 972 msecs (HTTP/1.1 202) 7 headers in 291 bytes (2 switches on core 0)
Jul 18 14:19:06.455663 dv-cinder-797608-58-iscsi devstack@c-api.service[110835]: DEBUG cinder.api.middleware.request_id [req-ccc1559e-108c-42a5-a000-a1f99ffe0f25 req-3b4e374b-3b21-4d11-a96d-be0fc7e8f4bb None None] RequestId filter calling following filter/app {{(pid=110835) _context_setter /opt/stack/cinder/cinder/api/middleware/request_id.py:62}}
Jul 18 14:19:06.461421 dv-cinder-797608-58-iscsi devstack@c-api.service[110835]: INFO cinder.api.openstack.wsgi [req-ccc1559e-108c-42a5-a000-a1f99ffe0f25 req-3b4e374b-3b21-4d11-a96d-be0fc7e8f4bb tempest-VolumesGetTestJSON-660361290 tempest-VolumesGetTestJSON-660361290-project] GET http://10.222.0.71/volume/v3/c4a9a9a51d7c4f7189bb934897f2c21a/volumes/00412495-5b97-4c78-9032-4fc9cdbd391f
Jul 18 14:19:06.462041 dv-cinder-797608-58-iscsi devstack@c-api.service[110835]: DEBUG cinder.api.openstack.wsgi [req-ccc1559e-108c-42a5-a000-a1f99ffe0f25 req-3b4e374b-3b21-4d11-a96d-be0fc7e8f4bb tempest-VolumesGetTestJSON-660361290 tempest-VolumesGetTestJSON-660361290-project] Empty body provided in request {{(pid=110835) get_body /opt/stack/cinder/cinder/api/openstack/wsgi.py:715}}
Jul 18 14:19:06.462523 dv-cinder-797608-58-iscsi devstack@c-api.service[110835]: DEBUG cinder.api.openstack.wsgi [req-ccc1559e-108c-42a5-a000-a1f99ffe0f25 req-3b4e374b-3b21-4d11-a96d-be0fc7e8f4bb tempest-VolumesGetTestJSON-660361290 tempest-VolumesGetTestJSON-660361290-project] Calling method 'show' {{(pid=110835) _process_stack /opt/stack/cinder/cinder/api/openstack/wsgi.py:868}}
Jul 18 14:19:06.478644 dv-cinder-797608-58-iscsi devstack@c-api.service[110835]: INFO cinder.api.openstack.wsgi [req-ccc1559e-108c-42a5-a000-a1f99ffe0f25 req-3b4e374b-3b21-4d11-a96d-be0fc7e8f4bb tempest-VolumesGetTestJSON-660361290 tempest-VolumesGetTestJSON-660361290-project] http://10.222.0.71/volume/v3/c4a9a9a51d7c4f7189bb934897f2c21a/volumes/00412495-5b97-4c78-9032-4fc9cdbd391f returned with HTTP 404
Jul 18 14:19:06.480340 dv-cinder-797608-58-iscsi devstack@c-api.service[110835]: [pid: 110835|app: 0|req: 10/24] 10.222.0.71 () {60 vars in 1578 bytes} [Mon Jul 18 14:19:06 2022] GET /volume/v3/c4a9a9a51d7c4f7189bb934897f2c21a/volumes/00412495-5b97-4c78-9032-4fc9cdbd391f => generated 109 bytes in 26 msecs (HTTP/1.1 404) 7 headers in 292 bytes (1 switches on core 0)
Jul 18 14:19:06.488771 dv-cinder-797608-58-iscsi devstack@c-api.service[110835]: DEBUG cinder.api.middleware.request_id [req-0542aa02-a3a9-4a31-93b9-fadd5f744f94 req-d5479a63-ca5c-49c2-8fd7-55cae01565d2 None None] RequestId filter calling following filter/app {{(pid=110835) _context_setter /opt/stack/cinder/cinder/api/middleware/request_id.py:62}}
Jul 18 14:19:06.510035 dv-cinder-797608-58-iscsi devstack@c-api.service[110835]: INFO cinder.api.openstack.wsgi [req-0542aa02-a3a9-4a31-93b9-fadd5f744f94 req-d5479a63-ca5c-49c2-8fd7-55cae01565d2 tempest-VolumesSnapshotsTestJSON-420371881 tempest-VolumesSnapshotsTestJSON-420371881-project] GET http://10.222.0.71/volume/v3/c64ef5c9e4e74877afbe0b977348706e/snapshots/a5b731b4-1023-4195-b2f4-fbd57c62de01
Jul 18 14:19:06.510854 dv-cinder-797608-58-iscsi devstack@c-api.service[110835]: DEBUG cinder.api.openstack.wsgi [req-0542aa02-a3a9-4a31-93b9-fadd5f744f94 req-d5479a63-ca5c-49c2-8fd7-55cae01565d2 tempest-VolumesSnapshotsTestJSON-420371881 tempest-VolumesSnapshotsTestJSON-420371881-project] Empty body provided in request {{(pid=110835) get_body /opt/stack/cinder/cinder/api/openstack/wsgi.py:715}}
Jul 18 14:19:06.512673 dv-cinder-797608-58-iscsi devstack@c-api.service[110835]: DEBUG cinder.api.openstack.wsgi [req-0542aa02-a3a9-4a31-93b9-fadd5f744f94 req-d5479a63-ca5c-49c2-8fd7-55cae01565d2 tempest-VolumesSnapshotsTestJSON-420371881 tempest-VolumesSnapshotsTestJSON-420371881-project] Calling method 'show' {{(pid=110835) _process_stack /opt/stack/cinder/cinder/api/openstack/wsgi.py:868}}
Jul 18 14:19:06.530975 dv-cinder-797608-58-iscsi devstack@c-api.service[110834]: DEBUG cinder.volume.api [None req-796f5e27-5919-48c7-9e8a-7e7ce019af96 tempest-GroupSnapshotsV319Test-1285157896 tempest-GroupSnapshotsV319Test-1285157896-project] Task 'cinder.volume.flows.api.create_volume.EntryCreateTask;volume:create' (7f355262-14fb-4426-ad1b-7b3aa3e52530) transitioned into state 'SUCCESS' from state 'RUNNING' with result '{'volume_id': '8932cf4a-0808-4ec6-a969-3c4c780a4516', 'volume_properties': VolumeProperties(attach_status='detached',availability_zone='nova',cgsnapshot_id=None,consistencygroup_id=None,display_description=None,display_name='tempest-GroupSnapshotsV319Test-Volume-1825319661',encryption_key_id=None,group_id=f36075e0-8187-45e2-a03f-49e38fd5885c,group_type_id=,metadata={},multiattach=False,project_id='b2c6da087ce74a1d8ef8cbad1d1506ae',qos_specs=None,replication_status=,reservations=['c20e3375-c594-42a2-84b1-c5d8e53b2d0e','d06e13db-d3e1-4c7b-95d7-725f0baee227','6ad5788e-cdce-4e95-bcd5-734f914bbed5','e2fbf565-fee9-4388-bfc4-3f10a95994dc'],size=1,snapshot_id=None,source_replicaid=,source_volid=None,status='creating',user_id='4234cd5ae2484fcc85c1e73b09af992b',volume_type_id=7c6696ad-7380-4a31-9914-fa8519639f7b), 'volume': Volume(_name_id=None,admin_metadata=,attach_status='detached',availability_zone='nova',bootable=False,cluster=,cluster_name=None,consistencygroup=,consistencygroup_id=None,created_at=2022-07-18T14:19:06Z,deleted=False,deleted_at=None,display_description=None,display_name='tempest-GroupSnapshotsV319Test-Volume-1825319661',ec2_id=None,encryption_key_id=None,glance_metadata=,group=,group_id=f36075e0-8187-45e2-a03f-49e38fd5885c,host=None,id=8932cf4a-0808-4ec6-a969-3c4c780a4516,launched_at=None,metadata={},migration_status=None,multiattach=False,previous_status=None,project_id='b2c6da087ce74a1d8ef8cbad1d1506ae',provider_auth=None,provider_geometry=None,provider_id=None,provider_location=None,replication_driver_data=None,replication_extended_status=None,replication_status=None,scheduled_at=None,service_uuid=None,shared_targets=True,size=1,snapshot_id=None,snapshots=,source_volid=None,status='creating',terminated_at=None,updated_at=None,use_quota=True,user_id='4234cd5ae2484fcc85c1e73b09af992b',volume_attachment=VolumeAttachmentList,volume_type=VolumeType(7c6696ad-7380-4a31-9914-fa8519639f7b),volume_type_id=7c6696ad-7380-4a31-9914-fa8519639f7b)}' {{(pid=110834) _task_receiver /usr/local/lib/python3.8/dist-packages/taskflow/listeners/logging.py:178}}
Jul 18 14:19:06.532880 dv-cinder-797608-58-iscsi devstack@c-api.service[110834]: DEBUG cinder.volume.api [None req-796f5e27-5919-48c7-9e8a-7e7ce019af96 tempest-GroupSnapshotsV319Test-1285157896 tempest-GroupSnapshotsV319Test-1285157896-project] Task 'cinder.volume.flows.api.create_volume.QuotaCommitTask;volume:create' (123aba48-6913-4359-95d6-d35bef883f2e) transitioned into state 'RUNNING' from state 'PENDING' {{(pid=110834) _task_receiver /usr/local/lib/python3.8/dist-packages/taskflow/listeners/logging.py:190}}
Jul 18 14:19:06.539835 dv-cinder-797608-58-iscsi devstack@c-api.service[110835]: /usr/local/lib/python3.8/dist-packages/oslo_context/context.py:100: DeprecationWarning: Policy enforcement is depending on the value of is_admin. This key is deprecated. Please update your policy file to use the standard policy values.
Jul 18 14:19:06.539835 dv-cinder-797608-58-iscsi devstack@c-api.service[110835]: warnings.warn('Policy enforcement is depending on the value of '
Jul 18 14:19:06.543782 dv-cinder-797608-58-iscsi devstack@c-api.service[110835]: INFO cinder.volume.api [req-0542aa02-a3a9-4a31-93b9-fadd5f744f94 req-d5479a63-ca5c-49c2-8fd7-55cae01565d2 tempest-VolumesSnapshotsTestJSON-420371881 tempest-VolumesSnapshotsTestJSON-420371881-project] Snapshot retrieved successfully.
Jul 18 14:19:06.549841 dv-cinder-797608-58-iscsi devstack@c-api.service[110835]: INFO cinder.api.openstack.wsgi [req-0542aa02-a3a9-4a31-93b9-fadd5f744f94 req-d5479a63-ca5c-49c2-8fd7-55cae01565d2 tempest-VolumesSnapshotsTestJSON-420371881 tempest-VolumesSnapshotsTestJSON-420371881-project] http://10.222.0.71/volume/v3/c64ef5c9e4e74877afbe0b977348706e/snapshots/a5b731b4-1023-4195-b2f4-fbd57c62de01 returned with HTTP 200
Jul 18 14:19:06.552134 dv-cinder-797608-58-iscsi devstack@c-api.service[110835]: [pid: 110835|app: 0|req: 11/25] 10.222.0.71 () {60 vars in 1584 bytes} [Mon Jul 18 14:19:06 2022] GET /volume/v3/c64ef5c9e4e74877afbe0b977348706e/snapshots/a5b731b4-1023-4195-b2f4-fbd57c62de01 => generated 442 bytes in 64 msecs (HTTP/1.1 200) 7 headers in 285 bytes (1 switches on core 0)
Jul 18 14:19:06.579078 dv-cinder-797608-58-iscsi devstack@c-api.service[110834]: DEBUG dbcounter [-] [110834] Writing DB stats cinder:SELECT=79,cinder:UPDATE=11,cinder:INSERT=10 {{(pid=110834) stat_writer /usr/local/lib/python3.8/dist-packages/dbcounter.py:114}}
Jul 18 14:19:06.599019 dv-cinder-797608-58-iscsi devstack@c-api.service[110834]: DEBUG cinder.volume.api [None req-796f5e27-5919-48c7-9e8a-7e7ce019af96 tempest-GroupSnapshotsV319Test-1285157896 tempest-GroupSnapshotsV319Test-1285157896-project] Task 'cinder.volume.flows.api.create_volume.QuotaCommitTask;volume:create' (123aba48-6913-4359-95d6-d35bef883f2e) transitioned into state 'SUCCESS' from state 'RUNNING' with result '{'volume_properties': VolumeProperties(attach_status='detached',availability_zone='nova',cgsnapshot_id=None,consistencygroup_id=None,display_description=None,display_name='tempest-GroupSnapshotsV319Test-Volume-1825319661',encryption_key_id=None,group_id=f36075e0-8187-45e2-a03f-49e38fd5885c,group_type_id=,metadata={},multiattach=False,project_id='b2c6da087ce74a1d8ef8cbad1d1506ae',qos_specs=None,replication_status=,reservations=['c20e3375-c594-42a2-84b1-c5d8e53b2d0e','d06e13db-d3e1-4c7b-95d7-725f0baee227','6ad5788e-cdce-4e95-bcd5-734f914bbed5','e2fbf565-fee9-4388-bfc4-3f10a95994dc'],size=1,snapshot_id=None,source_replicaid=,source_volid=None,status='creating',user_id='4234cd5ae2484fcc85c1e73b09af992b',volume_type_id=7c6696ad-7380-4a31-9914-fa8519639f7b)}' {{(pid=110834) _task_receiver /usr/local/lib/python3.8/dist-packages/taskflow/listeners/logging.py:178}}
Jul 18 14:19:06.599490 dv-cinder-797608-58-iscsi devstack@c-api.service[110835]: DEBUG cinder.api.middleware.request_id [req-156d1c5e-8d92-4d74-b000-2b4d4e9e8e38 req-51708e2f-b0f2-46ee-8f8c-c12cd3a8f9c9 None None] RequestId filter calling following filter/app {{(pid=110835) _context_setter /opt/stack/cinder/cinder/api/middleware/request_id.py:62}}
Jul 18 14:19:06.601276 dv-cinder-797608-58-iscsi devstack@c-api.service[110834]: DEBUG cinder.volume.api [None req-796f5e27-5919-48c7-9e8a-7e7ce019af96 tempest-GroupSnapshotsV319Test-1285157896 tempest-GroupSnapshotsV319Test-1285157896-project] Task 'cinder.volume.flows.api.create_volume.VolumeCastTask;volume:create' (5465fe61-0f7c-493f-8e90-6713131dbf0f) transitioned into state 'RUNNING' from state 'PENDING' {{(pid=110834) _task_receiver /usr/local/lib/python3.8/dist-packages/taskflow/listeners/logging.py:190}}
Jul 18 14:19:06.604359 dv-cinder-797608-58-iscsi devstack@c-api.service[110835]: INFO cinder.api.openstack.wsgi [req-156d1c5e-8d92-4d74-b000-2b4d4e9e8e38 req-51708e2f-b0f2-46ee-8f8c-c12cd3a8f9c9 tempest-VolumesSnapshotsTestJSON-420371881 tempest-VolumesSnapshotsTestJSON-420371881-project] GET http://10.222.0.71/volume/v3/c64ef5c9e4e74877afbe0b977348706e/snapshots/detail
Jul 18 14:19:06.604884 dv-cinder-797608-58-iscsi devstack@c-api.service[110835]: DEBUG cinder.api.openstack.wsgi [req-156d1c5e-8d92-4d74-b000-2b4d4e9e8e38 req-51708e2f-b0f2-46ee-8f8c-c12cd3a8f9c9 tempest-VolumesSnapshotsTestJSON-420371881 tempest-VolumesSnapshotsTestJSON-420371881-project] Empty body provided in request {{(pid=110835) get_body /opt/stack/cinder/cinder/api/openstack/wsgi.py:715}}
Jul 18 14:19:06.605406 dv-cinder-797608-58-iscsi devstack@c-api.service[110835]: DEBUG cinder.api.openstack.wsgi [req-156d1c5e-8d92-4d74-b000-2b4d4e9e8e38 req-51708e2f-b0f2-46ee-8f8c-c12cd3a8f9c9 tempest-VolumesSnapshotsTestJSON-420371881 tempest-VolumesSnapshotsTestJSON-420371881-project] Calling method 'detail' {{(pid=110835) _process_stack /opt/stack/cinder/cinder/api/openstack/wsgi.py:868}}
Jul 18 14:19:06.606121 dv-cinder-797608-58-iscsi devstack@c-api.service[110835]: DEBUG cinder.api.api_utils [req-156d1c5e-8d92-4d74-b000-2b4d4e9e8e38 req-51708e2f-b0f2-46ee-8f8c-c12cd3a8f9c9 tempest-VolumesSnapshotsTestJSON-420371881 tempest-VolumesSnapshotsTestJSON-420371881-project] Removing options '' from query. {{(pid=110835) remove_invalid_filter_options /opt/stack/cinder/cinder/api/api_utils.py:83}}
Jul 18 14:19:06.611303 dv-cinder-797608-58-iscsi devstack@c-api.service[110835]: DEBUG cinder.db.sqlalchemy.api [req-156d1c5e-8d92-4d74-b000-2b4d4e9e8e38 req-51708e2f-b0f2-46ee-8f8c-c12cd3a8f9c9 tempest-VolumesSnapshotsTestJSON-420371881 tempest-VolumesSnapshotsTestJSON-420371881-project] Building query based on filter {{(pid=110835) _process_snaps_filters /opt/stack/cinder/cinder/db/sqlalchemy/api.py:3887}}
Jul 18 14:19:06.657154 dv-cinder-797608-58-iscsi devstack@c-api.service[110834]: DEBUG cinder.volume.api [None req-796f5e27-5919-48c7-9e8a-7e7ce019af96 tempest-GroupSnapshotsV319Test-1285157896 tempest-GroupSnapshotsV319Test-1285157896-project] Task 'cinder.volume.flows.api.create_volume.VolumeCastTask;volume:create' (5465fe61-0f7c-493f-8e90-6713131dbf0f) transitioned into state 'SUCCESS' from state 'RUNNING' with result 'None' {{(pid=110834) _task_receiver /usr/local/lib/python3.8/dist-packages/taskflow/listeners/logging.py:178}}
Jul 18 14:19:06.660692 dv-cinder-797608-58-iscsi devstack@c-api.service[110834]: DEBUG cinder.volume.api [None req-796f5e27-5919-48c7-9e8a-7e7ce019af96 tempest-GroupSnapshotsV319Test-1285157896 tempest-GroupSnapshotsV319Test-1285157896-project] Flow 'volume_create_api' (abab877b-7c79-47c1-af00-cd70f052a4db) transitioned into state 'SUCCESS' from state 'RUNNING' {{(pid=110834) _flow_receiver /usr/local/lib/python3.8/dist-packages/taskflow/listeners/logging.py:141}}
Jul 18 14:19:06.661608 dv-cinder-797608-58-iscsi devstack@c-api.service[110834]: INFO cinder.volume.api [None req-796f5e27-5919-48c7-9e8a-7e7ce019af96 tempest-GroupSnapshotsV319Test-1285157896 tempest-GroupSnapshotsV319Test-1285157896-project] Create volume request issued successfully.
Jul 18 14:19:06.663761 dv-cinder-797608-58-iscsi devstack@c-api.service[110834]: WARNING stevedore.named [None req-796f5e27-5919-48c7-9e8a-7e7ce019af96 tempest-GroupSnapshotsV319Test-1285157896 tempest-GroupSnapshotsV319Test-1285157896-project] Could not load cinder.keymgr.conf_key_mgr.ConfKeyManager
Jul 18 14:19:06.664586 dv-cinder-797608-58-iscsi devstack@c-api.service[110835]: INFO cinder.volume.api [req-156d1c5e-8d92-4d74-b000-2b4d4e9e8e38 req-51708e2f-b0f2-46ee-8f8c-c12cd3a8f9c9 tempest-VolumesSnapshotsTestJSON-420371881 tempest-VolumesSnapshotsTestJSON-420371881-project] Get all snapshots completed successfully.
Jul 18 14:19:06.665143 dv-cinder-797608-58-iscsi devstack@c-api.service[110834]: WARNING castellan.key_manager [None req-796f5e27-5919-48c7-9e8a-7e7ce019af96 tempest-GroupSnapshotsV319Test-1285157896 tempest-GroupSnapshotsV319Test-1285157896-project] Deprecation Warning : cinder.keymgr.conf_key_mgr.ConfKeyManager is not a stevedore based driver, trying to load it as a class: stevedore.exception.NoMatches: No 'castellan.drivers' driver found, looking for 'cinder.keymgr.conf_key_mgr.ConfKeyManager'
Jul 18 14:19:06.666397 dv-cinder-797608-58-iscsi devstack@c-api.service[110835]: /usr/local/lib/python3.8/dist-packages/oslo_context/context.py:100: DeprecationWarning: Policy enforcement is depending on the value of is_admin. This key is deprecated. Please update your policy file to use the standard policy values.
Jul 18 14:19:06.666397 dv-cinder-797608-58-iscsi devstack@c-api.service[110835]: warnings.warn('Policy enforcement is depending on the value of '
Jul 18 14:19:06.670601 dv-cinder-797608-58-iscsi devstack@c-api.service[110835]: INFO cinder.api.openstack.wsgi [req-156d1c5e-8d92-4d74-b000-2b4d4e9e8e38 req-51708e2f-b0f2-46ee-8f8c-c12cd3a8f9c9 tempest-VolumesSnapshotsTestJSON-420371881 tempest-VolumesSnapshotsTestJSON-420371881-project] http://10.222.0.71/volume/v3/c64ef5c9e4e74877afbe0b977348706e/snapshots/detail returned with HTTP 200
Jul 18 14:19:06.673649 dv-cinder-797608-58-iscsi devstack@c-api.service[110835]: [pid: 110835|app: 0|req: 12/26] 10.222.0.71 () {60 vars in 1494 bytes} [Mon Jul 18 14:19:06 2022] GET /volume/v3/c64ef5c9e4e74877afbe0b977348706e/snapshots/detail => generated 445 bytes in 75 msecs (HTTP/1.1 200) 7 headers in 285 bytes (2 switches on core 0)
Jul 18 14:19:06.690544 dv-cinder-797608-58-iscsi devstack@c-api.service[110834]: DEBUG oslo_db.sqlalchemy.engines [None req-796f5e27-5919-48c7-9e8a-7e7ce019af96 tempest-GroupSnapshotsV319Test-1285157896 tempest-GroupSnapshotsV319Test-1285157896-project] MySQL server mode set to STRICT_TRANS_TABLES,STRICT_ALL_TABLES,NO_ZERO_IN_DATE,NO_ZERO_DATE,ERROR_FOR_DIVISION_BY_ZERO,TRADITIONAL,NO_ENGINE_SUBSTITUTION {{(pid=110834) _check_effective_sql_mode /usr/local/lib/python3.8/dist-packages/oslo_db/sqlalchemy/engines.py:314}}
Jul 18 14:19:06.703161 dv-cinder-797608-58-iscsi devstack@c-api.service[110834]: /usr/local/lib/python3.8/dist-packages/oslo_context/context.py:100: DeprecationWarning: Policy enforcement is depending on the value of is_admin. This key is deprecated. Please update your policy file to use the standard policy values.
Jul 18 14:19:06.703161 dv-cinder-797608-58-iscsi devstack@c-api.service[110834]: warnings.warn('Policy enforcement is depending on the value of '
Jul 18 14:19:06.713434 dv-cinder-797608-58-iscsi devstack@c-api.service[110835]: DEBUG cinder.api.middleware.request_id [req-4e96209d-65e7-4698-8e81-866b0b1e6e74 req-d9e9eec7-0d25-4f95-a1c5-f52be274dae3 None None] RequestId filter calling following filter/app {{(pid=110835) _context_setter /opt/stack/cinder/cinder/api/middleware/request_id.py:62}}
Jul 18 14:19:06.717082 dv-cinder-797608-58-iscsi devstack@c-api.service[110834]: INFO cinder.api.openstack.wsgi [None req-796f5e27-5919-48c7-9e8a-7e7ce019af96 tempest-GroupSnapshotsV319Test-1285157896 tempest-GroupSnapshotsV319Test-1285157896-project] http://10.222.0.71/volume/v3/b2c6da087ce74a1d8ef8cbad1d1506ae/volumes returned with HTTP 202
Jul 18 14:19:06.718341 dv-cinder-797608-58-iscsi devstack@c-api.service[110834]: [pid: 110834|app: 0|req: 15/27] 10.222.0.71 () {62 vars in 1276 bytes} [Mon Jul 18 14:19:05 2022] POST /volume/v3/b2c6da087ce74a1d8ef8cbad1d1506ae/volumes => generated 916 bytes in 771 msecs (HTTP/1.1 202) 7 headers in 292 bytes (1 switches on core 0)
Jul 18 14:19:06.719885 dv-cinder-797608-58-iscsi devstack@c-api.service[110835]: INFO cinder.api.openstack.wsgi [req-4e96209d-65e7-4698-8e81-866b0b1e6e74 req-d9e9eec7-0d25-4f95-a1c5-f52be274dae3 tempest-VolumesSnapshotsTestJSON-420371881 tempest-VolumesSnapshotsTestJSON-420371881-project] GET http://10.222.0.71/volume/v3/c64ef5c9e4e74877afbe0b977348706e/snapshots/a5b731b4-1023-4195-b2f4-fbd57c62de01
Jul 18 14:19:06.720363 dv-cinder-797608-58-iscsi devstack@c-api.service[110835]: DEBUG cinder.api.openstack.wsgi [req-4e96209d-65e7-4698-8e81-866b0b1e6e74 req-d9e9eec7-0d25-4f95-a1c5-f52be274dae3 tempest-VolumesSnapshotsTestJSON-420371881 tempest-VolumesSnapshotsTestJSON-420371881-project] Empty body provided in request {{(pid=110835) get_body /opt/stack/cinder/cinder/api/openstack/wsgi.py:715}}
Jul 18 14:19:06.721127 dv-cinder-797608-58-iscsi devstack@c-api.service[110835]: DEBUG cinder.api.openstack.wsgi [req-4e96209d-65e7-4698-8e81-866b0b1e6e74 req-d9e9eec7-0d25-4f95-a1c5-f52be274dae3 tempest-VolumesSnapshotsTestJSON-420371881 tempest-VolumesSnapshotsTestJSON-420371881-project] Calling method 'show' {{(pid=110835) _process_stack /opt/stack/cinder/cinder/api/openstack/wsgi.py:868}}
Jul 18 14:19:06.730515 dv-cinder-797608-58-iscsi devstack@c-api.service[110834]: DEBUG cinder.api.middleware.request_id [None req-e297dcf7-cefc-425b-99d3-7be44b9fd468 None None] RequestId filter calling following filter/app {{(pid=110834) _context_setter /opt/stack/cinder/cinder/api/middleware/request_id.py:62}}
Jul 18 14:19:06.735072 dv-cinder-797608-58-iscsi devstack@c-api.service[110834]: INFO cinder.api.openstack.wsgi [None req-e297dcf7-cefc-425b-99d3-7be44b9fd468 tempest-GroupSnapshotsV319Test-1285157896 tempest-GroupSnapshotsV319Test-1285157896-project] GET http://10.222.0.71/volume/v3/b2c6da087ce74a1d8ef8cbad1d1506ae/volumes/8932cf4a-0808-4ec6-a969-3c4c780a4516
Jul 18 14:19:06.735592 dv-cinder-797608-58-iscsi devstack@c-api.service[110834]: DEBUG cinder.api.openstack.wsgi [None req-e297dcf7-cefc-425b-99d3-7be44b9fd468 tempest-GroupSnapshotsV319Test-1285157896 tempest-GroupSnapshotsV319Test-1285157896-project] Empty body provided in request {{(pid=110834) get_body /opt/stack/cinder/cinder/api/openstack/wsgi.py:715}}
Jul 18 14:19:06.736061 dv-cinder-797608-58-iscsi devstack@c-api.service[110834]: DEBUG cinder.api.openstack.wsgi [None req-e297dcf7-cefc-425b-99d3-7be44b9fd468 tempest-GroupSnapshotsV319Test-1285157896 tempest-GroupSnapshotsV319Test-1285157896-project] Calling method 'show' {{(pid=110834) _process_stack /opt/stack/cinder/cinder/api/openstack/wsgi.py:868}}
Jul 18 14:19:06.753901 dv-cinder-797608-58-iscsi devstack@c-api.service[110834]: /usr/local/lib/python3.8/dist-packages/oslo_context/context.py:100: DeprecationWarning: Policy enforcement is depending on the value of is_admin. This key is deprecated. Please update your policy file to use the standard policy values.
Jul 18 14:19:06.753901 dv-cinder-797608-58-iscsi devstack@c-api.service[110834]: warnings.warn('Policy enforcement is depending on the value of '
Jul 18 14:19:06.764291 dv-cinder-797608-58-iscsi devstack@c-api.service[110835]: /usr/local/lib/python3.8/dist-packages/oslo_context/context.py:100: DeprecationWarning: Policy enforcement is depending on the value of is_admin. This key is deprecated. Please update your policy file to use the standard policy values.
Jul 18 14:19:06.764291 dv-cinder-797608-58-iscsi devstack@c-api.service[110835]: warnings.warn('Policy enforcement is depending on the value of '
Jul 18 14:19:06.765401 dv-cinder-797608-58-iscsi devstack@c-api.service[110835]: INFO cinder.volume.api [req-4e96209d-65e7-4698-8e81-866b0b1e6e74 req-d9e9eec7-0d25-4f95-a1c5-f52be274dae3 tempest-VolumesSnapshotsTestJSON-420371881 tempest-VolumesSnapshotsTestJSON-420371881-project] Snapshot retrieved successfully.
Jul 18 14:19:06.772911 dv-cinder-797608-58-iscsi devstack@c-api.service[110835]: INFO cinder.api.openstack.wsgi [req-4e96209d-65e7-4698-8e81-866b0b1e6e74 req-d9e9eec7-0d25-4f95-a1c5-f52be274dae3 tempest-VolumesSnapshotsTestJSON-420371881 tempest-VolumesSnapshotsTestJSON-420371881-project] http://10.222.0.71/volume/v3/c64ef5c9e4e74877afbe0b977348706e/snapshots/a5b731b4-1023-4195-b2f4-fbd57c62de01 returned with HTTP 200
Jul 18 14:19:06.775425 dv-cinder-797608-58-iscsi devstack@c-api.service[110835]: [pid: 110835|app: 0|req: 13/28] 10.222.0.71 () {60 vars in 1584 bytes} [Mon Jul 18 14:19:06 2022] GET /volume/v3/c64ef5c9e4e74877afbe0b977348706e/snapshots/a5b731b4-1023-4195-b2f4-fbd57c62de01 => generated 442 bytes in 62 msecs (HTTP/1.1 200) 7 headers in 285 bytes (2 switches on core 0)
Jul 18 14:19:06.777022 dv-cinder-797608-58-iscsi devstack@c-api.service[110834]: INFO cinder.volume.api [None req-e297dcf7-cefc-425b-99d3-7be44b9fd468 tempest-GroupSnapshotsV319Test-1285157896 tempest-GroupSnapshotsV319Test-1285157896-project] Volume info retrieved successfully.
Jul 18 14:19:06.781389 dv-cinder-797608-58-iscsi devstack@c-api.service[110834]: WARNING stevedore.named [None req-e297dcf7-cefc-425b-99d3-7be44b9fd468 tempest-GroupSnapshotsV319Test-1285157896 tempest-GroupSnapshotsV319Test-1285157896-project] Could not load cinder.keymgr.conf_key_mgr.ConfKeyManager
Jul 18 14:19:06.781389 dv-cinder-797608-58-iscsi devstack@c-api.service[110834]: WARNING castellan.key_manager [None req-e297dcf7-cefc-425b-99d3-7be44b9fd468 tempest-GroupSnapshotsV319Test-1285157896 tempest-GroupSnapshotsV319Test-1285157896-project] Deprecation Warning : cinder.keymgr.conf_key_mgr.ConfKeyManager is not a stevedore based driver, trying to load it as a class: stevedore.exception.NoMatches: No 'castellan.drivers' driver found, looking for 'cinder.keymgr.conf_key_mgr.ConfKeyManager'
Jul 18 14:19:06.801371 dv-cinder-797608-58-iscsi devstack@c-api.service[110834]: DEBUG oslo_db.sqlalchemy.engines [None req-e297dcf7-cefc-425b-99d3-7be44b9fd468 tempest-GroupSnapshotsV319Test-1285157896 tempest-GroupSnapshotsV319Test-1285157896-project] MySQL server mode set to STRICT_TRANS_TABLES,STRICT_ALL_TABLES,NO_ZERO_IN_DATE,NO_ZERO_DATE,ERROR_FOR_DIVISION_BY_ZERO,TRADITIONAL,NO_ENGINE_SUBSTITUTION {{(pid=110834) _check_effective_sql_mode /usr/local/lib/python3.8/dist-packages/oslo_db/sqlalchemy/engines.py:314}}
Jul 18 14:19:06.821459 dv-cinder-797608-58-iscsi devstack@c-api.service[110834]: /usr/local/lib/python3.8/dist-packages/oslo_context/context.py:100: DeprecationWarning: Policy enforcement is depending on the value of is_admin. This key is deprecated. Please update your policy file to use the standard policy values.
Jul 18 14:19:06.821459 dv-cinder-797608-58-iscsi devstack@c-api.service[110834]: warnings.warn('Policy enforcement is depending on the value of '
Jul 18 14:19:06.861071 dv-cinder-797608-58-iscsi devstack@c-api.service[110834]: INFO cinder.api.openstack.wsgi [None req-e297dcf7-cefc-425b-99d3-7be44b9fd468 tempest-GroupSnapshotsV319Test-1285157896 tempest-GroupSnapshotsV319Test-1285157896-project] http://10.222.0.71/volume/v3/b2c6da087ce74a1d8ef8cbad1d1506ae/volumes/8932cf4a-0808-4ec6-a969-3c4c780a4516 returned with HTTP 200
Jul 18 14:19:06.862550 dv-cinder-797608-58-iscsi devstack@c-api.service[110834]: [pid: 110834|app: 0|req: 16/29] 10.222.0.71 () {60 vars in 1365 bytes} [Mon Jul 18 14:19:06 2022] GET /volume/v3/b2c6da087ce74a1d8ef8cbad1d1506ae/volumes/8932cf4a-0808-4ec6-a969-3c4c780a4516 => generated 984 bytes in 133 msecs (HTTP/1.1 200) 7 headers in 286 bytes (1 switches on core 0)
Jul 18 14:19:07.799926 dv-cinder-797608-58-iscsi devstack@c-api.service[110835]: DEBUG cinder.api.middleware.request_id [req-345bcdde-8e42-451d-8b31-190d6a87a744 req-3cc2381f-675a-43c2-908a-3ff586a4110e None None] RequestId filter calling following filter/app {{(pid=110835) _context_setter /opt/stack/cinder/cinder/api/middleware/request_id.py:62}}
Jul 18 14:19:07.814419 dv-cinder-797608-58-iscsi devstack@c-api.service[110835]: INFO cinder.api.openstack.wsgi [req-345bcdde-8e42-451d-8b31-190d6a87a744 req-3cc2381f-675a-43c2-908a-3ff586a4110e tempest-VolumesSnapshotsTestJSON-420371881 tempest-VolumesSnapshotsTestJSON-420371881-project] GET http://10.222.0.71/volume/v3/c64ef5c9e4e74877afbe0b977348706e/snapshots/a5b731b4-1023-4195-b2f4-fbd57c62de01
Jul 18 14:19:07.815380 dv-cinder-797608-58-iscsi devstack@c-api.service[110835]: DEBUG cinder.api.openstack.wsgi [req-345bcdde-8e42-451d-8b31-190d6a87a744 req-3cc2381f-675a-43c2-908a-3ff586a4110e tempest-VolumesSnapshotsTestJSON-420371881 tempest-VolumesSnapshotsTestJSON-420371881-project] Empty body provided in request {{(pid=110835) get_body /opt/stack/cinder/cinder/api/openstack/wsgi.py:715}}
Jul 18 14:19:07.816464 dv-cinder-797608-58-iscsi devstack@c-api.service[110835]: DEBUG cinder.api.openstack.wsgi [req-345bcdde-8e42-451d-8b31-190d6a87a744 req-3cc2381f-675a-43c2-908a-3ff586a4110e tempest-VolumesSnapshotsTestJSON-420371881 tempest-VolumesSnapshotsTestJSON-420371881-project] Calling method 'show' {{(pid=110835) _process_stack /opt/stack/cinder/cinder/api/openstack/wsgi.py:868}}
Jul 18 14:19:07.854286 dv-cinder-797608-58-iscsi devstack@c-api.service[110835]: /usr/local/lib/python3.8/dist-packages/oslo_context/context.py:100: DeprecationWarning: Policy enforcement is depending on the value of is_admin. This key is deprecated. Please update your policy file to use the standard policy values.
Jul 18 14:19:07.854286 dv-cinder-797608-58-iscsi devstack@c-api.service[110835]: warnings.warn('Policy enforcement is depending on the value of '
Jul 18 14:19:07.855940 dv-cinder-797608-58-iscsi devstack@c-api.service[110835]: INFO cinder.volume.api [req-345bcdde-8e42-451d-8b31-190d6a87a744 req-3cc2381f-675a-43c2-908a-3ff586a4110e tempest-VolumesSnapshotsTestJSON-420371881 tempest-VolumesSnapshotsTestJSON-420371881-project] Snapshot retrieved successfully.
Jul 18 14:19:07.858067 dv-cinder-797608-58-iscsi devstack@c-api.service[110835]: INFO cinder.api.openstack.wsgi [req-345bcdde-8e42-451d-8b31-190d6a87a744 req-3cc2381f-675a-43c2-908a-3ff586a4110e tempest-VolumesSnapshotsTestJSON-420371881 tempest-VolumesSnapshotsTestJSON-420371881-project] http://10.222.0.71/volume/v3/c64ef5c9e4e74877afbe0b977348706e/snapshots/a5b731b4-1023-4195-b2f4-fbd57c62de01 returned with HTTP 200
Jul 18 14:19:07.862788 dv-cinder-797608-58-iscsi devstack@c-api.service[110835]: [pid: 110835|app: 0|req: 14/30] 10.222.0.71 () {60 vars in 1584 bytes} [Mon Jul 18 14:19:07 2022] GET /volume/v3/c64ef5c9e4e74877afbe0b977348706e/snapshots/a5b731b4-1023-4195-b2f4-fbd57c62de01 => generated 442 bytes in 65 msecs (HTTP/1.1 200) 7 headers in 285 bytes (1 switches on core 0)
Jul 18 14:19:07.875682 dv-cinder-797608-58-iscsi devstack@c-api.service[110834]: DEBUG cinder.api.middleware.request_id [None req-4d526a2a-8706-474a-84bb-bda143eadda2 None None] RequestId filter calling following filter/app {{(pid=110834) _context_setter /opt/stack/cinder/cinder/api/middleware/request_id.py:62}}
Jul 18 14:19:07.880804 dv-cinder-797608-58-iscsi devstack@c-api.service[110834]: INFO cinder.api.openstack.wsgi [None req-4d526a2a-8706-474a-84bb-bda143eadda2 tempest-GroupSnapshotsV319Test-1285157896 tempest-GroupSnapshotsV319Test-1285157896-project] GET http://10.222.0.71/volume/v3/b2c6da087ce74a1d8ef8cbad1d1506ae/volumes/8932cf4a-0808-4ec6-a969-3c4c780a4516
Jul 18 14:19:07.881315 dv-cinder-797608-58-iscsi devstack@c-api.service[110834]: DEBUG cinder.api.openstack.wsgi [None req-4d526a2a-8706-474a-84bb-bda143eadda2 tempest-GroupSnapshotsV319Test-1285157896 tempest-GroupSnapshotsV319Test-1285157896-project] Empty body provided in request {{(pid=110834) get_body /opt/stack/cinder/cinder/api/openstack/wsgi.py:715}}
Jul 18 14:19:07.881806 dv-cinder-797608-58-iscsi devstack@c-api.service[110834]: DEBUG cinder.api.openstack.wsgi [None req-4d526a2a-8706-474a-84bb-bda143eadda2 tempest-GroupSnapshotsV319Test-1285157896 tempest-GroupSnapshotsV319Test-1285157896-project] Calling method 'show' {{(pid=110834) _process_stack /opt/stack/cinder/cinder/api/openstack/wsgi.py:868}}
Jul 18 14:19:07.907079 dv-cinder-797608-58-iscsi devstack@c-api.service[110834]: /usr/local/lib/python3.8/dist-packages/oslo_context/context.py:100: DeprecationWarning: Policy enforcement is depending on the value of is_admin. This key is deprecated. Please update your policy file to use the standard policy values.
Jul 18 14:19:07.907079 dv-cinder-797608-58-iscsi devstack@c-api.service[110834]: warnings.warn('Policy enforcement is depending on the value of '
Jul 18 14:19:07.921511 dv-cinder-797608-58-iscsi devstack@c-api.service[110834]: INFO cinder.volume.api [None req-4d526a2a-8706-474a-84bb-bda143eadda2 tempest-GroupSnapshotsV319Test-1285157896 tempest-GroupSnapshotsV319Test-1285157896-project] Volume info retrieved successfully.
Jul 18 14:19:07.926595 dv-cinder-797608-58-iscsi devstack@c-api.service[110834]: WARNING stevedore.named [None req-4d526a2a-8706-474a-84bb-bda143eadda2 tempest-GroupSnapshotsV319Test-1285157896 tempest-GroupSnapshotsV319Test-1285157896-project] Could not load cinder.keymgr.conf_key_mgr.ConfKeyManager
Jul 18 14:19:07.927201 dv-cinder-797608-58-iscsi devstack@c-api.service[110834]: WARNING castellan.key_manager [None req-4d526a2a-8706-474a-84bb-bda143eadda2 tempest-GroupSnapshotsV319Test-1285157896 tempest-GroupSnapshotsV319Test-1285157896-project] Deprecation Warning : cinder.keymgr.conf_key_mgr.ConfKeyManager is not a stevedore based driver, trying to load it as a class: stevedore.exception.NoMatches: No 'castellan.drivers' driver found, looking for 'cinder.keymgr.conf_key_mgr.ConfKeyManager'
Jul 18 14:19:07.949393 dv-cinder-797608-58-iscsi devstack@c-api.service[110834]: DEBUG oslo_db.sqlalchemy.engines [None req-4d526a2a-8706-474a-84bb-bda143eadda2 tempest-GroupSnapshotsV319Test-1285157896 tempest-GroupSnapshotsV319Test-1285157896-project] MySQL server mode set to STRICT_TRANS_TABLES,STRICT_ALL_TABLES,NO_ZERO_IN_DATE,NO_ZERO_DATE,ERROR_FOR_DIVISION_BY_ZERO,TRADITIONAL,NO_ENGINE_SUBSTITUTION {{(pid=110834) _check_effective_sql_mode /usr/local/lib/python3.8/dist-packages/oslo_db/sqlalchemy/engines.py:314}}
Jul 18 14:19:07.961781 dv-cinder-797608-58-iscsi devstack@c-api.service[110834]: /usr/local/lib/python3.8/dist-packages/oslo_context/context.py:100: DeprecationWarning: Policy enforcement is depending on the value of is_admin. This key is deprecated. Please update your policy file to use the standard policy values.
Jul 18 14:19:07.961781 dv-cinder-797608-58-iscsi devstack@c-api.service[110834]: warnings.warn('Policy enforcement is depending on the value of '
Jul 18 14:19:07.991490 dv-cinder-797608-58-iscsi devstack@c-api.service[110834]: INFO cinder.api.openstack.wsgi [None req-4d526a2a-8706-474a-84bb-bda143eadda2 tempest-GroupSnapshotsV319Test-1285157896 tempest-GroupSnapshotsV319Test-1285157896-project] http://10.222.0.71/volume/v3/b2c6da087ce74a1d8ef8cbad1d1506ae/volumes/8932cf4a-0808-4ec6-a969-3c4c780a4516 returned with HTTP 200
Jul 18 14:19:07.992854 dv-cinder-797608-58-iscsi devstack@c-api.service[110834]: [pid: 110834|app: 0|req: 17/31] 10.222.0.71 () {60 vars in 1365 bytes} [Mon Jul 18 14:19:07 2022] GET /volume/v3/b2c6da087ce74a1d8ef8cbad1d1506ae/volumes/8932cf4a-0808-4ec6-a969-3c4c780a4516 => generated 1008 bytes in 118 msecs (HTTP/1.1 200) 7 headers in 287 bytes (1 switches on core 0)
Jul 18 14:19:08.893776 dv-cinder-797608-58-iscsi devstack@c-api.service[110835]: DEBUG cinder.api.middleware.request_id [req-e0c8ce1d-0f17-4f89-a022-08608e2c4113 req-6ad06b31-c100-45fb-9f05-9f415372b02c None None] RequestId filter calling following filter/app {{(pid=110835) _context_setter /opt/stack/cinder/cinder/api/middleware/request_id.py:62}}
Jul 18 14:19:08.900974 dv-cinder-797608-58-iscsi devstack@c-api.service[110835]: INFO cinder.api.openstack.wsgi [req-e0c8ce1d-0f17-4f89-a022-08608e2c4113 req-6ad06b31-c100-45fb-9f05-9f415372b02c tempest-VolumesSnapshotsTestJSON-420371881 tempest-VolumesSnapshotsTestJSON-420371881-project] GET http://10.222.0.71/volume/v3/c64ef5c9e4e74877afbe0b977348706e/snapshots/a5b731b4-1023-4195-b2f4-fbd57c62de01
Jul 18 14:19:08.901767 dv-cinder-797608-58-iscsi devstack@c-api.service[110835]: DEBUG cinder.api.openstack.wsgi [req-e0c8ce1d-0f17-4f89-a022-08608e2c4113 req-6ad06b31-c100-45fb-9f05-9f415372b02c tempest-VolumesSnapshotsTestJSON-420371881 tempest-VolumesSnapshotsTestJSON-420371881-project] Empty body provided in request {{(pid=110835) get_body /opt/stack/cinder/cinder/api/openstack/wsgi.py:715}}
Jul 18 14:19:08.902535 dv-cinder-797608-58-iscsi devstack@c-api.service[110835]: DEBUG cinder.api.openstack.wsgi [req-e0c8ce1d-0f17-4f89-a022-08608e2c4113 req-6ad06b31-c100-45fb-9f05-9f415372b02c tempest-VolumesSnapshotsTestJSON-420371881 tempest-VolumesSnapshotsTestJSON-420371881-project] Calling method 'show' {{(pid=110835) _process_stack /opt/stack/cinder/cinder/api/openstack/wsgi.py:868}}
Jul 18 14:19:08.955598 dv-cinder-797608-58-iscsi devstack@c-api.service[110835]: /usr/local/lib/python3.8/dist-packages/oslo_context/context.py:100: DeprecationWarning: Policy enforcement is depending on the value of is_admin. This key is deprecated. Please update your policy file to use the standard policy values.
Jul 18 14:19:08.955598 dv-cinder-797608-58-iscsi devstack@c-api.service[110835]: warnings.warn('Policy enforcement is depending on the value of '
Jul 18 14:19:08.962841 dv-cinder-797608-58-iscsi devstack@c-api.service[110835]: INFO cinder.volume.api [req-e0c8ce1d-0f17-4f89-a022-08608e2c4113 req-6ad06b31-c100-45fb-9f05-9f415372b02c tempest-VolumesSnapshotsTestJSON-420371881 tempest-VolumesSnapshotsTestJSON-420371881-project] Snapshot retrieved successfully.
Jul 18 14:19:08.970257 dv-cinder-797608-58-iscsi devstack@c-api.service[110835]: INFO cinder.api.openstack.wsgi [req-e0c8ce1d-0f17-4f89-a022-08608e2c4113 req-6ad06b31-c100-45fb-9f05-9f415372b02c tempest-VolumesSnapshotsTestJSON-420371881 tempest-VolumesSnapshotsTestJSON-420371881-project] http://10.222.0.71/volume/v3/c64ef5c9e4e74877afbe0b977348706e/snapshots/a5b731b4-1023-4195-b2f4-fbd57c62de01 returned with HTTP 200
Jul 18 14:19:08.976155 dv-cinder-797608-58-iscsi devstack@c-api.service[110835]: [pid: 110835|app: 0|req: 15/32] 10.222.0.71 () {60 vars in 1584 bytes} [Mon Jul 18 14:19:08 2022] GET /volume/v3/c64ef5c9e4e74877afbe0b977348706e/snapshots/a5b731b4-1023-4195-b2f4-fbd57c62de01 => generated 442 bytes in 84 msecs (HTTP/1.1 200) 7 headers in 285 bytes (1 switches on core 0)
Jul 18 14:19:09.006008 dv-cinder-797608-58-iscsi devstack@c-api.service[110834]: DEBUG cinder.api.middleware.request_id [None req-eb7d1264-16de-4d25-b05e-cc5492178f3e None None] RequestId filter calling following filter/app {{(pid=110834) _context_setter /opt/stack/cinder/cinder/api/middleware/request_id.py:62}}
Jul 18 14:19:09.011266 dv-cinder-797608-58-iscsi devstack@c-api.service[110834]: INFO cinder.api.openstack.wsgi [None req-eb7d1264-16de-4d25-b05e-cc5492178f3e tempest-GroupSnapshotsV319Test-1285157896 tempest-GroupSnapshotsV319Test-1285157896-project] GET http://10.222.0.71/volume/v3/b2c6da087ce74a1d8ef8cbad1d1506ae/volumes/8932cf4a-0808-4ec6-a969-3c4c780a4516
Jul 18 14:19:09.012071 dv-cinder-797608-58-iscsi devstack@c-api.service[110834]: DEBUG cinder.api.openstack.wsgi [None req-eb7d1264-16de-4d25-b05e-cc5492178f3e tempest-GroupSnapshotsV319Test-1285157896 tempest-GroupSnapshotsV319Test-1285157896-project] Empty body provided in request {{(pid=110834) get_body /opt/stack/cinder/cinder/api/openstack/wsgi.py:715}}
Jul 18 14:19:09.012745 dv-cinder-797608-58-iscsi devstack@c-api.service[110834]: DEBUG cinder.api.openstack.wsgi [None req-eb7d1264-16de-4d25-b05e-cc5492178f3e tempest-GroupSnapshotsV319Test-1285157896 tempest-GroupSnapshotsV319Test-1285157896-project] Calling method 'show' {{(pid=110834) _process_stack /opt/stack/cinder/cinder/api/openstack/wsgi.py:868}}
Jul 18 14:19:09.047545 dv-cinder-797608-58-iscsi devstack@c-api.service[110834]: /usr/local/lib/python3.8/dist-packages/oslo_context/context.py:100: DeprecationWarning: Policy enforcement is depending on the value of is_admin. This key is deprecated. Please update your policy file to use the standard policy values.
Jul 18 14:19:09.047545 dv-cinder-797608-58-iscsi devstack@c-api.service[110834]: warnings.warn('Policy enforcement is depending on the value of '
Jul 18 14:19:09.062935 dv-cinder-797608-58-iscsi devstack@c-api.service[110834]: INFO cinder.volume.api [None req-eb7d1264-16de-4d25-b05e-cc5492178f3e tempest-GroupSnapshotsV319Test-1285157896 tempest-GroupSnapshotsV319Test-1285157896-project] Volume info retrieved successfully.
Jul 18 14:19:09.067153 dv-cinder-797608-58-iscsi devstack@c-api.service[110834]: WARNING stevedore.named [None req-eb7d1264-16de-4d25-b05e-cc5492178f3e tempest-GroupSnapshotsV319Test-1285157896 tempest-GroupSnapshotsV319Test-1285157896-project] Could not load cinder.keymgr.conf_key_mgr.ConfKeyManager
Jul 18 14:19:09.067762 dv-cinder-797608-58-iscsi devstack@c-api.service[110834]: WARNING castellan.key_manager [None req-eb7d1264-16de-4d25-b05e-cc5492178f3e tempest-GroupSnapshotsV319Test-1285157896 tempest-GroupSnapshotsV319Test-1285157896-project] Deprecation Warning : cinder.keymgr.conf_key_mgr.ConfKeyManager is not a stevedore based driver, trying to load it as a class: stevedore.exception.NoMatches: No 'castellan.drivers' driver found, looking for 'cinder.keymgr.conf_key_mgr.ConfKeyManager'
Jul 18 14:19:09.087836 dv-cinder-797608-58-iscsi devstack@c-api.service[110834]: DEBUG oslo_db.sqlalchemy.engines [None req-eb7d1264-16de-4d25-b05e-cc5492178f3e tempest-GroupSnapshotsV319Test-1285157896 tempest-GroupSnapshotsV319Test-1285157896-project] MySQL server mode set to STRICT_TRANS_TABLES,STRICT_ALL_TABLES,NO_ZERO_IN_DATE,NO_ZERO_DATE,ERROR_FOR_DIVISION_BY_ZERO,TRADITIONAL,NO_ENGINE_SUBSTITUTION {{(pid=110834) _check_effective_sql_mode /usr/local/lib/python3.8/dist-packages/oslo_db/sqlalchemy/engines.py:314}}
Jul 18 14:19:09.101033 dv-cinder-797608-58-iscsi devstack@c-api.service[110834]: /usr/local/lib/python3.8/dist-packages/oslo_context/context.py:100: DeprecationWarning: Policy enforcement is depending on the value of is_admin. This key is deprecated. Please update your policy file to use the standard policy values.
Jul 18 14:19:09.101033 dv-cinder-797608-58-iscsi devstack@c-api.service[110834]: warnings.warn('Policy enforcement is depending on the value of '
Jul 18 14:19:09.140466 dv-cinder-797608-58-iscsi devstack@c-api.service[110834]: INFO cinder.api.openstack.wsgi [None req-eb7d1264-16de-4d25-b05e-cc5492178f3e tempest-GroupSnapshotsV319Test-1285157896 tempest-GroupSnapshotsV319Test-1285157896-project] http://10.222.0.71/volume/v3/b2c6da087ce74a1d8ef8cbad1d1506ae/volumes/8932cf4a-0808-4ec6-a969-3c4c780a4516 returned with HTTP 200
Jul 18 14:19:09.153884 dv-cinder-797608-58-iscsi devstack@c-api.service[110834]: [pid: 110834|app: 0|req: 18/33] 10.222.0.71 () {60 vars in 1365 bytes} [Mon Jul 18 14:19:09 2022] GET /volume/v3/b2c6da087ce74a1d8ef8cbad1d1506ae/volumes/8932cf4a-0808-4ec6-a969-3c4c780a4516 => generated 1008 bytes in 142 msecs (HTTP/1.1 200) 7 headers in 287 bytes (1 switches on core 0)
Jul 18 14:19:10.017607 dv-cinder-797608-58-iscsi devstack@c-api.service[110835]: DEBUG cinder.api.middleware.request_id [req-e4660620-e5e8-4946-ac56-1dcad6b98d3a req-1830f618-8dc1-4bfa-a0ac-fd03e2ecb03c None None] RequestId filter calling following filter/app {{(pid=110835) _context_setter /opt/stack/cinder/cinder/api/middleware/request_id.py:62}}
Jul 18 14:19:10.040444 dv-cinder-797608-58-iscsi devstack@c-api.service[110835]: INFO cinder.api.openstack.wsgi [req-e4660620-e5e8-4946-ac56-1dcad6b98d3a req-1830f618-8dc1-4bfa-a0ac-fd03e2ecb03c tempest-VolumesSnapshotsTestJSON-420371881 tempest-VolumesSnapshotsTestJSON-420371881-project] GET http://10.222.0.71/volume/v3/c64ef5c9e4e74877afbe0b977348706e/snapshots/a5b731b4-1023-4195-b2f4-fbd57c62de01
Jul 18 14:19:10.041649 dv-cinder-797608-58-iscsi devstack@c-api.service[110835]: DEBUG cinder.api.openstack.wsgi [req-e4660620-e5e8-4946-ac56-1dcad6b98d3a req-1830f618-8dc1-4bfa-a0ac-fd03e2ecb03c tempest-VolumesSnapshotsTestJSON-420371881 tempest-VolumesSnapshotsTestJSON-420371881-project] Empty body provided in request {{(pid=110835) get_body /opt/stack/cinder/cinder/api/openstack/wsgi.py:715}}
Jul 18 14:19:10.042835 dv-cinder-797608-58-iscsi devstack@c-api.service[110835]: DEBUG cinder.api.openstack.wsgi [req-e4660620-e5e8-4946-ac56-1dcad6b98d3a req-1830f618-8dc1-4bfa-a0ac-fd03e2ecb03c tempest-VolumesSnapshotsTestJSON-420371881 tempest-VolumesSnapshotsTestJSON-420371881-project] Calling method 'show' {{(pid=110835) _process_stack /opt/stack/cinder/cinder/api/openstack/wsgi.py:868}}
Jul 18 14:19:10.081985 dv-cinder-797608-58-iscsi devstack@c-api.service[110835]: /usr/local/lib/python3.8/dist-packages/oslo_context/context.py:100: DeprecationWarning: Policy enforcement is depending on the value of is_admin. This key is deprecated. Please update your policy file to use the standard policy values.
Jul 18 14:19:10.081985 dv-cinder-797608-58-iscsi devstack@c-api.service[110835]: warnings.warn('Policy enforcement is depending on the value of '
Jul 18 14:19:10.087005 dv-cinder-797608-58-iscsi devstack@c-api.service[110835]: INFO cinder.volume.api [req-e4660620-e5e8-4946-ac56-1dcad6b98d3a req-1830f618-8dc1-4bfa-a0ac-fd03e2ecb03c tempest-VolumesSnapshotsTestJSON-420371881 tempest-VolumesSnapshotsTestJSON-420371881-project] Snapshot retrieved successfully.
Jul 18 14:19:10.097506 dv-cinder-797608-58-iscsi devstack@c-api.service[110835]: INFO cinder.api.openstack.wsgi [req-e4660620-e5e8-4946-ac56-1dcad6b98d3a req-1830f618-8dc1-4bfa-a0ac-fd03e2ecb03c tempest-VolumesSnapshotsTestJSON-420371881 tempest-VolumesSnapshotsTestJSON-420371881-project] http://10.222.0.71/volume/v3/c64ef5c9e4e74877afbe0b977348706e/snapshots/a5b731b4-1023-4195-b2f4-fbd57c62de01 returned with HTTP 200
Jul 18 14:19:10.099055 dv-cinder-797608-58-iscsi devstack@c-api.service[110835]: [pid: 110835|app: 0|req: 16/34] 10.222.0.71 () {60 vars in 1584 bytes} [Mon Jul 18 14:19:10 2022] GET /volume/v3/c64ef5c9e4e74877afbe0b977348706e/snapshots/a5b731b4-1023-4195-b2f4-fbd57c62de01 => generated 442 bytes in 84 msecs (HTTP/1.1 200) 7 headers in 285 bytes (1 switches on core 0)
Jul 18 14:19:10.158331 dv-cinder-797608-58-iscsi devstack@c-api.service[110834]: DEBUG cinder.api.middleware.request_id [None req-2cb64999-15a8-4f26-800f-0bd4df404a58 None None] RequestId filter calling following filter/app {{(pid=110834) _context_setter /opt/stack/cinder/cinder/api/middleware/request_id.py:62}}
Jul 18 14:19:10.164907 dv-cinder-797608-58-iscsi devstack@c-api.service[110834]: INFO cinder.api.openstack.wsgi [None req-2cb64999-15a8-4f26-800f-0bd4df404a58 tempest-GroupSnapshotsV319Test-1285157896 tempest-GroupSnapshotsV319Test-1285157896-project] GET http://10.222.0.71/volume/v3/b2c6da087ce74a1d8ef8cbad1d1506ae/volumes/8932cf4a-0808-4ec6-a969-3c4c780a4516
Jul 18 14:19:10.166007 dv-cinder-797608-58-iscsi devstack@c-api.service[110834]: DEBUG cinder.api.openstack.wsgi [None req-2cb64999-15a8-4f26-800f-0bd4df404a58 tempest-GroupSnapshotsV319Test-1285157896 tempest-GroupSnapshotsV319Test-1285157896-project] Empty body provided in request {{(pid=110834) get_body /opt/stack/cinder/cinder/api/openstack/wsgi.py:715}}
Jul 18 14:19:10.167776 dv-cinder-797608-58-iscsi devstack@c-api.service[110834]: DEBUG cinder.api.openstack.wsgi [None req-2cb64999-15a8-4f26-800f-0bd4df404a58 tempest-GroupSnapshotsV319Test-1285157896 tempest-GroupSnapshotsV319Test-1285157896-project] Calling method 'show' {{(pid=110834) _process_stack /opt/stack/cinder/cinder/api/openstack/wsgi.py:868}}
Jul 18 14:19:10.194483 dv-cinder-797608-58-iscsi devstack@c-api.service[110834]: /usr/local/lib/python3.8/dist-packages/oslo_context/context.py:100: DeprecationWarning: Policy enforcement is depending on the value of is_admin. This key is deprecated. Please update your policy file to use the standard policy values.
Jul 18 14:19:10.194483 dv-cinder-797608-58-iscsi devstack@c-api.service[110834]: warnings.warn('Policy enforcement is depending on the value of '
Jul 18 14:19:10.210267 dv-cinder-797608-58-iscsi devstack@c-api.service[110834]: INFO cinder.volume.api [None req-2cb64999-15a8-4f26-800f-0bd4df404a58 tempest-GroupSnapshotsV319Test-1285157896 tempest-GroupSnapshotsV319Test-1285157896-project] Volume info retrieved successfully.
Jul 18 14:19:10.215028 dv-cinder-797608-58-iscsi devstack@c-api.service[110834]: WARNING stevedore.named [None req-2cb64999-15a8-4f26-800f-0bd4df404a58 tempest-GroupSnapshotsV319Test-1285157896 tempest-GroupSnapshotsV319Test-1285157896-project] Could not load cinder.keymgr.conf_key_mgr.ConfKeyManager
