Jul 18 14:20:32.033604 dv-cinder-797608-58-iscsi devstack@c-api.service[110835]: DEBUG cinder.volume.api [None req-1ab0bc1d-a10d-4038-9094-12eaaf3a768c tempest-VolumesSnapshotTestJSON-171614860 tempest-VolumesSnapshotTestJSON-171614860-project] Task 'cinder.volume.flows.api.create_volume.ExtractVolumeRequestTask;volume:create' (b7d0802f-840a-4cda-ad32-64bdfd266c8b) transitioned into state 'SUCCESS' from state 'RUNNING' with result '{'size': 1, 'snapshot_id': None, 'source_volid': None, 'volume_type': VolumeType(created_at=2022-07-18T14:08:41Z,deleted=False,deleted_at=None,description='Default Volume Type',extra_specs={},id=107a9a17-ad4c-4194-838b-f289c9e13049,is_public=True,name='__DEFAULT__',projects=[],qos_specs=,qos_specs_id=None,updated_at=2022-07-18T14:08:41Z), 'volume_type_id': '107a9a17-ad4c-4194-838b-f289c9e13049', 'encryption_key_id': None, 'qos_specs': None, 'consistencygroup_id': None, 'cgsnapshot_id': None, 'group_id': None, 'replication_status': 'disabled', 'refresh_az': False, 'backup_id': None, 'multiattach': False, 'availability_zones': ['nova']}' {{(pid=110835) _task_receiver /usr/local/lib/python3.8/dist-packages/taskflow/listeners/logging.py:178}}
Jul 18 14:20:32.035628 dv-cinder-797608-58-iscsi devstack@c-api.service[110835]: DEBUG cinder.volume.api [None req-1ab0bc1d-a10d-4038-9094-12eaaf3a768c tempest-VolumesSnapshotTestJSON-171614860 tempest-VolumesSnapshotTestJSON-171614860-project] Task 'cinder.volume.flows.api.create_volume.QuotaReserveTask;volume:create' (b64c5e7d-9c0a-4d92-814f-9f640581c199) transitioned into state 'RUNNING' from state 'PENDING' {{(pid=110835) _task_receiver /usr/local/lib/python3.8/dist-packages/taskflow/listeners/logging.py:190}}
Jul 18 14:20:32.081808 dv-cinder-797608-58-iscsi devstack@c-api.service[110835]: DEBUG dbcounter [-] [110835] Writing DB stats cinder:SELECT=91,cinder:INSERT=1,cinder:UPDATE=8 {{(pid=110835) stat_writer /usr/local/lib/python3.8/dist-packages/dbcounter.py:114}}
Jul 18 14:20:32.110595 dv-cinder-797608-58-iscsi devstack@c-api.service[110835]: DEBUG cinder.quota [None req-1ab0bc1d-a10d-4038-9094-12eaaf3a768c tempest-VolumesSnapshotTestJSON-171614860 tempest-VolumesSnapshotTestJSON-171614860-project] Created reservations ['16c041fa-93b1-41bc-8955-263326f76f4c', 'c453b6b6-0772-4556-93de-f95f54cfc126', 'dc8a0e7b-2c4a-4074-9533-261787095943', '89bd64e4-aab6-4c0b-b1a9-c0df9bcf9af5'] {{(pid=110835) reserve /opt/stack/cinder/cinder/quota.py:755}}
Jul 18 14:20:32.113056 dv-cinder-797608-58-iscsi devstack@c-api.service[110835]: DEBUG cinder.volume.api [None req-1ab0bc1d-a10d-4038-9094-12eaaf3a768c tempest-VolumesSnapshotTestJSON-171614860 tempest-VolumesSnapshotTestJSON-171614860-project] Task 'cinder.volume.flows.api.create_volume.QuotaReserveTask;volume:create' (b64c5e7d-9c0a-4d92-814f-9f640581c199) transitioned into state 'SUCCESS' from state 'RUNNING' with result '{'reservations': ['16c041fa-93b1-41bc-8955-263326f76f4c', 'c453b6b6-0772-4556-93de-f95f54cfc126', 'dc8a0e7b-2c4a-4074-9533-261787095943', '89bd64e4-aab6-4c0b-b1a9-c0df9bcf9af5']}' {{(pid=110835) _task_receiver /usr/local/lib/python3.8/dist-packages/taskflow/listeners/logging.py:178}}
Jul 18 14:20:32.115713 dv-cinder-797608-58-iscsi devstack@c-api.service[110835]: DEBUG cinder.volume.api [None req-1ab0bc1d-a10d-4038-9094-12eaaf3a768c tempest-VolumesSnapshotTestJSON-171614860 tempest-VolumesSnapshotTestJSON-171614860-project] Task 'cinder.volume.flows.api.create_volume.EntryCreateTask;volume:create' (d31bde86-4e55-49cb-b106-d222ce010362) transitioned into state 'RUNNING' from state 'PENDING' {{(pid=110835) _task_receiver /usr/local/lib/python3.8/dist-packages/taskflow/listeners/logging.py:190}}
Jul 18 14:20:32.140869 dv-cinder-797608-58-iscsi devstack@c-api.service[110835]: DEBUG cinder.volume.api [None req-1ab0bc1d-a10d-4038-9094-12eaaf3a768c tempest-VolumesSnapshotTestJSON-171614860 tempest-VolumesSnapshotTestJSON-171614860-project] Task 'cinder.volume.flows.api.create_volume.EntryCreateTask;volume:create' (d31bde86-4e55-49cb-b106-d222ce010362) transitioned into state 'SUCCESS' from state 'RUNNING' with result '{'volume_id': 'b7ce7ed4-ed87-4ee6-b6d8-55adf67c615d', 'volume_properties': VolumeProperties(attach_status='detached',availability_zone='nova',cgsnapshot_id=None,consistencygroup_id=None,display_description=None,display_name='tempest-VolumesSnapshotTestJSON-Volume-619763739',encryption_key_id=None,group_id=None,group_type_id=,metadata={},multiattach=False,project_id='2bba9fd8306e43b6b1cbc2dd4a789736',qos_specs=None,replication_status=,reservations=['16c041fa-93b1-41bc-8955-263326f76f4c','c453b6b6-0772-4556-93de-f95f54cfc126','dc8a0e7b-2c4a-4074-9533-261787095943','89bd64e4-aab6-4c0b-b1a9-c0df9bcf9af5'],size=1,snapshot_id=None,source_replicaid=,source_volid=None,status='creating',user_id='2865db5146784ee188001703d85d8809',volume_type_id=107a9a17-ad4c-4194-838b-f289c9e13049), 'volume': Volume(_name_id=None,admin_metadata=,attach_status='detached',availability_zone='nova',bootable=False,cluster=,cluster_name=None,consistencygroup=,consistencygroup_id=None,created_at=2022-07-18T14:20:32Z,deleted=False,deleted_at=None,display_description=None,display_name='tempest-VolumesSnapshotTestJSON-Volume-619763739',ec2_id=None,encryption_key_id=None,glance_metadata=,group=,group_id=None,host=None,id=b7ce7ed4-ed87-4ee6-b6d8-55adf67c615d,launched_at=None,metadata={},migration_status=None,multiattach=False,previous_status=None,project_id='2bba9fd8306e43b6b1cbc2dd4a789736',provider_auth=None,provider_geometry=None,provider_id=None,provider_location=None,replication_driver_data=None,replication_extended_status=None,replication_status=None,scheduled_at=None,service_uuid=None,shared_targets=True,size=1,snapshot_id=None,snapshots=,source_volid=None,status='creating',terminated_at=None,updated_at=None,use_quota=True,user_id='2865db5146784ee188001703d85d8809',volume_attachment=VolumeAttachmentList,volume_type=VolumeType(107a9a17-ad4c-4194-838b-f289c9e13049),volume_type_id=107a9a17-ad4c-4194-838b-f289c9e13049)}' {{(pid=110835) _task_receiver /usr/local/lib/python3.8/dist-packages/taskflow/listeners/logging.py:178}}
Jul 18 14:20:32.142859 dv-cinder-797608-58-iscsi devstack@c-api.service[110835]: DEBUG cinder.volume.api [None req-1ab0bc1d-a10d-4038-9094-12eaaf3a768c tempest-VolumesSnapshotTestJSON-171614860 tempest-VolumesSnapshotTestJSON-171614860-project] Task 'cinder.volume.flows.api.create_volume.QuotaCommitTask;volume:create' (e0f7f9d3-d21e-4a36-8ca7-1e5941723f71) transitioned into state 'RUNNING' from state 'PENDING' {{(pid=110835) _task_receiver /usr/local/lib/python3.8/dist-packages/taskflow/listeners/logging.py:190}}
Jul 18 14:20:32.169886 dv-cinder-797608-58-iscsi devstack@c-api.service[110835]: DEBUG cinder.volume.api [None req-1ab0bc1d-a10d-4038-9094-12eaaf3a768c tempest-VolumesSnapshotTestJSON-171614860 tempest-VolumesSnapshotTestJSON-171614860-project] Task 'cinder.volume.flows.api.create_volume.QuotaCommitTask;volume:create' (e0f7f9d3-d21e-4a36-8ca7-1e5941723f71) transitioned into state 'SUCCESS' from state 'RUNNING' with result '{'volume_properties': VolumeProperties(attach_status='detached',availability_zone='nova',cgsnapshot_id=None,consistencygroup_id=None,display_description=None,display_name='tempest-VolumesSnapshotTestJSON-Volume-619763739',encryption_key_id=None,group_id=None,group_type_id=,metadata={},multiattach=False,project_id='2bba9fd8306e43b6b1cbc2dd4a789736',qos_specs=None,replication_status=,reservations=['16c041fa-93b1-41bc-8955-263326f76f4c','c453b6b6-0772-4556-93de-f95f54cfc126','dc8a0e7b-2c4a-4074-9533-261787095943','89bd64e4-aab6-4c0b-b1a9-c0df9bcf9af5'],size=1,snapshot_id=None,source_replicaid=,source_volid=None,status='creating',user_id='2865db5146784ee188001703d85d8809',volume_type_id=107a9a17-ad4c-4194-838b-f289c9e13049)}' {{(pid=110835) _task_receiver /usr/local/lib/python3.8/dist-packages/taskflow/listeners/logging.py:178}}
Jul 18 14:20:32.171633 dv-cinder-797608-58-iscsi devstack@c-api.service[110835]: DEBUG cinder.volume.api [None req-1ab0bc1d-a10d-4038-9094-12eaaf3a768c tempest-VolumesSnapshotTestJSON-171614860 tempest-VolumesSnapshotTestJSON-171614860-project] Task 'cinder.volume.flows.api.create_volume.VolumeCastTask;volume:create' (1cc565d7-d0de-40fd-a9aa-35ed8b105385) transitioned into state 'RUNNING' from state 'PENDING' {{(pid=110835) _task_receiver /usr/local/lib/python3.8/dist-packages/taskflow/listeners/logging.py:190}}
Jul 18 14:20:32.187751 dv-cinder-797608-58-iscsi devstack@c-api.service[110835]: DEBUG cinder.volume.api [None req-1ab0bc1d-a10d-4038-9094-12eaaf3a768c tempest-VolumesSnapshotTestJSON-171614860 tempest-VolumesSnapshotTestJSON-171614860-project] Task 'cinder.volume.flows.api.create_volume.VolumeCastTask;volume:create' (1cc565d7-d0de-40fd-a9aa-35ed8b105385) transitioned into state 'SUCCESS' from state 'RUNNING' with result 'None' {{(pid=110835) _task_receiver /usr/local/lib/python3.8/dist-packages/taskflow/listeners/logging.py:178}}
Jul 18 14:20:32.190324 dv-cinder-797608-58-iscsi devstack@c-api.service[110835]: DEBUG cinder.volume.api [None req-1ab0bc1d-a10d-4038-9094-12eaaf3a768c tempest-VolumesSnapshotTestJSON-171614860 tempest-VolumesSnapshotTestJSON-171614860-project] Flow 'volume_create_api' (4b20172d-0373-4cb2-b4a4-83b7318994fb) transitioned into state 'SUCCESS' from state 'RUNNING' {{(pid=110835) _flow_receiver /usr/local/lib/python3.8/dist-packages/taskflow/listeners/logging.py:141}}
Jul 18 14:20:32.191019 dv-cinder-797608-58-iscsi devstack@c-api.service[110835]: INFO cinder.volume.api [None req-1ab0bc1d-a10d-4038-9094-12eaaf3a768c tempest-VolumesSnapshotTestJSON-171614860 tempest-VolumesSnapshotTestJSON-171614860-project] Create volume request issued successfully.
Jul 18 14:20:32.192261 dv-cinder-797608-58-iscsi devstack@c-api.service[110835]: INFO cinder.api.openstack.wsgi [None req-1ab0bc1d-a10d-4038-9094-12eaaf3a768c tempest-VolumesSnapshotTestJSON-171614860 tempest-VolumesSnapshotTestJSON-171614860-project] http://10.222.0.71/volume/v3/2bba9fd8306e43b6b1cbc2dd4a789736/volumes returned with HTTP 202
Jul 18 14:20:32.193372 dv-cinder-797608-58-iscsi devstack@c-api.service[110835]: [pid: 110835|app: 0|req: 219/411] 10.222.0.71 () {60 vars in 1235 bytes} [Mon Jul 18 14:20:31 2022] POST /volume/v3/2bba9fd8306e43b6b1cbc2dd4a789736/volumes => generated 822 bytes in 463 msecs (HTTP/1.1 202) 7 headers in 291 bytes (1 switches on core 0)
Jul 18 14:20:32.208332 dv-cinder-797608-58-iscsi devstack@c-api.service[110834]: DEBUG cinder.api.middleware.request_id [None req-61807f4a-0fab-4af0-a9c5-fd590e2285af None None] RequestId filter calling following filter/app {{(pid=110834) _context_setter /opt/stack/cinder/cinder/api/middleware/request_id.py:62}}
Jul 18 14:20:32.212671 dv-cinder-797608-58-iscsi devstack@c-api.service[110834]: INFO cinder.api.openstack.wsgi [None req-61807f4a-0fab-4af0-a9c5-fd590e2285af tempest-VolumesSnapshotTestJSON-171614860 tempest-VolumesSnapshotTestJSON-171614860-project] GET http://10.222.0.71/volume/v3/2bba9fd8306e43b6b1cbc2dd4a789736/volumes/b7ce7ed4-ed87-4ee6-b6d8-55adf67c615d
Jul 18 14:20:32.213182 dv-cinder-797608-58-iscsi devstack@c-api.service[110834]: DEBUG cinder.api.openstack.wsgi [None req-61807f4a-0fab-4af0-a9c5-fd590e2285af tempest-VolumesSnapshotTestJSON-171614860 tempest-VolumesSnapshotTestJSON-171614860-project] Empty body provided in request {{(pid=110834) get_body /opt/stack/cinder/cinder/api/openstack/wsgi.py:715}}
Jul 18 14:20:32.213693 dv-cinder-797608-58-iscsi devstack@c-api.service[110834]: DEBUG cinder.api.openstack.wsgi [None req-61807f4a-0fab-4af0-a9c5-fd590e2285af tempest-VolumesSnapshotTestJSON-171614860 tempest-VolumesSnapshotTestJSON-171614860-project] Calling method 'show' {{(pid=110834) _process_stack /opt/stack/cinder/cinder/api/openstack/wsgi.py:868}}
Jul 18 14:20:32.235990 dv-cinder-797608-58-iscsi devstack@c-api.service[110834]: /usr/local/lib/python3.8/dist-packages/oslo_context/context.py:100: DeprecationWarning: Policy enforcement is depending on the value of is_admin. This key is deprecated. Please update your policy file to use the standard policy values.
Jul 18 14:20:32.235990 dv-cinder-797608-58-iscsi devstack@c-api.service[110834]: warnings.warn('Policy enforcement is depending on the value of '
Jul 18 14:20:32.244531 dv-cinder-797608-58-iscsi devstack@c-api.service[110834]: INFO cinder.volume.api [None req-61807f4a-0fab-4af0-a9c5-fd590e2285af tempest-VolumesSnapshotTestJSON-171614860 tempest-VolumesSnapshotTestJSON-171614860-project] Volume info retrieved successfully.
Jul 18 14:20:32.259323 dv-cinder-797608-58-iscsi devstack@c-api.service[110834]: INFO cinder.api.openstack.wsgi [None req-61807f4a-0fab-4af0-a9c5-fd590e2285af tempest-VolumesSnapshotTestJSON-171614860 tempest-VolumesSnapshotTestJSON-171614860-project] http://10.222.0.71/volume/v3/2bba9fd8306e43b6b1cbc2dd4a789736/volumes/b7ce7ed4-ed87-4ee6-b6d8-55adf67c615d returned with HTTP 200
Jul 18 14:20:32.260421 dv-cinder-797608-58-iscsi devstack@c-api.service[110834]: [pid: 110834|app: 0|req: 193/412] 10.222.0.71 () {58 vars in 1324 bytes} [Mon Jul 18 14:20:32 2022] GET /volume/v3/2bba9fd8306e43b6b1cbc2dd4a789736/volumes/b7ce7ed4-ed87-4ee6-b6d8-55adf67c615d => generated 890 bytes in 53 msecs (HTTP/1.1 200) 7 headers in 285 bytes (1 switches on core 0)
Jul 18 14:20:32.369485 dv-cinder-797608-58-iscsi devstack@c-api.service[110835]: DEBUG cinder.api.middleware.request_id [req-c4c588f4-da85-4223-b4aa-a97708d6b0ef req-d2c87d1a-b9ab-428b-896e-384b1cd523f1 None None] RequestId filter calling following filter/app {{(pid=110835) _context_setter /opt/stack/cinder/cinder/api/middleware/request_id.py:62}}
Jul 18 14:20:32.374830 dv-cinder-797608-58-iscsi devstack@c-api.service[110835]: INFO cinder.api.openstack.wsgi [req-c4c588f4-da85-4223-b4aa-a97708d6b0ef req-d2c87d1a-b9ab-428b-896e-384b1cd523f1 tempest-DeleteServersTestJSON-1631651512 tempest-DeleteServersTestJSON-1631651512-project] DELETE http://10.222.0.71/volume/v3/8788b8d25f234df6895ea3f8fa046610/attachments/9ea83c20-b093-4e96-96aa-7c4581cd9ac1
Jul 18 14:20:32.375291 dv-cinder-797608-58-iscsi devstack@c-api.service[110835]: DEBUG cinder.api.openstack.wsgi [req-c4c588f4-da85-4223-b4aa-a97708d6b0ef req-d2c87d1a-b9ab-428b-896e-384b1cd523f1 tempest-DeleteServersTestJSON-1631651512 tempest-DeleteServersTestJSON-1631651512-project] Empty body provided in request {{(pid=110835) get_body /opt/stack/cinder/cinder/api/openstack/wsgi.py:715}}
Jul 18 14:20:32.376018 dv-cinder-797608-58-iscsi devstack@c-api.service[110835]: DEBUG cinder.api.openstack.wsgi [req-c4c588f4-da85-4223-b4aa-a97708d6b0ef req-d2c87d1a-b9ab-428b-896e-384b1cd523f1 tempest-DeleteServersTestJSON-1631651512 tempest-DeleteServersTestJSON-1631651512-project] Calling method 'version_select' {{(pid=110835) _process_stack /opt/stack/cinder/cinder/api/openstack/wsgi.py:868}}
Jul 18 14:20:32.391751 dv-cinder-797608-58-iscsi devstack@c-api.service[110835]: /usr/local/lib/python3.8/dist-packages/oslo_context/context.py:100: DeprecationWarning: Policy enforcement is depending on the value of is_admin. This key is deprecated. Please update your policy file to use the standard policy values.
Jul 18 14:20:32.391751 dv-cinder-797608-58-iscsi devstack@c-api.service[110835]: warnings.warn('Policy enforcement is depending on the value of '
Jul 18 14:20:32.552005 dv-cinder-797608-58-iscsi devstack@c-api.service[110834]: DEBUG cinder.api.middleware.request_id [None req-9d3aa9c2-b377-40b5-a06e-216b636ee6cd None None] RequestId filter calling following filter/app {{(pid=110834) _context_setter /opt/stack/cinder/cinder/api/middleware/request_id.py:62}}
Jul 18 14:20:32.555926 dv-cinder-797608-58-iscsi devstack@c-api.service[110834]: INFO cinder.api.openstack.wsgi [None req-9d3aa9c2-b377-40b5-a06e-216b636ee6cd tempest-VolumesExtendTest-944423676 tempest-VolumesExtendTest-944423676-project] GET http://10.222.0.71/volume/v3/fc310c704b1543be925d8764bac87320/volumes/0eb7e74a-6c34-4411-89c3-cad21d1413e2
Jul 18 14:20:32.556470 dv-cinder-797608-58-iscsi devstack@c-api.service[110834]: DEBUG cinder.api.openstack.wsgi [None req-9d3aa9c2-b377-40b5-a06e-216b636ee6cd tempest-VolumesExtendTest-944423676 tempest-VolumesExtendTest-944423676-project] Empty body provided in request {{(pid=110834) get_body /opt/stack/cinder/cinder/api/openstack/wsgi.py:715}}
Jul 18 14:20:32.556984 dv-cinder-797608-58-iscsi devstack@c-api.service[110834]: DEBUG cinder.api.openstack.wsgi [None req-9d3aa9c2-b377-40b5-a06e-216b636ee6cd tempest-VolumesExtendTest-944423676 tempest-VolumesExtendTest-944423676-project] Calling method 'show' {{(pid=110834) _process_stack /opt/stack/cinder/cinder/api/openstack/wsgi.py:868}}
Jul 18 14:20:32.573482 dv-cinder-797608-58-iscsi devstack@c-api.service[110834]: /usr/local/lib/python3.8/dist-packages/oslo_context/context.py:100: DeprecationWarning: Policy enforcement is depending on the value of is_admin. This key is deprecated. Please update your policy file to use the standard policy values.
Jul 18 14:20:32.573482 dv-cinder-797608-58-iscsi devstack@c-api.service[110834]: warnings.warn('Policy enforcement is depending on the value of '
Jul 18 14:20:32.581181 dv-cinder-797608-58-iscsi devstack@c-api.service[110834]: INFO cinder.volume.api [None req-9d3aa9c2-b377-40b5-a06e-216b636ee6cd tempest-VolumesExtendTest-944423676 tempest-VolumesExtendTest-944423676-project] Volume info retrieved successfully.
Jul 18 14:20:32.593182 dv-cinder-797608-58-iscsi devstack@c-api.service[110834]: INFO cinder.api.openstack.wsgi [None req-9d3aa9c2-b377-40b5-a06e-216b636ee6cd tempest-VolumesExtendTest-944423676 tempest-VolumesExtendTest-944423676-project] http://10.222.0.71/volume/v3/fc310c704b1543be925d8764bac87320/volumes/0eb7e74a-6c34-4411-89c3-cad21d1413e2 returned with HTTP 200
Jul 18 14:20:32.594170 dv-cinder-797608-58-iscsi devstack@c-api.service[110834]: [pid: 110834|app: 0|req: 194/413] 10.222.0.71 () {58 vars in 1324 bytes} [Mon Jul 18 14:20:32 2022] GET /volume/v3/fc310c704b1543be925d8764bac87320/volumes/0eb7e74a-6c34-4411-89c3-cad21d1413e2 => generated 909 bytes in 43 msecs (HTTP/1.1 200) 7 headers in 285 bytes (1 switches on core 0)
Jul 18 14:20:32.808390 dv-cinder-797608-58-iscsi devstack@c-api.service[110835]: INFO cinder.api.openstack.wsgi [req-c4c588f4-da85-4223-b4aa-a97708d6b0ef req-d2c87d1a-b9ab-428b-896e-384b1cd523f1 tempest-DeleteServersTestJSON-1631651512 tempest-DeleteServersTestJSON-1631651512-project] http://10.222.0.71/volume/v3/8788b8d25f234df6895ea3f8fa046610/attachments/9ea83c20-b093-4e96-96aa-7c4581cd9ac1 returned with HTTP 200
Jul 18 14:20:32.810441 dv-cinder-797608-58-iscsi devstack@c-api.service[110835]: [pid: 110835|app: 0|req: 220/414] 10.222.0.104 () {62 vars in 1447 bytes} [Mon Jul 18 14:20:32 2022] DELETE /volume/v3/8788b8d25f234df6895ea3f8fa046610/attachments/9ea83c20-b093-4e96-96aa-7c4581cd9ac1 => generated 19 bytes in 443 msecs (HTTP/1.1 200) 7 headers in 285 bytes (2 switches on core 0)
Jul 18 14:20:32.886563 dv-cinder-797608-58-iscsi devstack@c-api.service[110834]: DEBUG cinder.api.middleware.request_id [None req-654673cd-d07c-4909-8e95-e6c7e549c5ed None None] RequestId filter calling following filter/app {{(pid=110834) _context_setter /opt/stack/cinder/cinder/api/middleware/request_id.py:62}}
Jul 18 14:20:32.899516 dv-cinder-797608-58-iscsi devstack@c-api.service[110834]: INFO cinder.api.openstack.wsgi [None req-654673cd-d07c-4909-8e95-e6c7e549c5ed tempest-VolumeTypesAccessTest-392146383 tempest-VolumeTypesAccessTest-392146383-project] GET http://10.222.0.71/volume/v3/3fc6804e2bfb4277b1b9960b0c9d0565/volumes/ff660138-036f-4192-8b43-88e703b28a13
Jul 18 14:20:32.901754 dv-cinder-797608-58-iscsi devstack@c-api.service[110834]: DEBUG cinder.api.openstack.wsgi [None req-654673cd-d07c-4909-8e95-e6c7e549c5ed tempest-VolumeTypesAccessTest-392146383 tempest-VolumeTypesAccessTest-392146383-project] Empty body provided in request {{(pid=110834) get_body /opt/stack/cinder/cinder/api/openstack/wsgi.py:715}}
Jul 18 14:20:32.902541 dv-cinder-797608-58-iscsi devstack@c-api.service[110834]: DEBUG cinder.api.openstack.wsgi [None req-654673cd-d07c-4909-8e95-e6c7e549c5ed tempest-VolumeTypesAccessTest-392146383 tempest-VolumeTypesAccessTest-392146383-project] Calling method 'show' {{(pid=110834) _process_stack /opt/stack/cinder/cinder/api/openstack/wsgi.py:868}}
Jul 18 14:20:32.919980 dv-cinder-797608-58-iscsi devstack@c-api.service[110834]: /usr/local/lib/python3.8/dist-packages/oslo_context/context.py:100: DeprecationWarning: Policy enforcement is depending on the value of is_admin. This key is deprecated. Please update your policy file to use the standard policy values.
Jul 18 14:20:32.919980 dv-cinder-797608-58-iscsi devstack@c-api.service[110834]: warnings.warn('Policy enforcement is depending on the value of '
Jul 18 14:20:32.927999 dv-cinder-797608-58-iscsi devstack@c-api.service[110834]: INFO cinder.volume.api [None req-654673cd-d07c-4909-8e95-e6c7e549c5ed tempest-VolumeTypesAccessTest-392146383 tempest-VolumeTypesAccessTest-392146383-project] Volume info retrieved successfully.
Jul 18 14:20:32.938340 dv-cinder-797608-58-iscsi devstack@c-api.service[110834]: INFO cinder.api.openstack.wsgi [None req-654673cd-d07c-4909-8e95-e6c7e549c5ed tempest-VolumeTypesAccessTest-392146383 tempest-VolumeTypesAccessTest-392146383-project] http://10.222.0.71/volume/v3/3fc6804e2bfb4277b1b9960b0c9d0565/volumes/ff660138-036f-4192-8b43-88e703b28a13 returned with HTTP 200
Jul 18 14:20:32.939307 dv-cinder-797608-58-iscsi devstack@c-api.service[110834]: [pid: 110834|app: 0|req: 195/415] 10.222.0.71 () {58 vars in 1324 bytes} [Mon Jul 18 14:20:32 2022] GET /volume/v3/3fc6804e2bfb4277b1b9960b0c9d0565/volumes/ff660138-036f-4192-8b43-88e703b28a13 => generated 954 bytes in 54 msecs (HTTP/1.1 200) 7 headers in 285 bytes (1 switches on core 0)
Jul 18 14:20:32.953764 dv-cinder-797608-58-iscsi devstack@c-api.service[110835]: DEBUG cinder.api.middleware.request_id [None req-bae46822-cc3b-4b9f-98ab-3ec9a39c2084 None None] RequestId filter calling following filter/app {{(pid=110835) _context_setter /opt/stack/cinder/cinder/api/middleware/request_id.py:62}}
Jul 18 14:20:32.958266 dv-cinder-797608-58-iscsi devstack@c-api.service[110835]: INFO cinder.api.openstack.wsgi [None req-bae46822-cc3b-4b9f-98ab-3ec9a39c2084 tempest-VolumeTypesAccessTest-1396684931 tempest-VolumeTypesAccessTest-1396684931-project-admin] POST http://10.222.0.71/volume/v3/cb2ece8d326842c2988d0173dd17e54c/types/9884aa14-1a40-4a57-8f3e-e3e27feb71e1/action
Jul 18 14:20:32.959010 dv-cinder-797608-58-iscsi devstack@c-api.service[110835]: DEBUG cinder.api.openstack.wsgi [None req-bae46822-cc3b-4b9f-98ab-3ec9a39c2084 tempest-VolumeTypesAccessTest-1396684931 tempest-VolumeTypesAccessTest-1396684931-project-admin] Action body: b'{"removeProjectAccess": {"project": "3fc6804e2bfb4277b1b9960b0c9d0565"}}' {{(pid=110835) get_method /opt/stack/cinder/cinder/api/openstack/wsgi.py:983}}
Jul 18 14:20:32.959357 dv-cinder-797608-58-iscsi devstack@c-api.service[110835]: DEBUG cinder.api.openstack.wsgi [None req-bae46822-cc3b-4b9f-98ab-3ec9a39c2084 tempest-VolumeTypesAccessTest-1396684931 tempest-VolumeTypesAccessTest-1396684931-project-admin] Action: 'action', calling method: _removeProjectAccess, body: {"removeProjectAccess": {"project": "3fc6804e2bfb4277b1b9960b0c9d0565"}} {{(pid=110835) _process_stack /opt/stack/cinder/cinder/api/openstack/wsgi.py:866}}
Jul 18 14:20:32.960548 dv-cinder-797608-58-iscsi devstack@c-api.service[110835]: /usr/local/lib/python3.8/dist-packages/oslo_context/context.py:100: DeprecationWarning: Policy enforcement is depending on the value of is_admin. This key is deprecated. Please update your policy file to use the standard policy values.
Jul 18 14:20:32.960548 dv-cinder-797608-58-iscsi devstack@c-api.service[110835]: warnings.warn('Policy enforcement is depending on the value of '
Jul 18 14:20:32.978521 dv-cinder-797608-58-iscsi devstack@c-api.service[110835]: INFO cinder.api.openstack.wsgi [None req-bae46822-cc3b-4b9f-98ab-3ec9a39c2084 tempest-VolumeTypesAccessTest-1396684931 tempest-VolumeTypesAccessTest-1396684931-project-admin] http://10.222.0.71/volume/v3/cb2ece8d326842c2988d0173dd17e54c/types/9884aa14-1a40-4a57-8f3e-e3e27feb71e1/action returned with HTTP 202
Jul 18 14:20:32.983444 dv-cinder-797608-58-iscsi devstack@c-api.service[110835]: [pid: 110835|app: 0|req: 221/416] 10.222.0.71 () {60 vars in 1360 bytes} [Mon Jul 18 14:20:32 2022] POST /volume/v3/cb2ece8d326842c2988d0173dd17e54c/types/9884aa14-1a40-4a57-8f3e-e3e27feb71e1/action => generated 0 bytes in 27 msecs (HTTP/1.1 202) 6 headers in 233 bytes (2 switches on core 0)
Jul 18 14:20:32.985678 dv-cinder-797608-58-iscsi devstack@c-api.service[110834]: DEBUG cinder.api.middleware.request_id [None req-bc1a0d69-e407-491b-9902-0d0ff741bf1a None None] RequestId filter calling following filter/app {{(pid=110834) _context_setter /opt/stack/cinder/cinder/api/middleware/request_id.py:62}}
Jul 18 14:20:32.991072 dv-cinder-797608-58-iscsi devstack@c-api.service[110834]: INFO cinder.api.openstack.wsgi [None req-bc1a0d69-e407-491b-9902-0d0ff741bf1a tempest-VolumeTypesAccessTest-1396684931 tempest-VolumeTypesAccessTest-1396684931-project-admin] POST http://10.222.0.71/volume/v3/cb2ece8d326842c2988d0173dd17e54c/types
Jul 18 14:20:32.991854 dv-cinder-797608-58-iscsi devstack@c-api.service[110834]: DEBUG cinder.api.openstack.wsgi [None req-bc1a0d69-e407-491b-9902-0d0ff741bf1a tempest-VolumeTypesAccessTest-1396684931 tempest-VolumeTypesAccessTest-1396684931-project-admin] Action: 'create', calling method: _create, body: {"volume_type": {"name": "tempest-VolumeTypesAccessTest-volume-type-1484227956", "os-volume-type-access:is_public": false}} {{(pid=110834) _process_stack /opt/stack/cinder/cinder/api/openstack/wsgi.py:866}}
Jul 18 14:20:33.016006 dv-cinder-797608-58-iscsi devstack@c-api.service[110834]: INFO cinder.api.openstack.wsgi [None req-bc1a0d69-e407-491b-9902-0d0ff741bf1a tempest-VolumeTypesAccessTest-1396684931 tempest-VolumeTypesAccessTest-1396684931-project-admin] http://10.222.0.71/volume/v3/cb2ece8d326842c2988d0173dd17e54c/types returned with HTTP 200
Jul 18 14:20:33.020294 dv-cinder-797608-58-iscsi devstack@c-api.service[110834]: [pid: 110834|app: 0|req: 196/417] 10.222.0.71 () {60 vars in 1229 bytes} [Mon Jul 18 14:20:32 2022] POST /volume/v3/cb2ece8d326842c2988d0173dd17e54c/types => generated 229 bytes in 33 msecs (HTTP/1.1 200) 7 headers in 285 bytes (2 switches on core 0)
Jul 18 14:20:33.026740 dv-cinder-797608-58-iscsi devstack@c-api.service[110835]: DEBUG cinder.api.middleware.request_id [None req-c3c9174e-8f64-4cb0-a4b3-c30662f544f7 None None] RequestId filter calling following filter/app {{(pid=110835) _context_setter /opt/stack/cinder/cinder/api/middleware/request_id.py:62}}
Jul 18 14:20:33.030631 dv-cinder-797608-58-iscsi devstack@c-api.service[110835]: INFO cinder.api.openstack.wsgi [None req-c3c9174e-8f64-4cb0-a4b3-c30662f544f7 tempest-VolumeTypesAccessTest-1396684931 tempest-VolumeTypesAccessTest-1396684931-project-admin] POST http://10.222.0.71/volume/v3/cb2ece8d326842c2988d0173dd17e54c/types/bdb7621c-2157-45b6-81d0-cfa7692e144d/action
Jul 18 14:20:33.031370 dv-cinder-797608-58-iscsi devstack@c-api.service[110835]: DEBUG cinder.api.openstack.wsgi [None req-c3c9174e-8f64-4cb0-a4b3-c30662f544f7 tempest-VolumeTypesAccessTest-1396684931 tempest-VolumeTypesAccessTest-1396684931-project-admin] Action body: b'{"addProjectAccess": {"project": "3fc6804e2bfb4277b1b9960b0c9d0565"}}' {{(pid=110835) get_method /opt/stack/cinder/cinder/api/openstack/wsgi.py:983}}
Jul 18 14:20:33.031699 dv-cinder-797608-58-iscsi devstack@c-api.service[110835]: DEBUG cinder.api.openstack.wsgi [None req-c3c9174e-8f64-4cb0-a4b3-c30662f544f7 tempest-VolumeTypesAccessTest-1396684931 tempest-VolumeTypesAccessTest-1396684931-project-admin] Action: 'action', calling method: _addProjectAccess, body: {"addProjectAccess": {"project": "3fc6804e2bfb4277b1b9960b0c9d0565"}} {{(pid=110835) _process_stack /opt/stack/cinder/cinder/api/openstack/wsgi.py:866}}
Jul 18 14:20:33.050785 dv-cinder-797608-58-iscsi devstack@c-api.service[110835]: INFO cinder.api.openstack.wsgi [None req-c3c9174e-8f64-4cb0-a4b3-c30662f544f7 tempest-VolumeTypesAccessTest-1396684931 tempest-VolumeTypesAccessTest-1396684931-project-admin] http://10.222.0.71/volume/v3/cb2ece8d326842c2988d0173dd17e54c/types/bdb7621c-2157-45b6-81d0-cfa7692e144d/action returned with HTTP 202
Jul 18 14:20:33.051750 dv-cinder-797608-58-iscsi devstack@c-api.service[110835]: [pid: 110835|app: 0|req: 222/418] 10.222.0.71 () {60 vars in 1360 bytes} [Mon Jul 18 14:20:33 2022] POST /volume/v3/cb2ece8d326842c2988d0173dd17e54c/types/bdb7621c-2157-45b6-81d0-cfa7692e144d/action => generated 0 bytes in 26 msecs (HTTP/1.1 202) 6 headers in 233 bytes (1 switches on core 0)
Jul 18 14:20:33.056913 dv-cinder-797608-58-iscsi devstack@c-api.service[110834]: DEBUG cinder.api.middleware.request_id [None req-679046c6-acee-4e13-8877-c4d218f164f4 None None] RequestId filter calling following filter/app {{(pid=110834) _context_setter /opt/stack/cinder/cinder/api/middleware/request_id.py:62}}
Jul 18 14:20:33.060874 dv-cinder-797608-58-iscsi devstack@c-api.service[110834]: INFO cinder.api.openstack.wsgi [None req-679046c6-acee-4e13-8877-c4d218f164f4 tempest-VolumeTypesAccessTest-1396684931 tempest-VolumeTypesAccessTest-1396684931-project-admin] POST http://10.222.0.71/volume/v3/cb2ece8d326842c2988d0173dd17e54c/types/bdb7621c-2157-45b6-81d0-cfa7692e144d/action
Jul 18 14:20:33.061571 dv-cinder-797608-58-iscsi devstack@c-api.service[110834]: DEBUG cinder.api.openstack.wsgi [None req-679046c6-acee-4e13-8877-c4d218f164f4 tempest-VolumeTypesAccessTest-1396684931 tempest-VolumeTypesAccessTest-1396684931-project-admin] Action body: b'{"addProjectAccess": {"project": "0b02d8c021544bb9a19f5f8de25438a1"}}' {{(pid=110834) get_method /opt/stack/cinder/cinder/api/openstack/wsgi.py:983}}
Jul 18 14:20:33.062037 dv-cinder-797608-58-iscsi devstack@c-api.service[110834]: DEBUG cinder.api.openstack.wsgi [None req-679046c6-acee-4e13-8877-c4d218f164f4 tempest-VolumeTypesAccessTest-1396684931 tempest-VolumeTypesAccessTest-1396684931-project-admin] Action: 'action', calling method: _addProjectAccess, body: {"addProjectAccess": {"project": "0b02d8c021544bb9a19f5f8de25438a1"}} {{(pid=110834) _process_stack /opt/stack/cinder/cinder/api/openstack/wsgi.py:866}}
Jul 18 14:20:33.074624 dv-cinder-797608-58-iscsi devstack@c-api.service[110834]: DEBUG dbcounter [-] [110834] Writing DB stats cinder:SELECT=76,cinder:INSERT=12,cinder:UPDATE=12 {{(pid=110834) stat_writer /usr/local/lib/python3.8/dist-packages/dbcounter.py:114}}
Jul 18 14:20:33.081118 dv-cinder-797608-58-iscsi devstack@c-api.service[110834]: INFO cinder.api.openstack.wsgi [None req-679046c6-acee-4e13-8877-c4d218f164f4 tempest-VolumeTypesAccessTest-1396684931 tempest-VolumeTypesAccessTest-1396684931-project-admin] http://10.222.0.71/volume/v3/cb2ece8d326842c2988d0173dd17e54c/types/bdb7621c-2157-45b6-81d0-cfa7692e144d/action returned with HTTP 202
Jul 18 14:20:33.082277 dv-cinder-797608-58-iscsi devstack@c-api.service[110834]: [pid: 110834|app: 0|req: 197/419] 10.222.0.71 () {60 vars in 1360 bytes} [Mon Jul 18 14:20:33 2022] POST /volume/v3/cb2ece8d326842c2988d0173dd17e54c/types/bdb7621c-2157-45b6-81d0-cfa7692e144d/action => generated 0 bytes in 26 msecs (HTTP/1.1 202) 6 headers in 233 bytes (1 switches on core 0)
Jul 18 14:20:33.087637 dv-cinder-797608-58-iscsi devstack@c-api.service[110835]: DEBUG cinder.api.middleware.request_id [None req-00d56959-36a6-4e46-a5d0-2376315cc972 None None] RequestId filter calling following filter/app {{(pid=110835) _context_setter /opt/stack/cinder/cinder/api/middleware/request_id.py:62}}
Jul 18 14:20:33.093142 dv-cinder-797608-58-iscsi devstack@c-api.service[110835]: INFO cinder.api.openstack.wsgi [None req-00d56959-36a6-4e46-a5d0-2376315cc972 tempest-VolumeTypesAccessTest-1396684931 tempest-VolumeTypesAccessTest-1396684931-project-admin] GET http://10.222.0.71/volume/v3/cb2ece8d326842c2988d0173dd17e54c/types/bdb7621c-2157-45b6-81d0-cfa7692e144d/os-volume-type-access
Jul 18 14:20:33.093577 dv-cinder-797608-58-iscsi devstack@c-api.service[110835]: DEBUG cinder.api.openstack.wsgi [None req-00d56959-36a6-4e46-a5d0-2376315cc972 tempest-VolumeTypesAccessTest-1396684931 tempest-VolumeTypesAccessTest-1396684931-project-admin] Empty body provided in request {{(pid=110835) get_body /opt/stack/cinder/cinder/api/openstack/wsgi.py:715}}
Jul 18 14:20:33.094054 dv-cinder-797608-58-iscsi devstack@c-api.service[110835]: DEBUG cinder.api.openstack.wsgi [None req-00d56959-36a6-4e46-a5d0-2376315cc972 tempest-VolumeTypesAccessTest-1396684931 tempest-VolumeTypesAccessTest-1396684931-project-admin] Calling method 'index' {{(pid=110835) _process_stack /opt/stack/cinder/cinder/api/openstack/wsgi.py:868}}
Jul 18 14:20:33.115474 dv-cinder-797608-58-iscsi devstack@c-api.service[110835]: INFO cinder.api.openstack.wsgi [None req-00d56959-36a6-4e46-a5d0-2376315cc972 tempest-VolumeTypesAccessTest-1396684931 tempest-VolumeTypesAccessTest-1396684931-project-admin] http://10.222.0.71/volume/v3/cb2ece8d326842c2988d0173dd17e54c/types/bdb7621c-2157-45b6-81d0-cfa7692e144d/os-volume-type-access returned with HTTP 200
Jul 18 14:20:33.116394 dv-cinder-797608-58-iscsi devstack@c-api.service[110835]: [pid: 110835|app: 0|req: 223/420] 10.222.0.71 () {58 vars in 1384 bytes} [Mon Jul 18 14:20:33 2022] GET /volume/v3/cb2ece8d326842c2988d0173dd17e54c/types/bdb7621c-2157-45b6-81d0-cfa7692e144d/os-volume-type-access => generated 244 bytes in 30 msecs (HTTP/1.1 200) 7 headers in 285 bytes (1 switches on core 0)
Jul 18 14:20:33.126878 dv-cinder-797608-58-iscsi devstack@c-api.service[110834]: DEBUG cinder.api.middleware.request_id [None req-2c3c6503-9d7e-409b-8f8f-42158502f074 None None] RequestId filter calling following filter/app {{(pid=110834) _context_setter /opt/stack/cinder/cinder/api/middleware/request_id.py:62}}
Jul 18 14:20:33.132549 dv-cinder-797608-58-iscsi devstack@c-api.service[110834]: INFO cinder.api.openstack.wsgi [None req-2c3c6503-9d7e-409b-8f8f-42158502f074 tempest-VolumeTypesAccessTest-1396684931 tempest-VolumeTypesAccessTest-1396684931-project-admin] POST http://10.222.0.71/volume/v3/cb2ece8d326842c2988d0173dd17e54c/types/bdb7621c-2157-45b6-81d0-cfa7692e144d/action
Jul 18 14:20:33.133386 dv-cinder-797608-58-iscsi devstack@c-api.service[110834]: DEBUG cinder.api.openstack.wsgi [None req-2c3c6503-9d7e-409b-8f8f-42158502f074 tempest-VolumeTypesAccessTest-1396684931 tempest-VolumeTypesAccessTest-1396684931-project-admin] Action body: b'{"removeProjectAccess": {"project": "0b02d8c021544bb9a19f5f8de25438a1"}}' {{(pid=110834) get_method /opt/stack/cinder/cinder/api/openstack/wsgi.py:983}}
Jul 18 14:20:33.133913 dv-cinder-797608-58-iscsi devstack@c-api.service[110834]: DEBUG cinder.api.openstack.wsgi [None req-2c3c6503-9d7e-409b-8f8f-42158502f074 tempest-VolumeTypesAccessTest-1396684931 tempest-VolumeTypesAccessTest-1396684931-project-admin] Action: 'action', calling method: _removeProjectAccess, body: {"removeProjectAccess": {"project": "0b02d8c021544bb9a19f5f8de25438a1"}} {{(pid=110834) _process_stack /opt/stack/cinder/cinder/api/openstack/wsgi.py:866}}
Jul 18 14:20:33.154886 dv-cinder-797608-58-iscsi devstack@c-api.service[110834]: INFO cinder.api.openstack.wsgi [None req-2c3c6503-9d7e-409b-8f8f-42158502f074 tempest-VolumeTypesAccessTest-1396684931 tempest-VolumeTypesAccessTest-1396684931-project-admin] http://10.222.0.71/volume/v3/cb2ece8d326842c2988d0173dd17e54c/types/bdb7621c-2157-45b6-81d0-cfa7692e144d/action returned with HTTP 202
Jul 18 14:20:33.156084 dv-cinder-797608-58-iscsi devstack@c-api.service[110834]: [pid: 110834|app: 0|req: 198/421] 10.222.0.71 () {60 vars in 1360 bytes} [Mon Jul 18 14:20:33 2022] POST /volume/v3/cb2ece8d326842c2988d0173dd17e54c/types/bdb7621c-2157-45b6-81d0-cfa7692e144d/action => generated 0 bytes in 31 msecs (HTTP/1.1 202) 6 headers in 233 bytes (1 switches on core 0)
Jul 18 14:20:33.161703 dv-cinder-797608-58-iscsi devstack@c-api.service[110835]: DEBUG cinder.api.middleware.request_id [None req-ba228329-90c8-4d6b-8c74-b92fb425d605 None None] RequestId filter calling following filter/app {{(pid=110835) _context_setter /opt/stack/cinder/cinder/api/middleware/request_id.py:62}}
Jul 18 14:20:33.165601 dv-cinder-797608-58-iscsi devstack@c-api.service[110835]: INFO cinder.api.openstack.wsgi [None req-ba228329-90c8-4d6b-8c74-b92fb425d605 tempest-VolumeTypesAccessTest-1396684931 tempest-VolumeTypesAccessTest-1396684931-project-admin] POST http://10.222.0.71/volume/v3/cb2ece8d326842c2988d0173dd17e54c/types/bdb7621c-2157-45b6-81d0-cfa7692e144d/action
Jul 18 14:20:33.166780 dv-cinder-797608-58-iscsi devstack@c-api.service[110835]: DEBUG cinder.api.openstack.wsgi [None req-ba228329-90c8-4d6b-8c74-b92fb425d605 tempest-VolumeTypesAccessTest-1396684931 tempest-VolumeTypesAccessTest-1396684931-project-admin] Action body: b'{"removeProjectAccess": {"project": "3fc6804e2bfb4277b1b9960b0c9d0565"}}' {{(pid=110835) get_method /opt/stack/cinder/cinder/api/openstack/wsgi.py:983}}
Jul 18 14:20:33.167255 dv-cinder-797608-58-iscsi devstack@c-api.service[110835]: DEBUG cinder.api.openstack.wsgi [None req-ba228329-90c8-4d6b-8c74-b92fb425d605 tempest-VolumeTypesAccessTest-1396684931 tempest-VolumeTypesAccessTest-1396684931-project-admin] Action: 'action', calling method: _removeProjectAccess, body: {"removeProjectAccess": {"project": "3fc6804e2bfb4277b1b9960b0c9d0565"}} {{(pid=110835) _process_stack /opt/stack/cinder/cinder/api/openstack/wsgi.py:866}}
Jul 18 14:20:33.185683 dv-cinder-797608-58-iscsi devstack@c-api.service[110835]: INFO cinder.api.openstack.wsgi [None req-ba228329-90c8-4d6b-8c74-b92fb425d605 tempest-VolumeTypesAccessTest-1396684931 tempest-VolumeTypesAccessTest-1396684931-project-admin] http://10.222.0.71/volume/v3/cb2ece8d326842c2988d0173dd17e54c/types/bdb7621c-2157-45b6-81d0-cfa7692e144d/action returned with HTTP 202
Jul 18 14:20:33.186549 dv-cinder-797608-58-iscsi devstack@c-api.service[110835]: [pid: 110835|app: 0|req: 224/422] 10.222.0.71 () {60 vars in 1360 bytes} [Mon Jul 18 14:20:33 2022] POST /volume/v3/cb2ece8d326842c2988d0173dd17e54c/types/bdb7621c-2157-45b6-81d0-cfa7692e144d/action => generated 0 bytes in 26 msecs (HTTP/1.1 202) 6 headers in 233 bytes (1 switches on core 0)
Jul 18 14:20:33.192516 dv-cinder-797608-58-iscsi devstack@c-api.service[110834]: DEBUG cinder.api.middleware.request_id [None req-d3e82cb3-34b4-4373-aa81-fc3e96e38aea None None] RequestId filter calling following filter/app {{(pid=110834) _context_setter /opt/stack/cinder/cinder/api/middleware/request_id.py:62}}
Jul 18 14:20:33.197019 dv-cinder-797608-58-iscsi devstack@c-api.service[110834]: INFO cinder.api.openstack.wsgi [None req-d3e82cb3-34b4-4373-aa81-fc3e96e38aea tempest-VolumeTypesAccessTest-1396684931 tempest-VolumeTypesAccessTest-1396684931-project-admin] DELETE http://10.222.0.71/volume/v3/cb2ece8d326842c2988d0173dd17e54c/types/bdb7621c-2157-45b6-81d0-cfa7692e144d
Jul 18 14:20:33.197686 dv-cinder-797608-58-iscsi devstack@c-api.service[110834]: DEBUG cinder.api.openstack.wsgi [None req-d3e82cb3-34b4-4373-aa81-fc3e96e38aea tempest-VolumeTypesAccessTest-1396684931 tempest-VolumeTypesAccessTest-1396684931-project-admin] Empty body provided in request {{(pid=110834) get_body /opt/stack/cinder/cinder/api/openstack/wsgi.py:715}}
Jul 18 14:20:33.198129 dv-cinder-797608-58-iscsi devstack@c-api.service[110834]: DEBUG cinder.api.openstack.wsgi [None req-d3e82cb3-34b4-4373-aa81-fc3e96e38aea tempest-VolumeTypesAccessTest-1396684931 tempest-VolumeTypesAccessTest-1396684931-project-admin] Calling method '_delete' {{(pid=110834) _process_stack /opt/stack/cinder/cinder/api/openstack/wsgi.py:868}}
Jul 18 14:20:33.248450 dv-cinder-797608-58-iscsi devstack@c-api.service[110834]: INFO cinder.api.openstack.wsgi [None req-d3e82cb3-34b4-4373-aa81-fc3e96e38aea tempest-VolumeTypesAccessTest-1396684931 tempest-VolumeTypesAccessTest-1396684931-project-admin] http://10.222.0.71/volume/v3/cb2ece8d326842c2988d0173dd17e54c/types/bdb7621c-2157-45b6-81d0-cfa7692e144d returned with HTTP 202
Jul 18 14:20:33.249455 dv-cinder-797608-58-iscsi devstack@c-api.service[110834]: [pid: 110834|app: 0|req: 199/423] 10.222.0.71 () {58 vars in 1321 bytes} [Mon Jul 18 14:20:33 2022] DELETE /volume/v3/cb2ece8d326842c2988d0173dd17e54c/types/bdb7621c-2157-45b6-81d0-cfa7692e144d => generated 0 bytes in 58 msecs (HTTP/1.1 202) 6 headers in 233 bytes (1 switches on core 0)
Jul 18 14:20:33.254558 dv-cinder-797608-58-iscsi devstack@c-api.service[110835]: DEBUG cinder.api.middleware.request_id [None req-d5742435-d3b3-4713-a772-f912824de331 None None] RequestId filter calling following filter/app {{(pid=110835) _context_setter /opt/stack/cinder/cinder/api/middleware/request_id.py:62}}
Jul 18 14:20:33.259322 dv-cinder-797608-58-iscsi devstack@c-api.service[110835]: INFO cinder.api.openstack.wsgi [None req-d5742435-d3b3-4713-a772-f912824de331 tempest-VolumeTypesAccessTest-1396684931 tempest-VolumeTypesAccessTest-1396684931-project-admin] GET http://10.222.0.71/volume/v3/cb2ece8d326842c2988d0173dd17e54c/types/bdb7621c-2157-45b6-81d0-cfa7692e144d
Jul 18 14:20:33.259849 dv-cinder-797608-58-iscsi devstack@c-api.service[110835]: DEBUG cinder.api.openstack.wsgi [None req-d5742435-d3b3-4713-a772-f912824de331 tempest-VolumeTypesAccessTest-1396684931 tempest-VolumeTypesAccessTest-1396684931-project-admin] Empty body provided in request {{(pid=110835) get_body /opt/stack/cinder/cinder/api/openstack/wsgi.py:715}}
Jul 18 14:20:33.260360 dv-cinder-797608-58-iscsi devstack@c-api.service[110835]: DEBUG cinder.api.openstack.wsgi [None req-d5742435-d3b3-4713-a772-f912824de331 tempest-VolumeTypesAccessTest-1396684931 tempest-VolumeTypesAccessTest-1396684931-project-admin] Calling method 'show' {{(pid=110835) _process_stack /opt/stack/cinder/cinder/api/openstack/wsgi.py:868}}
Jul 18 14:20:33.267127 dv-cinder-797608-58-iscsi devstack@c-api.service[110835]: INFO cinder.api.openstack.wsgi [None req-d5742435-d3b3-4713-a772-f912824de331 tempest-VolumeTypesAccessTest-1396684931 tempest-VolumeTypesAccessTest-1396684931-project-admin] http://10.222.0.71/volume/v3/cb2ece8d326842c2988d0173dd17e54c/types/bdb7621c-2157-45b6-81d0-cfa7692e144d returned with HTTP 404
Jul 18 14:20:33.268061 dv-cinder-797608-58-iscsi devstack@c-api.service[110835]: [pid: 110835|app: 0|req: 225/424] 10.222.0.71 () {58 vars in 1318 bytes} [Mon Jul 18 14:20:33 2022] GET /volume/v3/cb2ece8d326842c2988d0173dd17e54c/types/bdb7621c-2157-45b6-81d0-cfa7692e144d => generated 114 bytes in 15 msecs (HTTP/1.1 404) 7 headers in 292 bytes (1 switches on core 0)
Jul 18 14:20:33.273905 dv-cinder-797608-58-iscsi devstack@c-api.service[110835]: DEBUG cinder.api.middleware.request_id [None req-1ee186c7-9645-4f4a-8a3c-3d0cf0773ca7 None None] RequestId filter calling following filter/app {{(pid=110835) _context_setter /opt/stack/cinder/cinder/api/middleware/request_id.py:62}}
Jul 18 14:20:33.274578 dv-cinder-797608-58-iscsi devstack@c-api.service[110834]: DEBUG cinder.api.middleware.request_id [None req-7d272460-f000-44ac-a27f-b36e3a8c360e None None] RequestId filter calling following filter/app {{(pid=110834) _context_setter /opt/stack/cinder/cinder/api/middleware/request_id.py:62}}
Jul 18 14:20:33.277892 dv-cinder-797608-58-iscsi devstack@c-api.service[110835]: INFO cinder.api.openstack.wsgi [None req-1ee186c7-9645-4f4a-8a3c-3d0cf0773ca7 tempest-VolumeTypesAccessTest-392146383 tempest-VolumeTypesAccessTest-392146383-project] DELETE http://10.222.0.71/volume/v3/3fc6804e2bfb4277b1b9960b0c9d0565/volumes/ff660138-036f-4192-8b43-88e703b28a13
Jul 18 14:20:33.278449 dv-cinder-797608-58-iscsi devstack@c-api.service[110835]: DEBUG cinder.api.openstack.wsgi [None req-1ee186c7-9645-4f4a-8a3c-3d0cf0773ca7 tempest-VolumeTypesAccessTest-392146383 tempest-VolumeTypesAccessTest-392146383-project] Empty body provided in request {{(pid=110835) get_body /opt/stack/cinder/cinder/api/openstack/wsgi.py:715}}
Jul 18 14:20:33.279248 dv-cinder-797608-58-iscsi devstack@c-api.service[110835]: DEBUG cinder.api.openstack.wsgi [None req-1ee186c7-9645-4f4a-8a3c-3d0cf0773ca7 tempest-VolumeTypesAccessTest-392146383 tempest-VolumeTypesAccessTest-392146383-project] Calling method 'delete' {{(pid=110835) _process_stack /opt/stack/cinder/cinder/api/openstack/wsgi.py:868}}
Jul 18 14:20:33.279423 dv-cinder-797608-58-iscsi devstack@c-api.service[110834]: INFO cinder.api.openstack.wsgi [None req-7d272460-f000-44ac-a27f-b36e3a8c360e tempest-VolumesSnapshotTestJSON-171614860 tempest-VolumesSnapshotTestJSON-171614860-project] GET http://10.222.0.71/volume/v3/2bba9fd8306e43b6b1cbc2dd4a789736/volumes/b7ce7ed4-ed87-4ee6-b6d8-55adf67c615d
Jul 18 14:20:33.279923 dv-cinder-797608-58-iscsi devstack@c-api.service[110835]: INFO cinder.api.v3.volumes [None req-1ee186c7-9645-4f4a-8a3c-3d0cf0773ca7 tempest-VolumeTypesAccessTest-392146383 tempest-VolumeTypesAccessTest-392146383-project] Delete volume with id: ff660138-036f-4192-8b43-88e703b28a13
Jul 18 14:20:33.280085 dv-cinder-797608-58-iscsi devstack@c-api.service[110834]: DEBUG cinder.api.openstack.wsgi [None req-7d272460-f000-44ac-a27f-b36e3a8c360e tempest-VolumesSnapshotTestJSON-171614860 tempest-VolumesSnapshotTestJSON-171614860-project] Empty body provided in request {{(pid=110834) get_body /opt/stack/cinder/cinder/api/openstack/wsgi.py:715}}
Jul 18 14:20:33.280593 dv-cinder-797608-58-iscsi devstack@c-api.service[110834]: DEBUG cinder.api.openstack.wsgi [None req-7d272460-f000-44ac-a27f-b36e3a8c360e tempest-VolumesSnapshotTestJSON-171614860 tempest-VolumesSnapshotTestJSON-171614860-project] Calling method 'show' {{(pid=110834) _process_stack /opt/stack/cinder/cinder/api/openstack/wsgi.py:868}}
Jul 18 14:20:33.295255 dv-cinder-797608-58-iscsi devstack@c-api.service[110835]: /usr/local/lib/python3.8/dist-packages/oslo_context/context.py:100: DeprecationWarning: Policy enforcement is depending on the value of is_admin. This key is deprecated. Please update your policy file to use the standard policy values.
Jul 18 14:20:33.295255 dv-cinder-797608-58-iscsi devstack@c-api.service[110835]: warnings.warn('Policy enforcement is depending on the value of '
Jul 18 14:20:33.296405 dv-cinder-797608-58-iscsi devstack@c-api.service[110835]: INFO cinder.volume.api [None req-1ee186c7-9645-4f4a-8a3c-3d0cf0773ca7 tempest-VolumeTypesAccessTest-392146383 tempest-VolumeTypesAccessTest-392146383-project] Volume info retrieved successfully.
Jul 18 14:20:33.298784 dv-cinder-797608-58-iscsi devstack@c-api.service[110834]: /usr/local/lib/python3.8/dist-packages/oslo_context/context.py:100: DeprecationWarning: Policy enforcement is depending on the value of is_admin. This key is deprecated. Please update your policy file to use the standard policy values.
Jul 18 14:20:33.298784 dv-cinder-797608-58-iscsi devstack@c-api.service[110834]: warnings.warn('Policy enforcement is depending on the value of '
Jul 18 14:20:33.308018 dv-cinder-797608-58-iscsi devstack@c-api.service[110834]: INFO cinder.volume.api [None req-7d272460-f000-44ac-a27f-b36e3a8c360e tempest-VolumesSnapshotTestJSON-171614860 tempest-VolumesSnapshotTestJSON-171614860-project] Volume info retrieved successfully.
Jul 18 14:20:33.324477 dv-cinder-797608-58-iscsi devstack@c-api.service[110834]: INFO cinder.api.openstack.wsgi [None req-7d272460-f000-44ac-a27f-b36e3a8c360e tempest-VolumesSnapshotTestJSON-171614860 tempest-VolumesSnapshotTestJSON-171614860-project] http://10.222.0.71/volume/v3/2bba9fd8306e43b6b1cbc2dd4a789736/volumes/b7ce7ed4-ed87-4ee6-b6d8-55adf67c615d returned with HTTP 200
Jul 18 14:20:33.336135 dv-cinder-797608-58-iscsi devstack@c-api.service[110834]: [pid: 110834|app: 0|req: 200/425] 10.222.0.71 () {58 vars in 1324 bytes} [Mon Jul 18 14:20:33 2022] GET /volume/v3/2bba9fd8306e43b6b1cbc2dd4a789736/volumes/b7ce7ed4-ed87-4ee6-b6d8-55adf67c615d => generated 914 bytes in 55 msecs (HTTP/1.1 200) 7 headers in 285 bytes (1 switches on core 0)
Jul 18 14:20:33.336344 dv-cinder-797608-58-iscsi devstack@c-api.service[110835]: INFO cinder.volume.api [None req-1ee186c7-9645-4f4a-8a3c-3d0cf0773ca7 tempest-VolumeTypesAccessTest-392146383 tempest-VolumeTypesAccessTest-392146383-project] Delete volume request issued successfully.
Jul 18 14:20:33.336526 dv-cinder-797608-58-iscsi devstack@c-api.service[110835]: INFO cinder.api.openstack.wsgi [None req-1ee186c7-9645-4f4a-8a3c-3d0cf0773ca7 tempest-VolumeTypesAccessTest-392146383 tempest-VolumeTypesAccessTest-392146383-project] http://10.222.0.71/volume/v3/3fc6804e2bfb4277b1b9960b0c9d0565/volumes/ff660138-036f-4192-8b43-88e703b28a13 returned with HTTP 202
Jul 18 14:20:33.337400 dv-cinder-797608-58-iscsi devstack@c-api.service[110835]: [pid: 110835|app: 0|req: 226/426] 10.222.0.71 () {58 vars in 1327 bytes} [Mon Jul 18 14:20:33 2022] DELETE /volume/v3/3fc6804e2bfb4277b1b9960b0c9d0565/volumes/ff660138-036f-4192-8b43-88e703b28a13 => generated 0 bytes in 64 msecs (HTTP/1.1 202) 6 headers in 233 bytes (2 switches on core 0)
Jul 18 14:20:33.342096 dv-cinder-797608-58-iscsi devstack@c-api.service[110834]: DEBUG cinder.api.middleware.request_id [None req-a7aed930-2d88-467d-a4ea-c00303b95383 None None] RequestId filter calling following filter/app {{(pid=110834) _context_setter /opt/stack/cinder/cinder/api/middleware/request_id.py:62}}
Jul 18 14:20:33.345963 dv-cinder-797608-58-iscsi devstack@c-api.service[110834]: INFO cinder.api.openstack.wsgi [None req-a7aed930-2d88-467d-a4ea-c00303b95383 tempest-VolumeTypesAccessTest-392146383 tempest-VolumeTypesAccessTest-392146383-project] GET http://10.222.0.71/volume/v3/3fc6804e2bfb4277b1b9960b0c9d0565/volumes/ff660138-036f-4192-8b43-88e703b28a13
