Jul 12 16:22:21.879299 dv-cinder-797608-56-iscsi neutron-server[104046]: DEBUG neutron.wsgi [-] (104046) accepted ('10.222.0.20', 45768) {{(pid=104046) server /usr/local/lib/python3.8/dist-packages/eventlet/wsgi.py:1004}}
Jul 12 16:22:21.898707 dv-cinder-797608-56-iscsi neutron-server[104047]: DEBUG neutron.pecan_wsgi.hooks.policy_enforcement [req-6ca91f0a-5379-4862-a987-62416f69f02f req-dd782249-5d75-48da-9ac4-f8bc9264e065 service neutron] Attributes excluded by policy engine: ['standard_attr_id', 'shared', 'segment_id'] {{(pid=104047) _exclude_attributes_by_policy /opt/stack/neutron/neutron/pecan_wsgi/hooks/policy_enforcement.py:259}}
Jul 12 16:22:21.900190 dv-cinder-797608-56-iscsi neutron-server[104047]: INFO neutron.wsgi [req-6ca91f0a-5379-4862-a987-62416f69f02f req-dd782249-5d75-48da-9ac4-f8bc9264e065 service neutron] 10.222.0.62 "GET /v2.0/subnets?id=bd1bc3a7-d0e1-4973-9583-fd5cae4b4380 HTTP/1.1" status: 200 len: 856 time: 0.2202325
Jul 12 16:22:21.908259 dv-cinder-797608-56-iscsi neutron-server[104047]: DEBUG neutron.pecan_wsgi.hooks.policy_enforcement [req-2651d63d-fd1c-4549-8b06-f520093f4842 req-c19bfa3f-9eca-4dff-bdd9-e5cd40ead4d6 tempest-AttachVolumeNegativeTest-1956724151 tempest-AttachVolumeNegativeTest-1956724151-project] Attributes excluded by policy engine: ['standard_attr_id', 'binding:profile', 'binding:host_id', 'binding:vif_type', 'binding:vif_details'] {{(pid=104047) _exclude_attributes_by_policy /opt/stack/neutron/neutron/pecan_wsgi/hooks/policy_enforcement.py:259}}
Jul 12 16:22:21.909801 dv-cinder-797608-56-iscsi neutron-server[104047]: INFO neutron.wsgi [req-2651d63d-fd1c-4549-8b06-f520093f4842 req-c19bfa3f-9eca-4dff-bdd9-e5cd40ead4d6 tempest-AttachVolumeNegativeTest-1956724151 tempest-AttachVolumeNegativeTest-1956724151-project] 10.222.0.20 "GET /v2.0/ports?device_id=60e5fa79-e5c0-46e9-82c9-7ad7e4eead9b HTTP/1.1" status: 200 len: 943 time: 0.2287326
Jul 12 16:22:21.914995 dv-cinder-797608-56-iscsi neutron-server[104047]: DEBUG neutron.pecan_wsgi.hooks.policy_enforcement [req-340776fb-1e25-4693-ac35-584f5cba5c10 req-2845e6bc-a238-49f2-ab60-2d980713d0f4 service neutron] Attributes excluded by policy engine: ['standard_attr_id'] {{(pid=104047) _exclude_attributes_by_policy /opt/stack/neutron/neutron/pecan_wsgi/hooks/policy_enforcement.py:259}}
Jul 12 16:22:21.915329 dv-cinder-797608-56-iscsi neutron-server[104047]: DEBUG neutron_lib.callbacks.manager [req-340776fb-1e25-4693-ac35-584f5cba5c10 req-2845e6bc-a238-49f2-ab60-2d980713d0f4 service neutron] Publish callbacks ['neutron.notifiers.nova.Notifier._send_nova_notification-2066438', 'neutron.api.rpc.agentnotifiers.dhcp_rpc_agent_api.DhcpAgentNotifyAPI._send_dhcp_notification-1618599'] for port (None), before_response {{(pid=104047) _notify_loop /usr/local/lib/python3.8/dist-packages/neutron_lib/callbacks/manager.py:176}}
Jul 12 16:22:21.916300 dv-cinder-797608-56-iscsi neutron-server[104046]: DEBUG neutron.pecan_wsgi.hooks.policy_enforcement [req-bb415747-d6de-4ffb-a69d-1f6b3c9a3423 req-e559c08c-9633-4dac-b145-b74607a1361f service neutron] Attributes excluded by policy engine: ['standard_attr_id'] {{(pid=104046) _exclude_attributes_by_policy /opt/stack/neutron/neutron/pecan_wsgi/hooks/policy_enforcement.py:259}}
Jul 12 16:22:21.916810 dv-cinder-797608-56-iscsi neutron-server[104047]: INFO neutron.wsgi [req-340776fb-1e25-4693-ac35-584f5cba5c10 req-2845e6bc-a238-49f2-ab60-2d980713d0f4 service neutron] 10.222.0.62 "PUT /v2.0/ports/2f0e3fda-d5ce-4be1-9fd4-2c9a73dcfad4 HTTP/1.1" status: 200 len: 1093 time: 6.6942103
Jul 12 16:22:21.918307 dv-cinder-797608-56-iscsi neutron-server[104046]: INFO neutron.wsgi [req-bb415747-d6de-4ffb-a69d-1f6b3c9a3423 req-e559c08c-9633-4dac-b145-b74607a1361f service neutron] 10.222.0.62 "GET /v2.0/ports?tenant_id=641dd5eac4cf4352924c1610407bc5e3&device_id=f2e0ca01-5c1b-4d9e-b7ed-4cbc4584150b HTTP/1.1" status: 200 len: 1128 time: 0.1433556
Jul 12 16:22:21.960986 dv-cinder-797608-56-iscsi neutron-server[104047]: DEBUG neutron.api.rpc.handlers.resources_rpc [None req-2845e6bc-a238-49f2-ab60-2d980713d0f4 service neutron] Pushing event updated for resources: {'Port': ['ID=2f0e3fda-d5ce-4be1-9fd4-2c9a73dcfad4,revision_number=3']} {{(pid=104047) push /opt/stack/neutron/neutron/api/rpc/handlers/resources_rpc.py:237}}
Jul 12 16:22:21.996291 dv-cinder-797608-56-iscsi neutron-server[104047]: INFO neutron.wsgi [req-2651d63d-fd1c-4549-8b06-f520093f4842 req-a534809d-e8c5-45ad-89db-8c9ee4ba755f tempest-AttachVolumeNegativeTest-1956724151 tempest-AttachVolumeNegativeTest-1956724151-project] 10.222.0.20 "GET /v2.0/security-groups?id=6cf3526e-a669-4a05-9085-ed6e7af61291&fields=id&fields=name HTTP/1.1" status: 200 len: 313 time: 0.0755329
Jul 12 16:22:22.005998 dv-cinder-797608-56-iscsi neutron-server[104046]: DEBUG neutron_lib.callbacks.manager [None req-2480a17f-6716-4a38-b984-fad41eddcde8 admin admin] Publish callbacks [] for security_group (c007be4a-657e-4391-9eac-c5657b4e9073), precommit_create {{(pid=104046) _notify_loop /usr/local/lib/python3.8/dist-packages/neutron_lib/callbacks/manager.py:176}}
Jul 12 16:22:22.028899 dv-cinder-797608-56-iscsi neutron-server[104046]: DEBUG neutron.pecan_wsgi.hooks.policy_enforcement [req-94fd0fa5-a8f8-423d-8aa8-07dc95e9ec29 req-f454de05-679a-498b-9162-25d17e93d262 tempest-DeleteServersTestJSON-228807283 tempest-DeleteServersTestJSON-228807283-project] Attributes excluded by policy engine: ['standard_attr_id', 'binding:profile', 'binding:host_id', 'binding:vif_type', 'binding:vif_details'] {{(pid=104046) _exclude_attributes_by_policy /opt/stack/neutron/neutron/pecan_wsgi/hooks/policy_enforcement.py:259}}
Jul 12 16:22:22.033540 dv-cinder-797608-56-iscsi neutron-server[104046]: INFO neutron.wsgi [req-94fd0fa5-a8f8-423d-8aa8-07dc95e9ec29 req-f454de05-679a-498b-9162-25d17e93d262 tempest-DeleteServersTestJSON-228807283 tempest-DeleteServersTestJSON-228807283-project] 10.222.0.20 "GET /v2.0/ports?device_id=6b8b44ee-7b55-4959-ae86-6ab7c888a36f HTTP/1.1" status: 200 len: 943 time: 0.0969737
Jul 12 16:22:22.036532 dv-cinder-797608-56-iscsi neutron-server[104046]: DEBUG neutron_lib.callbacks.manager [None req-2480a17f-6716-4a38-b984-fad41eddcde8 admin admin] Publish callbacks ['neutron.plugins.ml2.ovo_rpc._ObjectChangeHandler.handle_event-1827550'] for security_group (c007be4a-657e-4391-9eac-c5657b4e9073), after_create {{(pid=104046) _notify_loop /usr/local/lib/python3.8/dist-packages/neutron_lib/callbacks/manager.py:176}}
Jul 12 16:22:22.044957 dv-cinder-797608-56-iscsi neutron-server[104046]: DEBUG neutron_lib.callbacks.manager [None req-26db626e-23b7-4639-8426-566b41eb21f6 admin admin] Publish callbacks [] for security_group (7f01642d-1697-4645-8254-d36b2cb2534d), before_delete {{(pid=104046) _notify_loop /usr/local/lib/python3.8/dist-packages/neutron_lib/callbacks/manager.py:176}}
Jul 12 16:22:22.061352 dv-cinder-797608-56-iscsi neutron-server[104048]: DEBUG dbcounter [-] [104048] Writing DB stats neutron:SELECT=96,neutron:UPDATE=4 {{(pid=104048) stat_writer /usr/local/lib/python3.8/dist-packages/dbcounter.py:114}}
Jul 12 16:22:22.116765 dv-cinder-797608-56-iscsi neutron-server[104046]: INFO neutron.wsgi [None req-2480a17f-6716-4a38-b984-fad41eddcde8 admin admin] 10.222.0.20 "GET /v2.0/security-groups?tenant_id=7ee382f8b19c4eedaf5a0eebf4874563&name=default HTTP/1.1" status: 200 len: 2996 time: 0.6926057
Jul 12 16:22:22.119794 dv-cinder-797608-56-iscsi neutron-server[104047]: DEBUG neutron.wsgi [-] (104047) accepted ('10.222.0.20', 45772) {{(pid=104047) server /usr/local/lib/python3.8/dist-packages/eventlet/wsgi.py:1004}}
Jul 12 16:22:22.119924 dv-cinder-797608-56-iscsi neutron-server[104046]: DEBUG neutron_lib.callbacks.manager [None req-26db626e-23b7-4639-8426-566b41eb21f6 admin admin] Publish callbacks [] for security_group (7f01642d-1697-4645-8254-d36b2cb2534d), precommit_delete {{(pid=104046) _notify_loop /usr/local/lib/python3.8/dist-packages/neutron_lib/callbacks/manager.py:176}}
Jul 12 16:22:22.121867 dv-cinder-797608-56-iscsi neutron-server[104046]: DEBUG neutron.api.rpc.handlers.resources_rpc [None req-2480a17f-6716-4a38-b984-fad41eddcde8 admin admin] Pushing event updated for resources: {'SecurityGroup': ['ID=c007be4a-657e-4391-9eac-c5657b4e9073,revision_number=1']} {{(pid=104046) push /opt/stack/neutron/neutron/api/rpc/handlers/resources_rpc.py:237}}
Jul 12 16:22:22.146717 dv-cinder-797608-56-iscsi neutron-server[104046]: DEBUG dbcounter [-] [104046] Writing DB stats neutron:SELECT=85,neutron:INSERT=12,neutron:UPDATE=3 {{(pid=104046) stat_writer /usr/local/lib/python3.8/dist-packages/dbcounter.py:114}}
Jul 12 16:22:22.156205 dv-cinder-797608-56-iscsi neutron-server[104047]: DEBUG neutron.pecan_wsgi.hooks.policy_enforcement [req-48023bdb-b4a9-4745-9e11-56c16278bf1a req-d5eaa323-4e9c-491a-b2eb-7dd15407e596 tempest-AttachVolumeShelveTestJSON-360971309 tempest-AttachVolumeShelveTestJSON-360971309-project] Attributes excluded by policy engine: ['standard_attr_id', 'binding:profile', 'binding:host_id', 'binding:vif_type', 'binding:vif_details'] {{(pid=104047) _exclude_attributes_by_policy /opt/stack/neutron/neutron/pecan_wsgi/hooks/policy_enforcement.py:259}}
Jul 12 16:22:22.157708 dv-cinder-797608-56-iscsi neutron-server[104047]: INFO neutron.wsgi [req-48023bdb-b4a9-4745-9e11-56c16278bf1a req-d5eaa323-4e9c-491a-b2eb-7dd15407e596 tempest-AttachVolumeShelveTestJSON-360971309 tempest-AttachVolumeShelveTestJSON-360971309-project] 10.222.0.20 "GET /v2.0/ports?device_id=c6459fa8-bfbc-40a1-af27-2d44bad65d98 HTTP/1.1" status: 200 len: 943 time: 0.0772495
Jul 12 16:22:22.171140 dv-cinder-797608-56-iscsi neutron-server[104046]: INFO neutron.wsgi [req-94fd0fa5-a8f8-423d-8aa8-07dc95e9ec29 req-b450a54d-8ca0-4d01-8d32-7681863850a2 tempest-DeleteServersTestJSON-228807283 tempest-DeleteServersTestJSON-228807283-project] 10.222.0.20 "GET /v2.0/security-groups?id=4ab8877c-e685-4c20-9692-c2a47763d60e&fields=id&fields=name HTTP/1.1" status: 200 len: 286 time: 0.1315103
Jul 12 16:22:22.199091 dv-cinder-797608-56-iscsi neutron-server[104046]: DEBUG neutron_lib.callbacks.manager [None req-26db626e-23b7-4639-8426-566b41eb21f6 admin admin] Publish callbacks ['neutron.plugins.ml2.ovo_rpc._ObjectChangeHandler.handle_event-1827550'] for security_group (7f01642d-1697-4645-8254-d36b2cb2534d), after_delete {{(pid=104046) _notify_loop /usr/local/lib/python3.8/dist-packages/neutron_lib/callbacks/manager.py:176}}
Jul 12 16:22:22.201955 dv-cinder-797608-56-iscsi neutron-server[104046]: DEBUG neutron_lib.callbacks.manager [None req-26db626e-23b7-4639-8426-566b41eb21f6 admin admin] Publish callbacks [] for security_group (None), before_response {{(pid=104046) _notify_loop /usr/local/lib/python3.8/dist-packages/neutron_lib/callbacks/manager.py:176}}
Jul 12 16:22:22.203249 dv-cinder-797608-56-iscsi neutron-server[104046]: INFO neutron.wsgi [None req-26db626e-23b7-4639-8426-566b41eb21f6 admin admin] 10.222.0.20 "DELETE /v2.0/security-groups/7f01642d-1697-4645-8254-d36b2cb2534d HTTP/1.1" status: 204 len: 168 time: 0.3228748
Jul 12 16:22:22.217899 dv-cinder-797608-56-iscsi neutron-server[104046]: DEBUG neutron.api.rpc.handlers.resources_rpc [None req-26db626e-23b7-4639-8426-566b41eb21f6 admin admin] Pushing event deleted for resources: {'SecurityGroup': ['ID=7f01642d-1697-4645-8254-d36b2cb2534d,revision_number=None']} {{(pid=104046) push /opt/stack/neutron/neutron/api/rpc/handlers/resources_rpc.py:237}}
Jul 12 16:22:22.221227 dv-cinder-797608-56-iscsi neutron-server[104047]: DEBUG neutron_lib.callbacks.manager [None req-4cb54968-bf23-4b3a-988e-f02363eed628 admin admin] Publish callbacks [] for security_group (c007be4a-657e-4391-9eac-c5657b4e9073), before_delete {{(pid=104047) _notify_loop /usr/local/lib/python3.8/dist-packages/neutron_lib/callbacks/manager.py:176}}
Jul 12 16:22:22.229986 dv-cinder-797608-56-iscsi neutron-server[104049]: DEBUG neutron.db.agents_db [None req-1014f180-7196-41b3-be0e-120c9927d319 None None] Agent healthcheck: found 6 active agents {{(pid=104049) agent_health_check /opt/stack/neutron/neutron/db/agents_db.py:317}}
Jul 12 16:22:22.250936 dv-cinder-797608-56-iscsi neutron-server[104047]: INFO neutron.wsgi [req-48023bdb-b4a9-4745-9e11-56c16278bf1a req-b1d8bc05-377c-4502-b368-285cf2d96fa8 tempest-AttachVolumeShelveTestJSON-360971309 tempest-AttachVolumeShelveTestJSON-360971309-project] 10.222.0.20 "GET /v2.0/security-groups?id=b1a54a16-88a1-4c9f-a76f-fbd794a43eb6&fields=id&fields=name HTTP/1.1" status: 200 len: 312 time: 0.0857475
Jul 12 16:22:22.273478 dv-cinder-797608-56-iscsi neutron-server[104047]: DEBUG neutron_lib.callbacks.manager [None req-4cb54968-bf23-4b3a-988e-f02363eed628 admin admin] Publish callbacks [] for security_group (c007be4a-657e-4391-9eac-c5657b4e9073), precommit_delete {{(pid=104047) _notify_loop /usr/local/lib/python3.8/dist-packages/neutron_lib/callbacks/manager.py:176}}
Jul 12 16:22:22.350298 dv-cinder-797608-56-iscsi neutron-server[104047]: DEBUG neutron_lib.callbacks.manager [None req-4cb54968-bf23-4b3a-988e-f02363eed628 admin admin] Publish callbacks ['neutron.plugins.ml2.ovo_rpc._ObjectChangeHandler.handle_event-1827550'] for security_group (c007be4a-657e-4391-9eac-c5657b4e9073), after_delete {{(pid=104047) _notify_loop /usr/local/lib/python3.8/dist-packages/neutron_lib/callbacks/manager.py:176}}
Jul 12 16:22:22.352917 dv-cinder-797608-56-iscsi neutron-server[104047]: DEBUG neutron_lib.callbacks.manager [None req-4cb54968-bf23-4b3a-988e-f02363eed628 admin admin] Publish callbacks [] for security_group (None), before_response {{(pid=104047) _notify_loop /usr/local/lib/python3.8/dist-packages/neutron_lib/callbacks/manager.py:176}}
Jul 12 16:22:22.354209 dv-cinder-797608-56-iscsi neutron-server[104047]: INFO neutron.wsgi [None req-4cb54968-bf23-4b3a-988e-f02363eed628 admin admin] 10.222.0.20 "DELETE /v2.0/security-groups/c007be4a-657e-4391-9eac-c5657b4e9073 HTTP/1.1" status: 204 len: 168 time: 0.2311218
Jul 12 16:22:22.380246 dv-cinder-797608-56-iscsi neutron-server[104047]: DEBUG neutron.api.rpc.handlers.resources_rpc [None req-4cb54968-bf23-4b3a-988e-f02363eed628 admin admin] Pushing event deleted for resources: {'SecurityGroup': ['ID=c007be4a-657e-4391-9eac-c5657b4e9073,revision_number=None']} {{(pid=104047) push /opt/stack/neutron/neutron/api/rpc/handlers/resources_rpc.py:237}}
Jul 12 16:22:22.714928 dv-cinder-797608-56-iscsi neutron-server[104046]: DEBUG neutron.pecan_wsgi.hooks.policy_enforcement [req-dd019c28-e854-4aab-a432-e71c51109d6b req-49df575c-7b70-4d67-ba4b-ab9f15f18a57 tempest-ServerRescueNegativeTestJSON-1207561486 tempest-ServerRescueNegativeTestJSON-1207561486-project] Attributes excluded by policy engine: ['standard_attr_id', 'binding:profile', 'binding:host_id', 'binding:vif_type', 'binding:vif_details'] {{(pid=104046) _exclude_attributes_by_policy /opt/stack/neutron/neutron/pecan_wsgi/hooks/policy_enforcement.py:259}}
Jul 12 16:22:22.717337 dv-cinder-797608-56-iscsi neutron-server[104046]: INFO neutron.wsgi [req-dd019c28-e854-4aab-a432-e71c51109d6b req-49df575c-7b70-4d67-ba4b-ab9f15f18a57 tempest-ServerRescueNegativeTestJSON-1207561486 tempest-ServerRescueNegativeTestJSON-1207561486-project] 10.222.0.20 "GET /v2.0/ports?device_id=f2e0ca01-5c1b-4d9e-b7ed-4cbc4584150b HTTP/1.1" status: 200 len: 944 time: 0.0531609
Jul 12 16:22:22.774300 dv-cinder-797608-56-iscsi neutron-server[104046]: INFO neutron.wsgi [req-dd019c28-e854-4aab-a432-e71c51109d6b req-798a6283-35bb-4cfe-b835-62bfe723aa93 tempest-ServerRescueNegativeTestJSON-1207561486 tempest-ServerRescueNegativeTestJSON-1207561486-project] 10.222.0.20 "GET /v2.0/security-groups?id=306cb40e-8846-45d0-a151-79eea2b9e6ce&fields=id&fields=name HTTP/1.1" status: 200 len: 286 time: 0.0504391
Jul 12 16:22:23.130818 dv-cinder-797608-56-iscsi neutron-server[104047]: DEBUG neutron.pecan_wsgi.hooks.policy_enforcement [req-e4330493-e1ac-433e-869d-70fb4e20dabc req-d9a444c3-d0d6-4a66-865f-a10320fd73c9 tempest-AttachVolumeNegativeTest-1956724151 tempest-AttachVolumeNegativeTest-1956724151-project] Attributes excluded by policy engine: ['standard_attr_id', 'binding:profile', 'binding:host_id', 'binding:vif_type', 'binding:vif_details'] {{(pid=104047) _exclude_attributes_by_policy /opt/stack/neutron/neutron/pecan_wsgi/hooks/policy_enforcement.py:259}}
Jul 12 16:22:23.132409 dv-cinder-797608-56-iscsi neutron-server[104047]: INFO neutron.wsgi [req-e4330493-e1ac-433e-869d-70fb4e20dabc req-d9a444c3-d0d6-4a66-865f-a10320fd73c9 tempest-AttachVolumeNegativeTest-1956724151 tempest-AttachVolumeNegativeTest-1956724151-project] 10.222.0.20 "GET /v2.0/ports?device_id=60e5fa79-e5c0-46e9-82c9-7ad7e4eead9b HTTP/1.1" status: 200 len: 943 time: 0.0552745
Jul 12 16:22:23.193883 dv-cinder-797608-56-iscsi neutron-server[104047]: INFO neutron.wsgi [req-e4330493-e1ac-433e-869d-70fb4e20dabc req-31b00a82-f059-4c06-becc-7fd4c4f19170 tempest-AttachVolumeNegativeTest-1956724151 tempest-AttachVolumeNegativeTest-1956724151-project] 10.222.0.20 "GET /v2.0/security-groups?id=6cf3526e-a669-4a05-9085-ed6e7af61291&fields=id&fields=name HTTP/1.1" status: 200 len: 313 time: 0.0556309
Jul 12 16:22:23.299823 dv-cinder-797608-56-iscsi neutron-server[104046]: DEBUG neutron.pecan_wsgi.hooks.policy_enforcement [req-f5452be2-e89e-4ded-9754-dbc3fe214d96 req-8498abb0-3b8f-4380-b498-8824df3201ff tempest-DeleteServersTestJSON-228807283 tempest-DeleteServersTestJSON-228807283-project] Attributes excluded by policy engine: ['standard_attr_id', 'binding:profile', 'binding:host_id', 'binding:vif_type', 'binding:vif_details'] {{(pid=104046) _exclude_attributes_by_policy /opt/stack/neutron/neutron/pecan_wsgi/hooks/policy_enforcement.py:259}}
Jul 12 16:22:23.301349 dv-cinder-797608-56-iscsi neutron-server[104046]: INFO neutron.wsgi [req-f5452be2-e89e-4ded-9754-dbc3fe214d96 req-8498abb0-3b8f-4380-b498-8824df3201ff tempest-DeleteServersTestJSON-228807283 tempest-DeleteServersTestJSON-228807283-project] 10.222.0.20 "GET /v2.0/ports?device_id=6b8b44ee-7b55-4959-ae86-6ab7c888a36f HTTP/1.1" status: 200 len: 943 time: 0.0520027
Jul 12 16:22:23.373579 dv-cinder-797608-56-iscsi neutron-server[104046]: INFO neutron.wsgi [req-f5452be2-e89e-4ded-9754-dbc3fe214d96 req-545021de-8c71-4947-912c-bdf3abe85475 tempest-DeleteServersTestJSON-228807283 tempest-DeleteServersTestJSON-228807283-project] 10.222.0.20 "GET /v2.0/security-groups?id=4ab8877c-e685-4c20-9692-c2a47763d60e&fields=id&fields=name HTTP/1.1" status: 200 len: 286 time: 0.0642149
Jul 12 16:22:23.392005 dv-cinder-797608-56-iscsi neutron-server[104047]: DEBUG neutron.pecan_wsgi.hooks.policy_enforcement [req-9018f7a1-7935-48f7-bdd8-dd837d89da16 req-0164b72e-215f-4da6-836d-e75994f695a1 tempest-AttachVolumeShelveTestJSON-360971309 tempest-AttachVolumeShelveTestJSON-360971309-project] Attributes excluded by policy engine: ['standard_attr_id', 'binding:profile', 'binding:host_id', 'binding:vif_type', 'binding:vif_details'] {{(pid=104047) _exclude_attributes_by_policy /opt/stack/neutron/neutron/pecan_wsgi/hooks/policy_enforcement.py:259}}
Jul 12 16:22:23.397673 dv-cinder-797608-56-iscsi neutron-server[104047]: INFO neutron.wsgi [req-9018f7a1-7935-48f7-bdd8-dd837d89da16 req-0164b72e-215f-4da6-836d-e75994f695a1 tempest-AttachVolumeShelveTestJSON-360971309 tempest-AttachVolumeShelveTestJSON-360971309-project] 10.222.0.20 "GET /v2.0/ports?device_id=c6459fa8-bfbc-40a1-af27-2d44bad65d98 HTTP/1.1" status: 200 len: 943 time: 0.0579641
Jul 12 16:22:23.450637 dv-cinder-797608-56-iscsi neutron-server[104047]: INFO neutron.wsgi [req-9018f7a1-7935-48f7-bdd8-dd837d89da16 req-d5f68333-d1b3-4519-ac4b-c05ee31b50b7 tempest-AttachVolumeShelveTestJSON-360971309 tempest-AttachVolumeShelveTestJSON-360971309-project] 10.222.0.20 "GET /v2.0/security-groups?id=b1a54a16-88a1-4c9f-a76f-fbd794a43eb6&fields=id&fields=name HTTP/1.1" status: 200 len: 312 time: 0.0507772
Jul 12 16:22:23.634313 dv-cinder-797608-56-iscsi neutron-server[104046]: DEBUG neutron.notifiers.nova [-] Sending events: [{'name': 'network-changed', 'server_uuid': 'f2e0ca01-5c1b-4d9e-b7ed-4cbc4584150b', 'tag': 'bb8c098f-fbb4-46b3-abf2-a2248399930d'}] {{(pid=104046) send_events /opt/stack/neutron/neutron/notifiers/nova.py:271}}
Jul 12 16:22:23.636649 dv-cinder-797608-56-iscsi neutron-server[104046]: DEBUG novaclient.v2.client [-] REQ: curl -g -i --cacert "/opt/stack/data/ca-bundle.pem" -X POST http://10.222.0.20/compute/v2.1/os-server-external-events -H "Accept: application/json" -H "Content-Type: application/json" -H "User-Agent: python-novaclient" -H "X-Auth-Token: {SHA256}0571922ca33c03b15c4532d209c6e37f0a00353ccaf1c6bf29f8e6f3299bac81" -H "X-OpenStack-Nova-API-Version: 2.1" -H "X-OpenStack-Request-ID: req-7a776103-4842-4344-89d5-0f28f2be46a7" -d '{"events": [{"name": "network-changed", "server_uuid": "f2e0ca01-5c1b-4d9e-b7ed-4cbc4584150b", "tag": "bb8c098f-fbb4-46b3-abf2-a2248399930d"}]}' {{(pid=104046) _http_log_request /usr/local/lib/python3.8/dist-packages/keystoneauth1/session.py:519}}
Jul 12 16:22:23.682628 dv-cinder-797608-56-iscsi neutron-server[104046]: DEBUG novaclient.v2.client [-] RESP: [200] Connection: close Content-Length: 179 Content-Type: application/json Date: Tue, 12 Jul 2022 16:22:23 GMT OpenStack-API-Version: compute 2.1 Server: Apache/2.4.41 (Ubuntu) Vary: OpenStack-API-Version,X-OpenStack-Nova-API-Version X-OpenStack-Nova-API-Version: 2.1 x-compute-request-id: req-9337e03b-e326-4415-922b-860b23081ca1 x-openstack-request-id: req-9337e03b-e326-4415-922b-860b23081ca1 {{(pid=104046) _http_log_response /usr/local/lib/python3.8/dist-packages/keystoneauth1/session.py:550}}
Jul 12 16:22:23.684927 dv-cinder-797608-56-iscsi neutron-server[104046]: DEBUG novaclient.v2.client [-] RESP BODY: {"events": [{"name": "network-changed", "server_uuid": "f2e0ca01-5c1b-4d9e-b7ed-4cbc4584150b", "tag": "bb8c098f-fbb4-46b3-abf2-a2248399930d", "status": "completed", "code": 200}]} {{(pid=104046) _http_log_response /usr/local/lib/python3.8/dist-packages/keystoneauth1/session.py:582}}
Jul 12 16:22:23.685215 dv-cinder-797608-56-iscsi neutron-server[104046]: DEBUG novaclient.v2.client [-] POST call to compute for http://10.222.0.20/compute/v2.1/os-server-external-events used request id req-9337e03b-e326-4415-922b-860b23081ca1 {{(pid=104046) request /usr/local/lib/python3.8/dist-packages/keystoneauth1/session.py:954}}
Jul 12 16:22:23.685617 dv-cinder-797608-56-iscsi neutron-server[104046]: INFO neutron.notifiers.nova [-] Nova event matching ['req-9337e03b-e326-4415-922b-860b23081ca1'] response: {'name': 'network-changed', 'server_uuid': 'f2e0ca01-5c1b-4d9e-b7ed-4cbc4584150b', 'tag': 'bb8c098f-fbb4-46b3-abf2-a2248399930d', 'status': 'completed', 'code': 200}
Jul 12 16:22:23.730848 dv-cinder-797608-56-iscsi neutron-server[104047]: DEBUG neutron.notifiers.nova [-] Sending events: [{'name': 'network-changed', 'server_uuid': '97836b86-898a-44df-a529-4ebf4089cdbd', 'tag': 'e68e6123-a7c0-4686-82ee-e2ff130f0da3'}, {'name': 'network-changed', 'server_uuid': 'c6459fa8-bfbc-40a1-af27-2d44bad65d98', 'tag': '2f0e3fda-d5ce-4be1-9fd4-2c9a73dcfad4'}] {{(pid=104047) send_events /opt/stack/neutron/neutron/notifiers/nova.py:271}}
Jul 12 16:22:23.734464 dv-cinder-797608-56-iscsi neutron-server[104047]: DEBUG novaclient.v2.client [-] REQ: curl -g -i --cacert "/opt/stack/data/ca-bundle.pem" -X POST http://10.222.0.20/compute/v2.1/os-server-external-events -H "Accept: application/json" -H "Content-Type: application/json" -H "User-Agent: python-novaclient" -H "X-Auth-Token: {SHA256}49d639e5197ca30941f5b02cc61bac4e8ceec9b500dd19fdc20ef8607503f0ae" -H "X-OpenStack-Nova-API-Version: 2.1" -H "X-OpenStack-Request-ID: req-73473c53-d2e6-4be0-9d4e-38e3789e9e5d" -d '{"events": [{"name": "network-changed", "server_uuid": "97836b86-898a-44df-a529-4ebf4089cdbd", "tag": "e68e6123-a7c0-4686-82ee-e2ff130f0da3"}, {"name": "network-changed", "server_uuid": "c6459fa8-bfbc-40a1-af27-2d44bad65d98", "tag": "2f0e3fda-d5ce-4be1-9fd4-2c9a73dcfad4"}]}' {{(pid=104047) _http_log_request /usr/local/lib/python3.8/dist-packages/keystoneauth1/session.py:519}}
Jul 12 16:22:23.838226 dv-cinder-797608-56-iscsi neutron-server[104047]: DEBUG novaclient.v2.client [-] RESP: [200] Connection: close Content-Length: 346 Content-Type: application/json Date: Tue, 12 Jul 2022 16:22:23 GMT OpenStack-API-Version: compute 2.1 Server: Apache/2.4.41 (Ubuntu) Vary: OpenStack-API-Version,X-OpenStack-Nova-API-Version X-OpenStack-Nova-API-Version: 2.1 x-compute-request-id: req-47dbccb4-630a-4943-a2e7-5dcc8b95d47d x-openstack-request-id: req-47dbccb4-630a-4943-a2e7-5dcc8b95d47d {{(pid=104047) _http_log_response /usr/local/lib/python3.8/dist-packages/keystoneauth1/session.py:550}}
Jul 12 16:22:23.838588 dv-cinder-797608-56-iscsi neutron-server[104047]: DEBUG novaclient.v2.client [-] RESP BODY: {"events": [{"name": "network-changed", "server_uuid": "97836b86-898a-44df-a529-4ebf4089cdbd", "tag": "e68e6123-a7c0-4686-82ee-e2ff130f0da3", "status": "completed", "code": 200}, {"name": "network-changed", "server_uuid": "c6459fa8-bfbc-40a1-af27-2d44bad65d98", "tag": "2f0e3fda-d5ce-4be1-9fd4-2c9a73dcfad4", "status": "completed", "code": 200}]} {{(pid=104047) _http_log_response /usr/local/lib/python3.8/dist-packages/keystoneauth1/session.py:582}}
Jul 12 16:22:23.838905 dv-cinder-797608-56-iscsi neutron-server[104047]: DEBUG novaclient.v2.client [-] POST call to compute for http://10.222.0.20/compute/v2.1/os-server-external-events used request id req-47dbccb4-630a-4943-a2e7-5dcc8b95d47d {{(pid=104047) request /usr/local/lib/python3.8/dist-packages/keystoneauth1/session.py:954}}
Jul 12 16:22:23.839447 dv-cinder-797608-56-iscsi neutron-server[104047]: INFO neutron.notifiers.nova [-] Nova event matching ['req-47dbccb4-630a-4943-a2e7-5dcc8b95d47d'] response: {'name': 'network-changed', 'server_uuid': '97836b86-898a-44df-a529-4ebf4089cdbd', 'tag': 'e68e6123-a7c0-4686-82ee-e2ff130f0da3', 'status': 'completed', 'code': 200}
Jul 12 16:22:23.839823 dv-cinder-797608-56-iscsi neutron-server[104047]: INFO neutron.notifiers.nova [-] Nova event matching ['req-47dbccb4-630a-4943-a2e7-5dcc8b95d47d'] response: {'name': 'network-changed', 'server_uuid': 'c6459fa8-bfbc-40a1-af27-2d44bad65d98', 'tag': '2f0e3fda-d5ce-4be1-9fd4-2c9a73dcfad4', 'status': 'completed', 'code': 200}
Jul 12 16:22:23.923401 dv-cinder-797608-56-iscsi neutron-server[104046]: DEBUG neutron.pecan_wsgi.hooks.policy_enforcement [req-83e913ec-fca6-45d2-bed8-239cafbcb776 req-9c3f1254-2f34-4f28-bd6b-f6e1645405c9 tempest-ServerRescueNegativeTestJSON-1207561486 tempest-ServerRescueNegativeTestJSON-1207561486-project] Attributes excluded by policy engine: ['standard_attr_id', 'binding:profile', 'binding:host_id', 'binding:vif_type', 'binding:vif_details'] {{(pid=104046) _exclude_attributes_by_policy /opt/stack/neutron/neutron/pecan_wsgi/hooks/policy_enforcement.py:259}}
Jul 12 16:22:23.925312 dv-cinder-797608-56-iscsi neutron-server[104046]: INFO neutron.wsgi [req-83e913ec-fca6-45d2-bed8-239cafbcb776 req-9c3f1254-2f34-4f28-bd6b-f6e1645405c9 tempest-ServerRescueNegativeTestJSON-1207561486 tempest-ServerRescueNegativeTestJSON-1207561486-project] 10.222.0.20 "GET /v2.0/ports?device_id=f2e0ca01-5c1b-4d9e-b7ed-4cbc4584150b HTTP/1.1" status: 200 len: 944 time: 0.0666337
Jul 12 16:22:24.012783 dv-cinder-797608-56-iscsi neutron-server[104046]: INFO neutron.wsgi [req-83e913ec-fca6-45d2-bed8-239cafbcb776 req-5f652b5f-0e9a-488d-a82f-6ff7f6505352 tempest-ServerRescueNegativeTestJSON-1207561486 tempest-ServerRescueNegativeTestJSON-1207561486-project] 10.222.0.20 "GET /v2.0/security-groups?id=306cb40e-8846-45d0-a151-79eea2b9e6ce&fields=id&fields=name HTTP/1.1" status: 200 len: 286 time: 0.0780976
Jul 12 16:22:24.342664 dv-cinder-797608-56-iscsi neutron-server[104047]: DEBUG neutron.pecan_wsgi.hooks.policy_enforcement [req-fdffc95e-e457-4391-9a21-29117a8f0630 req-782117df-6a86-4061-93f8-eaf6b106d3d6 tempest-AttachVolumeNegativeTest-1956724151 tempest-AttachVolumeNegativeTest-1956724151-project] Attributes excluded by policy engine: ['standard_attr_id', 'binding:profile', 'binding:host_id', 'binding:vif_type', 'binding:vif_details'] {{(pid=104047) _exclude_attributes_by_policy /opt/stack/neutron/neutron/pecan_wsgi/hooks/policy_enforcement.py:259}}
Jul 12 16:22:24.345495 dv-cinder-797608-56-iscsi neutron-server[104047]: INFO neutron.wsgi [req-fdffc95e-e457-4391-9a21-29117a8f0630 req-782117df-6a86-4061-93f8-eaf6b106d3d6 tempest-AttachVolumeNegativeTest-1956724151 tempest-AttachVolumeNegativeTest-1956724151-project] 10.222.0.20 "GET /v2.0/ports?device_id=60e5fa79-e5c0-46e9-82c9-7ad7e4eead9b HTTP/1.1" status: 200 len: 943 time: 0.0644691
Jul 12 16:22:24.407537 dv-cinder-797608-56-iscsi neutron-server[104047]: INFO neutron.wsgi [req-fdffc95e-e457-4391-9a21-29117a8f0630 req-1036aae7-ea01-44e2-8c6d-ab4c84fc1f2b tempest-AttachVolumeNegativeTest-1956724151 tempest-AttachVolumeNegativeTest-1956724151-project] 10.222.0.20 "GET /v2.0/security-groups?id=6cf3526e-a669-4a05-9085-ed6e7af61291&fields=id&fields=name HTTP/1.1" status: 200 len: 313 time: 0.0575819
Jul 12 16:22:24.469732 dv-cinder-797608-56-iscsi neutron-server[104046]: DEBUG dbcounter [-] [104046] Writing DB stats neutron:SELECT=91,neutron:INSERT=4,neutron:UPDATE=1,neutron:DELETE=4 {{(pid=104046) stat_writer /usr/local/lib/python3.8/dist-packages/dbcounter.py:114}}
Jul 12 16:22:24.524889 dv-cinder-797608-56-iscsi neutron-server[104046]: DEBUG neutron.pecan_wsgi.hooks.policy_enforcement [req-d804e174-0b29-4336-a967-63d3ce7b9bc9 req-33919113-066b-456b-8a9b-6d463f772cce tempest-DeleteServersTestJSON-228807283 tempest-DeleteServersTestJSON-228807283-project] Attributes excluded by policy engine: ['standard_attr_id', 'binding:profile', 'binding:host_id', 'binding:vif_type', 'binding:vif_details'] {{(pid=104046) _exclude_attributes_by_policy /opt/stack/neutron/neutron/pecan_wsgi/hooks/policy_enforcement.py:259}}
Jul 12 16:22:24.526691 dv-cinder-797608-56-iscsi neutron-server[104046]: INFO neutron.wsgi [req-d804e174-0b29-4336-a967-63d3ce7b9bc9 req-33919113-066b-456b-8a9b-6d463f772cce tempest-DeleteServersTestJSON-228807283 tempest-DeleteServersTestJSON-228807283-project] 10.222.0.20 "GET /v2.0/ports?device_id=6b8b44ee-7b55-4959-ae86-6ab7c888a36f HTTP/1.1" status: 200 len: 943 time: 0.0689812
Jul 12 16:22:24.543244 dv-cinder-797608-56-iscsi neutron-server[104047]: DEBUG dbcounter [-] [104047] Writing DB stats neutron:SELECT=97,neutron:UPDATE=1,neutron:DELETE=2 {{(pid=104047) stat_writer /usr/local/lib/python3.8/dist-packages/dbcounter.py:114}}
Jul 12 16:22:24.588744 dv-cinder-797608-56-iscsi neutron-server[104046]: INFO neutron.wsgi [req-d804e174-0b29-4336-a967-63d3ce7b9bc9 req-9d409e66-cc28-41a7-b4d0-5612eda5c9b4 tempest-DeleteServersTestJSON-228807283 tempest-DeleteServersTestJSON-228807283-project] 10.222.0.20 "GET /v2.0/security-groups?id=4ab8877c-e685-4c20-9692-c2a47763d60e&fields=id&fields=name HTTP/1.1" status: 200 len: 286 time: 0.0542169
Jul 12 16:22:24.591545 dv-cinder-797608-56-iscsi neutron-server[104047]: DEBUG neutron.pecan_wsgi.hooks.policy_enforcement [req-fa7b92cc-3ea2-407f-b568-64f4437ddb80 req-6d6111b3-d9b2-4041-bd4d-1844e535b72d tempest-AttachVolumeShelveTestJSON-360971309 tempest-AttachVolumeShelveTestJSON-360971309-project] Attributes excluded by policy engine: ['standard_attr_id', 'binding:profile', 'binding:host_id', 'binding:vif_type', 'binding:vif_details'] {{(pid=104047) _exclude_attributes_by_policy /opt/stack/neutron/neutron/pecan_wsgi/hooks/policy_enforcement.py:259}}
Jul 12 16:22:24.593079 dv-cinder-797608-56-iscsi neutron-server[104047]: INFO neutron.wsgi [req-fa7b92cc-3ea2-407f-b568-64f4437ddb80 req-6d6111b3-d9b2-4041-bd4d-1844e535b72d tempest-AttachVolumeShelveTestJSON-360971309 tempest-AttachVolumeShelveTestJSON-360971309-project] 10.222.0.20 "GET /v2.0/ports?device_id=c6459fa8-bfbc-40a1-af27-2d44bad65d98 HTTP/1.1" status: 200 len: 943 time: 0.0601344
Jul 12 16:22:24.646677 dv-cinder-797608-56-iscsi neutron-server[104047]: INFO neutron.wsgi [req-fa7b92cc-3ea2-407f-b568-64f4437ddb80 req-a027a6e6-469f-4a96-af26-1829ef630177 tempest-AttachVolumeShelveTestJSON-360971309 tempest-AttachVolumeShelveTestJSON-360971309-project] 10.222.0.20 "GET /v2.0/security-groups?id=b1a54a16-88a1-4c9f-a76f-fbd794a43eb6&fields=id&fields=name HTTP/1.1" status: 200 len: 312 time: 0.0476048
Jul 12 16:22:24.887005 dv-cinder-797608-56-iscsi neutron-server[104046]: DEBUG neutron.wsgi [-] (104046) accepted ('10.222.0.20', 45964) {{(pid=104046) server /usr/local/lib/python3.8/dist-packages/eventlet/wsgi.py:1004}}
Jul 12 16:22:24.975936 dv-cinder-797608-56-iscsi neutron-server[104046]: DEBUG neutron.wsgi [-] (104046) accepted ('10.222.0.20', 45972) {{(pid=104046) server /usr/local/lib/python3.8/dist-packages/eventlet/wsgi.py:1004}}
Jul 12 16:22:25.051207 dv-cinder-797608-56-iscsi neutron-server[104046]: DEBUG neutron_lib.callbacks.manager [None req-403f31d3-0a85-4461-8a07-8967429c76bb admin admin] Publish callbacks [] for security_group (None), before_create {{(pid=104046) _notify_loop /usr/local/lib/python3.8/dist-packages/neutron_lib/callbacks/manager.py:176}}
Jul 12 16:22:25.111987 dv-cinder-797608-56-iscsi neutron-server[104046]: DEBUG neutron_lib.callbacks.manager [None req-206ceef1-f978-4a16-981c-95f8b0a051a7 admin admin] Publish callbacks [] for security_group (None), before_create {{(pid=104046) _notify_loop /usr/local/lib/python3.8/dist-packages/neutron_lib/callbacks/manager.py:176}}
Jul 12 16:22:25.180169 dv-cinder-797608-56-iscsi neutron-server[104046]: DEBUG neutron.pecan_wsgi.hooks.policy_enforcement [req-0df90eb7-be71-4a4a-bbc4-8c1fe75cb18a req-434c6b22-1d60-4b42-9eeb-9ba550dfcc65 tempest-ServerRescueNegativeTestJSON-1207561486 tempest-ServerRescueNegativeTestJSON-1207561486-project] Attributes excluded by policy engine: ['standard_attr_id', 'binding:profile', 'binding:host_id', 'binding:vif_type', 'binding:vif_details'] {{(pid=104046) _exclude_attributes_by_policy /opt/stack/neutron/neutron/pecan_wsgi/hooks/policy_enforcement.py:259}}
Jul 12 16:22:25.181638 dv-cinder-797608-56-iscsi neutron-server[104046]: INFO neutron.wsgi [req-0df90eb7-be71-4a4a-bbc4-8c1fe75cb18a req-434c6b22-1d60-4b42-9eeb-9ba550dfcc65 tempest-ServerRescueNegativeTestJSON-1207561486 tempest-ServerRescueNegativeTestJSON-1207561486-project] 10.222.0.20 "GET /v2.0/ports?device_id=f2e0ca01-5c1b-4d9e-b7ed-4cbc4584150b HTTP/1.1" status: 200 len: 944 time: 0.0961280
Jul 12 16:22:25.234088 dv-cinder-797608-56-iscsi neutron-server[104046]: DEBUG neutron_lib.callbacks.manager [None req-403f31d3-0a85-4461-8a07-8967429c76bb admin admin] Publish callbacks [] for security_group (182bbdbc-7b7a-4e16-b3e9-19aaeb77ab6a), precommit_create {{(pid=104046) _notify_loop /usr/local/lib/python3.8/dist-packages/neutron_lib/callbacks/manager.py:176}}
Jul 12 16:22:25.245824 dv-cinder-797608-56-iscsi neutron-server[104046]: DEBUG neutron_lib.callbacks.manager [None req-403f31d3-0a85-4461-8a07-8967429c76bb admin admin] Publish callbacks ['neutron.plugins.ml2.ovo_rpc._ObjectChangeHandler.handle_event-1827550'] for security_group (182bbdbc-7b7a-4e16-b3e9-19aaeb77ab6a), after_create {{(pid=104046) _notify_loop /usr/local/lib/python3.8/dist-packages/neutron_lib/callbacks/manager.py:176}}
Jul 12 16:22:25.312726 dv-cinder-797608-56-iscsi neutron-server[104046]: INFO neutron.wsgi [req-0df90eb7-be71-4a4a-bbc4-8c1fe75cb18a req-6b9e403e-7202-4007-a51c-cbd97c21110c tempest-ServerRescueNegativeTestJSON-1207561486 tempest-ServerRescueNegativeTestJSON-1207561486-project] 10.222.0.20 "GET /v2.0/security-groups?id=306cb40e-8846-45d0-a151-79eea2b9e6ce&fields=id&fields=name HTTP/1.1" status: 200 len: 286 time: 0.1217806
Jul 12 16:22:25.320129 dv-cinder-797608-56-iscsi neutron-server[104046]: INFO neutron.wsgi [None req-403f31d3-0a85-4461-8a07-8967429c76bb admin admin] 10.222.0.20 "GET /v2.0/security-groups?tenant_id=161215234510450bacf70db9123be7e9&name=default HTTP/1.1" status: 200 len: 2996 time: 0.4315755
Jul 12 16:22:25.320790 dv-cinder-797608-56-iscsi neutron-server[104046]: DEBUG neutron.api.rpc.handlers.resources_rpc [None req-403f31d3-0a85-4461-8a07-8967429c76bb admin admin] Pushing event updated for resources: {'SecurityGroup': ['ID=182bbdbc-7b7a-4e16-b3e9-19aaeb77ab6a,revision_number=1']} {{(pid=104046) push /opt/stack/neutron/neutron/api/rpc/handlers/resources_rpc.py:237}}
Jul 12 16:22:25.322879 dv-cinder-797608-56-iscsi neutron-server[104047]: DEBUG neutron.wsgi [-] (104047) accepted ('10.222.0.20', 45978) {{(pid=104047) server /usr/local/lib/python3.8/dist-packages/eventlet/wsgi.py:1004}}
Jul 12 16:22:25.347271 dv-cinder-797608-56-iscsi neutron-server[104046]: DEBUG neutron_lib.callbacks.manager [None req-206ceef1-f978-4a16-981c-95f8b0a051a7 admin admin] Publish callbacks [] for security_group (623bf6bb-1c6c-4436-a12b-00b1ee9ddca2), precommit_create {{(pid=104046) _notify_loop /usr/local/lib/python3.8/dist-packages/neutron_lib/callbacks/manager.py:176}}
Jul 12 16:22:25.351275 dv-cinder-797608-56-iscsi neutron-server[104046]: DEBUG neutron_lib.callbacks.manager [None req-206ceef1-f978-4a16-981c-95f8b0a051a7 admin admin] Publish callbacks ['neutron.plugins.ml2.ovo_rpc._ObjectChangeHandler.handle_event-1827550'] for security_group (623bf6bb-1c6c-4436-a12b-00b1ee9ddca2), after_create {{(pid=104046) _notify_loop /usr/local/lib/python3.8/dist-packages/neutron_lib/callbacks/manager.py:176}}
Jul 12 16:22:25.374339 dv-cinder-797608-56-iscsi neutron-server[104047]: DEBUG neutron_lib.callbacks.manager [None req-ad4cd4bc-59c6-479e-8370-4873ce618b4b admin admin] Publish callbacks [] for security_group (182bbdbc-7b7a-4e16-b3e9-19aaeb77ab6a), before_delete {{(pid=104047) _notify_loop /usr/local/lib/python3.8/dist-packages/neutron_lib/callbacks/manager.py:176}}
Jul 12 16:22:25.392575 dv-cinder-797608-56-iscsi neutron-server[104046]: INFO neutron.wsgi [None req-206ceef1-f978-4a16-981c-95f8b0a051a7 admin admin] 10.222.0.20 "GET /v2.0/security-groups?tenant_id=9ad1b6740e8647438045ba8f908e97d4&name=default HTTP/1.1" status: 200 len: 2996 time: 0.4153628
Jul 12 16:22:25.393478 dv-cinder-797608-56-iscsi neutron-server[104046]: DEBUG neutron.api.rpc.handlers.resources_rpc [None req-206ceef1-f978-4a16-981c-95f8b0a051a7 admin admin] Pushing event updated for resources: {'SecurityGroup': ['ID=623bf6bb-1c6c-4436-a12b-00b1ee9ddca2,revision_number=1']} {{(pid=104046) push /opt/stack/neutron/neutron/api/rpc/handlers/resources_rpc.py:237}}
Jul 12 16:22:25.395744 dv-cinder-797608-56-iscsi neutron-server[104046]: DEBUG neutron.wsgi [-] (104046) accepted ('10.222.0.20', 45980) {{(pid=104046) server /usr/local/lib/python3.8/dist-packages/eventlet/wsgi.py:1004}}
Jul 12 16:22:25.395935 dv-cinder-797608-56-iscsi neutron-server[104047]: DEBUG neutron_lib.callbacks.manager [None req-ad4cd4bc-59c6-479e-8370-4873ce618b4b admin admin] Publish callbacks [] for security_group (182bbdbc-7b7a-4e16-b3e9-19aaeb77ab6a), precommit_delete {{(pid=104047) _notify_loop /usr/local/lib/python3.8/dist-packages/neutron_lib/callbacks/manager.py:176}}
Jul 12 16:22:25.427743 dv-cinder-797608-56-iscsi neutron-server[104047]: DEBUG dbcounter [-] [104047] Writing DB stats neutron:SELECT=97,neutron:DELETE=3 {{(pid=104047) stat_writer /usr/local/lib/python3.8/dist-packages/dbcounter.py:114}}
Jul 12 16:22:25.446160 dv-cinder-797608-56-iscsi neutron-server[104046]: DEBUG dbcounter [-] [104046] Writing DB stats neutron:SELECT=91,neutron:INSERT=9 {{(pid=104046) stat_writer /usr/local/lib/python3.8/dist-packages/dbcounter.py:114}}
Jul 12 16:22:25.451764 dv-cinder-797608-56-iscsi neutron-server[104047]: DEBUG neutron_lib.callbacks.manager [None req-ad4cd4bc-59c6-479e-8370-4873ce618b4b admin admin] Publish callbacks ['neutron.plugins.ml2.ovo_rpc._ObjectChangeHandler.handle_event-1827550'] for security_group (182bbdbc-7b7a-4e16-b3e9-19aaeb77ab6a), after_delete {{(pid=104047) _notify_loop /usr/local/lib/python3.8/dist-packages/neutron_lib/callbacks/manager.py:176}}
Jul 12 16:22:25.453959 dv-cinder-797608-56-iscsi neutron-server[104046]: DEBUG neutron_lib.callbacks.manager [None req-693b0293-2954-4ef0-bdcf-4c21582226ac admin admin] Publish callbacks [] for security_group (623bf6bb-1c6c-4436-a12b-00b1ee9ddca2), before_delete {{(pid=104046) _notify_loop /usr/local/lib/python3.8/dist-packages/neutron_lib/callbacks/manager.py:176}}
Jul 12 16:22:25.455392 dv-cinder-797608-56-iscsi neutron-server[104047]: DEBUG neutron_lib.callbacks.manager [None req-ad4cd4bc-59c6-479e-8370-4873ce618b4b admin admin] Publish callbacks [] for security_group (None), before_response {{(pid=104047) _notify_loop /usr/local/lib/python3.8/dist-packages/neutron_lib/callbacks/manager.py:176}}
Jul 12 16:22:25.459143 dv-cinder-797608-56-iscsi neutron-server[104047]: INFO neutron.wsgi [None req-ad4cd4bc-59c6-479e-8370-4873ce618b4b admin admin] 10.222.0.20 "DELETE /v2.0/security-groups/182bbdbc-7b7a-4e16-b3e9-19aaeb77ab6a HTTP/1.1" status: 204 len: 168 time: 0.1331437
Jul 12 16:22:25.467158 dv-cinder-797608-56-iscsi neutron-server[104047]: DEBUG neutron.api.rpc.handlers.resources_rpc [None req-ad4cd4bc-59c6-479e-8370-4873ce618b4b admin admin] Pushing event deleted for resources: {'SecurityGroup': ['ID=182bbdbc-7b7a-4e16-b3e9-19aaeb77ab6a,revision_number=None']} {{(pid=104047) push /opt/stack/neutron/neutron/api/rpc/handlers/resources_rpc.py:237}}
Jul 12 16:22:25.482369 dv-cinder-797608-56-iscsi neutron-server[104046]: DEBUG neutron_lib.callbacks.manager [None req-693b0293-2954-4ef0-bdcf-4c21582226ac admin admin] Publish callbacks [] for security_group (623bf6bb-1c6c-4436-a12b-00b1ee9ddca2), precommit_delete {{(pid=104046) _notify_loop /usr/local/lib/python3.8/dist-packages/neutron_lib/callbacks/manager.py:176}}
Jul 12 16:22:25.576835 dv-cinder-797608-56-iscsi neutron-server[104047]: DEBUG neutron.pecan_wsgi.hooks.policy_enforcement [req-d248c7e8-0fa5-4833-8545-81bfa0fe7836 req-5a2d87c4-e0ff-46ad-b716-0db00b385461 tempest-AttachVolumeNegativeTest-1956724151 tempest-AttachVolumeNegativeTest-1956724151-project] Attributes excluded by policy engine: ['standard_attr_id', 'binding:profile', 'binding:host_id', 'binding:vif_type', 'binding:vif_details'] {{(pid=104047) _exclude_attributes_by_policy /opt/stack/neutron/neutron/pecan_wsgi/hooks/policy_enforcement.py:259}}
Jul 12 16:22:25.578678 dv-cinder-797608-56-iscsi neutron-server[104047]: INFO neutron.wsgi [req-d248c7e8-0fa5-4833-8545-81bfa0fe7836 req-5a2d87c4-e0ff-46ad-b716-0db00b385461 tempest-AttachVolumeNegativeTest-1956724151 tempest-AttachVolumeNegativeTest-1956724151-project] 10.222.0.20 "GET /v2.0/ports?device_id=60e5fa79-e5c0-46e9-82c9-7ad7e4eead9b HTTP/1.1" status: 200 len: 943 time: 0.0849414
Jul 12 16:22:25.654529 dv-cinder-797608-56-iscsi neutron-server[104046]: INFO neutron.wsgi [req-bb415747-d6de-4ffb-a69d-1f6b3c9a3423 req-e389274c-58a6-4d29-b5f3-a47fea5396b0 service neutron] 10.222.0.62 "GET /v2.0/floatingips?fixed_ip_address=172.20.0.14&port_id=bb8c098f-fbb4-46b3-abf2-a2248399930d HTTP/1.1" status: 200 len: 217 time: 0.0764515
Jul 12 16:22:25.655242 dv-cinder-797608-56-iscsi neutron-server[104046]: DEBUG neutron_lib.callbacks.manager [None req-693b0293-2954-4ef0-bdcf-4c21582226ac admin admin] Publish callbacks ['neutron.plugins.ml2.ovo_rpc._ObjectChangeHandler.handle_event-1827550'] for security_group (623bf6bb-1c6c-4436-a12b-00b1ee9ddca2), after_delete {{(pid=104046) _notify_loop /usr/local/lib/python3.8/dist-packages/neutron_lib/callbacks/manager.py:176}}
Jul 12 16:22:25.662482 dv-cinder-797608-56-iscsi neutron-server[104046]: DEBUG neutron_lib.callbacks.manager [None req-693b0293-2954-4ef0-bdcf-4c21582226ac admin admin] Publish callbacks [] for security_group (None), before_response {{(pid=104046) _notify_loop /usr/local/lib/python3.8/dist-packages/neutron_lib/callbacks/manager.py:176}}
Jul 12 16:22:25.664030 dv-cinder-797608-56-iscsi neutron-server[104046]: INFO neutron.wsgi [None req-693b0293-2954-4ef0-bdcf-4c21582226ac admin admin] 10.222.0.20 "DELETE /v2.0/security-groups/623bf6bb-1c6c-4436-a12b-00b1ee9ddca2 HTTP/1.1" status: 204 len: 168 time: 0.2672982
Jul 12 16:22:25.666347 dv-cinder-797608-56-iscsi neutron-server[104048]: DEBUG neutron.plugins.ml2.rpc [None req-a03f32d7-2666-42e1-8c94-15de717f71bc None None] Device ee938d9d-4c97-4e36-891d-386db9564d75 details requested by agent hyperv_hv-cinder-79760 with host hv-cinder-79760 {{(pid=104048) get_device_details /opt/stack/neutron/neutron/plugins/ml2/rpc.py:102}}
Jul 12 16:22:25.715569 dv-cinder-797608-56-iscsi neutron-server[104046]: DEBUG neutron.api.rpc.handlers.resources_rpc [None req-693b0293-2954-4ef0-bdcf-4c21582226ac admin admin] Pushing event deleted for resources: {'SecurityGroup': ['ID=623bf6bb-1c6c-4436-a12b-00b1ee9ddca2,revision_number=None']} {{(pid=104046) push /opt/stack/neutron/neutron/api/rpc/handlers/resources_rpc.py:237}}
Jul 12 16:22:25.843924 dv-cinder-797608-56-iscsi neutron-server[104047]: DEBUG neutron.pecan_wsgi.hooks.policy_enforcement [req-24c0dd1a-d238-4675-afc9-c201949caf95 req-ca379dfa-2e82-4d8e-8f58-399b767513c9 service neutron] Attributes excluded by policy engine: ['standard_attr_id'] {{(pid=104047) _exclude_attributes_by_policy /opt/stack/neutron/neutron/pecan_wsgi/hooks/policy_enforcement.py:259}}
Jul 12 16:22:25.845441 dv-cinder-797608-56-iscsi neutron-server[104047]: INFO neutron.wsgi [req-24c0dd1a-d238-4675-afc9-c201949caf95 req-ca379dfa-2e82-4d8e-8f58-399b767513c9 service neutron] 10.222.0.62 "GET /v2.0/ports?tenant_id=d5ae94369af249a9a7d80185508089d6&device_id=60e5fa79-e5c0-46e9-82c9-7ad7e4eead9b HTTP/1.1" status: 200 len: 1127 time: 0.2637196
Jul 12 16:22:25.846390 dv-cinder-797608-56-iscsi neutron-server[104047]: DEBUG neutron.pecan_wsgi.hooks.policy_enforcement [req-6ca91f0a-5379-4862-a987-62416f69f02f req-d807abfa-7b6f-4cb4-8fec-29854a51d805 service neutron] Attributes excluded by policy engine: ['standard_attr_id'] {{(pid=104047) _exclude_attributes_by_policy /opt/stack/neutron/neutron/pecan_wsgi/hooks/policy_enforcement.py:259}}
Jul 12 16:22:25.847695 dv-cinder-797608-56-iscsi neutron-server[104047]: INFO neutron.wsgi [req-6ca91f0a-5379-4862-a987-62416f69f02f req-d807abfa-7b6f-4cb4-8fec-29854a51d805 service neutron] 10.222.0.62 "GET /v2.0/ports?network_id=87e78132-cbcf-464c-bc4d-d37d3116174a&device_owner=network%3Adhcp HTTP/1.1" status: 200 len: 1213 time: 0.2669094
Jul 12 16:22:25.849807 dv-cinder-797608-56-iscsi neutron-server[104047]: INFO neutron.wsgi [req-1bf5d80c-346d-41c7-acab-1f91d8af83bd req-22a5a544-d1e1-46ae-843c-e9591dc61a2d service neutron] 10.222.0.62 "GET /v2.0/networks/0a240910-8529-4e45-9e26-2dddd95324f5?fields=segments HTTP/1.1" status: 200 len: 212 time: 0.2700233
Jul 12 16:22:25.851247 dv-cinder-797608-56-iscsi neutron-server[104046]: DEBUG dbcounter [-] [104046] Writing DB stats neutron:SELECT=83,neutron:INSERT=13,neutron:UPDATE=2,neutron:DELETE=2 {{(pid=104046) stat_writer /usr/local/lib/python3.8/dist-packages/dbcounter.py:114}}
Jul 12 16:22:25.854424 dv-cinder-797608-56-iscsi neutron-server[104047]: INFO neutron.wsgi [req-d248c7e8-0fa5-4833-8545-81bfa0fe7836 req-91d57efa-0140-4c9b-bff2-f8377e7964ed tempest-AttachVolumeNegativeTest-1956724151 tempest-AttachVolumeNegativeTest-1956724151-project] 10.222.0.20 "GET /v2.0/security-groups?id=6cf3526e-a669-4a05-9085-ed6e7af61291&fields=id&fields=name HTTP/1.1" status: 200 len: 313 time: 0.2626438
Jul 12 16:22:25.860091 dv-cinder-797608-56-iscsi neutron-server[104046]: DEBUG neutron.pecan_wsgi.hooks.policy_enforcement [req-b2610d83-248e-43ec-ae0c-4cb9dfbd6df3 req-feab7abe-0c97-402b-911d-a5f3353fff1e tempest-DeleteServersTestJSON-228807283 tempest-DeleteServersTestJSON-228807283-project] Attributes excluded by policy engine: ['standard_attr_id', 'binding:profile', 'binding:host_id', 'binding:vif_type', 'binding:vif_details'] {{(pid=104046) _exclude_attributes_by_policy /opt/stack/neutron/neutron/pecan_wsgi/hooks/policy_enforcement.py:259}}
Jul 12 16:22:25.862366 dv-cinder-797608-56-iscsi neutron-server[104046]: INFO neutron.wsgi [req-b2610d83-248e-43ec-ae0c-4cb9dfbd6df3 req-feab7abe-0c97-402b-911d-a5f3353fff1e tempest-DeleteServersTestJSON-228807283 tempest-DeleteServersTestJSON-228807283-project] 10.222.0.20 "GET /v2.0/ports?device_id=6b8b44ee-7b55-4959-ae86-6ab7c888a36f HTTP/1.1" status: 200 len: 943 time: 0.0739632
Jul 12 16:22:25.899857 dv-cinder-797608-56-iscsi neutron-server[104046]: DEBUG neutron.pecan_wsgi.hooks.policy_enforcement [req-bb415747-d6de-4ffb-a69d-1f6b3c9a3423 req-74832ea6-c28b-4b97-92f4-d683422dab6b service neutron] Attributes excluded by policy engine: ['standard_attr_id', 'shared'] {{(pid=104046) _exclude_attributes_by_policy /opt/stack/neutron/neutron/pecan_wsgi/hooks/policy_enforcement.py:259}}
Jul 12 16:22:25.901901 dv-cinder-797608-56-iscsi neutron-server[104046]: INFO neutron.wsgi [req-bb415747-d6de-4ffb-a69d-1f6b3c9a3423 req-74832ea6-c28b-4b97-92f4-d683422dab6b service neutron] 10.222.0.62 "GET /v2.0/subnets?id=bd1bc3a7-d0e1-4973-9583-fd5cae4b4380 HTTP/1.1" status: 200 len: 856 time: 0.2364187
Jul 12 16:22:25.946234 dv-cinder-797608-56-iscsi neutron-server[104046]: INFO neutron.wsgi [req-b2610d83-248e-43ec-ae0c-4cb9dfbd6df3 req-17ad57a6-72f6-4e51-9d68-ba75edb1096d tempest-DeleteServersTestJSON-228807283 tempest-DeleteServersTestJSON-228807283-project] 10.222.0.20 "GET /v2.0/security-groups?id=4ab8877c-e685-4c20-9692-c2a47763d60e&fields=id&fields=name HTTP/1.1" status: 200 len: 286 time: 0.0731153
Jul 12 16:22:25.951380 dv-cinder-797608-56-iscsi neutron-server[104046]: DEBUG neutron.pecan_wsgi.hooks.policy_enforcement [req-340776fb-1e25-4693-ac35-584f5cba5c10 req-cb1e5379-b6d6-4957-b6ae-625e223fde36 service neutron] Attributes excluded by policy engine: ['standard_attr_id'] {{(pid=104046) _exclude_attributes_by_policy /opt/stack/neutron/neutron/pecan_wsgi/hooks/policy_enforcement.py:259}}
