Jul 11 15:43:17.314511 dv-cinder-797608-53-smb devstack@keystone.service[95536]: DEBUG keystone.server.flask.request_processing.req_logging [None req-f002f574-b8dd-4b9b-9c56-3cf51ac71d20 None admin] REQUEST_METHOD: `PUT` {{(pid=95536) log_request_info /opt/stack/keystone/keystone/server/flask/request_processing/req_logging.py:27}}
Jul 11 15:43:17.314796 dv-cinder-797608-53-smb devstack@keystone.service[95536]: DEBUG keystone.server.flask.request_processing.req_logging [None req-f002f574-b8dd-4b9b-9c56-3cf51ac71d20 None admin] SCRIPT_NAME: `/identity` {{(pid=95536) log_request_info /opt/stack/keystone/keystone/server/flask/request_processing/req_logging.py:28}}
Jul 11 15:43:17.315074 dv-cinder-797608-53-smb devstack@keystone.service[95536]: DEBUG keystone.server.flask.request_processing.req_logging [None req-f002f574-b8dd-4b9b-9c56-3cf51ac71d20 None admin] PATH_INFO: `/v3/domains/default/users/d286165c81b249d39452dccb9f347739/roles/a6f5878d5cf5410fb8791c33aadab558` {{(pid=95536) log_request_info /opt/stack/keystone/keystone/server/flask/request_processing/req_logging.py:29}}
Jul 11 15:43:17.317431 dv-cinder-797608-53-smb devstack@keystone.service[95536]: DEBUG keystone.common.rbac_enforcer.enforcer [None req-f002f574-b8dd-4b9b-9c56-3cf51ac71d20 None admin] RBAC: Authorizing `identity:create_grant(domain_id=default, user_id=d286165c81b249d39452dccb9f347739, role_id=a6f5878d5cf5410fb8791c33aadab558)` {{(pid=95536) enforce_call /opt/stack/keystone/keystone/common/rbac_enforcer/enforcer.py:449}}
Jul 11 15:43:17.318926 dv-cinder-797608-53-smb devstack@keystone.service[95536]: DEBUG keystone.common.rbac_enforcer.enforcer [None req-f002f574-b8dd-4b9b-9c56-3cf51ac71d20 None admin] RBAC: Authorization granted {{(pid=95536) enforce_call /opt/stack/keystone/keystone/common/rbac_enforcer/enforcer.py:457}}
Jul 11 15:43:17.325829 dv-cinder-797608-53-smb devstack@keystone.service[95537]: [pid: 95537|app: 0|req: 22/40] 10.222.0.17 () {58 vars in 1023 bytes} [Mon Jul 11 15:43:17 2022] POST /identity/v3/auth/tokens => generated 799 bytes in 207 msecs (HTTP/1.1 201) 6 headers in 363 bytes (2 switches on core 0)
Jul 11 15:43:17.327178 dv-cinder-797608-53-smb devstack@keystone.service[95537]: DEBUG keystone.server.flask.request_processing.req_logging [None req-919a8bef-700f-499a-aaa8-e2ece567bd6c None None] REQUEST_METHOD: `GET` {{(pid=95537) log_request_info /opt/stack/keystone/keystone/server/flask/request_processing/req_logging.py:27}}
Jul 11 15:43:17.327462 dv-cinder-797608-53-smb devstack@keystone.service[95537]: DEBUG keystone.server.flask.request_processing.req_logging [None req-919a8bef-700f-499a-aaa8-e2ece567bd6c None None] SCRIPT_NAME: `/identity` {{(pid=95537) log_request_info /opt/stack/keystone/keystone/server/flask/request_processing/req_logging.py:28}}
Jul 11 15:43:17.327737 dv-cinder-797608-53-smb devstack@keystone.service[95537]: DEBUG keystone.server.flask.request_processing.req_logging [None req-919a8bef-700f-499a-aaa8-e2ece567bd6c None None] PATH_INFO: `/` {{(pid=95537) log_request_info /opt/stack/keystone/keystone/server/flask/request_processing/req_logging.py:29}}
Jul 11 15:43:17.333116 dv-cinder-797608-53-smb devstack@keystone.service[95537]: [pid: 95537|app: 0|req: 23/41] 10.222.0.17 () {54 vars in 926 bytes} [Mon Jul 11 15:43:17 2022] GET /identity => generated 270 bytes in 3 msecs (HTTP/1.1 300) 6 headers in 234 bytes (1 switches on core 0)
Jul 11 15:43:17.334404 dv-cinder-797608-53-smb devstack@keystone.service[95537]: DEBUG keystone.server.flask.request_processing.req_logging [None req-f6339dfe-288a-4453-8d37-bf412500104b None None] REQUEST_METHOD: `POST` {{(pid=95537) log_request_info /opt/stack/keystone/keystone/server/flask/request_processing/req_logging.py:27}}
Jul 11 15:43:17.334715 dv-cinder-797608-53-smb devstack@keystone.service[95537]: DEBUG keystone.server.flask.request_processing.req_logging [None req-f6339dfe-288a-4453-8d37-bf412500104b None None] SCRIPT_NAME: `/identity` {{(pid=95537) log_request_info /opt/stack/keystone/keystone/server/flask/request_processing/req_logging.py:28}}
Jul 11 15:43:17.334991 dv-cinder-797608-53-smb devstack@keystone.service[95537]: DEBUG keystone.server.flask.request_processing.req_logging [None req-f6339dfe-288a-4453-8d37-bf412500104b None None] PATH_INFO: `/v3/auth/tokens` {{(pid=95537) log_request_info /opt/stack/keystone/keystone/server/flask/request_processing/req_logging.py:29}}
Jul 11 15:43:17.340585 dv-cinder-797608-53-smb devstack@keystone.service[95536]: [pid: 95536|app: 0|req: 19/42] 10.222.0.17 () {58 vars in 1361 bytes} [Mon Jul 11 15:43:17 2022] PUT /identity/v3/domains/default/users/d286165c81b249d39452dccb9f347739/roles/a6f5878d5cf5410fb8791c33aadab558 => generated 0 bytes in 172 msecs (HTTP/1.1 204) 3 headers in 132 bytes (1 switches on core 0)
Jul 11 15:43:17.350927 dv-cinder-797608-53-smb devstack@keystone.service[95536]: DEBUG keystone.server.flask.request_processing.middleware.auth_context [None req-f002f574-b8dd-4b9b-9c56-3cf51ac71d20 None admin] Authenticating user token {{(pid=95536) process_request /usr/local/lib/python3.8/dist-packages/keystonemiddleware/auth_token/__init__.py:407}}
Jul 11 15:43:17.355851 dv-cinder-797608-53-smb devstack@keystone.service[95537]: DEBUG keystone.auth.core [None req-f6339dfe-288a-4453-8d37-bf412500104b None None] MFA Rules not processed for user `d286165c81b249d39452dccb9f347739`. Rule list: `[]` (Enabled: `True`). {{(pid=95537) check_auth_methods_against_rules /opt/stack/keystone/keystone/auth/core.py:438}}
Jul 11 15:43:17.357098 dv-cinder-797608-53-smb devstack@keystone.service[95537]: DEBUG keystone.common.fernet_utils [None req-f6339dfe-288a-4453-8d37-bf412500104b None None] Loaded 2 Fernet keys from /etc/keystone/fernet-keys/, but `[fernet_tokens] max_active_keys = 3`; perhaps there have not been enough key rotations to reach `max_active_keys` yet? {{(pid=95537) load_keys /opt/stack/keystone/keystone/common/fernet_utils.py:286}}
Jul 11 15:43:17.361607 dv-cinder-797608-53-smb devstack@keystone.service[95536]: DEBUG dbcounter [-] [95536] Writing DB stats keystone:SELECT=99,keystone:INSERT=1 {{(pid=95536) stat_writer /usr/local/lib/python3.8/dist-packages/dbcounter.py:114}}
Jul 11 15:43:17.436996 dv-cinder-797608-53-smb devstack@keystone.service[95537]: [pid: 95537|app: 0|req: 24/43] 10.222.0.17 () {58 vars in 1023 bytes} [Mon Jul 11 15:43:17 2022] POST /identity/v3/auth/tokens => generated 799 bytes in 103 msecs (HTTP/1.1 201) 6 headers in 363 bytes (1 switches on core 0)
Jul 11 15:43:17.460055 dv-cinder-797608-53-smb devstack@keystone.service[95537]: DEBUG keystone.server.flask.request_processing.middleware.auth_context [None req-f6339dfe-288a-4453-8d37-bf412500104b None None] Authenticating user token {{(pid=95537) process_request /usr/local/lib/python3.8/dist-packages/keystonemiddleware/auth_token/__init__.py:407}}
Jul 11 15:43:17.477923 dv-cinder-797608-53-smb devstack@keystone.service[95536]: DEBUG keystone.server.flask.request_processing.middleware.auth_context [None req-f002f574-b8dd-4b9b-9c56-3cf51ac71d20 None admin] Validating token access rules against request {{(pid=95536) validate_allowed_request /usr/local/lib/python3.8/dist-packages/keystonemiddleware/auth_token/__init__.py:545}}
Jul 11 15:43:17.507442 dv-cinder-797608-53-smb devstack@keystone.service[95537]: DEBUG dbcounter [-] [95537] Writing DB stats keystone:SELECT=100 {{(pid=95537) stat_writer /usr/local/lib/python3.8/dist-packages/dbcounter.py:114}}
Jul 11 15:43:17.521734 dv-cinder-797608-53-smb devstack@keystone.service[95536]: DEBUG keystone.server.flask.request_processing.middleware.auth_context [None req-4a8025a6-1951-4765-8705-b456b8092e38 None admin] RBAC: auth_context: {'token': , 'domain_id': None, 'trust_id': None, 'trustor_id': None, 'trustee_id': None, 'domain_name': None, 'group_ids': [], 'user_id': 'd286165c81b249d39452dccb9f347739', 'user_domain_id': 'default', 'system_scope': 'all', 'project_id': None, 'project_domain_id': None, 'roles': ['admin', 'member', 'reader'], 'is_admin_project': True, 'service_user_id': None, 'service_user_domain_id': None, 'service_project_id': None, 'service_project_domain_id': None, 'service_roles': []} {{(pid=95536) fill_context /opt/stack/keystone/keystone/server/flask/request_processing/middleware/auth_context.py:478}}
Jul 11 15:43:17.522543 dv-cinder-797608-53-smb devstack@keystone.service[95536]: DEBUG keystone.server.flask.request_processing.req_logging [None req-4a8025a6-1951-4765-8705-b456b8092e38 None admin] REQUEST_METHOD: `GET` {{(pid=95536) log_request_info /opt/stack/keystone/keystone/server/flask/request_processing/req_logging.py:27}}
Jul 11 15:43:17.522830 dv-cinder-797608-53-smb devstack@keystone.service[95536]: DEBUG keystone.server.flask.request_processing.req_logging [None req-4a8025a6-1951-4765-8705-b456b8092e38 None admin] SCRIPT_NAME: `/identity` {{(pid=95536) log_request_info /opt/stack/keystone/keystone/server/flask/request_processing/req_logging.py:28}}
Jul 11 15:43:17.523107 dv-cinder-797608-53-smb devstack@keystone.service[95536]: DEBUG keystone.server.flask.request_processing.req_logging [None req-4a8025a6-1951-4765-8705-b456b8092e38 None admin] PATH_INFO: `/v3/domains/default` {{(pid=95536) log_request_info /opt/stack/keystone/keystone/server/flask/request_processing/req_logging.py:29}}
Jul 11 15:43:17.524326 dv-cinder-797608-53-smb devstack@keystone.service[95536]: DEBUG keystone.common.rbac_enforcer.enforcer [None req-4a8025a6-1951-4765-8705-b456b8092e38 None admin] RBAC: Authorizing `identity:get_domain(domain_id=default)` {{(pid=95536) enforce_call /opt/stack/keystone/keystone/common/rbac_enforcer/enforcer.py:449}}
Jul 11 15:43:17.525843 dv-cinder-797608-53-smb devstack@keystone.service[95536]: DEBUG keystone.common.rbac_enforcer.enforcer [None req-4a8025a6-1951-4765-8705-b456b8092e38 None admin] RBAC: Authorization granted {{(pid=95536) enforce_call /opt/stack/keystone/keystone/common/rbac_enforcer/enforcer.py:457}}
Jul 11 15:43:17.527732 dv-cinder-797608-53-smb devstack@keystone.service[95536]: [pid: 95536|app: 0|req: 20/44] 10.222.0.17 () {56 vars in 1108 bytes} [Mon Jul 11 15:43:17 2022] GET /identity/v3/domains/default => generated 199 bytes in 177 msecs (HTTP/1.1 200) 5 headers in 177 bytes (1 switches on core 0)
Jul 11 15:43:17.532969 dv-cinder-797608-53-smb devstack@keystone.service[95536]: DEBUG keystone.server.flask.request_processing.middleware.auth_context [None req-4a8025a6-1951-4765-8705-b456b8092e38 None admin] Authenticating user token {{(pid=95536) process_request /usr/local/lib/python3.8/dist-packages/keystonemiddleware/auth_token/__init__.py:407}}
Jul 11 15:43:17.580643 dv-cinder-797608-53-smb devstack@keystone.service[95537]: DEBUG keystone.server.flask.request_processing.middleware.auth_context [None req-f6339dfe-288a-4453-8d37-bf412500104b None None] Validating token access rules against request {{(pid=95537) validate_allowed_request /usr/local/lib/python3.8/dist-packages/keystonemiddleware/auth_token/__init__.py:545}}
Jul 11 15:43:17.610466 dv-cinder-797608-53-smb devstack@keystone.service[95536]: DEBUG dbcounter [-] [95536] Writing DB stats keystone:SELECT=100 {{(pid=95536) stat_writer /usr/local/lib/python3.8/dist-packages/dbcounter.py:114}}
Jul 11 15:43:17.623377 dv-cinder-797608-53-smb devstack@keystone.service[95537]: DEBUG keystone.server.flask.request_processing.middleware.auth_context [None req-d52d9b0a-0c36-44a1-9dfd-36714a3b1b17 None admin] RBAC: auth_context: {'token': , 'domain_id': None, 'trust_id': None, 'trustor_id': None, 'trustee_id': None, 'domain_name': None, 'group_ids': [], 'user_id': 'd286165c81b249d39452dccb9f347739', 'user_domain_id': 'default', 'system_scope': 'all', 'project_id': None, 'project_domain_id': None, 'roles': ['admin', 'member', 'reader'], 'is_admin_project': True, 'service_user_id': None, 'service_user_domain_id': None, 'service_project_id': None, 'service_project_domain_id': None, 'service_roles': []} {{(pid=95537) fill_context /opt/stack/keystone/keystone/server/flask/request_processing/middleware/auth_context.py:478}}
Jul 11 15:43:17.624090 dv-cinder-797608-53-smb devstack@keystone.service[95537]: DEBUG keystone.server.flask.request_processing.req_logging [None req-d52d9b0a-0c36-44a1-9dfd-36714a3b1b17 None admin] REQUEST_METHOD: `POST` {{(pid=95537) log_request_info /opt/stack/keystone/keystone/server/flask/request_processing/req_logging.py:27}}
Jul 11 15:43:17.624378 dv-cinder-797608-53-smb devstack@keystone.service[95537]: DEBUG keystone.server.flask.request_processing.req_logging [None req-d52d9b0a-0c36-44a1-9dfd-36714a3b1b17 None admin] SCRIPT_NAME: `/identity` {{(pid=95537) log_request_info /opt/stack/keystone/keystone/server/flask/request_processing/req_logging.py:28}}
Jul 11 15:43:17.624656 dv-cinder-797608-53-smb devstack@keystone.service[95537]: DEBUG keystone.server.flask.request_processing.req_logging [None req-d52d9b0a-0c36-44a1-9dfd-36714a3b1b17 None admin] PATH_INFO: `/v3/roles` {{(pid=95537) log_request_info /opt/stack/keystone/keystone/server/flask/request_processing/req_logging.py:29}}
Jul 11 15:43:17.625425 dv-cinder-797608-53-smb devstack@keystone.service[95537]: DEBUG keystone.common.rbac_enforcer.enforcer [None req-d52d9b0a-0c36-44a1-9dfd-36714a3b1b17 None admin] RBAC: Authorizing `identity:create_role()` {{(pid=95537) enforce_call /opt/stack/keystone/keystone/common/rbac_enforcer/enforcer.py:449}}
Jul 11 15:43:17.626826 dv-cinder-797608-53-smb devstack@keystone.service[95537]: DEBUG keystone.common.rbac_enforcer.enforcer [None req-d52d9b0a-0c36-44a1-9dfd-36714a3b1b17 None admin] RBAC: Authorization granted {{(pid=95537) enforce_call /opt/stack/keystone/keystone/common/rbac_enforcer/enforcer.py:457}}
Jul 11 15:43:17.642701 dv-cinder-797608-53-smb devstack@keystone.service[95536]: DEBUG keystone.server.flask.request_processing.middleware.auth_context [None req-4a8025a6-1951-4765-8705-b456b8092e38 None admin] Validating token access rules against request {{(pid=95536) validate_allowed_request /usr/local/lib/python3.8/dist-packages/keystonemiddleware/auth_token/__init__.py:545}}
Jul 11 15:43:17.645804 dv-cinder-797608-53-smb devstack@keystone.service[95537]: [pid: 95537|app: 0|req: 25/45] 10.222.0.17 () {60 vars in 1131 bytes} [Mon Jul 11 15:43:17 2022] POST /identity/v3/roles => generated 223 bytes in 186 msecs (HTTP/1.1 201) 5 headers in 182 bytes (2 switches on core 0)
Jul 11 15:43:17.690884 dv-cinder-797608-53-smb devstack@keystone.service[95536]: DEBUG keystone.server.flask.request_processing.middleware.auth_context [None req-d089ac0f-a474-498b-90a2-e9177ab85033 None admin] RBAC: auth_context: {'token': , 'domain_id': None, 'trust_id': None, 'trustor_id': None, 'trustee_id': None, 'domain_name': None, 'group_ids': [], 'user_id': 'd286165c81b249d39452dccb9f347739', 'user_domain_id': 'default', 'system_scope': 'all', 'project_id': None, 'project_domain_id': None, 'roles': ['admin', 'member', 'reader'], 'is_admin_project': True, 'service_user_id': None, 'service_user_domain_id': None, 'service_project_id': None, 'service_project_domain_id': None, 'service_roles': []} {{(pid=95536) fill_context /opt/stack/keystone/keystone/server/flask/request_processing/middleware/auth_context.py:478}}
Jul 11 15:43:17.691570 dv-cinder-797608-53-smb devstack@keystone.service[95536]: DEBUG keystone.server.flask.request_processing.req_logging [None req-d089ac0f-a474-498b-90a2-e9177ab85033 None admin] REQUEST_METHOD: `POST` {{(pid=95536) log_request_info /opt/stack/keystone/keystone/server/flask/request_processing/req_logging.py:27}}
Jul 11 15:43:17.691886 dv-cinder-797608-53-smb devstack@keystone.service[95536]: DEBUG keystone.server.flask.request_processing.req_logging [None req-d089ac0f-a474-498b-90a2-e9177ab85033 None admin] SCRIPT_NAME: `/identity` {{(pid=95536) log_request_info /opt/stack/keystone/keystone/server/flask/request_processing/req_logging.py:28}}
Jul 11 15:43:17.692167 dv-cinder-797608-53-smb devstack@keystone.service[95536]: DEBUG keystone.server.flask.request_processing.req_logging [None req-d089ac0f-a474-498b-90a2-e9177ab85033 None admin] PATH_INFO: `/v3/projects` {{(pid=95536) log_request_info /opt/stack/keystone/keystone/server/flask/request_processing/req_logging.py:29}}
Jul 11 15:43:17.692906 dv-cinder-797608-53-smb devstack@keystone.service[95536]: DEBUG keystone.common.rbac_enforcer.enforcer [None req-d089ac0f-a474-498b-90a2-e9177ab85033 None admin] RBAC: Authorizing `identity:create_project()` {{(pid=95536) enforce_call /opt/stack/keystone/keystone/common/rbac_enforcer/enforcer.py:449}}
Jul 11 15:43:17.694432 dv-cinder-797608-53-smb devstack@keystone.service[95536]: DEBUG keystone.common.rbac_enforcer.enforcer [None req-d089ac0f-a474-498b-90a2-e9177ab85033 None admin] RBAC: Authorization granted {{(pid=95536) enforce_call /opt/stack/keystone/keystone/common/rbac_enforcer/enforcer.py:457}}
Jul 11 15:43:17.723845 dv-cinder-797608-53-smb devstack@keystone.service[95536]: [pid: 95536|app: 0|req: 21/46] 10.222.0.17 () {60 vars in 1141 bytes} [Mon Jul 11 15:43:17 2022] POST /identity/v3/projects => generated 312 bytes in 191 msecs (HTTP/1.1 201) 5 headers in 182 bytes (2 switches on core 0)
Jul 11 15:43:19.354081 dv-cinder-797608-53-smb devstack@keystone.service[95537]: DEBUG keystone.server.flask.request_processing.req_logging [None req-d4d4bd6e-84d8-482d-8f33-4c826c4612e2 None None] REQUEST_METHOD: `GET` {{(pid=95537) log_request_info /opt/stack/keystone/keystone/server/flask/request_processing/req_logging.py:27}}
Jul 11 15:43:19.354661 dv-cinder-797608-53-smb devstack@keystone.service[95537]: DEBUG keystone.server.flask.request_processing.req_logging [None req-d4d4bd6e-84d8-482d-8f33-4c826c4612e2 None None] SCRIPT_NAME: `/identity` {{(pid=95537) log_request_info /opt/stack/keystone/keystone/server/flask/request_processing/req_logging.py:28}}
Jul 11 15:43:19.354661 dv-cinder-797608-53-smb devstack@keystone.service[95537]: DEBUG keystone.server.flask.request_processing.req_logging [None req-d4d4bd6e-84d8-482d-8f33-4c826c4612e2 None None] PATH_INFO: `/` {{(pid=95537) log_request_info /opt/stack/keystone/keystone/server/flask/request_processing/req_logging.py:29}}
Jul 11 15:43:19.356014 dv-cinder-797608-53-smb devstack@keystone.service[95537]: [pid: 95537|app: 0|req: 26/47] 10.222.0.17 () {54 vars in 926 bytes} [Mon Jul 11 15:43:19 2022] GET /identity => generated 270 bytes in 3 msecs (HTTP/1.1 300) 6 headers in 234 bytes (1 switches on core 0)
Jul 11 15:43:19.361585 dv-cinder-797608-53-smb devstack@keystone.service[95536]: DEBUG keystone.server.flask.request_processing.req_logging [None req-dc8d5017-13a9-4ef1-ac25-46057384fec8 None None] REQUEST_METHOD: `POST` {{(pid=95536) log_request_info /opt/stack/keystone/keystone/server/flask/request_processing/req_logging.py:27}}
Jul 11 15:43:19.361987 dv-cinder-797608-53-smb devstack@keystone.service[95536]: DEBUG keystone.server.flask.request_processing.req_logging [None req-dc8d5017-13a9-4ef1-ac25-46057384fec8 None None] SCRIPT_NAME: `/identity` {{(pid=95536) log_request_info /opt/stack/keystone/keystone/server/flask/request_processing/req_logging.py:28}}
Jul 11 15:43:19.362169 dv-cinder-797608-53-smb devstack@keystone.service[95536]: DEBUG keystone.server.flask.request_processing.req_logging [None req-dc8d5017-13a9-4ef1-ac25-46057384fec8 None None] PATH_INFO: `/v3/auth/tokens` {{(pid=95536) log_request_info /opt/stack/keystone/keystone/server/flask/request_processing/req_logging.py:29}}
Jul 11 15:43:19.486800 dv-cinder-797608-53-smb devstack@keystone.service[95536]: DEBUG keystone.auth.core [None req-dc8d5017-13a9-4ef1-ac25-46057384fec8 None None] MFA Rules not processed for user `d286165c81b249d39452dccb9f347739`. Rule list: `[]` (Enabled: `True`). {{(pid=95536) check_auth_methods_against_rules /opt/stack/keystone/keystone/auth/core.py:438}}
Jul 11 15:43:19.488375 dv-cinder-797608-53-smb devstack@keystone.service[95536]: DEBUG keystone.common.fernet_utils [None req-dc8d5017-13a9-4ef1-ac25-46057384fec8 None None] Loaded 2 Fernet keys from /etc/keystone/fernet-keys/, but `[fernet_tokens] max_active_keys = 3`; perhaps there have not been enough key rotations to reach `max_active_keys` yet? {{(pid=95536) load_keys /opt/stack/keystone/keystone/common/fernet_utils.py:286}}
Jul 11 15:43:19.556642 dv-cinder-797608-53-smb devstack@keystone.service[95536]: [pid: 95536|app: 0|req: 22/48] 10.222.0.17 () {58 vars in 1023 bytes} [Mon Jul 11 15:43:19 2022] POST /identity/v3/auth/tokens => generated 799 bytes in 196 msecs (HTTP/1.1 201) 6 headers in 363 bytes (1 switches on core 0)
Jul 11 15:43:19.579965 dv-cinder-797608-53-smb devstack@keystone.service[95537]: DEBUG keystone.server.flask.request_processing.middleware.auth_context [None req-d4d4bd6e-84d8-482d-8f33-4c826c4612e2 None None] Authenticating user token {{(pid=95537) process_request /usr/local/lib/python3.8/dist-packages/keystonemiddleware/auth_token/__init__.py:407}}
Jul 11 15:43:19.678478 dv-cinder-797608-53-smb devstack@keystone.service[95537]: DEBUG dbcounter [-] [95537] Writing DB stats keystone:SELECT=99,keystone:INSERT=1 {{(pid=95537) stat_writer /usr/local/lib/python3.8/dist-packages/dbcounter.py:114}}
Jul 11 15:43:19.686174 dv-cinder-797608-53-smb devstack@keystone.service[95537]: DEBUG keystone.server.flask.request_processing.middleware.auth_context [None req-d4d4bd6e-84d8-482d-8f33-4c826c4612e2 None None] Validating token access rules against request {{(pid=95537) validate_allowed_request /usr/local/lib/python3.8/dist-packages/keystonemiddleware/auth_token/__init__.py:545}}
Jul 11 15:43:19.721462 dv-cinder-797608-53-smb devstack@keystone.service[95537]: DEBUG keystone.server.flask.request_processing.middleware.auth_context [None req-e5e523c5-69c9-4b64-bd8b-85d87fe3a154 None admin] RBAC: auth_context: {'token': , 'domain_id': None, 'trust_id': None, 'trustor_id': None, 'trustee_id': None, 'domain_name': None, 'group_ids': [], 'user_id': 'd286165c81b249d39452dccb9f347739', 'user_domain_id': 'default', 'system_scope': 'all', 'project_id': None, 'project_domain_id': None, 'roles': ['admin', 'member', 'reader'], 'is_admin_project': True, 'service_user_id': None, 'service_user_domain_id': None, 'service_project_id': None, 'service_project_domain_id': None, 'service_roles': []} {{(pid=95537) fill_context /opt/stack/keystone/keystone/server/flask/request_processing/middleware/auth_context.py:478}}
Jul 11 15:43:19.722259 dv-cinder-797608-53-smb devstack@keystone.service[95537]: DEBUG keystone.server.flask.request_processing.req_logging [None req-e5e523c5-69c9-4b64-bd8b-85d87fe3a154 None admin] REQUEST_METHOD: `GET` {{(pid=95537) log_request_info /opt/stack/keystone/keystone/server/flask/request_processing/req_logging.py:27}}
Jul 11 15:43:19.722537 dv-cinder-797608-53-smb devstack@keystone.service[95537]: DEBUG keystone.server.flask.request_processing.req_logging [None req-e5e523c5-69c9-4b64-bd8b-85d87fe3a154 None admin] SCRIPT_NAME: `/identity` {{(pid=95537) log_request_info /opt/stack/keystone/keystone/server/flask/request_processing/req_logging.py:28}}
Jul 11 15:43:19.722811 dv-cinder-797608-53-smb devstack@keystone.service[95537]: DEBUG keystone.server.flask.request_processing.req_logging [None req-e5e523c5-69c9-4b64-bd8b-85d87fe3a154 None admin] PATH_INFO: `/v3/roles/admin` {{(pid=95537) log_request_info /opt/stack/keystone/keystone/server/flask/request_processing/req_logging.py:29}}
Jul 11 15:43:19.727378 dv-cinder-797608-53-smb devstack@keystone.service[95536]: DEBUG keystone.server.flask.request_processing.req_logging [None req-43d33f2d-518b-463b-8ea2-5a73bf4a5a61 None None] REQUEST_METHOD: `GET` {{(pid=95536) log_request_info /opt/stack/keystone/keystone/server/flask/request_processing/req_logging.py:27}}
Jul 11 15:43:19.727693 dv-cinder-797608-53-smb devstack@keystone.service[95536]: DEBUG keystone.server.flask.request_processing.req_logging [None req-43d33f2d-518b-463b-8ea2-5a73bf4a5a61 None None] SCRIPT_NAME: `/identity` {{(pid=95536) log_request_info /opt/stack/keystone/keystone/server/flask/request_processing/req_logging.py:28}}
Jul 11 15:43:19.727993 dv-cinder-797608-53-smb devstack@keystone.service[95536]: DEBUG keystone.server.flask.request_processing.req_logging [None req-43d33f2d-518b-463b-8ea2-5a73bf4a5a61 None None] PATH_INFO: `/` {{(pid=95536) log_request_info /opt/stack/keystone/keystone/server/flask/request_processing/req_logging.py:29}}
Jul 11 15:43:19.729505 dv-cinder-797608-53-smb devstack@keystone.service[95536]: [pid: 95536|app: 0|req: 23/49] 10.222.0.17 () {54 vars in 926 bytes} [Mon Jul 11 15:43:19 2022] GET /identity => generated 270 bytes in 3 msecs (HTTP/1.1 300) 6 headers in 234 bytes (1 switches on core 0)
Jul 11 15:43:19.733245 dv-cinder-797608-53-smb devstack@keystone.service[95537]: DEBUG keystone.common.rbac_enforcer.enforcer [None req-e5e523c5-69c9-4b64-bd8b-85d87fe3a154 None admin] Extracting inferred target data resulted in "NOT FOUND (404)". {{(pid=95537) enforce_call /opt/stack/keystone/keystone/common/rbac_enforcer/enforcer.py:409}}
Jul 11 15:43:19.734366 dv-cinder-797608-53-smb devstack@keystone.service[95536]: DEBUG keystone.server.flask.request_processing.req_logging [None req-73fb7970-f24a-4659-90b2-99a80fcc3eda None None] REQUEST_METHOD: `POST` {{(pid=95536) log_request_info /opt/stack/keystone/keystone/server/flask/request_processing/req_logging.py:27}}
Jul 11 15:43:19.734662 dv-cinder-797608-53-smb devstack@keystone.service[95536]: DEBUG keystone.server.flask.request_processing.req_logging [None req-73fb7970-f24a-4659-90b2-99a80fcc3eda None None] SCRIPT_NAME: `/identity` {{(pid=95536) log_request_info /opt/stack/keystone/keystone/server/flask/request_processing/req_logging.py:28}}
Jul 11 15:43:19.734949 dv-cinder-797608-53-smb devstack@keystone.service[95536]: DEBUG keystone.server.flask.request_processing.req_logging [None req-73fb7970-f24a-4659-90b2-99a80fcc3eda None None] PATH_INFO: `/v3/auth/tokens` {{(pid=95536) log_request_info /opt/stack/keystone/keystone/server/flask/request_processing/req_logging.py:29}}
Jul 11 15:43:19.741514 dv-cinder-797608-53-smb devstack@keystone.service[95537]: ERROR keystone.server.flask.application [None req-e5e523c5-69c9-4b64-bd8b-85d87fe3a154 None admin] Could not find role: admin.: keystone.exception.RoleNotFound: Could not find role: admin.
Jul 11 15:43:19.741514 dv-cinder-797608-53-smb devstack@keystone.service[95537]: ERROR keystone.server.flask.application
Traceback (most recent call last):
Jul 11 15:43:19.741514 dv-cinder-797608-53-smb devstack@keystone.service[95537]: ERROR keystone.server.flask.application
File "/usr/local/lib/python3.8/dist-packages/flask/app.py", line 1523, in full_dispatch_request
Jul 11 15:43:19.741514 dv-cinder-797608-53-smb devstack@keystone.service[95537]: ERROR keystone.server.flask.application rv = self.dispatch_request()
Jul 11 15:43:19.741514 dv-cinder-797608-53-smb devstack@keystone.service[95537]: ERROR keystone.server.flask.application
File "/usr/local/lib/python3.8/dist-packages/flask/app.py", line 1509, in dispatch_request
Jul 11 15:43:19.741514 dv-cinder-797608-53-smb devstack@keystone.service[95537]: ERROR keystone.server.flask.application return self.ensure_sync(self.view_functions[rule.endpoint])(**req.view_args)
Jul 11 15:43:19.741514 dv-cinder-797608-53-smb devstack@keystone.service[95537]: ERROR keystone.server.flask.application
File "/usr/local/lib/python3.8/dist-packages/flask_restful/__init__.py", line 467, in wrapper
Jul 11 15:43:19.741514 dv-cinder-797608-53-smb devstack@keystone.service[95537]: ERROR keystone.server.flask.application resp = resource(*args, **kwargs)
Jul 11 15:43:19.741514 dv-cinder-797608-53-smb devstack@keystone.service[95537]: ERROR keystone.server.flask.application
File "/usr/local/lib/python3.8/dist-packages/flask/views.py", line 84, in view
Jul 11 15:43:19.741514 dv-cinder-797608-53-smb devstack@keystone.service[95537]: ERROR keystone.server.flask.application return current_app.ensure_sync(self.dispatch_request)(*args, **kwargs)
Jul 11 15:43:19.741514 dv-cinder-797608-53-smb devstack@keystone.service[95537]: ERROR keystone.server.flask.application
File "/usr/local/lib/python3.8/dist-packages/flask_restful/__init__.py", line 582, in dispatch_request
Jul 11 15:43:19.741514 dv-cinder-797608-53-smb devstack@keystone.service[95537]: ERROR keystone.server.flask.application resp = meth(*args, **kwargs)
Jul 11 15:43:19.741514 dv-cinder-797608-53-smb devstack@keystone.service[95537]: ERROR keystone.server.flask.application
File "/opt/stack/keystone/keystone/api/roles.py", line 50, in get
Jul 11 15:43:19.741514 dv-cinder-797608-53-smb devstack@keystone.service[95537]: ERROR keystone.server.flask.application return self._get_role(role_id)
Jul 11 15:43:19.741514 dv-cinder-797608-53-smb devstack@keystone.service[95537]: ERROR keystone.server.flask.application
File "/opt/stack/keystone/keystone/api/roles.py", line 70, in _get_role
Jul 11 15:43:19.741514 dv-cinder-797608-53-smb devstack@keystone.service[95537]: ERROR keystone.server.flask.application ENFORCER.enforce_call(action='identity:get_role')
Jul 11 15:43:19.742534 dv-cinder-797608-53-smb devstack@keystone.service[95537]: ERROR keystone.server.flask.application
File "/opt/stack/keystone/keystone/common/rbac_enforcer/enforcer.py", line 402, in enforce_call
Jul 11 15:43:19.742534 dv-cinder-797608-53-smb devstack@keystone.service[95537]: ERROR keystone.server.flask.application policy_dict.update(cls._extract_member_target_data(
Jul 11 15:43:19.742534 dv-cinder-797608-53-smb devstack@keystone.service[95537]: ERROR keystone.server.flask.application
File "/opt/stack/keystone/keystone/common/rbac_enforcer/enforcer.py", line 234, in _extract_member_target_data
Jul 11 15:43:19.742534 dv-cinder-797608-53-smb devstack@keystone.service[95537]: ERROR keystone.server.flask.application member_name: func(flask.request.view_args[key])
Jul 11 15:43:19.742534 dv-cinder-797608-53-smb devstack@keystone.service[95537]: ERROR keystone.server.flask.application
File "/opt/stack/keystone/keystone/common/manager.py", line 115, in wrapped
Jul 11 15:43:19.742534 dv-cinder-797608-53-smb devstack@keystone.service[95537]: ERROR keystone.server.flask.application __ret_val = __f(*args, **kwargs)
Jul 11 15:43:19.742534 dv-cinder-797608-53-smb devstack@keystone.service[95537]: ERROR keystone.server.flask.application
File "/usr/local/lib/python3.8/dist-packages/decorator.py", line 232, in fun
Jul 11 15:43:19.742534 dv-cinder-797608-53-smb devstack@keystone.service[95537]: ERROR keystone.server.flask.application return caller(func, *(extras + args), **kw)
Jul 11 15:43:19.742534 dv-cinder-797608-53-smb devstack@keystone.service[95537]: ERROR keystone.server.flask.application
File "/usr/local/lib/python3.8/dist-packages/dogpile/cache/region.py", line 1577, in get_or_create_for_user_func
Jul 11 15:43:19.742534 dv-cinder-797608-53-smb devstack@keystone.service[95537]: ERROR keystone.server.flask.application return self.get_or_create(
Jul 11 15:43:19.742534 dv-cinder-797608-53-smb devstack@keystone.service[95537]: ERROR keystone.server.flask.application
File "/usr/local/lib/python3.8/dist-packages/dogpile/cache/region.py", line 1042, in get_or_create
Jul 11 15:43:19.742534 dv-cinder-797608-53-smb devstack@keystone.service[95537]: ERROR keystone.server.flask.application with Lock(
Jul 11 15:43:19.742534 dv-cinder-797608-53-smb devstack@keystone.service[95537]: ERROR keystone.server.flask.application
File "/usr/local/lib/python3.8/dist-packages/dogpile/lock.py", line 185, in __enter__
Jul 11 15:43:19.742534 dv-cinder-797608-53-smb devstack@keystone.service[95537]: ERROR keystone.server.flask.application return self._enter()
Jul 11 15:43:19.742534 dv-cinder-797608-53-smb devstack@keystone.service[95537]: ERROR keystone.server.flask.application
File "/usr/local/lib/python3.8/dist-packages/dogpile/lock.py", line 94, in _enter
Jul 11 15:43:19.742534 dv-cinder-797608-53-smb devstack@keystone.service[95537]: ERROR keystone.server.flask.application generated = self._enter_create(value, createdtime)
Jul 11 15:43:19.743507 dv-cinder-797608-53-smb devstack@keystone.service[95537]: ERROR keystone.server.flask.application
File "/usr/local/lib/python3.8/dist-packages/dogpile/lock.py", line 178, in _enter_create
Jul 11 15:43:19.743507 dv-cinder-797608-53-smb devstack@keystone.service[95537]: ERROR keystone.server.flask.application return self.creator()
Jul 11 15:43:19.743507 dv-cinder-797608-53-smb devstack@keystone.service[95537]: ERROR keystone.server.flask.application
File "/usr/local/lib/python3.8/dist-packages/dogpile/cache/region.py", line 995, in gen_value
Jul 11 15:43:19.743507 dv-cinder-797608-53-smb devstack@keystone.service[95537]: ERROR keystone.server.flask.application created_value = creator(
Jul 11 15:43:19.743507 dv-cinder-797608-53-smb devstack@keystone.service[95537]: ERROR keystone.server.flask.application
File "/opt/stack/keystone/keystone/assignment/core.py", line 1276, in get_role
Jul 11 15:43:19.743507 dv-cinder-797608-53-smb devstack@keystone.service[95537]: ERROR keystone.server.flask.application return self.driver.get_role(role_id)
Jul 11 15:43:19.743507 dv-cinder-797608-53-smb devstack@keystone.service[95537]: ERROR keystone.server.flask.application
File "/opt/stack/keystone/keystone/assignment/role_backends/sql.py", line 70, in get_role
Jul 11 15:43:19.743507 dv-cinder-797608-53-smb devstack@keystone.service[95537]: ERROR keystone.server.flask.application return self._get_role(session, role_id).to_dict()
Jul 11 15:43:19.743507 dv-cinder-797608-53-smb devstack@keystone.service[95537]: ERROR keystone.server.flask.application
File "/opt/stack/keystone/keystone/assignment/role_backends/sql.py", line 65, in _get_role
Jul 11 15:43:19.743507 dv-cinder-797608-53-smb devstack@keystone.service[95537]: ERROR keystone.server.flask.application raise exception.RoleNotFound(role_id=role_id)
Jul 11 15:43:19.743507 dv-cinder-797608-53-smb devstack@keystone.service[95537]: ERROR keystone.server.flask.application keystone.exception.RoleNotFound: Could not find role: admin.
Jul 11 15:43:19.743507 dv-cinder-797608-53-smb devstack@keystone.service[95537]: ERROR keystone.server.flask.application
Jul 11 15:43:19.743507 dv-cinder-797608-53-smb devstack@keystone.service[95537]: [pid: 95537|app: 0|req: 27/50] 10.222.0.17 () {56 vars in 1096 bytes} [Mon Jul 11 15:43:19 2022] GET /identity/v3/roles/admin => generated 83 bytes in 163 msecs (HTTP/1.1 404) 5 headers in 183 bytes (1 switches on core 0)
Jul 11 15:43:19.747552 dv-cinder-797608-53-smb devstack@keystone.service[95537]: DEBUG keystone.server.flask.request_processing.middleware.auth_context [None req-e5e523c5-69c9-4b64-bd8b-85d87fe3a154 None admin] Authenticating user token {{(pid=95537) process_request /usr/local/lib/python3.8/dist-packages/keystonemiddleware/auth_token/__init__.py:407}}
Jul 11 15:43:19.751983 dv-cinder-797608-53-smb devstack@keystone.service[95536]: DEBUG keystone.auth.core [None req-73fb7970-f24a-4659-90b2-99a80fcc3eda None None] MFA Rules not processed for user `d286165c81b249d39452dccb9f347739`. Rule list: `[]` (Enabled: `True`). {{(pid=95536) check_auth_methods_against_rules /opt/stack/keystone/keystone/auth/core.py:438}}
Jul 11 15:43:19.753196 dv-cinder-797608-53-smb devstack@keystone.service[95536]: DEBUG keystone.common.fernet_utils [None req-73fb7970-f24a-4659-90b2-99a80fcc3eda None None] Loaded 2 Fernet keys from /etc/keystone/fernet-keys/, but `[fernet_tokens] max_active_keys = 3`; perhaps there have not been enough key rotations to reach `max_active_keys` yet? {{(pid=95536) load_keys /opt/stack/keystone/keystone/common/fernet_utils.py:286}}
Jul 11 15:43:19.811748 dv-cinder-797608-53-smb devstack@keystone.service[95536]: DEBUG dbcounter [-] [95536] Writing DB stats keystone:SELECT=99,keystone:INSERT=1 {{(pid=95536) stat_writer /usr/local/lib/python3.8/dist-packages/dbcounter.py:114}}
Jul 11 15:43:19.829796 dv-cinder-797608-53-smb devstack@keystone.service[95536]: [pid: 95536|app: 0|req: 24/51] 10.222.0.17 () {58 vars in 1023 bytes} [Mon Jul 11 15:43:19 2022] POST /identity/v3/auth/tokens => generated 799 bytes in 96 msecs (HTTP/1.1 201) 6 headers in 363 bytes (1 switches on core 0)
Jul 11 15:43:19.850470 dv-cinder-797608-53-smb devstack@keystone.service[95537]: DEBUG keystone.server.flask.request_processing.middleware.auth_context [None req-e5e523c5-69c9-4b64-bd8b-85d87fe3a154 None admin] Validating token access rules against request {{(pid=95537) validate_allowed_request /usr/local/lib/python3.8/dist-packages/keystonemiddleware/auth_token/__init__.py:545}}
Jul 11 15:43:19.853156 dv-cinder-797608-53-smb devstack@keystone.service[95536]: DEBUG keystone.server.flask.request_processing.middleware.auth_context [None req-73fb7970-f24a-4659-90b2-99a80fcc3eda None None] Authenticating user token {{(pid=95536) process_request /usr/local/lib/python3.8/dist-packages/keystonemiddleware/auth_token/__init__.py:407}}
Jul 11 15:43:19.885791 dv-cinder-797608-53-smb devstack@keystone.service[95537]: DEBUG keystone.server.flask.request_processing.middleware.auth_context [None req-d9e05583-f7e5-43ac-a9b9-66ad71f28778 None admin] RBAC: auth_context: {'token': , 'domain_id': None, 'trust_id': None, 'trustor_id': None, 'trustee_id': None, 'domain_name': None, 'group_ids': [], 'user_id': 'd286165c81b249d39452dccb9f347739', 'user_domain_id': 'default', 'system_scope': 'all', 'project_id': None, 'project_domain_id': None, 'roles': ['admin', 'member', 'reader'], 'is_admin_project': True, 'service_user_id': None, 'service_user_domain_id': None, 'service_project_id': None, 'service_project_domain_id': None, 'service_roles': []} {{(pid=95537) fill_context /opt/stack/keystone/keystone/server/flask/request_processing/middleware/auth_context.py:478}}
Jul 11 15:43:19.886467 dv-cinder-797608-53-smb devstack@keystone.service[95537]: DEBUG keystone.server.flask.request_processing.req_logging [None req-d9e05583-f7e5-43ac-a9b9-66ad71f28778 None admin] REQUEST_METHOD: `GET` {{(pid=95537) log_request_info /opt/stack/keystone/keystone/server/flask/request_processing/req_logging.py:27}}
Jul 11 15:43:19.886754 dv-cinder-797608-53-smb devstack@keystone.service[95537]: DEBUG keystone.server.flask.request_processing.req_logging [None req-d9e05583-f7e5-43ac-a9b9-66ad71f28778 None admin] SCRIPT_NAME: `/identity` {{(pid=95537) log_request_info /opt/stack/keystone/keystone/server/flask/request_processing/req_logging.py:28}}
Jul 11 15:43:19.887036 dv-cinder-797608-53-smb devstack@keystone.service[95537]: DEBUG keystone.server.flask.request_processing.req_logging [None req-d9e05583-f7e5-43ac-a9b9-66ad71f28778 None admin] PATH_INFO: `/v3/roles` {{(pid=95537) log_request_info /opt/stack/keystone/keystone/server/flask/request_processing/req_logging.py:29}}
Jul 11 15:43:19.887819 dv-cinder-797608-53-smb devstack@keystone.service[95537]: DEBUG keystone.common.rbac_enforcer.enforcer [None req-d9e05583-f7e5-43ac-a9b9-66ad71f28778 None admin] RBAC: Adding query filter params (name=admin) {{(pid=95537) _extract_filter_values /opt/stack/keystone/keystone/common/rbac_enforcer/enforcer.py:167}}
Jul 11 15:43:19.888132 dv-cinder-797608-53-smb devstack@keystone.service[95537]: DEBUG keystone.common.rbac_enforcer.enforcer [None req-d9e05583-f7e5-43ac-a9b9-66ad71f28778 None admin] RBAC: Authorizing `identity:list_roles()` {{(pid=95537) enforce_call /opt/stack/keystone/keystone/common/rbac_enforcer/enforcer.py:449}}
Jul 11 15:43:19.889520 dv-cinder-797608-53-smb devstack@keystone.service[95537]: DEBUG keystone.common.rbac_enforcer.enforcer [None req-d9e05583-f7e5-43ac-a9b9-66ad71f28778 None admin] RBAC: Authorization granted {{(pid=95537) enforce_call /opt/stack/keystone/keystone/common/rbac_enforcer/enforcer.py:457}}
Jul 11 15:43:19.897634 dv-cinder-797608-53-smb devstack@keystone.service[95537]: [pid: 95537|app: 0|req: 28/52] 10.222.0.17 () {56 vars in 1099 bytes} [Mon Jul 11 15:43:19 2022] GET /identity/v3/roles?name=admin => generated 339 bytes in 150 msecs (HTTP/1.1 200) 5 headers in 177 bytes (2 switches on core 0)
Jul 11 15:43:19.903151 dv-cinder-797608-53-smb devstack@keystone.service[95537]: DEBUG keystone.server.flask.request_processing.middleware.auth_context [None req-d9e05583-f7e5-43ac-a9b9-66ad71f28778 None admin] Authenticating user token {{(pid=95537) process_request /usr/local/lib/python3.8/dist-packages/keystonemiddleware/auth_token/__init__.py:407}}
Jul 11 15:43:19.921697 dv-cinder-797608-53-smb devstack@keystone.service[95537]: DEBUG dbcounter [-] [95537] Writing DB stats keystone:SELECT=100 {{(pid=95537) stat_writer /usr/local/lib/python3.8/dist-packages/dbcounter.py:114}}
Jul 11 15:43:19.952331 dv-cinder-797608-53-smb devstack@keystone.service[95536]: DEBUG keystone.server.flask.request_processing.middleware.auth_context [None req-73fb7970-f24a-4659-90b2-99a80fcc3eda None None] Validating token access rules against request {{(pid=95536) validate_allowed_request /usr/local/lib/python3.8/dist-packages/keystonemiddleware/auth_token/__init__.py:545}}
Jul 11 15:43:19.984834 dv-cinder-797608-53-smb devstack@keystone.service[95536]: DEBUG keystone.server.flask.request_processing.middleware.auth_context [None req-bdb27a06-bf59-4129-883d-0d6cb97cbe0f None admin] RBAC: auth_context: {'token': , 'domain_id': None, 'trust_id': None, 'trustor_id': None, 'trustee_id': None, 'domain_name': None, 'group_ids': [], 'user_id': 'd286165c81b249d39452dccb9f347739', 'user_domain_id': 'default', 'system_scope': 'all', 'project_id': None, 'project_domain_id': None, 'roles': ['admin', 'member', 'reader'], 'is_admin_project': True, 'service_user_id': None, 'service_user_domain_id': None, 'service_project_id': None, 'service_project_domain_id': None, 'service_roles': []} {{(pid=95536) fill_context /opt/stack/keystone/keystone/server/flask/request_processing/middleware/auth_context.py:478}}
Jul 11 15:43:19.985629 dv-cinder-797608-53-smb devstack@keystone.service[95536]: DEBUG keystone.server.flask.request_processing.req_logging [None req-bdb27a06-bf59-4129-883d-0d6cb97cbe0f None admin] REQUEST_METHOD: `GET` {{(pid=95536) log_request_info /opt/stack/keystone/keystone/server/flask/request_processing/req_logging.py:27}}
Jul 11 15:43:19.985915 dv-cinder-797608-53-smb devstack@keystone.service[95536]: DEBUG keystone.server.flask.request_processing.req_logging [None req-bdb27a06-bf59-4129-883d-0d6cb97cbe0f None admin] SCRIPT_NAME: `/identity` {{(pid=95536) log_request_info /opt/stack/keystone/keystone/server/flask/request_processing/req_logging.py:28}}
Jul 11 15:43:19.986181 dv-cinder-797608-53-smb devstack@keystone.service[95536]: DEBUG keystone.server.flask.request_processing.req_logging [None req-bdb27a06-bf59-4129-883d-0d6cb97cbe0f None admin] PATH_INFO: `/v3/domains/default` {{(pid=95536) log_request_info /opt/stack/keystone/keystone/server/flask/request_processing/req_logging.py:29}}
Jul 11 15:43:19.987361 dv-cinder-797608-53-smb devstack@keystone.service[95536]: DEBUG keystone.common.rbac_enforcer.enforcer [None req-bdb27a06-bf59-4129-883d-0d6cb97cbe0f None admin] RBAC: Authorizing `identity:get_domain(domain_id=default)` {{(pid=95536) enforce_call /opt/stack/keystone/keystone/common/rbac_enforcer/enforcer.py:449}}
Jul 11 15:43:19.988842 dv-cinder-797608-53-smb devstack@keystone.service[95536]: DEBUG keystone.common.rbac_enforcer.enforcer [None req-bdb27a06-bf59-4129-883d-0d6cb97cbe0f None admin] RBAC: Authorization granted {{(pid=95536) enforce_call /opt/stack/keystone/keystone/common/rbac_enforcer/enforcer.py:457}}
Jul 11 15:43:19.990458 dv-cinder-797608-53-smb devstack@keystone.service[95536]: [pid: 95536|app: 0|req: 25/53] 10.222.0.17 () {56 vars in 1108 bytes} [Mon Jul 11 15:43:19 2022] GET /identity/v3/domains/default => generated 199 bytes in 138 msecs (HTTP/1.1 200) 5 headers in 177 bytes (2 switches on core 0)
Jul 11 15:43:19.995999 dv-cinder-797608-53-smb devstack@keystone.service[95536]: DEBUG keystone.server.flask.request_processing.middleware.auth_context [None req-bdb27a06-bf59-4129-883d-0d6cb97cbe0f None admin] Authenticating user token {{(pid=95536) process_request /usr/local/lib/python3.8/dist-packages/keystonemiddleware/auth_token/__init__.py:407}}
Jul 11 15:43:20.000570 dv-cinder-797608-53-smb devstack@keystone.service[95537]: DEBUG keystone.server.flask.request_processing.middleware.auth_context [None req-d9e05583-f7e5-43ac-a9b9-66ad71f28778 None admin] Validating token access rules against request {{(pid=95537) validate_allowed_request /usr/local/lib/python3.8/dist-packages/keystonemiddleware/auth_token/__init__.py:545}}
Jul 11 15:43:20.032907 dv-cinder-797608-53-smb devstack@keystone.service[95537]: DEBUG keystone.server.flask.request_processing.middleware.auth_context [None req-84b0e7a7-f559-4295-b003-361a82852b0e None admin] RBAC: auth_context: {'token': , 'domain_id': None, 'trust_id': None, 'trustor_id': None, 'trustee_id': None, 'domain_name': None, 'group_ids': [], 'user_id': 'd286165c81b249d39452dccb9f347739', 'user_domain_id': 'default', 'system_scope': 'all', 'project_id': None, 'project_domain_id': None, 'roles': ['admin', 'member', 'reader'], 'is_admin_project': True, 'service_user_id': None, 'service_user_domain_id': None, 'service_project_id': None, 'service_project_domain_id': None, 'service_roles': []} {{(pid=95537) fill_context /opt/stack/keystone/keystone/server/flask/request_processing/middleware/auth_context.py:478}}
Jul 11 15:43:20.033779 dv-cinder-797608-53-smb devstack@keystone.service[95537]: DEBUG keystone.server.flask.request_processing.req_logging [None req-84b0e7a7-f559-4295-b003-361a82852b0e None admin] REQUEST_METHOD: `GET` {{(pid=95537) log_request_info /opt/stack/keystone/keystone/server/flask/request_processing/req_logging.py:27}}
Jul 11 15:43:20.034066 dv-cinder-797608-53-smb devstack@keystone.service[95537]: DEBUG keystone.server.flask.request_processing.req_logging [None req-84b0e7a7-f559-4295-b003-361a82852b0e None admin] SCRIPT_NAME: `/identity` {{(pid=95537) log_request_info /opt/stack/keystone/keystone/server/flask/request_processing/req_logging.py:28}}
Jul 11 15:43:20.034337 dv-cinder-797608-53-smb devstack@keystone.service[95537]: DEBUG keystone.server.flask.request_processing.req_logging [None req-84b0e7a7-f559-4295-b003-361a82852b0e None admin] PATH_INFO: `/v3/users/d286165c81b249d39452dccb9f347739` {{(pid=95537) log_request_info /opt/stack/keystone/keystone/server/flask/request_processing/req_logging.py:29}}
Jul 11 15:43:20.035543 dv-cinder-797608-53-smb devstack@keystone.service[95537]: DEBUG keystone.common.rbac_enforcer.enforcer [None req-84b0e7a7-f559-4295-b003-361a82852b0e None admin] RBAC: Authorizing `identity:get_user(user_id=d286165c81b249d39452dccb9f347739)` {{(pid=95537) enforce_call /opt/stack/keystone/keystone/common/rbac_enforcer/enforcer.py:449}}
Jul 11 15:43:20.037023 dv-cinder-797608-53-smb devstack@keystone.service[95537]: DEBUG keystone.common.rbac_enforcer.enforcer [None req-84b0e7a7-f559-4295-b003-361a82852b0e None admin] RBAC: Authorization granted {{(pid=95537) enforce_call /opt/stack/keystone/keystone/common/rbac_enforcer/enforcer.py:457}}
Jul 11 15:43:20.038647 dv-cinder-797608-53-smb devstack@keystone.service[95537]: [pid: 95537|app: 0|req: 29/54] 10.222.0.17 () {56 vars in 1177 bytes} [Mon Jul 11 15:43:19 2022] GET /identity/v3/users/d286165c81b249d39452dccb9f347739 => generated 247 bytes in 136 msecs (HTTP/1.1 200) 5 headers in 177 bytes (1 switches on core 0)
Jul 11 15:43:20.043996 dv-cinder-797608-53-smb devstack@keystone.service[95537]: DEBUG keystone.server.flask.request_processing.middleware.auth_context [None req-84b0e7a7-f559-4295-b003-361a82852b0e None admin] Authenticating user token {{(pid=95537) process_request /usr/local/lib/python3.8/dist-packages/keystonemiddleware/auth_token/__init__.py:407}}
Jul 11 15:43:20.054292 dv-cinder-797608-53-smb devstack@keystone.service[95536]: DEBUG dbcounter [-] [95536] Writing DB stats keystone:SELECT=100 {{(pid=95536) stat_writer /usr/local/lib/python3.8/dist-packages/dbcounter.py:114}}
Jul 11 15:43:20.099817 dv-cinder-797608-53-smb devstack@keystone.service[95536]: DEBUG keystone.server.flask.request_processing.middleware.auth_context [None req-bdb27a06-bf59-4129-883d-0d6cb97cbe0f None admin] Validating token access rules against request {{(pid=95536) validate_allowed_request /usr/local/lib/python3.8/dist-packages/keystonemiddleware/auth_token/__init__.py:545}}
Jul 11 15:43:20.133816 dv-cinder-797608-53-smb devstack@keystone.service[95537]: DEBUG dbcounter [-] [95537] Writing DB stats keystone:SELECT=100 {{(pid=95537) stat_writer /usr/local/lib/python3.8/dist-packages/dbcounter.py:114}}
Jul 11 15:43:20.134283 dv-cinder-797608-53-smb devstack@keystone.service[95536]: DEBUG keystone.server.flask.request_processing.middleware.auth_context [None req-c2d71b19-0629-4e8f-a5a3-5b50e593252a None admin] RBAC: auth_context: {'token': , 'domain_id': None, 'trust_id': None, 'trustor_id': None, 'trustee_id': None, 'domain_name': None, 'group_ids': [], 'user_id': 'd286165c81b249d39452dccb9f347739', 'user_domain_id': 'default', 'system_scope': 'all', 'project_id': None, 'project_domain_id': None, 'roles': ['admin', 'member', 'reader'], 'is_admin_project': True, 'service_user_id': None, 'service_user_domain_id': None, 'service_project_id': None, 'service_project_domain_id': None, 'service_roles': []} {{(pid=95536) fill_context /opt/stack/keystone/keystone/server/flask/request_processing/middleware/auth_context.py:478}}
Jul 11 15:43:20.134955 dv-cinder-797608-53-smb devstack@keystone.service[95536]: DEBUG keystone.server.flask.request_processing.req_logging [None req-c2d71b19-0629-4e8f-a5a3-5b50e593252a None admin] REQUEST_METHOD: `POST` {{(pid=95536) log_request_info /opt/stack/keystone/keystone/server/flask/request_processing/req_logging.py:27}}
