Jul 11 15:50:16.774366 dv-cinder-797608-53-iscsi devstack@c-api.service[117365]: INFO cinder.api.openstack.wsgi [None req-b2d77295-59a1-4a8e-ad5f-fb4824218656 tempest-SnapshotsActionsTest-1085587962 tempest-SnapshotsActionsTest-1085587962-project] POST http://10.222.0.26/volume/v3/1e1af493a16c49e9b48255ffb33a97f6/snapshots
Jul 11 15:50:16.775076 dv-cinder-797608-53-iscsi devstack@c-api.service[117365]: DEBUG cinder.api.openstack.wsgi [None req-b2d77295-59a1-4a8e-ad5f-fb4824218656 tempest-SnapshotsActionsTest-1085587962 tempest-SnapshotsActionsTest-1085587962-project] Action: 'create', calling method: create, body: {"snapshot": {"volume_id": "cdb5111e-61cf-4b2f-a3e0-0fb4438c00f9", "name": "tempest-SnapshotsActionsTest-Snapshot-1318182592"}} {{(pid=117365) _process_stack /opt/stack/cinder/cinder/api/openstack/wsgi.py:866}}
Jul 11 15:50:16.826251 dv-cinder-797608-53-iscsi devstack@c-api.service[117365]: /usr/local/lib/python3.8/dist-packages/oslo_context/context.py:100: DeprecationWarning: Policy enforcement is depending on the value of is_admin. This key is deprecated. Please update your policy file to use the standard policy values.
Jul 11 15:50:16.826251 dv-cinder-797608-53-iscsi devstack@c-api.service[117365]: warnings.warn('Policy enforcement is depending on the value of '
Jul 11 15:50:16.828831 dv-cinder-797608-53-iscsi devstack@c-api.service[117365]: INFO cinder.volume.api [None req-b2d77295-59a1-4a8e-ad5f-fb4824218656 tempest-SnapshotsActionsTest-1085587962 tempest-SnapshotsActionsTest-1085587962-project] Volume info retrieved successfully.
Jul 11 15:50:16.834839 dv-cinder-797608-53-iscsi devstack@c-api.service[117365]: INFO cinder.api.v3.snapshots [None req-b2d77295-59a1-4a8e-ad5f-fb4824218656 tempest-SnapshotsActionsTest-1085587962 tempest-SnapshotsActionsTest-1085587962-project] Create snapshot from volume cdb5111e-61cf-4b2f-a3e0-0fb4438c00f9
Jul 11 15:50:16.931612 dv-cinder-797608-53-iscsi devstack@c-api.service[117365]: DEBUG cinder.quota [None req-b2d77295-59a1-4a8e-ad5f-fb4824218656 tempest-SnapshotsActionsTest-1085587962 tempest-SnapshotsActionsTest-1085587962-project] Created reservations ['e3d27631-719f-44c6-b601-2b7c652ec1e7', '0d5f9711-5784-466a-aeea-03f3b2e55c08', '3b19766d-842f-4710-b630-fa4cf1c40cc1', 'ee870c3b-ee28-4d66-a7c7-6215098b82f9'] {{(pid=117365) reserve /opt/stack/cinder/cinder/quota.py:755}}
Jul 11 15:50:16.962741 dv-cinder-797608-53-iscsi devstack@c-api.service[117366]: DEBUG cinder.api.middleware.request_id [None req-808baa95-0e3c-4d0b-b27f-e7973fac6d79 None None] RequestId filter calling following filter/app {{(pid=117366) _context_setter /opt/stack/cinder/cinder/api/middleware/request_id.py:62}}
Jul 11 15:50:16.966282 dv-cinder-797608-53-iscsi devstack@c-api.service[117366]: INFO cinder.api.openstack.wsgi [None req-808baa95-0e3c-4d0b-b27f-e7973fac6d79 tempest-VolumeQuotasAdminTestJSON-1808876700 tempest-VolumeQuotasAdminTestJSON-1808876700-project] GET http://10.222.0.26/volume/v3/812fe0b47bb64c69b0114992b7d0e84c/volumes/316e68d1-c4b2-4632-8ee4-cf0ca9af8276
Jul 11 15:50:16.966724 dv-cinder-797608-53-iscsi devstack@c-api.service[117366]: DEBUG cinder.api.openstack.wsgi [None req-808baa95-0e3c-4d0b-b27f-e7973fac6d79 tempest-VolumeQuotasAdminTestJSON-1808876700 tempest-VolumeQuotasAdminTestJSON-1808876700-project] Empty body provided in request {{(pid=117366) get_body /opt/stack/cinder/cinder/api/openstack/wsgi.py:715}}
Jul 11 15:50:16.967178 dv-cinder-797608-53-iscsi devstack@c-api.service[117366]: DEBUG cinder.api.openstack.wsgi [None req-808baa95-0e3c-4d0b-b27f-e7973fac6d79 tempest-VolumeQuotasAdminTestJSON-1808876700 tempest-VolumeQuotasAdminTestJSON-1808876700-project] Calling method 'show' {{(pid=117366) _process_stack /opt/stack/cinder/cinder/api/openstack/wsgi.py:868}}
Jul 11 15:50:16.997672 dv-cinder-797608-53-iscsi devstack@c-api.service[117366]: INFO cinder.api.openstack.wsgi [None req-808baa95-0e3c-4d0b-b27f-e7973fac6d79 tempest-VolumeQuotasAdminTestJSON-1808876700 tempest-VolumeQuotasAdminTestJSON-1808876700-project] http://10.222.0.26/volume/v3/812fe0b47bb64c69b0114992b7d0e84c/volumes/316e68d1-c4b2-4632-8ee4-cf0ca9af8276 returned with HTTP 404
Jul 11 15:50:17.005673 dv-cinder-797608-53-iscsi devstack@c-api.service[117366]: [pid: 117366|app: 0|req: 118/214] 10.222.0.26 () {58 vars in 1324 bytes} [Mon Jul 11 15:50:16 2022] GET /volume/v3/812fe0b47bb64c69b0114992b7d0e84c/volumes/316e68d1-c4b2-4632-8ee4-cf0ca9af8276 => generated 109 bytes in 44 msecs (HTTP/1.1 404) 7 headers in 292 bytes (2 switches on core 0)
Jul 11 15:50:17.007236 dv-cinder-797608-53-iscsi devstack@c-api.service[117366]: DEBUG cinder.api.middleware.request_id [None req-45b24108-91fd-43c0-894d-89f85c5eaa00 None None] RequestId filter calling following filter/app {{(pid=117366) _context_setter /opt/stack/cinder/cinder/api/middleware/request_id.py:62}}
Jul 11 15:50:17.017157 dv-cinder-797608-53-iscsi devstack@c-api.service[117366]: INFO cinder.api.openstack.wsgi [None req-45b24108-91fd-43c0-894d-89f85c5eaa00 tempest-VolumeQuotasAdminTestJSON-1808876700 tempest-VolumeQuotasAdminTestJSON-1808876700-project] POST http://10.222.0.26/volume/v3/812fe0b47bb64c69b0114992b7d0e84c/volumes
Jul 11 15:50:17.018061 dv-cinder-797608-53-iscsi devstack@c-api.service[117366]: DEBUG cinder.api.openstack.wsgi [None req-45b24108-91fd-43c0-894d-89f85c5eaa00 tempest-VolumeQuotasAdminTestJSON-1808876700 tempest-VolumeQuotasAdminTestJSON-1808876700-project] Action: 'create', calling method: create, body: {"volume": {"size": 1, "name": "tempest-VolumeQuotasAdminTestJSON-Volume-1945898581"}} {{(pid=117366) _process_stack /opt/stack/cinder/cinder/api/openstack/wsgi.py:866}}
Jul 11 15:50:17.022506 dv-cinder-797608-53-iscsi devstack@c-api.service[117366]: DEBUG cinder.api.v3.volumes [None req-45b24108-91fd-43c0-894d-89f85c5eaa00 tempest-VolumeQuotasAdminTestJSON-1808876700 tempest-VolumeQuotasAdminTestJSON-1808876700-project] Create volume request body: {'volume': {'size': 1, 'name': 'tempest-VolumeQuotasAdminTestJSON-Volume-1945898581'}} {{(pid=117366) create /opt/stack/cinder/cinder/api/v3/volumes.py:298}}
Jul 11 15:50:17.022783 dv-cinder-797608-53-iscsi devstack@c-api.service[117366]: INFO cinder.api.v3.volumes [None req-45b24108-91fd-43c0-894d-89f85c5eaa00 tempest-VolumeQuotasAdminTestJSON-1808876700 tempest-VolumeQuotasAdminTestJSON-1808876700-project] Create volume of 1 GB
Jul 11 15:50:17.041534 dv-cinder-797608-53-iscsi devstack@c-api.service[117365]: INFO cinder.volume.api [None req-b2d77295-59a1-4a8e-ad5f-fb4824218656 tempest-SnapshotsActionsTest-1085587962 tempest-SnapshotsActionsTest-1085587962-project] Snapshot create request issued successfully.
Jul 11 15:50:17.041731 dv-cinder-797608-53-iscsi devstack@c-api.service[117366]: INFO cinder.volume.api [None req-45b24108-91fd-43c0-894d-89f85c5eaa00 tempest-VolumeQuotasAdminTestJSON-1808876700 tempest-VolumeQuotasAdminTestJSON-1808876700-project] Availability Zones retrieved successfully.
Jul 11 15:50:17.042311 dv-cinder-797608-53-iscsi devstack@c-api.service[117365]: INFO cinder.api.openstack.wsgi [None req-b2d77295-59a1-4a8e-ad5f-fb4824218656 tempest-SnapshotsActionsTest-1085587962 tempest-SnapshotsActionsTest-1085587962-project] http://10.222.0.26/volume/v3/1e1af493a16c49e9b48255ffb33a97f6/snapshots returned with HTTP 202
Jul 11 15:50:17.043470 dv-cinder-797608-53-iscsi devstack@c-api.service[117365]: [pid: 117365|app: 0|req: 97/215] 10.222.0.26 () {60 vars in 1241 bytes} [Mon Jul 11 15:50:16 2022] POST /volume/v3/1e1af493a16c49e9b48255ffb33a97f6/snapshots => generated 307 bytes in 274 msecs (HTTP/1.1 202) 7 headers in 291 bytes (1 switches on core 0)
Jul 11 15:50:17.051263 dv-cinder-797608-53-iscsi devstack@c-api.service[117365]: DEBUG cinder.api.middleware.request_id [None req-614f1609-d598-45c8-a838-7c485162e35e None None] RequestId filter calling following filter/app {{(pid=117365) _context_setter /opt/stack/cinder/cinder/api/middleware/request_id.py:62}}
Jul 11 15:50:17.055997 dv-cinder-797608-53-iscsi devstack@c-api.service[117365]: INFO cinder.api.openstack.wsgi [None req-614f1609-d598-45c8-a838-7c485162e35e tempest-SnapshotsActionsTest-1085587962 tempest-SnapshotsActionsTest-1085587962-project] GET http://10.222.0.26/volume/v3/1e1af493a16c49e9b48255ffb33a97f6/snapshots/7503d46a-2013-41c6-beaa-afdefbb4618d
Jul 11 15:50:17.056784 dv-cinder-797608-53-iscsi devstack@c-api.service[117365]: DEBUG cinder.api.openstack.wsgi [None req-614f1609-d598-45c8-a838-7c485162e35e tempest-SnapshotsActionsTest-1085587962 tempest-SnapshotsActionsTest-1085587962-project] Empty body provided in request {{(pid=117365) get_body /opt/stack/cinder/cinder/api/openstack/wsgi.py:715}}
Jul 11 15:50:17.057332 dv-cinder-797608-53-iscsi devstack@c-api.service[117365]: DEBUG cinder.api.openstack.wsgi [None req-614f1609-d598-45c8-a838-7c485162e35e tempest-SnapshotsActionsTest-1085587962 tempest-SnapshotsActionsTest-1085587962-project] Calling method 'show' {{(pid=117365) _process_stack /opt/stack/cinder/cinder/api/openstack/wsgi.py:868}}
Jul 11 15:50:17.078768 dv-cinder-797608-53-iscsi devstack@c-api.service[117365]: /usr/local/lib/python3.8/dist-packages/oslo_context/context.py:100: DeprecationWarning: Policy enforcement is depending on the value of is_admin. This key is deprecated. Please update your policy file to use the standard policy values.
Jul 11 15:50:17.078768 dv-cinder-797608-53-iscsi devstack@c-api.service[117365]: warnings.warn('Policy enforcement is depending on the value of '
Jul 11 15:50:17.078768 dv-cinder-797608-53-iscsi devstack@c-api.service[117365]: INFO cinder.volume.api [None req-614f1609-d598-45c8-a838-7c485162e35e tempest-SnapshotsActionsTest-1085587962 tempest-SnapshotsActionsTest-1085587962-project] Snapshot retrieved successfully.
Jul 11 15:50:17.078768 dv-cinder-797608-53-iscsi devstack@c-api.service[117365]: INFO cinder.api.openstack.wsgi [None req-614f1609-d598-45c8-a838-7c485162e35e tempest-SnapshotsActionsTest-1085587962 tempest-SnapshotsActionsTest-1085587962-project] http://10.222.0.26/volume/v3/1e1af493a16c49e9b48255ffb33a97f6/snapshots/7503d46a-2013-41c6-beaa-afdefbb4618d returned with HTTP 200
Jul 11 15:50:17.079198 dv-cinder-797608-53-iscsi devstack@c-api.service[117366]: DEBUG cinder.volume.api [None req-45b24108-91fd-43c0-894d-89f85c5eaa00 tempest-VolumeQuotasAdminTestJSON-1808876700 tempest-VolumeQuotasAdminTestJSON-1808876700-project] Flow 'volume_create_api' (0941069b-3ae8-4dbb-8627-3bf7592e7b04) transitioned into state 'RUNNING' from state 'PENDING' {{(pid=117366) _flow_receiver /usr/local/lib/python3.8/dist-packages/taskflow/listeners/logging.py:141}}
Jul 11 15:50:17.079289 dv-cinder-797608-53-iscsi devstack@c-api.service[117365]: [pid: 117365|app: 0|req: 98/216] 10.222.0.26 () {58 vars in 1330 bytes} [Mon Jul 11 15:50:17 2022] GET /volume/v3/1e1af493a16c49e9b48255ffb33a97f6/snapshots/7503d46a-2013-41c6-beaa-afdefbb4618d => generated 439 bytes in 25 msecs (HTTP/1.1 200) 7 headers in 285 bytes (1 switches on core 0)
Jul 11 15:50:17.079383 dv-cinder-797608-53-iscsi devstack@c-api.service[117366]: DEBUG cinder.volume.api [None req-45b24108-91fd-43c0-894d-89f85c5eaa00 tempest-VolumeQuotasAdminTestJSON-1808876700 tempest-VolumeQuotasAdminTestJSON-1808876700-project] Task 'cinder.volume.flows.api.create_volume.ExtractVolumeRequestTask;volume:create' (34d03fc1-48f6-4b18-9e21-7fff8a2c3ed9) transitioned into state 'RUNNING' from state 'PENDING' {{(pid=117366) _task_receiver /usr/local/lib/python3.8/dist-packages/taskflow/listeners/logging.py:190}}
Jul 11 15:50:17.090041 dv-cinder-797608-53-iscsi devstack@c-api.service[117366]: DEBUG cinder.volume.flows.api.create_volume [None req-45b24108-91fd-43c0-894d-89f85c5eaa00 tempest-VolumeQuotasAdminTestJSON-1808876700 tempest-VolumeQuotasAdminTestJSON-1808876700-project] Validating volume size '1' using validate_int {{(pid=117366) _extract_size /opt/stack/cinder/cinder/volume/flows/api/create_volume.py:228}}
Jul 11 15:50:17.188714 dv-cinder-797608-53-iscsi devstack@c-api.service[117366]: DEBUG cinder.volume.api [None req-45b24108-91fd-43c0-894d-89f85c5eaa00 tempest-VolumeQuotasAdminTestJSON-1808876700 tempest-VolumeQuotasAdminTestJSON-1808876700-project] Task 'cinder.volume.flows.api.create_volume.ExtractVolumeRequestTask;volume:create' (34d03fc1-48f6-4b18-9e21-7fff8a2c3ed9) transitioned into state 'SUCCESS' from state 'RUNNING' with result '{'size': 1, 'snapshot_id': None, 'source_volid': None, 'volume_type': VolumeType(created_at=2022-07-11T15:39:48Z,deleted=False,deleted_at=None,description='Default Volume Type',extra_specs={},id=ba1cd9fc-5d93-4844-9895-95eef0992374,is_public=True,name='__DEFAULT__',projects=[],qos_specs=,qos_specs_id=None,updated_at=2022-07-11T15:39:48Z), 'volume_type_id': 'ba1cd9fc-5d93-4844-9895-95eef0992374', 'encryption_key_id': None, 'qos_specs': None, 'consistencygroup_id': None, 'cgsnapshot_id': None, 'group_id': None, 'replication_status': 'disabled', 'refresh_az': False, 'backup_id': None, 'multiattach': False, 'availability_zones': ['nova']}' {{(pid=117366) _task_receiver /usr/local/lib/python3.8/dist-packages/taskflow/listeners/logging.py:178}}
Jul 11 15:50:17.191629 dv-cinder-797608-53-iscsi devstack@c-api.service[117366]: DEBUG cinder.volume.api [None req-45b24108-91fd-43c0-894d-89f85c5eaa00 tempest-VolumeQuotasAdminTestJSON-1808876700 tempest-VolumeQuotasAdminTestJSON-1808876700-project] Task 'cinder.volume.flows.api.create_volume.QuotaReserveTask;volume:create' (4a9b3417-b45b-4d6f-a36c-e5b705a2f844) transitioned into state 'RUNNING' from state 'PENDING' {{(pid=117366) _task_receiver /usr/local/lib/python3.8/dist-packages/taskflow/listeners/logging.py:190}}
Jul 11 15:50:17.323863 dv-cinder-797608-53-iscsi devstack@c-api.service[117366]: DEBUG cinder.quota [None req-45b24108-91fd-43c0-894d-89f85c5eaa00 tempest-VolumeQuotasAdminTestJSON-1808876700 tempest-VolumeQuotasAdminTestJSON-1808876700-project] Created reservations ['0958f535-2cdc-430c-adc7-1387db266806', '0c30d1d8-48c2-451a-b8b6-f7a4dfd68944', 'a5265bb5-c590-499d-a3ba-c504f0509c82', '6b564b46-535c-4095-8f8c-5dbc16e2d5dc'] {{(pid=117366) reserve /opt/stack/cinder/cinder/quota.py:755}}
Jul 11 15:50:17.325699 dv-cinder-797608-53-iscsi devstack@c-api.service[117366]: DEBUG cinder.volume.api [None req-45b24108-91fd-43c0-894d-89f85c5eaa00 tempest-VolumeQuotasAdminTestJSON-1808876700 tempest-VolumeQuotasAdminTestJSON-1808876700-project] Task 'cinder.volume.flows.api.create_volume.QuotaReserveTask;volume:create' (4a9b3417-b45b-4d6f-a36c-e5b705a2f844) transitioned into state 'SUCCESS' from state 'RUNNING' with result '{'reservations': ['0958f535-2cdc-430c-adc7-1387db266806', '0c30d1d8-48c2-451a-b8b6-f7a4dfd68944', 'a5265bb5-c590-499d-a3ba-c504f0509c82', '6b564b46-535c-4095-8f8c-5dbc16e2d5dc']}' {{(pid=117366) _task_receiver /usr/local/lib/python3.8/dist-packages/taskflow/listeners/logging.py:178}}
Jul 11 15:50:17.328198 dv-cinder-797608-53-iscsi devstack@c-api.service[117366]: DEBUG cinder.volume.api [None req-45b24108-91fd-43c0-894d-89f85c5eaa00 tempest-VolumeQuotasAdminTestJSON-1808876700 tempest-VolumeQuotasAdminTestJSON-1808876700-project] Task 'cinder.volume.flows.api.create_volume.EntryCreateTask;volume:create' (ea7b50ee-7746-4c86-823d-63b612211085) transitioned into state 'RUNNING' from state 'PENDING' {{(pid=117366) _task_receiver /usr/local/lib/python3.8/dist-packages/taskflow/listeners/logging.py:190}}
Jul 11 15:50:17.379755 dv-cinder-797608-53-iscsi devstack@c-api.service[117366]: DEBUG cinder.volume.api [None req-45b24108-91fd-43c0-894d-89f85c5eaa00 tempest-VolumeQuotasAdminTestJSON-1808876700 tempest-VolumeQuotasAdminTestJSON-1808876700-project] Task 'cinder.volume.flows.api.create_volume.EntryCreateTask;volume:create' (ea7b50ee-7746-4c86-823d-63b612211085) transitioned into state 'SUCCESS' from state 'RUNNING' with result '{'volume_id': '7ab9ad3d-721e-45ec-9fa2-abe5af6bc828', 'volume_properties': VolumeProperties(attach_status='detached',availability_zone='nova',cgsnapshot_id=None,consistencygroup_id=None,display_description=None,display_name='tempest-VolumeQuotasAdminTestJSON-Volume-1945898581',encryption_key_id=None,group_id=None,group_type_id=,metadata={},multiattach=False,project_id='812fe0b47bb64c69b0114992b7d0e84c',qos_specs=None,replication_status=,reservations=['0958f535-2cdc-430c-adc7-1387db266806','0c30d1d8-48c2-451a-b8b6-f7a4dfd68944','a5265bb5-c590-499d-a3ba-c504f0509c82','6b564b46-535c-4095-8f8c-5dbc16e2d5dc'],size=1,snapshot_id=None,source_replicaid=,source_volid=None,status='creating',user_id='573fa58b0a3f495fa0dc1b352eedc1ad',volume_type_id=ba1cd9fc-5d93-4844-9895-95eef0992374), 'volume': Volume(_name_id=None,admin_metadata=,attach_status='detached',availability_zone='nova',bootable=False,cluster=,cluster_name=None,consistencygroup=,consistencygroup_id=None,created_at=2022-07-11T15:50:17Z,deleted=False,deleted_at=None,display_description=None,display_name='tempest-VolumeQuotasAdminTestJSON-Volume-1945898581',ec2_id=None,encryption_key_id=None,glance_metadata=,group=,group_id=None,host=None,id=7ab9ad3d-721e-45ec-9fa2-abe5af6bc828,launched_at=None,metadata={},migration_status=None,multiattach=False,previous_status=None,project_id='812fe0b47bb64c69b0114992b7d0e84c',provider_auth=None,provider_geometry=None,provider_id=None,provider_location=None,replication_driver_data=None,replication_extended_status=None,replication_status=None,scheduled_at=None,service_uuid=None,shared_targets=True,size=1,snapshot_id=None,snapshots=,source_volid=None,status='creating',terminated_at=None,updated_at=None,use_quota=True,user_id='573fa58b0a3f495fa0dc1b352eedc1ad',volume_attachment=VolumeAttachmentList,volume_type=VolumeType(ba1cd9fc-5d93-4844-9895-95eef0992374),volume_type_id=ba1cd9fc-5d93-4844-9895-95eef0992374)}' {{(pid=117366) _task_receiver /usr/local/lib/python3.8/dist-packages/taskflow/listeners/logging.py:178}}
Jul 11 15:50:17.393635 dv-cinder-797608-53-iscsi devstack@c-api.service[117366]: DEBUG cinder.volume.api [None req-45b24108-91fd-43c0-894d-89f85c5eaa00 tempest-VolumeQuotasAdminTestJSON-1808876700 tempest-VolumeQuotasAdminTestJSON-1808876700-project] Task 'cinder.volume.flows.api.create_volume.QuotaCommitTask;volume:create' (f4ac6b18-0364-45cf-9068-ce4b2946933b) transitioned into state 'RUNNING' from state 'PENDING' {{(pid=117366) _task_receiver /usr/local/lib/python3.8/dist-packages/taskflow/listeners/logging.py:190}}
Jul 11 15:50:17.440951 dv-cinder-797608-53-iscsi devstack@c-api.service[117366]: DEBUG dbcounter [-] [117366] Writing DB stats cinder:SELECT=69,cinder:INSERT=12,cinder:UPDATE=19 {{(pid=117366) stat_writer /usr/local/lib/python3.8/dist-packages/dbcounter.py:114}}
Jul 11 15:50:17.486953 dv-cinder-797608-53-iscsi devstack@c-api.service[117366]: DEBUG cinder.volume.api [None req-45b24108-91fd-43c0-894d-89f85c5eaa00 tempest-VolumeQuotasAdminTestJSON-1808876700 tempest-VolumeQuotasAdminTestJSON-1808876700-project] Task 'cinder.volume.flows.api.create_volume.QuotaCommitTask;volume:create' (f4ac6b18-0364-45cf-9068-ce4b2946933b) transitioned into state 'SUCCESS' from state 'RUNNING' with result '{'volume_properties': VolumeProperties(attach_status='detached',availability_zone='nova',cgsnapshot_id=None,consistencygroup_id=None,display_description=None,display_name='tempest-VolumeQuotasAdminTestJSON-Volume-1945898581',encryption_key_id=None,group_id=None,group_type_id=,metadata={},multiattach=False,project_id='812fe0b47bb64c69b0114992b7d0e84c',qos_specs=None,replication_status=,reservations=['0958f535-2cdc-430c-adc7-1387db266806','0c30d1d8-48c2-451a-b8b6-f7a4dfd68944','a5265bb5-c590-499d-a3ba-c504f0509c82','6b564b46-535c-4095-8f8c-5dbc16e2d5dc'],size=1,snapshot_id=None,source_replicaid=,source_volid=None,status='creating',user_id='573fa58b0a3f495fa0dc1b352eedc1ad',volume_type_id=ba1cd9fc-5d93-4844-9895-95eef0992374)}' {{(pid=117366) _task_receiver /usr/local/lib/python3.8/dist-packages/taskflow/listeners/logging.py:178}}
Jul 11 15:50:17.489060 dv-cinder-797608-53-iscsi devstack@c-api.service[117366]: DEBUG cinder.volume.api [None req-45b24108-91fd-43c0-894d-89f85c5eaa00 tempest-VolumeQuotasAdminTestJSON-1808876700 tempest-VolumeQuotasAdminTestJSON-1808876700-project] Task 'cinder.volume.flows.api.create_volume.VolumeCastTask;volume:create' (871a70dd-4acf-4b8f-b477-c38164946393) transitioned into state 'RUNNING' from state 'PENDING' {{(pid=117366) _task_receiver /usr/local/lib/python3.8/dist-packages/taskflow/listeners/logging.py:190}}
Jul 11 15:50:17.519412 dv-cinder-797608-53-iscsi devstack@c-api.service[117366]: DEBUG cinder.volume.api [None req-45b24108-91fd-43c0-894d-89f85c5eaa00 tempest-VolumeQuotasAdminTestJSON-1808876700 tempest-VolumeQuotasAdminTestJSON-1808876700-project] Task 'cinder.volume.flows.api.create_volume.VolumeCastTask;volume:create' (871a70dd-4acf-4b8f-b477-c38164946393) transitioned into state 'SUCCESS' from state 'RUNNING' with result 'None' {{(pid=117366) _task_receiver /usr/local/lib/python3.8/dist-packages/taskflow/listeners/logging.py:178}}
Jul 11 15:50:17.524181 dv-cinder-797608-53-iscsi devstack@c-api.service[117366]: DEBUG cinder.volume.api [None req-45b24108-91fd-43c0-894d-89f85c5eaa00 tempest-VolumeQuotasAdminTestJSON-1808876700 tempest-VolumeQuotasAdminTestJSON-1808876700-project] Flow 'volume_create_api' (0941069b-3ae8-4dbb-8627-3bf7592e7b04) transitioned into state 'SUCCESS' from state 'RUNNING' {{(pid=117366) _flow_receiver /usr/local/lib/python3.8/dist-packages/taskflow/listeners/logging.py:141}}
Jul 11 15:50:17.526998 dv-cinder-797608-53-iscsi devstack@c-api.service[117366]: INFO cinder.volume.api [None req-45b24108-91fd-43c0-894d-89f85c5eaa00 tempest-VolumeQuotasAdminTestJSON-1808876700 tempest-VolumeQuotasAdminTestJSON-1808876700-project] Create volume request issued successfully.
Jul 11 15:50:17.530235 dv-cinder-797608-53-iscsi devstack@c-api.service[117366]: INFO cinder.api.openstack.wsgi [None req-45b24108-91fd-43c0-894d-89f85c5eaa00 tempest-VolumeQuotasAdminTestJSON-1808876700 tempest-VolumeQuotasAdminTestJSON-1808876700-project] http://10.222.0.26/volume/v3/812fe0b47bb64c69b0114992b7d0e84c/volumes returned with HTTP 202
Jul 11 15:50:17.541412 dv-cinder-797608-53-iscsi devstack@c-api.service[117366]: [pid: 117366|app: 0|req: 119/217] 10.222.0.26 () {60 vars in 1234 bytes} [Mon Jul 11 15:50:17 2022] POST /volume/v3/812fe0b47bb64c69b0114992b7d0e84c/volumes => generated 825 bytes in 526 msecs (HTTP/1.1 202) 7 headers in 291 bytes (1 switches on core 0)
Jul 11 15:50:17.545110 dv-cinder-797608-53-iscsi devstack@c-api.service[117365]: DEBUG cinder.api.middleware.request_id [None req-81dc2399-e3ff-43d5-ab90-cb59602851b3 None None] RequestId filter calling following filter/app {{(pid=117365) _context_setter /opt/stack/cinder/cinder/api/middleware/request_id.py:62}}
Jul 11 15:50:17.550217 dv-cinder-797608-53-iscsi devstack@c-api.service[117365]: INFO cinder.api.openstack.wsgi [None req-81dc2399-e3ff-43d5-ab90-cb59602851b3 tempest-VolumeQuotasAdminTestJSON-1808876700 tempest-VolumeQuotasAdminTestJSON-1808876700-project] GET http://10.222.0.26/volume/v3/812fe0b47bb64c69b0114992b7d0e84c/volumes/7ab9ad3d-721e-45ec-9fa2-abe5af6bc828
Jul 11 15:50:17.550799 dv-cinder-797608-53-iscsi devstack@c-api.service[117365]: DEBUG cinder.api.openstack.wsgi [None req-81dc2399-e3ff-43d5-ab90-cb59602851b3 tempest-VolumeQuotasAdminTestJSON-1808876700 tempest-VolumeQuotasAdminTestJSON-1808876700-project] Empty body provided in request {{(pid=117365) get_body /opt/stack/cinder/cinder/api/openstack/wsgi.py:715}}
Jul 11 15:50:17.551348 dv-cinder-797608-53-iscsi devstack@c-api.service[117365]: DEBUG cinder.api.openstack.wsgi [None req-81dc2399-e3ff-43d5-ab90-cb59602851b3 tempest-VolumeQuotasAdminTestJSON-1808876700 tempest-VolumeQuotasAdminTestJSON-1808876700-project] Calling method 'show' {{(pid=117365) _process_stack /opt/stack/cinder/cinder/api/openstack/wsgi.py:868}}
Jul 11 15:50:17.581840 dv-cinder-797608-53-iscsi devstack@c-api.service[117365]: /usr/local/lib/python3.8/dist-packages/oslo_context/context.py:100: DeprecationWarning: Policy enforcement is depending on the value of is_admin. This key is deprecated. Please update your policy file to use the standard policy values.
Jul 11 15:50:17.581840 dv-cinder-797608-53-iscsi devstack@c-api.service[117365]: warnings.warn('Policy enforcement is depending on the value of '
Jul 11 15:50:17.584777 dv-cinder-797608-53-iscsi devstack@c-api.service[117366]: DEBUG cinder.api.middleware.request_id [None req-eb40725f-0198-4078-b91a-5fe74991cbed None None] RequestId filter calling following filter/app {{(pid=117366) _context_setter /opt/stack/cinder/cinder/api/middleware/request_id.py:62}}
Jul 11 15:50:17.591177 dv-cinder-797608-53-iscsi devstack@c-api.service[117366]: INFO cinder.api.openstack.wsgi [None req-eb40725f-0198-4078-b91a-5fe74991cbed tempest-VolumesImageMetadata-64763044 tempest-VolumesImageMetadata-64763044-project] GET http://10.222.0.26/volume/v3/8a69cfb9a7074932af6246fa3746a04b/volumes/7794f2b9-cb52-48d3-b50f-43b54895b9ab
Jul 11 15:50:17.591760 dv-cinder-797608-53-iscsi devstack@c-api.service[117366]: DEBUG cinder.api.openstack.wsgi [None req-eb40725f-0198-4078-b91a-5fe74991cbed tempest-VolumesImageMetadata-64763044 tempest-VolumesImageMetadata-64763044-project] Empty body provided in request {{(pid=117366) get_body /opt/stack/cinder/cinder/api/openstack/wsgi.py:715}}
Jul 11 15:50:17.592324 dv-cinder-797608-53-iscsi devstack@c-api.service[117366]: DEBUG cinder.api.openstack.wsgi [None req-eb40725f-0198-4078-b91a-5fe74991cbed tempest-VolumesImageMetadata-64763044 tempest-VolumesImageMetadata-64763044-project] Calling method 'show' {{(pid=117366) _process_stack /opt/stack/cinder/cinder/api/openstack/wsgi.py:868}}
Jul 11 15:50:17.636502 dv-cinder-797608-53-iscsi devstack@c-api.service[117365]: INFO cinder.volume.api [None req-81dc2399-e3ff-43d5-ab90-cb59602851b3 tempest-VolumeQuotasAdminTestJSON-1808876700 tempest-VolumeQuotasAdminTestJSON-1808876700-project] Volume info retrieved successfully.
Jul 11 15:50:17.645943 dv-cinder-797608-53-iscsi devstack@c-api.service[117366]: /usr/local/lib/python3.8/dist-packages/oslo_context/context.py:100: DeprecationWarning: Policy enforcement is depending on the value of is_admin. This key is deprecated. Please update your policy file to use the standard policy values.
Jul 11 15:50:17.645943 dv-cinder-797608-53-iscsi devstack@c-api.service[117366]: warnings.warn('Policy enforcement is depending on the value of '
Jul 11 15:50:17.660329 dv-cinder-797608-53-iscsi devstack@c-api.service[117365]: INFO cinder.api.openstack.wsgi [None req-81dc2399-e3ff-43d5-ab90-cb59602851b3 tempest-VolumeQuotasAdminTestJSON-1808876700 tempest-VolumeQuotasAdminTestJSON-1808876700-project] http://10.222.0.26/volume/v3/812fe0b47bb64c69b0114992b7d0e84c/volumes/7ab9ad3d-721e-45ec-9fa2-abe5af6bc828 returned with HTTP 200
Jul 11 15:50:17.669433 dv-cinder-797608-53-iscsi devstack@c-api.service[117366]: INFO cinder.volume.api [None req-eb40725f-0198-4078-b91a-5fe74991cbed tempest-VolumesImageMetadata-64763044 tempest-VolumesImageMetadata-64763044-project] Volume info retrieved successfully.
Jul 11 15:50:17.671804 dv-cinder-797608-53-iscsi devstack@c-api.service[117365]: [pid: 117365|app: 0|req: 99/218] 10.222.0.26 () {58 vars in 1324 bytes} [Mon Jul 11 15:50:17 2022] GET /volume/v3/812fe0b47bb64c69b0114992b7d0e84c/volumes/7ab9ad3d-721e-45ec-9fa2-abe5af6bc828 => generated 893 bytes in 126 msecs (HTTP/1.1 200) 7 headers in 285 bytes (1 switches on core 0)
Jul 11 15:50:17.683625 dv-cinder-797608-53-iscsi devstack@c-api.service[117365]: DEBUG cinder.api.middleware.request_id [None req-b520a878-07c0-435a-bb4e-473d6a2c49c4 None None] RequestId filter calling following filter/app {{(pid=117365) _context_setter /opt/stack/cinder/cinder/api/middleware/request_id.py:62}}
Jul 11 15:50:17.685467 dv-cinder-797608-53-iscsi devstack@c-api.service[117366]: INFO cinder.api.openstack.wsgi [None req-eb40725f-0198-4078-b91a-5fe74991cbed tempest-VolumesImageMetadata-64763044 tempest-VolumesImageMetadata-64763044-project] http://10.222.0.26/volume/v3/8a69cfb9a7074932af6246fa3746a04b/volumes/7794f2b9-cb52-48d3-b50f-43b54895b9ab returned with HTTP 200
Jul 11 15:50:17.685921 dv-cinder-797608-53-iscsi devstack@c-api.service[117366]: [pid: 117366|app: 0|req: 120/219] 10.222.0.26 () {58 vars in 1324 bytes} [Mon Jul 11 15:50:17 2022] GET /volume/v3/8a69cfb9a7074932af6246fa3746a04b/volumes/7794f2b9-cb52-48d3-b50f-43b54895b9ab => generated 911 bytes in 103 msecs (HTTP/1.1 200) 7 headers in 285 bytes (2 switches on core 0)
Jul 11 15:50:17.689313 dv-cinder-797608-53-iscsi devstack@c-api.service[117365]: INFO cinder.api.openstack.wsgi [None req-b520a878-07c0-435a-bb4e-473d6a2c49c4 tempest-VolumesTestJSON-1757166475 tempest-VolumesTestJSON-1757166475-project] GET http://10.222.0.26/volume/v3/f97ee51bc3b94253b321d039762e1c52/volumes/2b9dc1bc-ba58-4289-a678-0a9af5223395
Jul 11 15:50:17.689937 dv-cinder-797608-53-iscsi devstack@c-api.service[117365]: DEBUG cinder.api.openstack.wsgi [None req-b520a878-07c0-435a-bb4e-473d6a2c49c4 tempest-VolumesTestJSON-1757166475 tempest-VolumesTestJSON-1757166475-project] Empty body provided in request {{(pid=117365) get_body /opt/stack/cinder/cinder/api/openstack/wsgi.py:715}}
Jul 11 15:50:17.690784 dv-cinder-797608-53-iscsi devstack@c-api.service[117365]: DEBUG cinder.api.openstack.wsgi [None req-b520a878-07c0-435a-bb4e-473d6a2c49c4 tempest-VolumesTestJSON-1757166475 tempest-VolumesTestJSON-1757166475-project] Calling method 'show' {{(pid=117365) _process_stack /opt/stack/cinder/cinder/api/openstack/wsgi.py:868}}
Jul 11 15:50:17.713473 dv-cinder-797608-53-iscsi devstack@c-api.service[117365]: /usr/local/lib/python3.8/dist-packages/oslo_context/context.py:100: DeprecationWarning: Policy enforcement is depending on the value of is_admin. This key is deprecated. Please update your policy file to use the standard policy values.
Jul 11 15:50:17.713473 dv-cinder-797608-53-iscsi devstack@c-api.service[117365]: warnings.warn('Policy enforcement is depending on the value of '
Jul 11 15:50:17.728459 dv-cinder-797608-53-iscsi devstack@c-api.service[117365]: INFO cinder.volume.api [None req-b520a878-07c0-435a-bb4e-473d6a2c49c4 tempest-VolumesTestJSON-1757166475 tempest-VolumesTestJSON-1757166475-project] Volume info retrieved successfully.
Jul 11 15:50:17.737669 dv-cinder-797608-53-iscsi devstack@c-api.service[117365]: DEBUG dbcounter [-] [117365] Writing DB stats cinder:SELECT=77,cinder:UPDATE=15,cinder:INSERT=6,cinder:DELETE=2 {{(pid=117365) stat_writer /usr/local/lib/python3.8/dist-packages/dbcounter.py:114}}
Jul 11 15:50:17.748104 dv-cinder-797608-53-iscsi devstack@c-api.service[117365]: INFO cinder.api.openstack.wsgi [None req-b520a878-07c0-435a-bb4e-473d6a2c49c4 tempest-VolumesTestJSON-1757166475 tempest-VolumesTestJSON-1757166475-project] http://10.222.0.26/volume/v3/f97ee51bc3b94253b321d039762e1c52/volumes/2b9dc1bc-ba58-4289-a678-0a9af5223395 returned with HTTP 200
Jul 11 15:50:17.749436 dv-cinder-797608-53-iscsi devstack@c-api.service[117365]: [pid: 117365|app: 0|req: 100/220] 10.222.0.26 () {58 vars in 1324 bytes} [Mon Jul 11 15:50:17 2022] GET /volume/v3/f97ee51bc3b94253b321d039762e1c52/volumes/2b9dc1bc-ba58-4289-a678-0a9af5223395 => generated 922 bytes in 66 msecs (HTTP/1.1 200) 7 headers in 285 bytes (1 switches on core 0)
Jul 11 15:50:17.820151 dv-cinder-797608-53-iscsi devstack@c-api.service[117366]: DEBUG cinder.api.middleware.request_id [req-37645939-38f4-4bad-90c0-9391a63c1b22 req-540b5d2e-0eb9-4b01-bc47-85659214d5b8 None None] RequestId filter calling following filter/app {{(pid=117366) _context_setter /opt/stack/cinder/cinder/api/middleware/request_id.py:62}}
Jul 11 15:50:17.824369 dv-cinder-797608-53-iscsi devstack@c-api.service[117366]: INFO cinder.api.openstack.wsgi [req-37645939-38f4-4bad-90c0-9391a63c1b22 req-540b5d2e-0eb9-4b01-bc47-85659214d5b8 tempest-VolumesTestJSON-1757166475 tempest-VolumesTestJSON-1757166475-project] GET http://10.222.0.26/volume/v3/f97ee51bc3b94253b321d039762e1c52/volumes/2b9dc1bc-ba58-4289-a678-0a9af5223395
Jul 11 15:50:17.824769 dv-cinder-797608-53-iscsi devstack@c-api.service[117366]: DEBUG cinder.api.openstack.wsgi [req-37645939-38f4-4bad-90c0-9391a63c1b22 req-540b5d2e-0eb9-4b01-bc47-85659214d5b8 tempest-VolumesTestJSON-1757166475 tempest-VolumesTestJSON-1757166475-project] Empty body provided in request {{(pid=117366) get_body /opt/stack/cinder/cinder/api/openstack/wsgi.py:715}}
Jul 11 15:50:17.825205 dv-cinder-797608-53-iscsi devstack@c-api.service[117366]: DEBUG cinder.api.openstack.wsgi [req-37645939-38f4-4bad-90c0-9391a63c1b22 req-540b5d2e-0eb9-4b01-bc47-85659214d5b8 tempest-VolumesTestJSON-1757166475 tempest-VolumesTestJSON-1757166475-project] Calling method 'show' {{(pid=117366) _process_stack /opt/stack/cinder/cinder/api/openstack/wsgi.py:868}}
Jul 11 15:50:17.839633 dv-cinder-797608-53-iscsi devstack@c-api.service[117366]: /usr/local/lib/python3.8/dist-packages/oslo_context/context.py:100: DeprecationWarning: Policy enforcement is depending on the value of is_admin. This key is deprecated. Please update your policy file to use the standard policy values.
Jul 11 15:50:17.839633 dv-cinder-797608-53-iscsi devstack@c-api.service[117366]: warnings.warn('Policy enforcement is depending on the value of '
Jul 11 15:50:17.846700 dv-cinder-797608-53-iscsi devstack@c-api.service[117366]: INFO cinder.volume.api [req-37645939-38f4-4bad-90c0-9391a63c1b22 req-540b5d2e-0eb9-4b01-bc47-85659214d5b8 tempest-VolumesTestJSON-1757166475 tempest-VolumesTestJSON-1757166475-project] Volume info retrieved successfully.
Jul 11 15:50:17.856214 dv-cinder-797608-53-iscsi devstack@c-api.service[117366]: INFO cinder.api.openstack.wsgi [req-37645939-38f4-4bad-90c0-9391a63c1b22 req-540b5d2e-0eb9-4b01-bc47-85659214d5b8 tempest-VolumesTestJSON-1757166475 tempest-VolumesTestJSON-1757166475-project] http://10.222.0.26/volume/v3/f97ee51bc3b94253b321d039762e1c52/volumes/2b9dc1bc-ba58-4289-a678-0a9af5223395 returned with HTTP 200
Jul 11 15:50:17.857073 dv-cinder-797608-53-iscsi devstack@c-api.service[117366]: [pid: 117366|app: 0|req: 121/221] 10.222.0.26 () {60 vars in 1578 bytes} [Mon Jul 11 15:50:17 2022] GET /volume/v3/f97ee51bc3b94253b321d039762e1c52/volumes/2b9dc1bc-ba58-4289-a678-0a9af5223395 => generated 922 bytes in 38 msecs (HTTP/1.1 200) 7 headers in 285 bytes (2 switches on core 0)
Jul 11 15:50:17.882085 dv-cinder-797608-53-iscsi devstack@c-api.service[117365]: DEBUG cinder.api.middleware.request_id [req-704d8d56-c8e8-4787-bd2b-60dcb248b696 req-cdc922f3-cad0-44bb-9926-e7419a09210e None None] RequestId filter calling following filter/app {{(pid=117365) _context_setter /opt/stack/cinder/cinder/api/middleware/request_id.py:62}}
Jul 11 15:50:17.886122 dv-cinder-797608-53-iscsi devstack@c-api.service[117365]: INFO cinder.api.openstack.wsgi [req-704d8d56-c8e8-4787-bd2b-60dcb248b696 req-cdc922f3-cad0-44bb-9926-e7419a09210e tempest-VolumesTestJSON-1757166475 tempest-VolumesTestJSON-1757166475-project] GET http://10.222.0.26/volume/v3/f97ee51bc3b94253b321d039762e1c52/volumes/detail
Jul 11 15:50:17.886564 dv-cinder-797608-53-iscsi devstack@c-api.service[117365]: DEBUG cinder.api.openstack.wsgi [req-704d8d56-c8e8-4787-bd2b-60dcb248b696 req-cdc922f3-cad0-44bb-9926-e7419a09210e tempest-VolumesTestJSON-1757166475 tempest-VolumesTestJSON-1757166475-project] Empty body provided in request {{(pid=117365) get_body /opt/stack/cinder/cinder/api/openstack/wsgi.py:715}}
Jul 11 15:50:17.887018 dv-cinder-797608-53-iscsi devstack@c-api.service[117365]: DEBUG cinder.api.openstack.wsgi [req-704d8d56-c8e8-4787-bd2b-60dcb248b696 req-cdc922f3-cad0-44bb-9926-e7419a09210e tempest-VolumesTestJSON-1757166475 tempest-VolumesTestJSON-1757166475-project] Calling method 'detail' {{(pid=117365) _process_stack /opt/stack/cinder/cinder/api/openstack/wsgi.py:868}}
Jul 11 15:50:17.887716 dv-cinder-797608-53-iscsi devstack@c-api.service[117365]: DEBUG cinder.api.api_utils [req-704d8d56-c8e8-4787-bd2b-60dcb248b696 req-cdc922f3-cad0-44bb-9926-e7419a09210e tempest-VolumesTestJSON-1757166475 tempest-VolumesTestJSON-1757166475-project] Removing options '' from query. {{(pid=117365) remove_invalid_filter_options /opt/stack/cinder/cinder/api/api_utils.py:83}}
Jul 11 15:50:17.889374 dv-cinder-797608-53-iscsi devstack@c-api.service[117365]: DEBUG cinder.volume.api [req-704d8d56-c8e8-4787-bd2b-60dcb248b696 req-cdc922f3-cad0-44bb-9926-e7419a09210e tempest-VolumesTestJSON-1757166475 tempest-VolumesTestJSON-1757166475-project] Searching by: MultiDict([('no_migration_targets', True)]). {{(pid=117365) get_all /opt/stack/cinder/cinder/volume/api.py:664}}
Jul 11 15:50:17.938913 dv-cinder-797608-53-iscsi devstack@c-api.service[117365]: INFO cinder.volume.api [req-704d8d56-c8e8-4787-bd2b-60dcb248b696 req-cdc922f3-cad0-44bb-9926-e7419a09210e tempest-VolumesTestJSON-1757166475 tempest-VolumesTestJSON-1757166475-project] Get all volumes completed successfully.
Jul 11 15:50:17.941285 dv-cinder-797608-53-iscsi devstack@c-api.service[117365]: /usr/local/lib/python3.8/dist-packages/oslo_context/context.py:100: DeprecationWarning: Policy enforcement is depending on the value of is_admin. This key is deprecated. Please update your policy file to use the standard policy values.
Jul 11 15:50:17.941285 dv-cinder-797608-53-iscsi devstack@c-api.service[117365]: warnings.warn('Policy enforcement is depending on the value of '
Jul 11 15:50:17.949719 dv-cinder-797608-53-iscsi devstack@c-api.service[117365]: INFO cinder.api.openstack.wsgi [req-704d8d56-c8e8-4787-bd2b-60dcb248b696 req-cdc922f3-cad0-44bb-9926-e7419a09210e tempest-VolumesTestJSON-1757166475 tempest-VolumesTestJSON-1757166475-project] http://10.222.0.26/volume/v3/f97ee51bc3b94253b321d039762e1c52/volumes/detail returned with HTTP 200
Jul 11 15:50:17.950750 dv-cinder-797608-53-iscsi devstack@c-api.service[117365]: [pid: 117365|app: 0|req: 101/222] 10.222.0.26 () {60 vars in 1488 bytes} [Mon Jul 11 15:50:17 2022] GET /volume/v3/f97ee51bc3b94253b321d039762e1c52/volumes/detail => generated 2747 bytes in 69 msecs (HTTP/1.1 200) 7 headers in 286 bytes (1 switches on core 0)
Jul 11 15:50:17.976649 dv-cinder-797608-53-iscsi devstack@c-api.service[117366]: DEBUG cinder.api.middleware.request_id [req-f37f2de1-614b-4f20-a1bd-e367bbb4c9a4 req-f0c0dea8-b24c-42b1-bb98-b9514bb9253e None None] RequestId filter calling following filter/app {{(pid=117366) _context_setter /opt/stack/cinder/cinder/api/middleware/request_id.py:62}}
Jul 11 15:50:17.980842 dv-cinder-797608-53-iscsi devstack@c-api.service[117366]: INFO cinder.api.openstack.wsgi [req-f37f2de1-614b-4f20-a1bd-e367bbb4c9a4 req-f0c0dea8-b24c-42b1-bb98-b9514bb9253e tempest-VolumesTestJSON-1757166475 tempest-VolumesTestJSON-1757166475-project] GET http://10.222.0.26/volume/v3/f97ee51bc3b94253b321d039762e1c52/volumes/detail
Jul 11 15:50:17.981340 dv-cinder-797608-53-iscsi devstack@c-api.service[117366]: DEBUG cinder.api.openstack.wsgi [req-f37f2de1-614b-4f20-a1bd-e367bbb4c9a4 req-f0c0dea8-b24c-42b1-bb98-b9514bb9253e tempest-VolumesTestJSON-1757166475 tempest-VolumesTestJSON-1757166475-project] Empty body provided in request {{(pid=117366) get_body /opt/stack/cinder/cinder/api/openstack/wsgi.py:715}}
Jul 11 15:50:17.981874 dv-cinder-797608-53-iscsi devstack@c-api.service[117366]: DEBUG cinder.api.openstack.wsgi [req-f37f2de1-614b-4f20-a1bd-e367bbb4c9a4 req-f0c0dea8-b24c-42b1-bb98-b9514bb9253e tempest-VolumesTestJSON-1757166475 tempest-VolumesTestJSON-1757166475-project] Calling method 'detail' {{(pid=117366) _process_stack /opt/stack/cinder/cinder/api/openstack/wsgi.py:868}}
Jul 11 15:50:17.982616 dv-cinder-797608-53-iscsi devstack@c-api.service[117366]: DEBUG cinder.api.api_utils [req-f37f2de1-614b-4f20-a1bd-e367bbb4c9a4 req-f0c0dea8-b24c-42b1-bb98-b9514bb9253e tempest-VolumesTestJSON-1757166475 tempest-VolumesTestJSON-1757166475-project] Removing options '' from query. {{(pid=117366) remove_invalid_filter_options /opt/stack/cinder/cinder/api/api_utils.py:83}}
Jul 11 15:50:17.984345 dv-cinder-797608-53-iscsi devstack@c-api.service[117366]: DEBUG cinder.volume.api [req-f37f2de1-614b-4f20-a1bd-e367bbb4c9a4 req-f0c0dea8-b24c-42b1-bb98-b9514bb9253e tempest-VolumesTestJSON-1757166475 tempest-VolumesTestJSON-1757166475-project] Searching by: MultiDict([('no_migration_targets', True)]). {{(pid=117366) get_all /opt/stack/cinder/cinder/volume/api.py:664}}
Jul 11 15:50:18.038312 dv-cinder-797608-53-iscsi devstack@c-api.service[117366]: INFO cinder.volume.api [req-f37f2de1-614b-4f20-a1bd-e367bbb4c9a4 req-f0c0dea8-b24c-42b1-bb98-b9514bb9253e tempest-VolumesTestJSON-1757166475 tempest-VolumesTestJSON-1757166475-project] Get all volumes completed successfully.
Jul 11 15:50:18.040750 dv-cinder-797608-53-iscsi devstack@c-api.service[117366]: /usr/local/lib/python3.8/dist-packages/oslo_context/context.py:100: DeprecationWarning: Policy enforcement is depending on the value of is_admin. This key is deprecated. Please update your policy file to use the standard policy values.
Jul 11 15:50:18.040750 dv-cinder-797608-53-iscsi devstack@c-api.service[117366]: warnings.warn('Policy enforcement is depending on the value of '
Jul 11 15:50:18.049458 dv-cinder-797608-53-iscsi devstack@c-api.service[117366]: INFO cinder.api.openstack.wsgi [req-f37f2de1-614b-4f20-a1bd-e367bbb4c9a4 req-f0c0dea8-b24c-42b1-bb98-b9514bb9253e tempest-VolumesTestJSON-1757166475 tempest-VolumesTestJSON-1757166475-project] http://10.222.0.26/volume/v3/f97ee51bc3b94253b321d039762e1c52/volumes/detail returned with HTTP 200
Jul 11 15:50:18.050217 dv-cinder-797608-53-iscsi devstack@c-api.service[117366]: [pid: 117366|app: 0|req: 122/223] 10.222.0.26 () {60 vars in 1488 bytes} [Mon Jul 11 15:50:17 2022] GET /volume/v3/f97ee51bc3b94253b321d039762e1c52/volumes/detail => generated 2747 bytes in 75 msecs (HTTP/1.1 200) 7 headers in 286 bytes (1 switches on core 0)
Jul 11 15:50:18.075358 dv-cinder-797608-53-iscsi devstack@c-api.service[117365]: DEBUG cinder.api.middleware.request_id [req-ff19f0d4-d9f0-46ea-929d-7675bc24b1d3 req-e72120d5-7ab7-49b8-84ff-cce7edff236d None None] RequestId filter calling following filter/app {{(pid=117365) _context_setter /opt/stack/cinder/cinder/api/middleware/request_id.py:62}}
Jul 11 15:50:18.079971 dv-cinder-797608-53-iscsi devstack@c-api.service[117365]: INFO cinder.api.openstack.wsgi [req-ff19f0d4-d9f0-46ea-929d-7675bc24b1d3 req-e72120d5-7ab7-49b8-84ff-cce7edff236d tempest-VolumesTestJSON-1757166475 tempest-VolumesTestJSON-1757166475-project] GET http://10.222.0.26/volume/v3/f97ee51bc3b94253b321d039762e1c52/volumes/detail
Jul 11 15:50:18.080426 dv-cinder-797608-53-iscsi devstack@c-api.service[117365]: DEBUG cinder.api.openstack.wsgi [req-ff19f0d4-d9f0-46ea-929d-7675bc24b1d3 req-e72120d5-7ab7-49b8-84ff-cce7edff236d tempest-VolumesTestJSON-1757166475 tempest-VolumesTestJSON-1757166475-project] Empty body provided in request {{(pid=117365) get_body /opt/stack/cinder/cinder/api/openstack/wsgi.py:715}}
Jul 11 15:50:18.080873 dv-cinder-797608-53-iscsi devstack@c-api.service[117365]: DEBUG cinder.api.openstack.wsgi [req-ff19f0d4-d9f0-46ea-929d-7675bc24b1d3 req-e72120d5-7ab7-49b8-84ff-cce7edff236d tempest-VolumesTestJSON-1757166475 tempest-VolumesTestJSON-1757166475-project] Calling method 'detail' {{(pid=117365) _process_stack /opt/stack/cinder/cinder/api/openstack/wsgi.py:868}}
Jul 11 15:50:18.081455 dv-cinder-797608-53-iscsi devstack@c-api.service[117365]: DEBUG cinder.api.api_utils [req-ff19f0d4-d9f0-46ea-929d-7675bc24b1d3 req-e72120d5-7ab7-49b8-84ff-cce7edff236d tempest-VolumesTestJSON-1757166475 tempest-VolumesTestJSON-1757166475-project] Removing options '' from query. {{(pid=117365) remove_invalid_filter_options /opt/stack/cinder/cinder/api/api_utils.py:83}}
Jul 11 15:50:18.082962 dv-cinder-797608-53-iscsi devstack@c-api.service[117366]: DEBUG cinder.api.middleware.request_id [None req-2d5bd820-99a1-47ad-a1f3-4ca50e507659 None None] RequestId filter calling following filter/app {{(pid=117366) _context_setter /opt/stack/cinder/cinder/api/middleware/request_id.py:62}}
Jul 11 15:50:18.083123 dv-cinder-797608-53-iscsi devstack@c-api.service[117365]: DEBUG cinder.volume.api [req-ff19f0d4-d9f0-46ea-929d-7675bc24b1d3 req-e72120d5-7ab7-49b8-84ff-cce7edff236d tempest-VolumesTestJSON-1757166475 tempest-VolumesTestJSON-1757166475-project] Searching by: MultiDict([('no_migration_targets', True)]). {{(pid=117365) get_all /opt/stack/cinder/cinder/volume/api.py:664}}
Jul 11 15:50:18.087662 dv-cinder-797608-53-iscsi devstack@c-api.service[117366]: INFO cinder.api.openstack.wsgi [None req-2d5bd820-99a1-47ad-a1f3-4ca50e507659 tempest-SnapshotsActionsTest-1085587962 tempest-SnapshotsActionsTest-1085587962-project] GET http://10.222.0.26/volume/v3/1e1af493a16c49e9b48255ffb33a97f6/snapshots/7503d46a-2013-41c6-beaa-afdefbb4618d
Jul 11 15:50:18.088118 dv-cinder-797608-53-iscsi devstack@c-api.service[117366]: DEBUG cinder.api.openstack.wsgi [None req-2d5bd820-99a1-47ad-a1f3-4ca50e507659 tempest-SnapshotsActionsTest-1085587962 tempest-SnapshotsActionsTest-1085587962-project] Empty body provided in request {{(pid=117366) get_body /opt/stack/cinder/cinder/api/openstack/wsgi.py:715}}
Jul 11 15:50:18.088627 dv-cinder-797608-53-iscsi devstack@c-api.service[117366]: DEBUG cinder.api.openstack.wsgi [None req-2d5bd820-99a1-47ad-a1f3-4ca50e507659 tempest-SnapshotsActionsTest-1085587962 tempest-SnapshotsActionsTest-1085587962-project] Calling method 'show' {{(pid=117366) _process_stack /opt/stack/cinder/cinder/api/openstack/wsgi.py:868}}
Jul 11 15:50:18.098860 dv-cinder-797608-53-iscsi devstack@c-api.service[117366]: /usr/local/lib/python3.8/dist-packages/oslo_context/context.py:100: DeprecationWarning: Policy enforcement is depending on the value of is_admin. This key is deprecated. Please update your policy file to use the standard policy values.
Jul 11 15:50:18.098860 dv-cinder-797608-53-iscsi devstack@c-api.service[117366]: warnings.warn('Policy enforcement is depending on the value of '
Jul 11 15:50:18.099841 dv-cinder-797608-53-iscsi devstack@c-api.service[117366]: INFO cinder.volume.api [None req-2d5bd820-99a1-47ad-a1f3-4ca50e507659 tempest-SnapshotsActionsTest-1085587962 tempest-SnapshotsActionsTest-1085587962-project] Snapshot retrieved successfully.
Jul 11 15:50:18.101640 dv-cinder-797608-53-iscsi devstack@c-api.service[117366]: INFO cinder.api.openstack.wsgi [None req-2d5bd820-99a1-47ad-a1f3-4ca50e507659 tempest-SnapshotsActionsTest-1085587962 tempest-SnapshotsActionsTest-1085587962-project] http://10.222.0.26/volume/v3/1e1af493a16c49e9b48255ffb33a97f6/snapshots/7503d46a-2013-41c6-beaa-afdefbb4618d returned with HTTP 200
Jul 11 15:50:18.102558 dv-cinder-797608-53-iscsi devstack@c-api.service[117366]: [pid: 117366|app: 0|req: 123/224] 10.222.0.26 () {58 vars in 1330 bytes} [Mon Jul 11 15:50:18 2022] GET /volume/v3/1e1af493a16c49e9b48255ffb33a97f6/snapshots/7503d46a-2013-41c6-beaa-afdefbb4618d => generated 439 bytes in 21 msecs (HTTP/1.1 200) 7 headers in 285 bytes (2 switches on core 0)
Jul 11 15:50:18.131921 dv-cinder-797608-53-iscsi devstack@c-api.service[117365]: INFO cinder.volume.api [req-ff19f0d4-d9f0-46ea-929d-7675bc24b1d3 req-e72120d5-7ab7-49b8-84ff-cce7edff236d tempest-VolumesTestJSON-1757166475 tempest-VolumesTestJSON-1757166475-project] Get all volumes completed successfully.
Jul 11 15:50:18.134270 dv-cinder-797608-53-iscsi devstack@c-api.service[117365]: /usr/local/lib/python3.8/dist-packages/oslo_context/context.py:100: DeprecationWarning: Policy enforcement is depending on the value of is_admin. This key is deprecated. Please update your policy file to use the standard policy values.
Jul 11 15:50:18.134270 dv-cinder-797608-53-iscsi devstack@c-api.service[117365]: warnings.warn('Policy enforcement is depending on the value of '
Jul 11 15:50:18.142575 dv-cinder-797608-53-iscsi devstack@c-api.service[117365]: INFO cinder.api.openstack.wsgi [req-ff19f0d4-d9f0-46ea-929d-7675bc24b1d3 req-e72120d5-7ab7-49b8-84ff-cce7edff236d tempest-VolumesTestJSON-1757166475 tempest-VolumesTestJSON-1757166475-project] http://10.222.0.26/volume/v3/f97ee51bc3b94253b321d039762e1c52/volumes/detail returned with HTTP 200
Jul 11 15:50:18.143266 dv-cinder-797608-53-iscsi devstack@c-api.service[117365]: [pid: 117365|app: 0|req: 102/225] 10.222.0.26 () {60 vars in 1488 bytes} [Mon Jul 11 15:50:18 2022] GET /volume/v3/f97ee51bc3b94253b321d039762e1c52/volumes/detail => generated 2747 bytes in 69 msecs (HTTP/1.1 200) 7 headers in 286 bytes (1 switches on core 0)
Jul 11 15:50:18.169434 dv-cinder-797608-53-iscsi devstack@c-api.service[117366]: DEBUG cinder.api.middleware.request_id [req-8a5c2993-a700-42a6-a2de-96797812db24 req-791b8c74-5130-463b-b54a-abe70bef2dbc None None] RequestId filter calling following filter/app {{(pid=117366) _context_setter /opt/stack/cinder/cinder/api/middleware/request_id.py:62}}
Jul 11 15:50:18.173960 dv-cinder-797608-53-iscsi devstack@c-api.service[117366]: INFO cinder.api.openstack.wsgi [req-8a5c2993-a700-42a6-a2de-96797812db24 req-791b8c74-5130-463b-b54a-abe70bef2dbc tempest-VolumesTestJSON-1757166475 tempest-VolumesTestJSON-1757166475-project] GET http://10.222.0.26/volume/v3/f97ee51bc3b94253b321d039762e1c52/volumes/detail
Jul 11 15:50:18.174402 dv-cinder-797608-53-iscsi devstack@c-api.service[117366]: DEBUG cinder.api.openstack.wsgi [req-8a5c2993-a700-42a6-a2de-96797812db24 req-791b8c74-5130-463b-b54a-abe70bef2dbc tempest-VolumesTestJSON-1757166475 tempest-VolumesTestJSON-1757166475-project] Empty body provided in request {{(pid=117366) get_body /opt/stack/cinder/cinder/api/openstack/wsgi.py:715}}
Jul 11 15:50:18.174849 dv-cinder-797608-53-iscsi devstack@c-api.service[117366]: DEBUG cinder.api.openstack.wsgi [req-8a5c2993-a700-42a6-a2de-96797812db24 req-791b8c74-5130-463b-b54a-abe70bef2dbc tempest-VolumesTestJSON-1757166475 tempest-VolumesTestJSON-1757166475-project] Calling method 'detail' {{(pid=117366) _process_stack /opt/stack/cinder/cinder/api/openstack/wsgi.py:868}}
