Jul 05 20:54:51.779385 dv-cinder-797608-49-iscsi neutron-server[103895]: DEBUG neutron.pecan_wsgi.hooks.policy_enforcement [req-dbf6a5e2-0ee7-4800-9b16-6da593108287 req-b1f2b9be-c14c-423f-b498-1d178a8ab1eb service neutron] Attributes excluded by policy engine: ['standard_attr_id', 'shared'] {{(pid=103895) _exclude_attributes_by_policy /opt/stack/neutron/neutron/pecan_wsgi/hooks/policy_enforcement.py:259}}
Jul 05 20:54:51.782073 dv-cinder-797608-49-iscsi neutron-server[103895]: INFO neutron.wsgi [req-dbf6a5e2-0ee7-4800-9b16-6da593108287 req-b1f2b9be-c14c-423f-b498-1d178a8ab1eb service neutron] 10.222.0.15 "GET /v2.0/subnets?id=662554e8-28b7-4f21-9f1f-2ce28f9f07a2 HTTP/1.1" status: 200 len: 851 time: 0.1352212
Jul 05 20:54:51.831349 dv-cinder-797608-49-iscsi neutron-server[103896]: DEBUG dbcounter [-] [103896] Writing DB stats neutron:SELECT=90,neutron:INSERT=7,neutron:UPDATE=1,neutron:DELETE=2 {{(pid=103896) stat_writer /usr/local/lib/python3.8/dist-packages/dbcounter.py:114}}
Jul 05 20:54:51.852217 dv-cinder-797608-49-iscsi neutron-server[103896]: DEBUG dbcounter [-] [103896] Writing DB stats neutron:UPDATE=3,neutron:SELECT=90,neutron:INSERT=7 {{(pid=103896) stat_writer /usr/local/lib/python3.8/dist-packages/dbcounter.py:114}}
Jul 05 20:54:51.874644 dv-cinder-797608-49-iscsi neutron-server[103896]: DEBUG neutron_lib.callbacks.manager [None req-f610ea3b-76f7-4f4d-b20b-da97445975ac tempest-AttachVolumeShelveTestJSON-2043655930 tempest-AttachVolumeShelveTestJSON-2043655930-project] Publish callbacks [] for port (2fdff197-fff4-4a36-807a-5df6c65f6624), precommit_update {{(pid=103896) _notify_loop /usr/local/lib/python3.8/dist-packages/neutron_lib/callbacks/manager.py:176}}
Jul 05 20:54:51.883794 dv-cinder-797608-49-iscsi neutron-server[103896]: DEBUG neutron_lib.callbacks.manager [None req-f610ea3b-76f7-4f4d-b20b-da97445975ac tempest-AttachVolumeShelveTestJSON-2043655930 tempest-AttachVolumeShelveTestJSON-2043655930-project] Publish callbacks ['neutron.plugins.ml2.plugin.SecurityGroupServerNotifierRpcMixin._notify_sg_on_port_change-1846344', 'neutron.plugins.ml2.ovo_rpc._ObjectChangeHandler.handle_event-53504', 'neutron.api.rpc.agentnotifiers.dhcp_rpc_agent_api.DhcpAgentNotifyAPI._native_event_send_dhcp_notification-528956', 'neutron.db.l3_db.L3RpcNotifierMixin._notify_gateway_port_ip_changed-8747573727461', 'neutron.db.l3_dvrscheduler_db._notify_l3_agent_port_update-8747573449099', 'neutron.db.l3_hascheduler_db._notify_l3_agent_ha_port_update-8747573449117'] for port (2fdff197-fff4-4a36-807a-5df6c65f6624), after_update {{(pid=103896) _notify_loop /usr/local/lib/python3.8/dist-packages/neutron_lib/callbacks/manager.py:176}}
Jul 05 20:54:51.939111 dv-cinder-797608-49-iscsi neutron-server[103895]: DEBUG neutron.pecan_wsgi.hooks.policy_enforcement [req-dbf6a5e2-0ee7-4800-9b16-6da593108287 req-e457faf9-ebbc-44f8-bcdf-457f676e1c9c service neutron] Attributes excluded by policy engine: ['standard_attr_id'] {{(pid=103895) _exclude_attributes_by_policy /opt/stack/neutron/neutron/pecan_wsgi/hooks/policy_enforcement.py:259}}
Jul 05 20:54:51.947080 dv-cinder-797608-49-iscsi neutron-server[103895]: INFO neutron.wsgi [req-dbf6a5e2-0ee7-4800-9b16-6da593108287 req-e457faf9-ebbc-44f8-bcdf-457f676e1c9c service neutron] 10.222.0.15 "GET /v2.0/ports?network_id=996b084e-85fc-481a-a65a-82ee24abc8d9&device_owner=network%3Adhcp HTTP/1.1" status: 200 len: 1213 time: 0.1590686
Jul 05 20:54:51.962230 dv-cinder-797608-49-iscsi neutron-server[103895]: DEBUG dbcounter [-] [103895] Writing DB stats neutron:SELECT=88,neutron:INSERT=10,neutron:UPDATE=2 {{(pid=103895) stat_writer /usr/local/lib/python3.8/dist-packages/dbcounter.py:114}}
Jul 05 20:54:51.980145 dv-cinder-797608-49-iscsi neutron-server[103896]: DEBUG neutron_lib.callbacks.manager [None req-3cf32212-31d9-43da-8d67-84d0558606c2 admin admin] Publish callbacks ['neutron.plugins.ml2.ovo_rpc._ObjectChangeHandler.handle_event-669415'] for security_group (1c2fb1d1-2ad9-4b38-ad91-557af007d7f3), after_delete {{(pid=103896) _notify_loop /usr/local/lib/python3.8/dist-packages/neutron_lib/callbacks/manager.py:176}}
Jul 05 20:54:51.986393 dv-cinder-797608-49-iscsi neutron-server[103896]: DEBUG neutron_lib.callbacks.manager [None req-3cf32212-31d9-43da-8d67-84d0558606c2 admin admin] Publish callbacks [] for security_group (None), before_response {{(pid=103896) _notify_loop /usr/local/lib/python3.8/dist-packages/neutron_lib/callbacks/manager.py:176}}
Jul 05 20:54:51.988444 dv-cinder-797608-49-iscsi neutron-server[103896]: INFO neutron.wsgi [None req-3cf32212-31d9-43da-8d67-84d0558606c2 admin admin] 10.222.0.20 "DELETE /v2.0/security-groups/1c2fb1d1-2ad9-4b38-ad91-557af007d7f3 HTTP/1.1" status: 204 len: 168 time: 0.4715834
Jul 05 20:54:51.994159 dv-cinder-797608-49-iscsi neutron-server[103896]: DEBUG neutron_lib.callbacks.manager [None req-f610ea3b-76f7-4f4d-b20b-da97445975ac tempest-AttachVolumeShelveTestJSON-2043655930 tempest-AttachVolumeShelveTestJSON-2043655930-project] Publish callbacks ['neutron.services.l3_router.l3_router_plugin.DVRResourceOperationHandler._create_dvr_floating_gw_port-293584'] for floatingip (a2632168-4786-4b2b-91d0-ae069acb4d20), after_create {{(pid=103896) _notify_loop /usr/local/lib/python3.8/dist-packages/neutron_lib/callbacks/manager.py:176}}
Jul 05 20:54:52.052116 dv-cinder-797608-49-iscsi neutron-server[103896]: DEBUG neutron.api.rpc.handlers.resources_rpc [None req-3cf32212-31d9-43da-8d67-84d0558606c2 admin admin] Pushing event deleted for resources: {'SecurityGroup': ['ID=1c2fb1d1-2ad9-4b38-ad91-557af007d7f3,revision_number=None']} {{(pid=103896) push /opt/stack/neutron/neutron/api/rpc/handlers/resources_rpc.py:237}}
Jul 05 20:54:52.091550 dv-cinder-797608-49-iscsi neutron-server[103896]: DEBUG neutron.api.rpc.handlers.resources_rpc [None req-f610ea3b-76f7-4f4d-b20b-da97445975ac tempest-AttachVolumeShelveTestJSON-2043655930 tempest-AttachVolumeShelveTestJSON-2043655930-project] Pushing event updated for resources: {'Port': ['ID=2fdff197-fff4-4a36-807a-5df6c65f6624,revision_number=2']} {{(pid=103896) push /opt/stack/neutron/neutron/api/rpc/handlers/resources_rpc.py:237}}
Jul 05 20:54:52.109642 dv-cinder-797608-49-iscsi neutron-server[103896]: DEBUG neutron_lib.callbacks.manager [None req-f610ea3b-76f7-4f4d-b20b-da97445975ac tempest-AttachVolumeShelveTestJSON-2043655930 tempest-AttachVolumeShelveTestJSON-2043655930-project] Publish callbacks ['neutron.notifiers.nova.Notifier._send_nova_notification-122997'] for floatingip (None), before_response {{(pid=103896) _notify_loop /usr/local/lib/python3.8/dist-packages/neutron_lib/callbacks/manager.py:176}}
Jul 05 20:54:52.116399 dv-cinder-797608-49-iscsi neutron-server[103896]: INFO neutron.wsgi [None req-f610ea3b-76f7-4f4d-b20b-da97445975ac tempest-AttachVolumeShelveTestJSON-2043655930 tempest-AttachVolumeShelveTestJSON-2043655930-project] 10.222.0.20 "POST /v2.0/floatingips HTTP/1.1" status: 201 len: 692 time: 2.6530335
Jul 05 20:54:52.202102 dv-cinder-797608-49-iscsi neutron-server[103897]: DEBUG neutron.plugins.ml2.rpc [None req-d09f66fb-2197-45d1-b2d5-1ede5bdd7ea3 None None] Device c23f1cb7-7c8c-45f8-b9aa-1642f642532e details requested by agent hyperv_hv-cinder-79760 with host hv-cinder-79760 {{(pid=103897) get_device_details /opt/stack/neutron/neutron/plugins/ml2/rpc.py:102}}
Jul 05 20:54:52.205158 dv-cinder-797608-49-iscsi neutron-server[103895]: INFO neutron.wsgi [req-dbf6a5e2-0ee7-4800-9b16-6da593108287 req-51c16b3b-853e-46a0-a3cf-9fa58280e17e service neutron] 10.222.0.15 "GET /v2.0/networks/996b084e-85fc-481a-a65a-82ee24abc8d9?fields=segments HTTP/1.1" status: 200 len: 212 time: 0.2518387
Jul 05 20:54:52.462461 dv-cinder-797608-49-iscsi neutron-server[103897]: DEBUG neutron.plugins.ml2.db [None req-d09f66fb-2197-45d1-b2d5-1ede5bdd7ea3 None None] For port c23f1cb7-7c8c-45f8-b9aa-1642f642532e, host hv-cinder-79760, got binding levels [PortBindingLevel(driver='hyperv',host='hv-cinder-79760',level=0,port_id=c23f1cb7-7c8c-45f8-b9aa-1642f642532e,segment=NetworkSegment(2cef9cdc-c9e7-4c27-9f65-624cce2194f4),segment_id=2cef9cdc-c9e7-4c27-9f65-624cce2194f4)] {{(pid=103897) get_binding_level_objs /opt/stack/neutron/neutron/plugins/ml2/db.py:74}}
Jul 05 20:54:52.484039 dv-cinder-797608-49-iscsi neutron-server[103897]: DEBUG neutron.plugins.ml2.rpc [None req-d09f66fb-2197-45d1-b2d5-1ede5bdd7ea3 None None] Returning: {'device': 'c23f1cb7-7c8c-45f8-b9aa-1642f642532e', 'network_id': '996b084e-85fc-481a-a65a-82ee24abc8d9', 'port_id': 'c23f1cb7-7c8c-45f8-b9aa-1642f642532e', 'mac_address': 'fa:16:3e:e9:72:9e', 'admin_state_up': True, 'network_type': 'vlan', 'segmentation_id': 189, 'physical_network': 'physnet1', 'mtu': 1500, 'fixed_ips': [{'subnet_id': '662554e8-28b7-4f21-9f1f-2ce28f9f07a2', 'ip_address': '172.20.0.8'}], 'device_owner': 'compute:nova', 'allowed_address_pairs': [], 'port_security_enabled': True, 'qos_policy_id': None, 'qos_network_policy_id': None, 'profile': {}, 'propagate_uplink_status': False} {{(pid=103897) _get_device_details /opt/stack/neutron/neutron/plugins/ml2/rpc.py:184}}
Jul 05 20:54:52.531750 dv-cinder-797608-49-iscsi neutron-server[103895]: INFO neutron.wsgi [req-902a728d-82d3-4c6f-acf6-76e5a3d4491e req-0cddc0b5-051d-4168-8c26-a27e646528f4 tempest-ServerRescueNegativeTestJSON-1951132500 tempest-ServerRescueNegativeTestJSON-1951132500-project] 10.222.0.20 "GET /v2.0/ports?device_id=82ec9293-050f-48f2-b0fd-e563145c6cb3 HTTP/1.1" status: 200 len: 210 time: 0.1820536
Jul 05 20:54:52.571901 dv-cinder-797608-49-iscsi neutron-server[103897]: DEBUG neutron.plugins.ml2.plugin [None req-d09f66fb-2197-45d1-b2d5-1ede5bdd7ea3 None None] Current status of the port c23f1cb7-7c8c-45f8-b9aa-1642f642532e is: DOWN; New status is: BUILD {{(pid=103897) _update_individual_port_db_status /opt/stack/neutron/neutron/plugins/ml2/plugin.py:2292}}
Jul 05 20:54:52.572788 dv-cinder-797608-49-iscsi neutron-server[103897]: DEBUG neutron_lib.callbacks.manager [None req-d09f66fb-2197-45d1-b2d5-1ede5bdd7ea3 None None] Publish callbacks ['neutron.plugins.ml2.plugin.SecurityGroupDbMixin._ensure_default_security_group_handler-1843853'] for port (c23f1cb7-7c8c-45f8-b9aa-1642f642532e), before_update {{(pid=103897) _notify_loop /usr/local/lib/python3.8/dist-packages/neutron_lib/callbacks/manager.py:176}}
Jul 05 20:54:52.592391 dv-cinder-797608-49-iscsi neutron-server[103897]: DEBUG neutron.notifiers.nova [None req-d09f66fb-2197-45d1-b2d5-1ede5bdd7ea3 None None] Ignoring state change previous_port_status: DOWN current_port_status: BUILD port_id c23f1cb7-7c8c-45f8-b9aa-1642f642532e {{(pid=103897) record_port_status_changed /opt/stack/neutron/neutron/notifiers/nova.py:233}}
Jul 05 20:54:52.651609 dv-cinder-797608-49-iscsi neutron-server[103897]: DEBUG neutron.plugins.ml2.db [None req-d09f66fb-2197-45d1-b2d5-1ede5bdd7ea3 None None] For port c23f1cb7-7c8c-45f8-b9aa-1642f642532e, host hv-cinder-79760, got binding levels [PortBindingLevel(driver='hyperv',host='hv-cinder-79760',level=0,port_id=c23f1cb7-7c8c-45f8-b9aa-1642f642532e,segment=NetworkSegment(2cef9cdc-c9e7-4c27-9f65-624cce2194f4),segment_id=2cef9cdc-c9e7-4c27-9f65-624cce2194f4)] {{(pid=103897) get_binding_level_objs /opt/stack/neutron/neutron/plugins/ml2/db.py:74}}
Jul 05 20:54:52.659417 dv-cinder-797608-49-iscsi neutron-server[103897]: DEBUG neutron_lib.callbacks.manager [None req-d09f66fb-2197-45d1-b2d5-1ede5bdd7ea3 None None] Publish callbacks ['neutron.plugins.ml2.plugin.SecurityGroupServerNotifierRpcMixin._notify_sg_on_port_change-1846344', 'neutron.plugins.ml2.ovo_rpc._ObjectChangeHandler.handle_event-53504', 'neutron.api.rpc.agentnotifiers.dhcp_rpc_agent_api.DhcpAgentNotifyAPI._native_event_send_dhcp_notification-528956', 'neutron.db.l3_db.L3RpcNotifierMixin._notify_gateway_port_ip_changed-8747573727461', 'neutron.db.l3_dvrscheduler_db._notify_l3_agent_port_update-8747573449099', 'neutron.db.l3_hascheduler_db._notify_l3_agent_ha_port_update-8747573449117'] for port (c23f1cb7-7c8c-45f8-b9aa-1642f642532e), after_update {{(pid=103897) _notify_loop /usr/local/lib/python3.8/dist-packages/neutron_lib/callbacks/manager.py:176}}
Jul 05 20:54:52.791393 dv-cinder-797608-49-iscsi neutron-server[103896]: DEBUG neutron.wsgi [-] (103896) accepted ('10.222.0.15', 64409) {{(pid=103896) server /usr/local/lib/python3.8/dist-packages/eventlet/wsgi.py:1004}}
Jul 05 20:54:52.928445 dv-cinder-797608-49-iscsi neutron-server[103897]: DEBUG neutron.api.rpc.handlers.resources_rpc [None req-d09f66fb-2197-45d1-b2d5-1ede5bdd7ea3 None None] Pushing event updated for resources: {'Port': ['ID=c23f1cb7-7c8c-45f8-b9aa-1642f642532e,revision_number=4']} {{(pid=103897) push /opt/stack/neutron/neutron/api/rpc/handlers/resources_rpc.py:237}}
Jul 05 20:54:53.036329 dv-cinder-797608-49-iscsi neutron-server[103897]: DEBUG neutron.plugins.ml2.db [None req-d09f66fb-2197-45d1-b2d5-1ede5bdd7ea3 None None] get_ports_and_sgs() called for port_ids ['c23f1cb7-7c8c-45f8-b9aa-1642f642532e'] {{(pid=103897) get_ports_and_sgs /opt/stack/neutron/neutron/plugins/ml2/db.py:156}}
Jul 05 20:54:53.130177 dv-cinder-797608-49-iscsi neutron-server[103895]: DEBUG dbcounter [-] [103895] Writing DB stats neutron:SELECT=95,neutron:INSERT=3,neutron:DELETE=2 {{(pid=103895) stat_writer /usr/local/lib/python3.8/dist-packages/dbcounter.py:114}}
Jul 05 20:54:53.134851 dv-cinder-797608-49-iscsi neutron-server[103895]: INFO neutron.wsgi [req-dbf6a5e2-0ee7-4800-9b16-6da593108287 req-5fb59359-cd28-40f7-a428-b57c0363197c service neutron] 10.222.0.15 "GET /v2.0/networks/996b084e-85fc-481a-a65a-82ee24abc8d9?fields=provider%3Aphysical_network&fields=provider%3Anetwork_type HTTP/1.1" status: 200 len: 281 time: 0.6672416
Jul 05 20:54:53.142444 dv-cinder-797608-49-iscsi neutron-server[103895]: DEBUG neutron.wsgi [-] (103895) accepted ('10.222.0.15', 64411) {{(pid=103895) server /usr/local/lib/python3.8/dist-packages/eventlet/wsgi.py:1004}}
Jul 05 20:54:53.242895 dv-cinder-797608-49-iscsi neutron-server[103895]: INFO neutron.wsgi [req-cf940000-5172-47b9-bab0-1d07a24f4fdf req-68a04fb2-fb1a-4a0b-a936-9eac440a087c tempest-AttachVolumeTestJSON-2080646407 tempest-AttachVolumeTestJSON-2080646407-project] 10.222.0.20 "GET /v2.0/ports?device_id=f236112c-4649-478b-a626-b84f8ff1bfe9 HTTP/1.1" status: 200 len: 210 time: 0.5080476
Jul 05 20:54:53.281175 dv-cinder-797608-49-iscsi neutron-server[103895]: DEBUG neutron.pecan_wsgi.hooks.policy_enforcement [req-0446472e-cd7c-419d-b991-075e169db3e9 req-67215529-b319-4c97-95a4-54d8cfa4dbec tempest-DeleteServersTestJSON-389510094 tempest-DeleteServersTestJSON-389510094-project] Attributes excluded by policy engine: ['standard_attr_id', 'binding:profile', 'binding:host_id', 'binding:vif_type', 'binding:vif_details'] {{(pid=103895) _exclude_attributes_by_policy /opt/stack/neutron/neutron/pecan_wsgi/hooks/policy_enforcement.py:259}}
Jul 05 20:54:53.297703 dv-cinder-797608-49-iscsi neutron-server[103895]: INFO neutron.wsgi [req-0446472e-cd7c-419d-b991-075e169db3e9 req-67215529-b319-4c97-95a4-54d8cfa4dbec tempest-DeleteServersTestJSON-389510094 tempest-DeleteServersTestJSON-389510094-project] 10.222.0.20 "GET /v2.0/ports?device_id=1159954e-7c69-48d8-b051-5a7b1108da69 HTTP/1.1" status: 200 len: 944 time: 0.7178845
Jul 05 20:54:53.305704 dv-cinder-797608-49-iscsi neutron-server[103897]: DEBUG neutron_lib.callbacks.manager [None req-d09f66fb-2197-45d1-b2d5-1ede5bdd7ea3 None None] Publish callbacks ['neutron.services.segments.db._update_segment_host_mapping_for_agent-8747573928039', 'neutron.plugins.ml2.plugin.Ml2Plugin._retry_binding_revived_agents-1164959'] for agent (a7469a66-599d-423f-a966-8d205daf4e1c), after_update {{(pid=103897) _notify_loop /usr/local/lib/python3.8/dist-packages/neutron_lib/callbacks/manager.py:176}}
Jul 05 20:54:53.374260 dv-cinder-797608-49-iscsi neutron-server[103897]: DEBUG neutron_lib.callbacks.manager [None req-6c0b83de-eb80-4625-9880-6f1a439c2d0f None None] Publish callbacks ['neutron.services.segments.db._update_segment_host_mapping_for_agent-8747573928039', 'neutron.plugins.ml2.plugin.Ml2Plugin._retry_binding_revived_agents-1164959'] for agent (591e586d-f5c0-47cd-ac21-590ad4269411), after_update {{(pid=103897) _notify_loop /usr/local/lib/python3.8/dist-packages/neutron_lib/callbacks/manager.py:176}}
Jul 05 20:54:53.435007 dv-cinder-797608-49-iscsi neutron-server[103895]: DEBUG neutron.pecan_wsgi.hooks.policy_enforcement [req-3dc1b3c4-438a-4764-9dbb-75bfbe155456 req-c76f7195-a847-4371-8202-6e114b593f87 tempest-AttachVolumeTestJSON-2080646407 tempest-AttachVolumeTestJSON-2080646407-project] Attributes excluded by policy engine: ['standard_attr_id', 'vlan_transparent', 'provider:network_type', 'provider:physical_network', 'provider:segmentation_id'] {{(pid=103895) _exclude_attributes_by_policy /opt/stack/neutron/neutron/pecan_wsgi/hooks/policy_enforcement.py:259}}
Jul 05 20:54:53.438539 dv-cinder-797608-49-iscsi neutron-server[103895]: INFO neutron.wsgi [req-3dc1b3c4-438a-4764-9dbb-75bfbe155456 req-c76f7195-a847-4371-8202-6e114b593f87 tempest-AttachVolumeTestJSON-2080646407 tempest-AttachVolumeTestJSON-2080646407-project] 10.222.0.15 "GET /v2.0/networks?id=e8141f6d-89df-4417-ae89-c8d06b44cee8 HTTP/1.1" status: 200 len: 810 time: 0.2893844
Jul 05 20:54:53.582180 dv-cinder-797608-49-iscsi neutron-server[103897]: DEBUG dbcounter [-] [103897] Writing DB stats neutron:SELECT=96,neutron:UPDATE=4 {{(pid=103897) stat_writer /usr/local/lib/python3.8/dist-packages/dbcounter.py:114}}
Jul 05 20:54:53.704849 dv-cinder-797608-49-iscsi neutron-server[103896]: DEBUG neutron.pecan_wsgi.hooks.policy_enforcement [req-ecebbe53-8239-4232-b93b-36cf136e713a req-dd58e00d-aa72-4a89-8daa-c5dcea866b18 tempest-ServerRescueNegativeTestJSON-1951132500 tempest-ServerRescueNegativeTestJSON-1951132500-project] Attributes excluded by policy engine: ['standard_attr_id', 'vlan_transparent', 'provider:network_type', 'provider:physical_network', 'provider:segmentation_id'] {{(pid=103896) _exclude_attributes_by_policy /opt/stack/neutron/neutron/pecan_wsgi/hooks/policy_enforcement.py:259}}
Jul 05 20:54:53.712271 dv-cinder-797608-49-iscsi neutron-server[103896]: INFO neutron.wsgi [req-ecebbe53-8239-4232-b93b-36cf136e713a req-dd58e00d-aa72-4a89-8daa-c5dcea866b18 tempest-ServerRescueNegativeTestJSON-1951132500 tempest-ServerRescueNegativeTestJSON-1951132500-project] 10.222.0.15 "GET /v2.0/networks?id=b7580cfc-ddfa-4e5a-84ac-e60422771b4c HTTP/1.1" status: 200 len: 819 time: 0.9075270
Jul 05 20:54:53.734517 dv-cinder-797608-49-iscsi neutron-server[103896]: DEBUG neutron.api.v2.base [req-ecebbe53-8239-4232-b93b-36cf136e713a req-266ac16b-561f-4b0a-9cd5-8de4e8fb9bfe tempest-ServerRescueNegativeTestJSON-1951132500 tempest-ServerRescueNegativeTestJSON-1951132500-project] Request body: {'port': {'device_id': 'a3aeae5c-d73d-4fb3-afa0-ee691e6a4fd4', 'network_id': 'b7580cfc-ddfa-4e5a-84ac-e60422771b4c', 'admin_state_up': True, 'tenant_id': 'fc6d47f96d17471d94367bc8f8a3e3f6'}} {{(pid=103896) prepare_request_body /opt/stack/neutron/neutron/api/v2/base.py:730}}
Jul 05 20:54:53.918236 dv-cinder-797608-49-iscsi neutron-server[103895]: INFO neutron.wsgi [req-0446472e-cd7c-419d-b991-075e169db3e9 req-cc1402b5-e19a-456c-80df-e1f7bed45ccb tempest-DeleteServersTestJSON-389510094 tempest-DeleteServersTestJSON-389510094-project] 10.222.0.20 "GET /v2.0/security-groups?id=fd8c5143-e5dd-4569-8c3d-c0f11e770817&fields=id&fields=name HTTP/1.1" status: 200 len: 286 time: 0.6184912
Jul 05 20:54:53.940855 dv-cinder-797608-49-iscsi neutron-server[103895]: INFO neutron.wsgi [req-07efc2ce-7df7-4081-9a81-53602384bcbf req-7a24953c-4f5d-4e9d-8097-193c5ec0e9ca tempest-AttachVolumeShelveTestJSON-2043655930 tempest-AttachVolumeShelveTestJSON-2043655930-project] 10.222.0.20 "GET /v2.0/security-groups?name=tempest-securitygroup--514119482&fields=id&tenant_id=9c5fb5bc86604f38b5f0f3a46525189a HTTP/1.1" status: 200 len: 267 time: 0.5012326
Jul 05 20:54:53.949506 dv-cinder-797608-49-iscsi neutron-server[103895]: INFO neutron.wsgi [req-3dc1b3c4-438a-4764-9dbb-75bfbe155456 req-32b3221b-ecd0-4844-82da-081512e3edfd tempest-AttachVolumeTestJSON-2080646407 tempest-AttachVolumeTestJSON-2080646407-project] 10.222.0.15 "GET /v2.0/security-groups?fields=id&fields=name&tenant_id=c47e1ad014d542f98f6b24c8a504d166 HTTP/1.1" status: 200 len: 379 time: 0.4210608
Jul 05 20:54:53.984777 dv-cinder-797608-49-iscsi neutron-server[103896]: DEBUG neutron.pecan_wsgi.hooks.quota_enforcement [req-ecebbe53-8239-4232-b93b-36cf136e713a req-266ac16b-561f-4b0a-9cd5-8de4e8fb9bfe tempest-ServerRescueNegativeTestJSON-1951132500 tempest-ServerRescueNegativeTestJSON-1951132500-project] Made reservation on behalf of fc6d47f96d17471d94367bc8f8a3e3f6 for: {'port': 1} {{(pid=103896) before /opt/stack/neutron/neutron/pecan_wsgi/hooks/quota_enforcement.py:53}}
Jul 05 20:54:53.990329 dv-cinder-797608-49-iscsi neutron-server[103896]: DEBUG neutron_lib.callbacks.manager [req-ecebbe53-8239-4232-b93b-36cf136e713a req-266ac16b-561f-4b0a-9cd5-8de4e8fb9bfe tempest-ServerRescueNegativeTestJSON-1951132500 tempest-ServerRescueNegativeTestJSON-1951132500-project] Publish callbacks ['neutron.plugins.ml2.plugin.SecurityGroupDbMixin._ensure_default_security_group_handler-1843853'] for port (None), before_create {{(pid=103896) _notify_loop /usr/local/lib/python3.8/dist-packages/neutron_lib/callbacks/manager.py:176}}
Jul 05 20:54:54.004215 dv-cinder-797608-49-iscsi neutron-server[103895]: DEBUG neutron.api.v2.base [req-3dc1b3c4-438a-4764-9dbb-75bfbe155456 req-483798de-eb84-4db7-90fc-3aec0d0babfd tempest-AttachVolumeTestJSON-2080646407 tempest-AttachVolumeTestJSON-2080646407-project] Request body: {'port': {'device_id': 'f236112c-4649-478b-a626-b84f8ff1bfe9', 'network_id': 'e8141f6d-89df-4417-ae89-c8d06b44cee8', 'admin_state_up': True, 'tenant_id': 'c47e1ad014d542f98f6b24c8a504d166', 'security_groups': ['16472324-9ed8-47fc-86af-d09aa1bc7f58']}} {{(pid=103895) prepare_request_body /opt/stack/neutron/neutron/api/v2/base.py:730}}
Jul 05 20:54:54.087782 dv-cinder-797608-49-iscsi neutron-server[103895]: DEBUG neutron.pecan_wsgi.hooks.policy_enforcement [req-b31cefe1-cc52-4058-87d2-69bbd02674ed req-115bede9-3eb6-499c-b1ea-39748bdb7af2 tempest-ServerRescueNegativeTestJSON-1951132500 tempest-ServerRescueNegativeTestJSON-1951132500-project] Attributes excluded by policy engine: ['standard_attr_id', 'vlan_transparent', 'provider:network_type', 'provider:physical_network', 'provider:segmentation_id'] {{(pid=103895) _exclude_attributes_by_policy /opt/stack/neutron/neutron/pecan_wsgi/hooks/policy_enforcement.py:259}}
Jul 05 20:54:54.093547 dv-cinder-797608-49-iscsi neutron-server[103895]: INFO neutron.wsgi [req-b31cefe1-cc52-4058-87d2-69bbd02674ed req-115bede9-3eb6-499c-b1ea-39748bdb7af2 tempest-ServerRescueNegativeTestJSON-1951132500 tempest-ServerRescueNegativeTestJSON-1951132500-project] 10.222.0.15 "GET /v2.0/networks?id=b7580cfc-ddfa-4e5a-84ac-e60422771b4c HTTP/1.1" status: 200 len: 819 time: 0.5307014
Jul 05 20:54:54.133187 dv-cinder-797608-49-iscsi neutron-server[103895]: DEBUG neutron.api.v2.base [req-b31cefe1-cc52-4058-87d2-69bbd02674ed req-df7a4ef2-a0e5-4693-92f3-931f5c752a54 tempest-ServerRescueNegativeTestJSON-1951132500 tempest-ServerRescueNegativeTestJSON-1951132500-project] Request body: {'port': {'device_id': '82ec9293-050f-48f2-b0fd-e563145c6cb3', 'network_id': 'b7580cfc-ddfa-4e5a-84ac-e60422771b4c', 'admin_state_up': True, 'tenant_id': 'fc6d47f96d17471d94367bc8f8a3e3f6'}} {{(pid=103895) prepare_request_body /opt/stack/neutron/neutron/api/v2/base.py:730}}
Jul 05 20:54:54.186857 dv-cinder-797608-49-iscsi neutron-server[103896]: DEBUG neutron.wsgi [-] (103896) accepted ('10.222.0.20', 52176) {{(pid=103896) server /usr/local/lib/python3.8/dist-packages/eventlet/wsgi.py:1004}}
Jul 05 20:54:54.197604 dv-cinder-797608-49-iscsi neutron-server[103897]: DEBUG neutron.plugins.ml2.rpc [None req-d09f66fb-2197-45d1-b2d5-1ede5bdd7ea3 None None] Device c23f1cb7-7c8c-45f8-b9aa-1642f642532e up at agent hyperv_hv-cinder-79760 {{(pid=103897) update_device_up /opt/stack/neutron/neutron/plugins/ml2/rpc.py:296}}
Jul 05 20:54:54.226236 dv-cinder-797608-49-iscsi neutron-server[103895]: INFO neutron.wsgi [req-437eae53-8c39-446d-9568-42dcd7d48602 req-fddae2ed-2dd2-44b2-95a8-e85d500fb773 tempest-ServerRescueNegativeTestJSON-1951132500 tempest-ServerRescueNegativeTestJSON-1951132500-project] 10.222.0.20 "GET /v2.0/ports?device_id=82ec9293-050f-48f2-b0fd-e563145c6cb3 HTTP/1.1" status: 200 len: 210 time: 0.1519878
Jul 05 20:54:54.313121 dv-cinder-797608-49-iscsi neutron-server[103897]: DEBUG neutron.db.provisioning_blocks [None req-d09f66fb-2197-45d1-b2d5-1ede5bdd7ea3 None None] Provisioning for port c23f1cb7-7c8c-45f8-b9aa-1642f642532e completed by entity L2. {{(pid=103897) provisioning_complete /opt/stack/neutron/neutron/db/provisioning_blocks.py:137}}
Jul 05 20:54:54.330902 dv-cinder-797608-49-iscsi neutron-server[103897]: DEBUG neutron.db.provisioning_blocks [None req-d09f66fb-2197-45d1-b2d5-1ede5bdd7ea3 None None] Provisioning complete for port c23f1cb7-7c8c-45f8-b9aa-1642f642532e triggered by entity L2. {{(pid=103897) provisioning_complete /opt/stack/neutron/neutron/db/provisioning_blocks.py:145}}
Jul 05 20:54:54.331824 dv-cinder-797608-49-iscsi neutron-server[103897]: DEBUG neutron_lib.callbacks.manager [None req-d09f66fb-2197-45d1-b2d5-1ede5bdd7ea3 None None] Publish callbacks ['neutron.plugins.ml2.plugin.Ml2Plugin._port_provisioned-1164857'] for port (c23f1cb7-7c8c-45f8-b9aa-1642f642532e), provisioning_complete {{(pid=103897) _notify_loop /usr/local/lib/python3.8/dist-packages/neutron_lib/callbacks/manager.py:176}}
Jul 05 20:54:54.461245 dv-cinder-797608-49-iscsi neutron-server[103895]: INFO neutron.wsgi [req-037f132b-a038-445c-bced-30047ae97a89 req-d7b60dc4-f249-47d6-a20e-1a8aece0cdb5 tempest-AttachVolumeTestJSON-2080646407 tempest-AttachVolumeTestJSON-2080646407-project] 10.222.0.20 "GET /v2.0/ports?device_id=f236112c-4649-478b-a626-b84f8ff1bfe9 HTTP/1.1" status: 200 len: 210 time: 0.1017163
Jul 05 20:54:54.484794 dv-cinder-797608-49-iscsi neutron-server[103895]: DEBUG neutron.pecan_wsgi.hooks.policy_enforcement [req-07efc2ce-7df7-4081-9a81-53602384bcbf req-e9473e31-e7ee-4c16-b91d-dcd63015868a tempest-AttachVolumeShelveTestJSON-2043655930 tempest-AttachVolumeShelveTestJSON-2043655930-project] Attributes excluded by policy engine: ['standard_attr_id', 'vlan_transparent', 'provider:network_type', 'provider:physical_network', 'provider:segmentation_id'] {{(pid=103895) _exclude_attributes_by_policy /opt/stack/neutron/neutron/pecan_wsgi/hooks/policy_enforcement.py:259}}
Jul 05 20:54:54.486803 dv-cinder-797608-49-iscsi neutron-server[103896]: DEBUG neutron.db.db_base_plugin_common [req-ecebbe53-8239-4232-b93b-36cf136e713a req-266ac16b-561f-4b0a-9cd5-8de4e8fb9bfe tempest-ServerRescueNegativeTestJSON-1951132500 tempest-ServerRescueNegativeTestJSON-1951132500-project] Allocated IP 172.20.0.10 (b7580cfc-ddfa-4e5a-84ac-e60422771b4c/89bb6236-a26e-4a9c-8755-ffa9161f1c68/9d4d8d62-90d7-4b09-8e51-523c69e6c012) {{(pid=103896) _store_ip_allocation /opt/stack/neutron/neutron/db/db_base_plugin_common.py:131}}
Jul 05 20:54:54.494014 dv-cinder-797608-49-iscsi neutron-server[103895]: INFO neutron.wsgi [req-07efc2ce-7df7-4081-9a81-53602384bcbf req-e9473e31-e7ee-4c16-b91d-dcd63015868a tempest-AttachVolumeShelveTestJSON-2043655930 tempest-AttachVolumeShelveTestJSON-2043655930-project] 10.222.0.20 "GET /v2.0/networks?id=e74f1f51-bd28-4e7f-8e84-8ec196c505a4 HTTP/1.1" status: 200 len: 817 time: 0.5435417
Jul 05 20:54:54.518133 dv-cinder-797608-49-iscsi neutron-server[103897]: DEBUG neutron.plugins.ml2.plugin [None req-d09f66fb-2197-45d1-b2d5-1ede5bdd7ea3 None None] Current status of the port c23f1cb7-7c8c-45f8-b9aa-1642f642532e is: BUILD; New status is: ACTIVE {{(pid=103897) _update_individual_port_db_status /opt/stack/neutron/neutron/plugins/ml2/plugin.py:2292}}
Jul 05 20:54:54.520173 dv-cinder-797608-49-iscsi neutron-server[103897]: DEBUG neutron_lib.callbacks.manager [None req-d09f66fb-2197-45d1-b2d5-1ede5bdd7ea3 None None] Publish callbacks ['neutron.plugins.ml2.plugin.SecurityGroupDbMixin._ensure_default_security_group_handler-1843853'] for port (c23f1cb7-7c8c-45f8-b9aa-1642f642532e), before_update {{(pid=103897) _notify_loop /usr/local/lib/python3.8/dist-packages/neutron_lib/callbacks/manager.py:176}}
Jul 05 20:54:54.554225 dv-cinder-797608-49-iscsi neutron-server[103895]: INFO neutron.wsgi [req-07efc2ce-7df7-4081-9a81-53602384bcbf req-abf2dccc-a4d8-4cb9-aca9-d39a6bdc5824 tempest-AttachVolumeShelveTestJSON-2043655930 tempest-AttachVolumeShelveTestJSON-2043655930-project] 10.222.0.20 "GET /v2.0/quotas/9c5fb5bc86604f38b5f0f3a46525189a HTTP/1.1" status: 200 len: 375 time: 0.0583830
Jul 05 20:54:54.560792 dv-cinder-797608-49-iscsi neutron-server[103895]: DEBUG dbcounter [-] [103895] Writing DB stats neutron:SELECT=100 {{(pid=103895) stat_writer /usr/local/lib/python3.8/dist-packages/dbcounter.py:114}}
Jul 05 20:54:54.580566 dv-cinder-797608-49-iscsi neutron-server[103897]: DEBUG neutron.notifiers.nova [-] Sending events: [{'server_uuid': '1159954e-7c69-48d8-b051-5a7b1108da69', 'name': 'network-vif-plugged', 'status': 'completed', 'tag': 'c23f1cb7-7c8c-45f8-b9aa-1642f642532e'}] {{(pid=103897) send_events /opt/stack/neutron/neutron/notifiers/nova.py:271}}
Jul 05 20:54:54.633579 dv-cinder-797608-49-iscsi neutron-server[103895]: DEBUG neutron.pecan_wsgi.hooks.quota_enforcement [req-3dc1b3c4-438a-4764-9dbb-75bfbe155456 req-483798de-eb84-4db7-90fc-3aec0d0babfd tempest-AttachVolumeTestJSON-2080646407 tempest-AttachVolumeTestJSON-2080646407-project] Made reservation on behalf of c47e1ad014d542f98f6b24c8a504d166 for: {'port': 1} {{(pid=103895) before /opt/stack/neutron/neutron/pecan_wsgi/hooks/quota_enforcement.py:53}}
Jul 05 20:54:54.638493 dv-cinder-797608-49-iscsi neutron-server[103895]: DEBUG neutron_lib.callbacks.manager [req-3dc1b3c4-438a-4764-9dbb-75bfbe155456 req-483798de-eb84-4db7-90fc-3aec0d0babfd tempest-AttachVolumeTestJSON-2080646407 tempest-AttachVolumeTestJSON-2080646407-project] Publish callbacks ['neutron.plugins.ml2.plugin.SecurityGroupDbMixin._ensure_default_security_group_handler-1843853'] for port (None), before_create {{(pid=103895) _notify_loop /usr/local/lib/python3.8/dist-packages/neutron_lib/callbacks/manager.py:176}}
Jul 05 20:54:54.665562 dv-cinder-797608-49-iscsi neutron-server[103895]: INFO neutron.wsgi [req-07efc2ce-7df7-4081-9a81-53602384bcbf req-96cbde67-1652-4adb-b68f-7b701d860507 tempest-AttachVolumeShelveTestJSON-2043655930 tempest-AttachVolumeShelveTestJSON-2043655930-project] 10.222.0.20 "GET /v2.0/ports?tenant_id=9c5fb5bc86604f38b5f0f3a46525189a&fields=id HTTP/1.1" status: 200 len: 302 time: 0.1101294
Jul 05 20:54:54.682918 dv-cinder-797608-49-iscsi neutron-server[103895]: DEBUG neutron.pecan_wsgi.hooks.quota_enforcement [req-b31cefe1-cc52-4058-87d2-69bbd02674ed req-df7a4ef2-a0e5-4693-92f3-931f5c752a54 tempest-ServerRescueNegativeTestJSON-1951132500 tempest-ServerRescueNegativeTestJSON-1951132500-project] Made reservation on behalf of fc6d47f96d17471d94367bc8f8a3e3f6 for: {'port': 1} {{(pid=103895) before /opt/stack/neutron/neutron/pecan_wsgi/hooks/quota_enforcement.py:53}}
Jul 05 20:54:54.688598 dv-cinder-797608-49-iscsi neutron-server[103895]: DEBUG neutron_lib.callbacks.manager [req-b31cefe1-cc52-4058-87d2-69bbd02674ed req-df7a4ef2-a0e5-4693-92f3-931f5c752a54 tempest-ServerRescueNegativeTestJSON-1951132500 tempest-ServerRescueNegativeTestJSON-1951132500-project] Publish callbacks ['neutron.plugins.ml2.plugin.SecurityGroupDbMixin._ensure_default_security_group_handler-1843853'] for port (None), before_create {{(pid=103895) _notify_loop /usr/local/lib/python3.8/dist-packages/neutron_lib/callbacks/manager.py:176}}
Jul 05 20:54:54.740119 dv-cinder-797608-49-iscsi neutron-server[103896]: DEBUG neutron_lib.callbacks.manager [None req-b745c54e-000d-40ac-9b08-532777af6cba admin admin] Publish callbacks [] for security_group (None), before_create {{(pid=103896) _notify_loop /usr/local/lib/python3.8/dist-packages/neutron_lib/callbacks/manager.py:176}}
Jul 05 20:54:54.782374 dv-cinder-797608-49-iscsi neutron-server[103895]: DEBUG dbcounter [-] [103895] Writing DB stats neutron:SELECT=98,neutron:INSERT=2 {{(pid=103895) stat_writer /usr/local/lib/python3.8/dist-packages/dbcounter.py:114}}
Jul 05 20:54:54.794100 dv-cinder-797608-49-iscsi neutron-server[103898]: DEBUG dbcounter [-] [103898] Writing DB stats neutron:SELECT=21 {{(pid=103898) stat_writer /usr/local/lib/python3.8/dist-packages/dbcounter.py:114}}
Jul 05 20:54:54.797128 dv-cinder-797608-49-iscsi neutron-server[103897]: DEBUG neutron.plugins.ml2.db [None req-d09f66fb-2197-45d1-b2d5-1ede5bdd7ea3 None None] For port c23f1cb7-7c8c-45f8-b9aa-1642f642532e, host hv-cinder-79760, got binding levels [PortBindingLevel(driver='hyperv',host='hv-cinder-79760',level=0,port_id=c23f1cb7-7c8c-45f8-b9aa-1642f642532e,segment=NetworkSegment(2cef9cdc-c9e7-4c27-9f65-624cce2194f4),segment_id=2cef9cdc-c9e7-4c27-9f65-624cce2194f4)] {{(pid=103897) get_binding_level_objs /opt/stack/neutron/neutron/plugins/ml2/db.py:74}}
Jul 05 20:54:54.805795 dv-cinder-797608-49-iscsi neutron-server[103897]: DEBUG neutron_lib.callbacks.manager [None req-d09f66fb-2197-45d1-b2d5-1ede5bdd7ea3 None None] Publish callbacks ['neutron.plugins.ml2.plugin.SecurityGroupServerNotifierRpcMixin._notify_sg_on_port_change-1846344', 'neutron.plugins.ml2.ovo_rpc._ObjectChangeHandler.handle_event-53504', 'neutron.api.rpc.agentnotifiers.dhcp_rpc_agent_api.DhcpAgentNotifyAPI._native_event_send_dhcp_notification-528956', 'neutron.db.l3_db.L3RpcNotifierMixin._notify_gateway_port_ip_changed-8747573727461', 'neutron.db.l3_dvrscheduler_db._notify_l3_agent_port_update-8747573449099', 'neutron.db.l3_hascheduler_db._notify_l3_agent_ha_port_update-8747573449117'] for port (c23f1cb7-7c8c-45f8-b9aa-1642f642532e), after_update {{(pid=103897) _notify_loop /usr/local/lib/python3.8/dist-packages/neutron_lib/callbacks/manager.py:176}}
Jul 05 20:54:54.813871 dv-cinder-797608-49-iscsi neutron-server[103897]: DEBUG neutron_lib.callbacks.manager [None req-76e1d560-4708-42f2-a203-17c1892a38a7 None None] Publish callbacks ['neutron.services.segments.db._update_segment_host_mapping_for_agent-8747573928039', 'neutron.plugins.ml2.plugin.Ml2Plugin._retry_binding_revived_agents-1164959'] for agent (76dfd99d-927f-4cd2-a7a2-d305ba8f95d1), after_update {{(pid=103897) _notify_loop /usr/local/lib/python3.8/dist-packages/neutron_lib/callbacks/manager.py:176}}
Jul 05 20:54:54.880324 dv-cinder-797608-49-iscsi neutron-server[103897]: DEBUG neutron_lib.callbacks.manager [None req-ae9e17be-1612-48f4-a586-ebefbfb499e2 None None] Publish callbacks ['neutron.services.segments.db._update_segment_host_mapping_for_agent-8747573928039', 'neutron.plugins.ml2.plugin.Ml2Plugin._retry_binding_revived_agents-1164959'] for agent (79a25d05-ebe3-4550-8855-9a38272a1449), after_update {{(pid=103897) _notify_loop /usr/local/lib/python3.8/dist-packages/neutron_lib/callbacks/manager.py:176}}
Jul 05 20:54:54.905940 dv-cinder-797608-49-iscsi neutron-server[103897]: DEBUG neutron.api.rpc.handlers.resources_rpc [None req-d09f66fb-2197-45d1-b2d5-1ede5bdd7ea3 None None] Pushing event updated for resources: {'Port': ['ID=c23f1cb7-7c8c-45f8-b9aa-1642f642532e,revision_number=5']} {{(pid=103897) push /opt/stack/neutron/neutron/api/rpc/handlers/resources_rpc.py:237}}
Jul 05 20:54:54.965110 dv-cinder-797608-49-iscsi neutron-server[103896]: DEBUG neutron_lib.callbacks.manager [req-ecebbe53-8239-4232-b93b-36cf136e713a req-266ac16b-561f-4b0a-9cd5-8de4e8fb9bfe tempest-ServerRescueNegativeTestJSON-1951132500 tempest-ServerRescueNegativeTestJSON-1951132500-project] Publish callbacks [] for port (9d4d8d62-90d7-4b09-8e51-523c69e6c012), precommit_create {{(pid=103896) _notify_loop /usr/local/lib/python3.8/dist-packages/neutron_lib/callbacks/manager.py:176}}
Jul 05 20:54:54.995254 dv-cinder-797608-49-iscsi neutron-server[103897]: DEBUG novaclient.v2.client [-] REQ: curl -g -i --cacert "/opt/stack/data/ca-bundle.pem" -X POST http://10.222.0.20/compute/v2.1/os-server-external-events -H "Accept: application/json" -H "Content-Type: application/json" -H "User-Agent: python-novaclient" -H "X-Auth-Token: {SHA256}1508ade62f8df6f327db0f934dbbdec7b07a6e2d124fcbaf23dad79056557718" -H "X-OpenStack-Nova-API-Version: 2.1" -H "X-OpenStack-Request-ID: req-b78191e3-7955-4aec-9bf6-526c1b367b8e" -d '{"events": [{"server_uuid": "1159954e-7c69-48d8-b051-5a7b1108da69", "name": "network-vif-plugged", "status": "completed", "tag": "c23f1cb7-7c8c-45f8-b9aa-1642f642532e"}]}' {{(pid=103897) _http_log_request /usr/local/lib/python3.8/dist-packages/keystoneauth1/session.py:519}}
Jul 05 20:54:55.028328 dv-cinder-797608-49-iscsi neutron-server[103896]: DEBUG dbcounter [-] [103896] Writing DB stats neutron:SELECT=85,neutron:DELETE=3,neutron:INSERT=10,neutron:UPDATE=2 {{(pid=103896) stat_writer /usr/local/lib/python3.8/dist-packages/dbcounter.py:114}}
Jul 05 20:54:55.053593 dv-cinder-797608-49-iscsi neutron-server[103896]: DEBUG neutron_lib.callbacks.manager [None req-b745c54e-000d-40ac-9b08-532777af6cba admin admin] Publish callbacks [] for security_group (ab70a859-737f-49dd-a726-26ea0c3ede55), precommit_create {{(pid=103896) _notify_loop /usr/local/lib/python3.8/dist-packages/neutron_lib/callbacks/manager.py:176}}
Jul 05 20:54:55.064903 dv-cinder-797608-49-iscsi neutron-server[103896]: DEBUG neutron_lib.callbacks.manager [req-ecebbe53-8239-4232-b93b-36cf136e713a req-266ac16b-561f-4b0a-9cd5-8de4e8fb9bfe tempest-ServerRescueNegativeTestJSON-1951132500 tempest-ServerRescueNegativeTestJSON-1951132500-project] Publish callbacks ['neutron.plugins.ml2.plugin.SecurityGroupServerNotifierRpcMixin._notify_sg_on_port_change-1846344', 'neutron.plugins.ml2.ovo_rpc._ObjectChangeHandler.handle_event-53504', 'neutron.api.rpc.agentnotifiers.dhcp_rpc_agent_api.DhcpAgentNotifyAPI._native_event_send_dhcp_notification-528956', 'neutron.db.l3_dvrscheduler_db._notify_l3_agent_new_port-8747573449081'] for port (9d4d8d62-90d7-4b09-8e51-523c69e6c012), after_create {{(pid=103896) _notify_loop /usr/local/lib/python3.8/dist-packages/neutron_lib/callbacks/manager.py:176}}
Jul 05 20:54:55.073043 dv-cinder-797608-49-iscsi neutron-server[103896]: DEBUG neutron_lib.callbacks.manager [None req-b745c54e-000d-40ac-9b08-532777af6cba admin admin] Publish callbacks ['neutron.plugins.ml2.ovo_rpc._ObjectChangeHandler.handle_event-669415'] for security_group (ab70a859-737f-49dd-a726-26ea0c3ede55), after_create {{(pid=103896) _notify_loop /usr/local/lib/python3.8/dist-packages/neutron_lib/callbacks/manager.py:176}}
Jul 05 20:54:55.110864 dv-cinder-797608-49-iscsi neutron-server[103896]: DEBUG dbcounter [-] [103896] Writing DB stats neutron:SELECT=86,neutron:DELETE=1,neutron:INSERT=10,neutron:UPDATE=3 {{(pid=103896) stat_writer /usr/local/lib/python3.8/dist-packages/dbcounter.py:114}}
Jul 05 20:54:55.132921 dv-cinder-797608-49-iscsi neutron-server[103895]: INFO neutron.wsgi [req-07efc2ce-7df7-4081-9a81-53602384bcbf req-f816af57-c2e3-4577-9f98-45ff946611e9 service neutron] 10.222.0.20 "GET /v2.0/networks/e74f1f51-bd28-4e7f-8e84-8ec196c505a4?fields=segments HTTP/1.1" status: 200 len: 212 time: 0.4509091
Jul 05 20:54:55.211594 dv-cinder-797608-49-iscsi neutron-server[103896]: DEBUG neutron.scheduler.dhcp_agent_scheduler [req-ecebbe53-8239-4232-b93b-36cf136e713a req-266ac16b-561f-4b0a-9cd5-8de4e8fb9bfe tempest-ServerRescueNegativeTestJSON-1951132500 tempest-ServerRescueNegativeTestJSON-1951132500-project] Network b7580cfc-ddfa-4e5a-84ac-e60422771b4c is already hosted by enough agents. {{(pid=103896) _get_dhcp_agents_hosting_network /opt/stack/neutron/neutron/scheduler/dhcp_agent_scheduler.py:275}}
Jul 05 20:54:55.223668 dv-cinder-797608-49-iscsi neutron-server[103896]: INFO neutron.wsgi [None req-b745c54e-000d-40ac-9b08-532777af6cba admin admin] 10.222.0.20 "GET /v2.0/security-groups?tenant_id=f1bc1a49abeb4fe3957daa284884b32b&name=default HTTP/1.1" status: 200 len: 2996 time: 1.0354578
Jul 05 20:54:55.224820 dv-cinder-797608-49-iscsi neutron-server[103896]: DEBUG neutron.api.rpc.handlers.resources_rpc [None req-b745c54e-000d-40ac-9b08-532777af6cba admin admin] Pushing event updated for resources: {'SecurityGroup': ['ID=ab70a859-737f-49dd-a726-26ea0c3ede55,revision_number=1']} {{(pid=103896) push /opt/stack/neutron/neutron/api/rpc/handlers/resources_rpc.py:237}}
Jul 05 20:54:55.228679 dv-cinder-797608-49-iscsi neutron-server[103896]: DEBUG neutron.wsgi [-] (103896) accepted ('10.222.0.20', 52244) {{(pid=103896) server /usr/local/lib/python3.8/dist-packages/eventlet/wsgi.py:1004}}
Jul 05 20:54:55.233329 dv-cinder-797608-49-iscsi neutron-server[103896]: DEBUG neutron.scheduler.base_scheduler [req-ecebbe53-8239-4232-b93b-36cf136e713a req-266ac16b-561f-4b0a-9cd5-8de4e8fb9bfe tempest-ServerRescueNegativeTestJSON-1951132500 tempest-ServerRescueNegativeTestJSON-1951132500-project] Resources bound (agent type, host, resource id): {{(pid=103896) schedule /opt/stack/neutron/neutron/scheduler/base_scheduler.py:57}}
Jul 05 20:54:55.237733 dv-cinder-797608-49-iscsi neutron-server[103896]: DEBUG neutron.api.rpc.handlers.resources_rpc [None req-266ac16b-561f-4b0a-9cd5-8de4e8fb9bfe tempest-ServerRescueNegativeTestJSON-1951132500 tempest-ServerRescueNegativeTestJSON-1951132500-project] Pushing event updated for resources: {'Port': ['ID=9d4d8d62-90d7-4b09-8e51-523c69e6c012,revision_number=1']} {{(pid=103896) push /opt/stack/neutron/neutron/api/rpc/handlers/resources_rpc.py:237}}
Jul 05 20:54:55.250688 dv-cinder-797608-49-iscsi neutron-server[103896]: DEBUG neutron.db.l3_dvrscheduler_db [req-ecebbe53-8239-4232-b93b-36cf136e713a req-266ac16b-561f-4b0a-9cd5-8de4e8fb9bfe tempest-ServerRescueNegativeTestJSON-1951132500 tempest-ServerRescueNegativeTestJSON-1951132500-project] Received port after_create {{(pid=103896) _notify_l3_agent_new_port /opt/stack/neutron/neutron/db/l3_dvrscheduler_db.py:542}}
Jul 05 20:54:55.255726 dv-cinder-797608-49-iscsi neutron-server[103895]: INFO neutron.wsgi [req-07efc2ce-7df7-4081-9a81-53602384bcbf req-b6d75b0f-ab61-4168-b4c4-55d93f4c13d0 service neutron] 10.222.0.20 "GET /v2.0/networks/e74f1f51-bd28-4e7f-8e84-8ec196c505a4?fields=provider%3Aphysical_network&fields=provider%3Anetwork_type HTTP/1.1" status: 200 len: 281 time: 0.1147439
Jul 05 20:54:55.257255 dv-cinder-797608-49-iscsi neutron-server[103896]: DEBUG neutron.pecan_wsgi.hooks.policy_enforcement [req-ecebbe53-8239-4232-b93b-36cf136e713a req-266ac16b-561f-4b0a-9cd5-8de4e8fb9bfe tempest-ServerRescueNegativeTestJSON-1951132500 tempest-ServerRescueNegativeTestJSON-1951132500-project] Attributes excluded by policy engine: ['standard_attr_id', 'binding:profile', 'binding:host_id', 'binding:vif_type', 'binding:vif_details', 'network'] {{(pid=103896) _exclude_attributes_by_policy /opt/stack/neutron/neutron/pecan_wsgi/hooks/policy_enforcement.py:259}}
Jul 05 20:54:55.257881 dv-cinder-797608-49-iscsi neutron-server[103896]: DEBUG neutron_lib.callbacks.manager [req-ecebbe53-8239-4232-b93b-36cf136e713a req-266ac16b-561f-4b0a-9cd5-8de4e8fb9bfe tempest-ServerRescueNegativeTestJSON-1951132500 tempest-ServerRescueNegativeTestJSON-1951132500-project] Publish callbacks ['neutron.notifiers.nova.Notifier._send_nova_notification-122997', 'neutron.api.rpc.agentnotifiers.dhcp_rpc_agent_api.DhcpAgentNotifyAPI._send_dhcp_notification-529102'] for port (None), before_response {{(pid=103896) _notify_loop /usr/local/lib/python3.8/dist-packages/neutron_lib/callbacks/manager.py:176}}
Jul 05 20:54:55.263254 dv-cinder-797608-49-iscsi neutron-server[103895]: DEBUG neutron.db.db_base_plugin_common [req-3dc1b3c4-438a-4764-9dbb-75bfbe155456 req-483798de-eb84-4db7-90fc-3aec0d0babfd tempest-AttachVolumeTestJSON-2080646407 tempest-AttachVolumeTestJSON-2080646407-project] Allocated IP 172.20.0.4 (e8141f6d-89df-4417-ae89-c8d06b44cee8/c710baa9-1e0e-4a88-9511-25631cec84aa/63ac1cb2-ef2b-47e3-9bb9-22cffd540dec) {{(pid=103895) _store_ip_allocation /opt/stack/neutron/neutron/db/db_base_plugin_common.py:131}}
Jul 05 20:54:55.302847 dv-cinder-797608-49-iscsi neutron-server[103896]: INFO neutron.wsgi [req-ecebbe53-8239-4232-b93b-36cf136e713a req-266ac16b-561f-4b0a-9cd5-8de4e8fb9bfe tempest-ServerRescueNegativeTestJSON-1951132500 tempest-ServerRescueNegativeTestJSON-1951132500-project] 10.222.0.15 "POST /v2.0/ports HTTP/1.1" status: 201 len: 934 time: 1.5760684
Jul 05 20:54:55.314907 dv-cinder-797608-49-iscsi neutron-server[103895]: DEBUG neutron.pecan_wsgi.hooks.policy_enforcement [req-897a82fc-ba83-456b-9434-094fff029e49 req-160c8a03-fc76-4973-948e-2ba23000a89d tempest-DeleteServersTestJSON-389510094 tempest-DeleteServersTestJSON-389510094-project] Attributes excluded by policy engine: ['standard_attr_id', 'binding:profile', 'binding:host_id', 'binding:vif_type', 'binding:vif_details'] {{(pid=103895) _exclude_attributes_by_policy /opt/stack/neutron/neutron/pecan_wsgi/hooks/policy_enforcement.py:259}}
Jul 05 20:54:55.324432 dv-cinder-797608-49-iscsi neutron-server[103895]: INFO neutron.wsgi [req-897a82fc-ba83-456b-9434-094fff029e49 req-160c8a03-fc76-4973-948e-2ba23000a89d tempest-DeleteServersTestJSON-389510094 tempest-DeleteServersTestJSON-389510094-project] 10.222.0.20 "GET /v2.0/ports?device_id=1159954e-7c69-48d8-b051-5a7b1108da69 HTTP/1.1" status: 200 len: 945 time: 0.2434926
Jul 05 20:54:55.329186 dv-cinder-797608-49-iscsi neutron-server[103896]: DEBUG neutron.api.v2.base [req-ecebbe53-8239-4232-b93b-36cf136e713a req-e2c47e5a-7a97-4a10-9c3c-30ebbbd9d929 service neutron] Request body: {'port': {'device_id': 'a3aeae5c-d73d-4fb3-afa0-ee691e6a4fd4', 'device_owner': 'compute:nova', 'binding:host_id': 'hv-cinder-79760'}} {{(pid=103896) prepare_request_body /opt/stack/neutron/neutron/api/v2/base.py:730}}
Jul 05 20:54:55.465904 dv-cinder-797608-49-iscsi neutron-server[103896]: DEBUG neutron_lib.callbacks.manager [None req-54d4173c-d160-4f83-a9de-956b18d29819 admin admin] Publish callbacks [] for security_group (ab70a859-737f-49dd-a726-26ea0c3ede55), before_delete {{(pid=103896) _notify_loop /usr/local/lib/python3.8/dist-packages/neutron_lib/callbacks/manager.py:176}}
Jul 05 20:54:55.538906 dv-cinder-797608-49-iscsi neutron-server[103895]: DEBUG dbcounter [-] [103895] Writing DB stats neutron:SELECT=90,neutron:INSERT=8,neutron:UPDATE=2 {{(pid=103895) stat_writer /usr/local/lib/python3.8/dist-packages/dbcounter.py:114}}
Jul 05 20:54:55.551545 dv-cinder-797608-49-iscsi neutron-server[103896]: DEBUG neutron_lib.callbacks.manager [None req-54d4173c-d160-4f83-a9de-956b18d29819 admin admin] Publish callbacks [] for security_group (ab70a859-737f-49dd-a726-26ea0c3ede55), precommit_delete {{(pid=103896) _notify_loop /usr/local/lib/python3.8/dist-packages/neutron_lib/callbacks/manager.py:176}}
Jul 05 20:54:55.555069 dv-cinder-797608-49-iscsi neutron-server[103896]: DEBUG neutron_lib.callbacks.manager [req-ecebbe53-8239-4232-b93b-36cf136e713a req-e2c47e5a-7a97-4a10-9c3c-30ebbbd9d929 service neutron] Publish callbacks ['neutron.plugins.ml2.plugin.SecurityGroupDbMixin._ensure_default_security_group_handler-1843853'] for port (9d4d8d62-90d7-4b09-8e51-523c69e6c012), before_update {{(pid=103896) _notify_loop /usr/local/lib/python3.8/dist-packages/neutron_lib/callbacks/manager.py:176}}
Jul 05 20:54:55.614920 dv-cinder-797608-49-iscsi neutron-server[103895]: DEBUG neutron.db.db_base_plugin_common [req-b31cefe1-cc52-4058-87d2-69bbd02674ed req-df7a4ef2-a0e5-4693-92f3-931f5c752a54 tempest-ServerRescueNegativeTestJSON-1951132500 tempest-ServerRescueNegativeTestJSON-1951132500-project] Allocated IP 172.20.0.3 (b7580cfc-ddfa-4e5a-84ac-e60422771b4c/89bb6236-a26e-4a9c-8755-ffa9161f1c68/18b93783-3039-4fd9-b75c-752a99040bff) {{(pid=103895) _store_ip_allocation /opt/stack/neutron/neutron/db/db_base_plugin_common.py:131}}
Jul 05 20:54:55.673021 dv-cinder-797608-49-iscsi neutron-server[103895]: INFO neutron.wsgi [req-897a82fc-ba83-456b-9434-094fff029e49 req-0be67f05-7cac-436c-9f57-2ed6f7b8988f tempest-DeleteServersTestJSON-389510094 tempest-DeleteServersTestJSON-389510094-project] 10.222.0.20 "GET /v2.0/security-groups?id=fd8c5143-e5dd-4569-8c3d-c0f11e770817&fields=id&fields=name HTTP/1.1" status: 200 len: 286 time: 0.3472617
Jul 05 20:54:55.673883 dv-cinder-797608-49-iscsi neutron-server[103897]: DEBUG neutron.db.provisioning_blocks [None req-cf8c7ca0-b7f9-4ab3-98af-d921ffc2b5dc None None] Provisioning complete for port 9d4d8d62-90d7-4b09-8e51-523c69e6c012 triggered by entity DHCP. {{(pid=103897) provisioning_complete /opt/stack/neutron/neutron/db/provisioning_blocks.py:145}}
Jul 05 20:54:55.675147 dv-cinder-797608-49-iscsi neutron-server[103897]: DEBUG neutron_lib.callbacks.manager [None req-cf8c7ca0-b7f9-4ab3-98af-d921ffc2b5dc None None] Publish callbacks ['neutron.plugins.ml2.plugin.Ml2Plugin._port_provisioned-1164857'] for port (9d4d8d62-90d7-4b09-8e51-523c69e6c012), provisioning_complete {{(pid=103897) _notify_loop /usr/local/lib/python3.8/dist-packages/neutron_lib/callbacks/manager.py:176}}
Jul 05 20:54:55.796241 dv-cinder-797608-49-iscsi neutron-server[103897]: DEBUG neutron.plugins.ml2.plugin [None req-cf8c7ca0-b7f9-4ab3-98af-d921ffc2b5dc None None] Port 9d4d8d62-90d7-4b09-8e51-523c69e6c012 cannot update to ACTIVE because it is not bound. {{(pid=103897) _port_provisioned /opt/stack/neutron/neutron/plugins/ml2/plugin.py:348}}
Jul 05 20:54:55.895503 dv-cinder-797608-49-iscsi neutron-server[103896]: DEBUG neutron_lib.callbacks.manager [None req-54d4173c-d160-4f83-a9de-956b18d29819 admin admin] Publish callbacks ['neutron.plugins.ml2.ovo_rpc._ObjectChangeHandler.handle_event-669415'] for security_group (ab70a859-737f-49dd-a726-26ea0c3ede55), after_delete {{(pid=103896) _notify_loop /usr/local/lib/python3.8/dist-packages/neutron_lib/callbacks/manager.py:176}}
