Jul 05 20:55:23.076353 dv-cinder-797608-49-iscsi neutron-server[103897]: DEBUG neutron_lib.callbacks.manager [None req-6c0b83de-eb80-4625-9880-6f1a439c2d0f None None] Publish callbacks ['neutron.services.segments.db._update_segment_host_mapping_for_agent-8747573928039', 'neutron.plugins.ml2.plugin.Ml2Plugin._retry_binding_revived_agents-1164959'] for agent (591e586d-f5c0-47cd-ac21-590ad4269411), after_update {{(pid=103897) _notify_loop /usr/local/lib/python3.8/dist-packages/neutron_lib/callbacks/manager.py:176}}
Jul 05 20:55:23.085965 dv-cinder-797608-49-iscsi neutron-server[103895]: INFO neutron.wsgi [req-f607be60-2dc0-42d3-bdc9-4562d85ad12d req-cc0a9cb5-f593-4b95-9c22-d8556dd0dc63 tempest-AttachVolumeTestJSON-2080646407 tempest-AttachVolumeTestJSON-2080646407-project] 10.222.0.20 "GET /v2.0/security-groups?id=16472324-9ed8-47fc-86af-d09aa1bc7f58&fields=id&fields=name HTTP/1.1" status: 200 len: 312 time: 0.0482075
Jul 05 20:55:23.617068 dv-cinder-797608-49-iscsi neutron-server[103896]: INFO neutron.wsgi [req-5776ed59-f621-42fd-bb03-ffb556452377 req-c90985a0-2e15-425b-9cba-57540caba086 service neutron] 10.222.0.15 "GET /v2.0/security-groups?id=1ac6b490-dee0-4f54-84bd-4d3ce329ba26&fields=id&fields=name HTTP/1.1" status: 200 len: 312 time: 0.0465541
Jul 05 20:55:23.617635 dv-cinder-797608-49-iscsi neutron-server[103895]: DEBUG neutron.pecan_wsgi.hooks.policy_enforcement [req-a03b0ef3-35fe-474c-897f-d4a7eee43113 req-4ed8f62f-7d08-4115-b061-2302e98457c3 tempest-DeleteServersTestJSON-389510094 tempest-DeleteServersTestJSON-389510094-project] Attributes excluded by policy engine: ['standard_attr_id', 'binding:profile', 'binding:host_id', 'binding:vif_type', 'binding:vif_details'] {{(pid=103895) _exclude_attributes_by_policy /opt/stack/neutron/neutron/pecan_wsgi/hooks/policy_enforcement.py:259}}
Jul 05 20:55:23.618586 dv-cinder-797608-49-iscsi neutron-server[103895]: INFO neutron.wsgi [req-a03b0ef3-35fe-474c-897f-d4a7eee43113 req-4ed8f62f-7d08-4115-b061-2302e98457c3 tempest-DeleteServersTestJSON-389510094 tempest-DeleteServersTestJSON-389510094-project] 10.222.0.20 "GET /v2.0/ports?device_id=1159954e-7c69-48d8-b051-5a7b1108da69 HTTP/1.1" status: 200 len: 945 time: 0.0563807
Jul 05 20:55:23.666631 dv-cinder-797608-49-iscsi neutron-server[103895]: INFO neutron.wsgi [req-a03b0ef3-35fe-474c-897f-d4a7eee43113 req-dec99ac4-434e-4b9d-a437-4840dd4cee83 tempest-DeleteServersTestJSON-389510094 tempest-DeleteServersTestJSON-389510094-project] 10.222.0.20 "GET /v2.0/security-groups?id=fd8c5143-e5dd-4569-8c3d-c0f11e770817&fields=id&fields=name HTTP/1.1" status: 200 len: 286 time: 0.0423479
Jul 05 20:55:23.804265 dv-cinder-797608-49-iscsi neutron-server[103895]: DEBUG neutron.pecan_wsgi.hooks.policy_enforcement [req-fbde38ad-62ee-4d66-9cc6-07c975f25264 req-48471c54-4866-4433-bff5-4812257ef0b8 tempest-ServerRescueNegativeTestJSON-1951132500 tempest-ServerRescueNegativeTestJSON-1951132500-project] Attributes excluded by policy engine: ['standard_attr_id', 'binding:profile', 'binding:host_id', 'binding:vif_type', 'binding:vif_details'] {{(pid=103895) _exclude_attributes_by_policy /opt/stack/neutron/neutron/pecan_wsgi/hooks/policy_enforcement.py:259}}
Jul 05 20:55:23.806016 dv-cinder-797608-49-iscsi neutron-server[103895]: INFO neutron.wsgi [req-fbde38ad-62ee-4d66-9cc6-07c975f25264 req-48471c54-4866-4433-bff5-4812257ef0b8 tempest-ServerRescueNegativeTestJSON-1951132500 tempest-ServerRescueNegativeTestJSON-1951132500-project] 10.222.0.20 "GET /v2.0/ports?device_id=82ec9293-050f-48f2-b0fd-e563145c6cb3 HTTP/1.1" status: 200 len: 945 time: 0.0792348
Jul 05 20:55:23.826018 dv-cinder-797608-49-iscsi neutron-server[103895]: DEBUG neutron.pecan_wsgi.hooks.policy_enforcement [req-922d92bf-0f1e-4529-80e1-2cf621037f63 req-ac069fee-fa22-4d46-975a-12767a692fd3 tempest-AttachVolumeShelveTestJSON-2043655930 tempest-AttachVolumeShelveTestJSON-2043655930-project] Attributes excluded by policy engine: ['standard_attr_id', 'binding:profile', 'binding:host_id', 'binding:vif_type', 'binding:vif_details'] {{(pid=103895) _exclude_attributes_by_policy /opt/stack/neutron/neutron/pecan_wsgi/hooks/policy_enforcement.py:259}}
Jul 05 20:55:23.827386 dv-cinder-797608-49-iscsi neutron-server[103895]: INFO neutron.wsgi [req-922d92bf-0f1e-4529-80e1-2cf621037f63 req-ac069fee-fa22-4d46-975a-12767a692fd3 tempest-AttachVolumeShelveTestJSON-2043655930 tempest-AttachVolumeShelveTestJSON-2043655930-project] 10.222.0.20 "GET /v2.0/ports?device_id=52848078-62a1-484f-813c-7b3352cb3851 HTTP/1.1" status: 200 len: 946 time: 0.0704448
Jul 05 20:55:23.888917 dv-cinder-797608-49-iscsi neutron-server[103895]: INFO neutron.wsgi [req-fbde38ad-62ee-4d66-9cc6-07c975f25264 req-59949ef6-dc7d-4f83-a337-96dd86185200 tempest-ServerRescueNegativeTestJSON-1951132500 tempest-ServerRescueNegativeTestJSON-1951132500-project] 10.222.0.20 "GET /v2.0/security-groups?id=007ddf59-8d02-4d63-be70-925e655d583f&fields=id&fields=name HTTP/1.1" status: 200 len: 286 time: 0.0769362
Jul 05 20:55:23.901860 dv-cinder-797608-49-iscsi neutron-server[103895]: INFO neutron.wsgi [req-922d92bf-0f1e-4529-80e1-2cf621037f63 req-75391062-017f-482a-a46e-67f819e5a795 tempest-AttachVolumeShelveTestJSON-2043655930 tempest-AttachVolumeShelveTestJSON-2043655930-project] 10.222.0.20 "GET /v2.0/security-groups?id=1ac6b490-dee0-4f54-84bd-4d3ce329ba26&fields=id&fields=name HTTP/1.1" status: 200 len: 312 time: 0.0673413
Jul 05 20:55:24.215999 dv-cinder-797608-49-iscsi neutron-server[103895]: DEBUG neutron.pecan_wsgi.hooks.policy_enforcement [req-39962f7d-f1fc-44a7-bb98-4a0991f6c7c1 req-587ecf8f-ff3a-45a4-a865-d118c56fdf16 tempest-AttachVolumeTestJSON-2080646407 tempest-AttachVolumeTestJSON-2080646407-project] Attributes excluded by policy engine: ['standard_attr_id', 'binding:profile', 'binding:host_id', 'binding:vif_type', 'binding:vif_details'] {{(pid=103895) _exclude_attributes_by_policy /opt/stack/neutron/neutron/pecan_wsgi/hooks/policy_enforcement.py:259}}
Jul 05 20:55:24.217592 dv-cinder-797608-49-iscsi neutron-server[103895]: INFO neutron.wsgi [req-39962f7d-f1fc-44a7-bb98-4a0991f6c7c1 req-587ecf8f-ff3a-45a4-a865-d118c56fdf16 tempest-AttachVolumeTestJSON-2080646407 tempest-AttachVolumeTestJSON-2080646407-project] 10.222.0.20 "GET /v2.0/ports?device_id=f236112c-4649-478b-a626-b84f8ff1bfe9 HTTP/1.1" status: 200 len: 945 time: 0.0510952
Jul 05 20:55:24.265999 dv-cinder-797608-49-iscsi neutron-server[103895]: INFO neutron.wsgi [req-39962f7d-f1fc-44a7-bb98-4a0991f6c7c1 req-1ee335bd-bae9-4941-b5fc-f37ce645c59e tempest-AttachVolumeTestJSON-2080646407 tempest-AttachVolumeTestJSON-2080646407-project] 10.222.0.20 "GET /v2.0/security-groups?id=16472324-9ed8-47fc-86af-d09aa1bc7f58&fields=id&fields=name HTTP/1.1" status: 200 len: 312 time: 0.0423853
Jul 05 20:55:24.454326 dv-cinder-797608-49-iscsi neutron-server[103895]: DEBUG neutron.pecan_wsgi.hooks.policy_enforcement [req-fca5d8da-63ff-4a74-8097-9c38ad5d0433 req-182dd563-6561-4902-b118-6e7db1360f72 service neutron] Attributes excluded by policy engine: ['standard_attr_id', 'vlan_transparent'] {{(pid=103895) _exclude_attributes_by_policy /opt/stack/neutron/neutron/pecan_wsgi/hooks/policy_enforcement.py:259}}
Jul 05 20:55:24.456602 dv-cinder-797608-49-iscsi neutron-server[103895]: INFO neutron.wsgi [req-fca5d8da-63ff-4a74-8097-9c38ad5d0433 req-182dd563-6561-4902-b118-6e7db1360f72 service neutron] 10.222.0.15 "GET /v2.0/networks?id=996b084e-85fc-481a-a65a-82ee24abc8d9 HTTP/1.1" status: 200 len: 913 time: 0.1049075
Jul 05 20:55:24.636921 dv-cinder-797608-49-iscsi neutron-server[103895]: DEBUG neutron.wsgi [-] (103895) accepted ('10.222.0.20', 53504) {{(pid=103895) server /usr/local/lib/python3.8/dist-packages/eventlet/wsgi.py:1004}}
Jul 05 20:55:24.680219 dv-cinder-797608-49-iscsi neutron-server[103897]: DEBUG neutron_lib.callbacks.manager [None req-76e1d560-4708-42f2-a203-17c1892a38a7 None None] Publish callbacks ['neutron.services.segments.db._update_segment_host_mapping_for_agent-8747573928039', 'neutron.plugins.ml2.plugin.Ml2Plugin._retry_binding_revived_agents-1164959'] for agent (76dfd99d-927f-4cd2-a7a2-d305ba8f95d1), after_update {{(pid=103897) _notify_loop /usr/local/lib/python3.8/dist-packages/neutron_lib/callbacks/manager.py:176}}
Jul 05 20:55:24.755845 dv-cinder-797608-49-iscsi neutron-server[103895]: DEBUG dbcounter [-] [103895] Writing DB stats neutron:SELECT=100 {{(pid=103895) stat_writer /usr/local/lib/python3.8/dist-packages/dbcounter.py:114}}
Jul 05 20:55:24.758494 dv-cinder-797608-49-iscsi neutron-server[103895]: DEBUG neutron_lib.callbacks.manager [None req-22a5609e-2ac1-469e-9ffb-42d8d4793269 admin admin] Publish callbacks [] for security_group (None), before_create {{(pid=103895) _notify_loop /usr/local/lib/python3.8/dist-packages/neutron_lib/callbacks/manager.py:176}}
Jul 05 20:55:24.806887 dv-cinder-797608-49-iscsi neutron-server[103895]: DEBUG neutron.pecan_wsgi.hooks.policy_enforcement [req-10796583-6485-423e-b82d-66a0791c00c0 req-fb9c8dbf-17d1-473a-bd40-c34fe745fbc4 tempest-DeleteServersTestJSON-389510094 tempest-DeleteServersTestJSON-389510094-project] Attributes excluded by policy engine: ['standard_attr_id', 'binding:profile', 'binding:host_id', 'binding:vif_type', 'binding:vif_details'] {{(pid=103895) _exclude_attributes_by_policy /opt/stack/neutron/neutron/pecan_wsgi/hooks/policy_enforcement.py:259}}
Jul 05 20:55:24.808333 dv-cinder-797608-49-iscsi neutron-server[103895]: INFO neutron.wsgi [req-10796583-6485-423e-b82d-66a0791c00c0 req-fb9c8dbf-17d1-473a-bd40-c34fe745fbc4 tempest-DeleteServersTestJSON-389510094 tempest-DeleteServersTestJSON-389510094-project] 10.222.0.20 "GET /v2.0/ports?device_id=1159954e-7c69-48d8-b051-5a7b1108da69 HTTP/1.1" status: 200 len: 945 time: 0.0668254
Jul 05 20:55:24.846872 dv-cinder-797608-49-iscsi neutron-server[103897]: DEBUG neutron_lib.callbacks.manager [None req-ae9e17be-1612-48f4-a586-ebefbfb499e2 None None] Publish callbacks ['neutron.services.segments.db._update_segment_host_mapping_for_agent-8747573928039', 'neutron.plugins.ml2.plugin.Ml2Plugin._retry_binding_revived_agents-1164959'] for agent (79a25d05-ebe3-4550-8855-9a38272a1449), after_update {{(pid=103897) _notify_loop /usr/local/lib/python3.8/dist-packages/neutron_lib/callbacks/manager.py:176}}
Jul 05 20:55:24.854112 dv-cinder-797608-49-iscsi neutron-server[103895]: DEBUG dbcounter [-] [103895] Writing DB stats neutron:SELECT=97,neutron:INSERT=2,neutron:UPDATE=1 {{(pid=103895) stat_writer /usr/local/lib/python3.8/dist-packages/dbcounter.py:114}}
Jul 05 20:55:24.895781 dv-cinder-797608-49-iscsi neutron-server[103895]: INFO neutron.wsgi [req-10796583-6485-423e-b82d-66a0791c00c0 req-726bdac4-61bb-4578-989e-441cfea3a31a tempest-DeleteServersTestJSON-389510094 tempest-DeleteServersTestJSON-389510094-project] 10.222.0.20 "GET /v2.0/security-groups?id=fd8c5143-e5dd-4569-8c3d-c0f11e770817&fields=id&fields=name HTTP/1.1" status: 200 len: 286 time: 0.0803301
Jul 05 20:55:24.923432 dv-cinder-797608-49-iscsi neutron-server[103895]: DEBUG neutron_lib.callbacks.manager [None req-22a5609e-2ac1-469e-9ffb-42d8d4793269 admin admin] Publish callbacks [] for security_group (df470f48-872a-4629-b41d-ddfdfe2a4cba), precommit_create {{(pid=103895) _notify_loop /usr/local/lib/python3.8/dist-packages/neutron_lib/callbacks/manager.py:176}}
Jul 05 20:55:24.929173 dv-cinder-797608-49-iscsi neutron-server[103895]: DEBUG neutron_lib.callbacks.manager [None req-22a5609e-2ac1-469e-9ffb-42d8d4793269 admin admin] Publish callbacks ['neutron.plugins.ml2.ovo_rpc._ObjectChangeHandler.handle_event-669415'] for security_group (df470f48-872a-4629-b41d-ddfdfe2a4cba), after_create {{(pid=103895) _notify_loop /usr/local/lib/python3.8/dist-packages/neutron_lib/callbacks/manager.py:176}}
Jul 05 20:55:24.979685 dv-cinder-797608-49-iscsi neutron-server[103895]: DEBUG neutron.api.rpc.handlers.resources_rpc [None req-22a5609e-2ac1-469e-9ffb-42d8d4793269 admin admin] Pushing event updated for resources: {'SecurityGroup': ['ID=df470f48-872a-4629-b41d-ddfdfe2a4cba,revision_number=1']} {{(pid=103895) push /opt/stack/neutron/neutron/api/rpc/handlers/resources_rpc.py:237}}
Jul 05 20:55:24.989606 dv-cinder-797608-49-iscsi neutron-server[103895]: INFO neutron.wsgi [None req-22a5609e-2ac1-469e-9ffb-42d8d4793269 admin admin] 10.222.0.20 "GET /v2.0/security-groups?tenant_id=ede12b3bad6041dfa97cf6d91e6d097b&name=default HTTP/1.1" status: 200 len: 2996 time: 0.3513982
Jul 05 20:55:24.990708 dv-cinder-797608-49-iscsi neutron-server[103896]: DEBUG neutron.wsgi [-] (103896) accepted ('10.222.0.20', 53514) {{(pid=103896) server /usr/local/lib/python3.8/dist-packages/eventlet/wsgi.py:1004}}
Jul 05 20:55:25.049789 dv-cinder-797608-49-iscsi neutron-server[103896]: DEBUG neutron_lib.callbacks.manager [None req-8b57579a-4ee2-4a21-966a-482021d3fc0c admin admin] Publish callbacks [] for security_group (df470f48-872a-4629-b41d-ddfdfe2a4cba), before_delete {{(pid=103896) _notify_loop /usr/local/lib/python3.8/dist-packages/neutron_lib/callbacks/manager.py:176}}
Jul 05 20:55:25.057590 dv-cinder-797608-49-iscsi neutron-server[103895]: DEBUG neutron.pecan_wsgi.hooks.policy_enforcement [req-9d3f081b-d271-4d32-a392-d90fee7ea1f1 req-29917c52-85d7-43a3-b46f-2fecdcb3eace tempest-ServerRescueNegativeTestJSON-1951132500 tempest-ServerRescueNegativeTestJSON-1951132500-project] Attributes excluded by policy engine: ['standard_attr_id', 'binding:profile', 'binding:host_id', 'binding:vif_type', 'binding:vif_details'] {{(pid=103895) _exclude_attributes_by_policy /opt/stack/neutron/neutron/pecan_wsgi/hooks/policy_enforcement.py:259}}
Jul 05 20:55:25.059078 dv-cinder-797608-49-iscsi neutron-server[103895]: INFO neutron.wsgi [req-9d3f081b-d271-4d32-a392-d90fee7ea1f1 req-29917c52-85d7-43a3-b46f-2fecdcb3eace tempest-ServerRescueNegativeTestJSON-1951132500 tempest-ServerRescueNegativeTestJSON-1951132500-project] 10.222.0.20 "GET /v2.0/ports?device_id=82ec9293-050f-48f2-b0fd-e563145c6cb3 HTTP/1.1" status: 200 len: 945 time: 0.0928786
Jul 05 20:55:25.067940 dv-cinder-797608-49-iscsi neutron-server[103895]: DEBUG neutron.pecan_wsgi.hooks.policy_enforcement [req-8eb29fdf-13c8-479e-a08e-0ccce22e50ec req-7c13bc4d-794e-4b29-b9a0-84a465949bec tempest-AttachVolumeShelveTestJSON-2043655930 tempest-AttachVolumeShelveTestJSON-2043655930-project] Attributes excluded by policy engine: ['standard_attr_id', 'binding:profile', 'binding:host_id', 'binding:vif_type', 'binding:vif_details'] {{(pid=103895) _exclude_attributes_by_policy /opt/stack/neutron/neutron/pecan_wsgi/hooks/policy_enforcement.py:259}}
Jul 05 20:55:25.069411 dv-cinder-797608-49-iscsi neutron-server[103895]: INFO neutron.wsgi [req-8eb29fdf-13c8-479e-a08e-0ccce22e50ec req-7c13bc4d-794e-4b29-b9a0-84a465949bec tempest-AttachVolumeShelveTestJSON-2043655930 tempest-AttachVolumeShelveTestJSON-2043655930-project] 10.222.0.20 "GET /v2.0/ports?device_id=52848078-62a1-484f-813c-7b3352cb3851 HTTP/1.1" status: 200 len: 946 time: 0.0869498
Jul 05 20:55:25.077715 dv-cinder-797608-49-iscsi neutron-server[103896]: DEBUG neutron_lib.callbacks.manager [None req-8b57579a-4ee2-4a21-966a-482021d3fc0c admin admin] Publish callbacks [] for security_group (df470f48-872a-4629-b41d-ddfdfe2a4cba), precommit_delete {{(pid=103896) _notify_loop /usr/local/lib/python3.8/dist-packages/neutron_lib/callbacks/manager.py:176}}
Jul 05 20:55:25.113062 dv-cinder-797608-49-iscsi neutron-server[103896]: DEBUG dbcounter [-] [103896] Writing DB stats neutron:SELECT=88,neutron:INSERT=5,neutron:UPDATE=2,neutron:DELETE=5 {{(pid=103896) stat_writer /usr/local/lib/python3.8/dist-packages/dbcounter.py:114}}
Jul 05 20:55:25.130848 dv-cinder-797608-49-iscsi neutron-server[103896]: DEBUG neutron_lib.callbacks.manager [None req-8b57579a-4ee2-4a21-966a-482021d3fc0c admin admin] Publish callbacks ['neutron.plugins.ml2.ovo_rpc._ObjectChangeHandler.handle_event-669415'] for security_group (df470f48-872a-4629-b41d-ddfdfe2a4cba), after_delete {{(pid=103896) _notify_loop /usr/local/lib/python3.8/dist-packages/neutron_lib/callbacks/manager.py:176}}
Jul 05 20:55:25.133505 dv-cinder-797608-49-iscsi neutron-server[103896]: DEBUG neutron_lib.callbacks.manager [None req-8b57579a-4ee2-4a21-966a-482021d3fc0c admin admin] Publish callbacks [] for security_group (None), before_response {{(pid=103896) _notify_loop /usr/local/lib/python3.8/dist-packages/neutron_lib/callbacks/manager.py:176}}
Jul 05 20:55:25.141435 dv-cinder-797608-49-iscsi neutron-server[103896]: INFO neutron.wsgi [None req-8b57579a-4ee2-4a21-966a-482021d3fc0c admin admin] 10.222.0.20 "DELETE /v2.0/security-groups/df470f48-872a-4629-b41d-ddfdfe2a4cba HTTP/1.1" status: 204 len: 168 time: 0.1474414
Jul 05 20:55:25.150955 dv-cinder-797608-49-iscsi neutron-server[103895]: INFO neutron.wsgi [req-9d3f081b-d271-4d32-a392-d90fee7ea1f1 req-7c64a76d-4987-4cad-8134-316d9840a455 tempest-ServerRescueNegativeTestJSON-1951132500 tempest-ServerRescueNegativeTestJSON-1951132500-project] 10.222.0.20 "GET /v2.0/security-groups?id=007ddf59-8d02-4d63-be70-925e655d583f&fields=id&fields=name HTTP/1.1" status: 200 len: 286 time: 0.0792778
Jul 05 20:55:25.165361 dv-cinder-797608-49-iscsi neutron-server[103896]: DEBUG neutron.api.rpc.handlers.resources_rpc [None req-8b57579a-4ee2-4a21-966a-482021d3fc0c admin admin] Pushing event deleted for resources: {'SecurityGroup': ['ID=df470f48-872a-4629-b41d-ddfdfe2a4cba,revision_number=None']} {{(pid=103896) push /opt/stack/neutron/neutron/api/rpc/handlers/resources_rpc.py:237}}
Jul 05 20:55:25.166243 dv-cinder-797608-49-iscsi neutron-server[103895]: INFO neutron.wsgi [req-8eb29fdf-13c8-479e-a08e-0ccce22e50ec req-5d133253-2750-4975-aae2-383bc4151c4c tempest-AttachVolumeShelveTestJSON-2043655930 tempest-AttachVolumeShelveTestJSON-2043655930-project] 10.222.0.20 "GET /v2.0/security-groups?id=1ac6b490-dee0-4f54-84bd-4d3ce329ba26&fields=id&fields=name HTTP/1.1" status: 200 len: 312 time: 0.0883532
Jul 05 20:55:25.469587 dv-cinder-797608-49-iscsi neutron-server[103896]: DEBUG neutron.wsgi [-] (103896) accepted ('10.222.0.20', 53536) {{(pid=103896) server /usr/local/lib/python3.8/dist-packages/eventlet/wsgi.py:1004}}
Jul 05 20:55:25.472282 dv-cinder-797608-49-iscsi neutron-server[103895]: DEBUG neutron.pecan_wsgi.hooks.policy_enforcement [req-df7ab835-40c3-47a3-a99b-da1703ea8008 req-1a21dc71-dc49-48c3-be4a-a753036ddd3d tempest-AttachVolumeTestJSON-2080646407 tempest-AttachVolumeTestJSON-2080646407-project] Attributes excluded by policy engine: ['standard_attr_id', 'binding:profile', 'binding:host_id', 'binding:vif_type', 'binding:vif_details'] {{(pid=103895) _exclude_attributes_by_policy /opt/stack/neutron/neutron/pecan_wsgi/hooks/policy_enforcement.py:259}}
Jul 05 20:55:25.474045 dv-cinder-797608-49-iscsi neutron-server[103895]: INFO neutron.wsgi [req-df7ab835-40c3-47a3-a99b-da1703ea8008 req-1a21dc71-dc49-48c3-be4a-a753036ddd3d tempest-AttachVolumeTestJSON-2080646407 tempest-AttachVolumeTestJSON-2080646407-project] 10.222.0.20 "GET /v2.0/ports?device_id=f236112c-4649-478b-a626-b84f8ff1bfe9 HTTP/1.1" status: 200 len: 945 time: 0.1162596
Jul 05 20:55:25.516468 dv-cinder-797608-49-iscsi neutron-server[103895]: DEBUG neutron.pecan_wsgi.hooks.policy_enforcement [req-8dec4368-7657-45f9-8d1a-7097b3ffdc87 req-1c3ee4ee-0eb7-4d39-8603-e21cd69dac75 tempest-ServerRescueNegativeTestJSON-1951132500 tempest-ServerRescueNegativeTestJSON-1951132500-project] Attributes excluded by policy engine: ['standard_attr_id', 'binding:profile', 'binding:host_id', 'binding:vif_type', 'binding:vif_details'] {{(pid=103895) _exclude_attributes_by_policy /opt/stack/neutron/neutron/pecan_wsgi/hooks/policy_enforcement.py:259}}
Jul 05 20:55:25.518625 dv-cinder-797608-49-iscsi neutron-server[103895]: INFO neutron.wsgi [req-8dec4368-7657-45f9-8d1a-7097b3ffdc87 req-1c3ee4ee-0eb7-4d39-8603-e21cd69dac75 tempest-ServerRescueNegativeTestJSON-1951132500 tempest-ServerRescueNegativeTestJSON-1951132500-project] 10.222.0.20 "GET /v2.0/ports?device_id=82ec9293-050f-48f2-b0fd-e563145c6cb3 HTTP/1.1" status: 200 len: 945 time: 0.0875363
Jul 05 20:55:25.605981 dv-cinder-797608-49-iscsi neutron-server[103896]: DEBUG neutron_lib.callbacks.manager [None req-d5b28e07-011d-442a-85bd-ec5a869771f5 admin admin] Publish callbacks [] for security_group (None), before_create {{(pid=103896) _notify_loop /usr/local/lib/python3.8/dist-packages/neutron_lib/callbacks/manager.py:176}}
Jul 05 20:55:25.650808 dv-cinder-797608-49-iscsi neutron-server[103896]: DEBUG neutron.wsgi [-] (103896) accepted ('10.222.0.20', 53540) {{(pid=103896) server /usr/local/lib/python3.8/dist-packages/eventlet/wsgi.py:1004}}
Jul 05 20:55:25.675295 dv-cinder-797608-49-iscsi neutron-server[103896]: DEBUG neutron_lib.callbacks.manager [None req-43d0ffca-c2f9-4744-a3fa-2322502e6328 admin admin] Publish callbacks [] for security_group (None), before_create {{(pid=103896) _notify_loop /usr/local/lib/python3.8/dist-packages/neutron_lib/callbacks/manager.py:176}}
Jul 05 20:55:25.750414 dv-cinder-797608-49-iscsi neutron-server[103896]: DEBUG neutron_lib.callbacks.manager [None req-d5b28e07-011d-442a-85bd-ec5a869771f5 admin admin] Publish callbacks [] for security_group (2fa8f81c-f0ab-48ab-9bc7-a756040079c2), precommit_create {{(pid=103896) _notify_loop /usr/local/lib/python3.8/dist-packages/neutron_lib/callbacks/manager.py:176}}
Jul 05 20:55:25.755068 dv-cinder-797608-49-iscsi neutron-server[103895]: INFO neutron.wsgi [req-fca5d8da-63ff-4a74-8097-9c38ad5d0433 req-741ffdc2-a7b2-4613-8431-eb228a4af37c service neutron] 10.222.0.15 "GET /v2.0/floatingips?fixed_ip_address=172.20.0.8&port_id=c23f1cb7-7c8c-45f8-b9aa-1642f642532e HTTP/1.1" status: 200 len: 217 time: 0.2521572
Jul 05 20:55:25.756731 dv-cinder-797608-49-iscsi neutron-server[103896]: DEBUG neutron_lib.callbacks.manager [None req-d5b28e07-011d-442a-85bd-ec5a869771f5 admin admin] Publish callbacks ['neutron.plugins.ml2.ovo_rpc._ObjectChangeHandler.handle_event-669415'] for security_group (2fa8f81c-f0ab-48ab-9bc7-a756040079c2), after_create {{(pid=103896) _notify_loop /usr/local/lib/python3.8/dist-packages/neutron_lib/callbacks/manager.py:176}}
Jul 05 20:55:25.784824 dv-cinder-797608-49-iscsi neutron-server[103895]: INFO neutron.wsgi [req-df7ab835-40c3-47a3-a99b-da1703ea8008 req-61c17561-5dd6-4961-b53a-a4e0083bcf57 tempest-AttachVolumeTestJSON-2080646407 tempest-AttachVolumeTestJSON-2080646407-project] 10.222.0.20 "GET /v2.0/security-groups?id=16472324-9ed8-47fc-86af-d09aa1bc7f58&fields=id&fields=name HTTP/1.1" status: 200 len: 312 time: 0.3025668
Jul 05 20:55:25.812579 dv-cinder-797608-49-iscsi neutron-server[103896]: INFO neutron.wsgi [None req-d5b28e07-011d-442a-85bd-ec5a869771f5 admin admin] 10.222.0.20 "GET /v2.0/security-groups?tenant_id=2b863ed3affd4837ababae6bb6c515a3&name=default HTTP/1.1" status: 200 len: 2996 time: 0.3407834
Jul 05 20:55:25.815891 dv-cinder-797608-49-iscsi neutron-server[103896]: DEBUG neutron.wsgi [-] (103896) accepted ('10.222.0.20', 53542) {{(pid=103896) server /usr/local/lib/python3.8/dist-packages/eventlet/wsgi.py:1004}}
Jul 05 20:55:25.825297 dv-cinder-797608-49-iscsi neutron-server[103896]: DEBUG neutron.api.rpc.handlers.resources_rpc [None req-d5b28e07-011d-442a-85bd-ec5a869771f5 admin admin] Pushing event updated for resources: {'SecurityGroup': ['ID=2fa8f81c-f0ab-48ab-9bc7-a756040079c2,revision_number=1']} {{(pid=103896) push /opt/stack/neutron/neutron/api/rpc/handlers/resources_rpc.py:237}}
Jul 05 20:55:25.826261 dv-cinder-797608-49-iscsi neutron-server[103895]: INFO neutron.wsgi [req-8dec4368-7657-45f9-8d1a-7097b3ffdc87 req-b29fdc58-9387-468b-80a8-26526b920694 tempest-ServerRescueNegativeTestJSON-1951132500 tempest-ServerRescueNegativeTestJSON-1951132500-project] 10.222.0.20 "GET /v2.0/security-groups?id=007ddf59-8d02-4d63-be70-925e655d583f&fields=id&fields=name HTTP/1.1" status: 200 len: 286 time: 0.0893378
Jul 05 20:55:25.859610 dv-cinder-797608-49-iscsi neutron-server[103896]: DEBUG neutron_lib.callbacks.manager [None req-43d0ffca-c2f9-4744-a3fa-2322502e6328 admin admin] Publish callbacks [] for security_group (cbceabc6-dac8-4028-8b48-6b266f76fed8), precommit_create {{(pid=103896) _notify_loop /usr/local/lib/python3.8/dist-packages/neutron_lib/callbacks/manager.py:176}}
Jul 05 20:55:25.866916 dv-cinder-797608-49-iscsi neutron-server[103896]: DEBUG neutron_lib.callbacks.manager [None req-43d0ffca-c2f9-4744-a3fa-2322502e6328 admin admin] Publish callbacks ['neutron.plugins.ml2.ovo_rpc._ObjectChangeHandler.handle_event-669415'] for security_group (cbceabc6-dac8-4028-8b48-6b266f76fed8), after_create {{(pid=103896) _notify_loop /usr/local/lib/python3.8/dist-packages/neutron_lib/callbacks/manager.py:176}}
Jul 05 20:55:25.894559 dv-cinder-797608-49-iscsi neutron-server[103898]: DEBUG neutron.db.agents_db [None req-3b14b097-76b2-4054-ae9e-205323b22531 None None] Agent healthcheck: found 6 active agents {{(pid=103898) agent_health_check /opt/stack/neutron/neutron/db/agents_db.py:317}}
Jul 05 20:55:25.921455 dv-cinder-797608-49-iscsi neutron-server[103896]: INFO neutron.wsgi [None req-43d0ffca-c2f9-4744-a3fa-2322502e6328 admin admin] 10.222.0.20 "GET /v2.0/security-groups?tenant_id=2c7bcafed44e4603bb65bc0fb7245d9d&name=default HTTP/1.1" status: 200 len: 2996 time: 0.2690492
Jul 05 20:55:25.924120 dv-cinder-797608-49-iscsi neutron-server[103895]: DEBUG neutron.wsgi [-] (103895) accepted ('10.222.0.20', 53546) {{(pid=103895) server /usr/local/lib/python3.8/dist-packages/eventlet/wsgi.py:1004}}
Jul 05 20:55:25.929529 dv-cinder-797608-49-iscsi neutron-server[103896]: DEBUG neutron.api.rpc.handlers.resources_rpc [None req-43d0ffca-c2f9-4744-a3fa-2322502e6328 admin admin] Pushing event updated for resources: {'SecurityGroup': ['ID=cbceabc6-dac8-4028-8b48-6b266f76fed8,revision_number=1']} {{(pid=103896) push /opt/stack/neutron/neutron/api/rpc/handlers/resources_rpc.py:237}}
Jul 05 20:55:25.936274 dv-cinder-797608-49-iscsi neutron-server[103896]: DEBUG neutron_lib.callbacks.manager [None req-e3573cc4-22d7-48fd-9f91-5fb425f295e2 admin admin] Publish callbacks [] for security_group (2fa8f81c-f0ab-48ab-9bc7-a756040079c2), before_delete {{(pid=103896) _notify_loop /usr/local/lib/python3.8/dist-packages/neutron_lib/callbacks/manager.py:176}}
Jul 05 20:55:25.963754 dv-cinder-797608-49-iscsi neutron-server[103896]: DEBUG neutron_lib.callbacks.manager [None req-e3573cc4-22d7-48fd-9f91-5fb425f295e2 admin admin] Publish callbacks [] for security_group (2fa8f81c-f0ab-48ab-9bc7-a756040079c2), precommit_delete {{(pid=103896) _notify_loop /usr/local/lib/python3.8/dist-packages/neutron_lib/callbacks/manager.py:176}}
Jul 05 20:55:25.992913 dv-cinder-797608-49-iscsi neutron-server[103896]: DEBUG dbcounter [-] [103896] Writing DB stats neutron:SELECT=84,neutron:DELETE=2,neutron:INSERT=13,neutron:UPDATE=1 {{(pid=103896) stat_writer /usr/local/lib/python3.8/dist-packages/dbcounter.py:114}}
Jul 05 20:55:25.993893 dv-cinder-797608-49-iscsi neutron-server[103895]: DEBUG neutron_lib.callbacks.manager [None req-1b842e40-8403-4c8c-9f53-d49a72789537 admin admin] Publish callbacks [] for security_group (cbceabc6-dac8-4028-8b48-6b266f76fed8), before_delete {{(pid=103895) _notify_loop /usr/local/lib/python3.8/dist-packages/neutron_lib/callbacks/manager.py:176}}
Jul 05 20:55:26.018844 dv-cinder-797608-49-iscsi neutron-server[103896]: DEBUG neutron_lib.callbacks.manager [None req-e3573cc4-22d7-48fd-9f91-5fb425f295e2 admin admin] Publish callbacks ['neutron.plugins.ml2.ovo_rpc._ObjectChangeHandler.handle_event-669415'] for security_group (2fa8f81c-f0ab-48ab-9bc7-a756040079c2), after_delete {{(pid=103896) _notify_loop /usr/local/lib/python3.8/dist-packages/neutron_lib/callbacks/manager.py:176}}
Jul 05 20:55:26.023210 dv-cinder-797608-49-iscsi neutron-server[103896]: DEBUG neutron_lib.callbacks.manager [None req-e3573cc4-22d7-48fd-9f91-5fb425f295e2 admin admin] Publish callbacks [] for security_group (None), before_response {{(pid=103896) _notify_loop /usr/local/lib/python3.8/dist-packages/neutron_lib/callbacks/manager.py:176}}
Jul 05 20:55:26.024380 dv-cinder-797608-49-iscsi neutron-server[103896]: INFO neutron.wsgi [None req-e3573cc4-22d7-48fd-9f91-5fb425f295e2 admin admin] 10.222.0.20 "DELETE /v2.0/security-groups/2fa8f81c-f0ab-48ab-9bc7-a756040079c2 HTTP/1.1" status: 204 len: 168 time: 0.2063591
Jul 05 20:55:26.037053 dv-cinder-797608-49-iscsi neutron-server[103896]: DEBUG neutron.api.rpc.handlers.resources_rpc [None req-e3573cc4-22d7-48fd-9f91-5fb425f295e2 admin admin] Pushing event deleted for resources: {'SecurityGroup': ['ID=2fa8f81c-f0ab-48ab-9bc7-a756040079c2,revision_number=None']} {{(pid=103896) push /opt/stack/neutron/neutron/api/rpc/handlers/resources_rpc.py:237}}
Jul 05 20:55:26.056807 dv-cinder-797608-49-iscsi neutron-server[103895]: DEBUG neutron_lib.callbacks.manager [None req-1b842e40-8403-4c8c-9f53-d49a72789537 admin admin] Publish callbacks [] for security_group (cbceabc6-dac8-4028-8b48-6b266f76fed8), precommit_delete {{(pid=103895) _notify_loop /usr/local/lib/python3.8/dist-packages/neutron_lib/callbacks/manager.py:176}}
Jul 05 20:55:26.065738 dv-cinder-797608-49-iscsi neutron-server[103895]: DEBUG neutron.pecan_wsgi.hooks.policy_enforcement [req-4eb54d77-4061-466d-af81-8fc16395a375 req-d0389348-18ce-4530-906d-e0c238b3c250 tempest-DeleteServersTestJSON-389510094 tempest-DeleteServersTestJSON-389510094-project] Attributes excluded by policy engine: ['standard_attr_id', 'binding:profile', 'binding:host_id', 'binding:vif_type', 'binding:vif_details'] {{(pid=103895) _exclude_attributes_by_policy /opt/stack/neutron/neutron/pecan_wsgi/hooks/policy_enforcement.py:259}}
Jul 05 20:55:26.067474 dv-cinder-797608-49-iscsi neutron-server[103895]: INFO neutron.wsgi [req-4eb54d77-4061-466d-af81-8fc16395a375 req-d0389348-18ce-4530-906d-e0c238b3c250 tempest-DeleteServersTestJSON-389510094 tempest-DeleteServersTestJSON-389510094-project] 10.222.0.20 "GET /v2.0/ports?device_id=1159954e-7c69-48d8-b051-5a7b1108da69 HTTP/1.1" status: 200 len: 945 time: 0.0874047
Jul 05 20:55:26.155336 dv-cinder-797608-49-iscsi neutron-server[103895]: INFO neutron.wsgi [req-4eb54d77-4061-466d-af81-8fc16395a375 req-df66b738-c903-4672-8dd2-9dd039e2fce4 tempest-DeleteServersTestJSON-389510094 tempest-DeleteServersTestJSON-389510094-project] 10.222.0.20 "GET /v2.0/security-groups?id=fd8c5143-e5dd-4569-8c3d-c0f11e770817&fields=id&fields=name HTTP/1.1" status: 200 len: 286 time: 0.0765748
Jul 05 20:55:26.156553 dv-cinder-797608-49-iscsi neutron-server[103895]: DEBUG neutron_lib.callbacks.manager [None req-1b842e40-8403-4c8c-9f53-d49a72789537 admin admin] Publish callbacks ['neutron.plugins.ml2.ovo_rpc._ObjectChangeHandler.handle_event-669415'] for security_group (cbceabc6-dac8-4028-8b48-6b266f76fed8), after_delete {{(pid=103895) _notify_loop /usr/local/lib/python3.8/dist-packages/neutron_lib/callbacks/manager.py:176}}
Jul 05 20:55:26.159028 dv-cinder-797608-49-iscsi neutron-server[103895]: DEBUG neutron_lib.callbacks.manager [None req-1b842e40-8403-4c8c-9f53-d49a72789537 admin admin] Publish callbacks [] for security_group (None), before_response {{(pid=103895) _notify_loop /usr/local/lib/python3.8/dist-packages/neutron_lib/callbacks/manager.py:176}}
Jul 05 20:55:26.160160 dv-cinder-797608-49-iscsi neutron-server[103895]: INFO neutron.wsgi [None req-1b842e40-8403-4c8c-9f53-d49a72789537 admin admin] 10.222.0.20 "DELETE /v2.0/security-groups/cbceabc6-dac8-4028-8b48-6b266f76fed8 HTTP/1.1" status: 204 len: 168 time: 0.2346163
Jul 05 20:55:26.168714 dv-cinder-797608-49-iscsi neutron-server[103895]: DEBUG neutron.api.rpc.handlers.resources_rpc [None req-1b842e40-8403-4c8c-9f53-d49a72789537 admin admin] Pushing event deleted for resources: {'SecurityGroup': ['ID=cbceabc6-dac8-4028-8b48-6b266f76fed8,revision_number=None']} {{(pid=103895) push /opt/stack/neutron/neutron/api/rpc/handlers/resources_rpc.py:237}}
Jul 05 20:55:26.323094 dv-cinder-797608-49-iscsi neutron-server[103895]: DEBUG neutron.pecan_wsgi.hooks.policy_enforcement [req-398e5d57-b8f8-495c-ba99-6fe246a4f620 req-fff177ff-ec1b-40e4-9393-b885db801893 tempest-AttachVolumeShelveTestJSON-2043655930 tempest-AttachVolumeShelveTestJSON-2043655930-project] Attributes excluded by policy engine: ['standard_attr_id', 'binding:profile', 'binding:host_id', 'binding:vif_type', 'binding:vif_details'] {{(pid=103895) _exclude_attributes_by_policy /opt/stack/neutron/neutron/pecan_wsgi/hooks/policy_enforcement.py:259}}
Jul 05 20:55:26.332509 dv-cinder-797608-49-iscsi neutron-server[103895]: INFO neutron.wsgi [req-398e5d57-b8f8-495c-ba99-6fe246a4f620 req-fff177ff-ec1b-40e4-9393-b885db801893 tempest-AttachVolumeShelveTestJSON-2043655930 tempest-AttachVolumeShelveTestJSON-2043655930-project] 10.222.0.20 "GET /v2.0/ports?device_id=52848078-62a1-484f-813c-7b3352cb3851 HTTP/1.1" status: 200 len: 946 time: 0.0722678
Jul 05 20:55:26.375153 dv-cinder-797608-49-iscsi neutron-server[103895]: DEBUG dbcounter [-] [103895] Writing DB stats neutron:SELECT=91,neutron:INSERT=7,neutron:DELETE=2 {{(pid=103895) stat_writer /usr/local/lib/python3.8/dist-packages/dbcounter.py:114}}
Jul 05 20:55:26.390159 dv-cinder-797608-49-iscsi neutron-server[103895]: INFO neutron.wsgi [req-398e5d57-b8f8-495c-ba99-6fe246a4f620 req-358e805a-b025-41d8-b21d-c5a54c3c7b7a tempest-AttachVolumeShelveTestJSON-2043655930 tempest-AttachVolumeShelveTestJSON-2043655930-project] 10.222.0.20 "GET /v2.0/security-groups?id=1ac6b490-dee0-4f54-84bd-4d3ce329ba26&fields=id&fields=name HTTP/1.1" status: 200 len: 312 time: 0.0565162
Jul 05 20:55:26.949009 dv-cinder-797608-49-iscsi neutron-server[103895]: DEBUG neutron.pecan_wsgi.hooks.policy_enforcement [req-89778279-d309-40e7-b1d2-a547b78b5340 req-8a07df7b-b8e3-4ef4-a3e4-ac09af345f04 tempest-AttachVolumeTestJSON-2080646407 tempest-AttachVolumeTestJSON-2080646407-project] Attributes excluded by policy engine: ['standard_attr_id', 'binding:profile', 'binding:host_id', 'binding:vif_type', 'binding:vif_details'] {{(pid=103895) _exclude_attributes_by_policy /opt/stack/neutron/neutron/pecan_wsgi/hooks/policy_enforcement.py:259}}
Jul 05 20:55:26.951183 dv-cinder-797608-49-iscsi neutron-server[103895]: INFO neutron.wsgi [req-89778279-d309-40e7-b1d2-a547b78b5340 req-8a07df7b-b8e3-4ef4-a3e4-ac09af345f04 tempest-AttachVolumeTestJSON-2080646407 tempest-AttachVolumeTestJSON-2080646407-project] 10.222.0.20 "GET /v2.0/ports?device_id=f236112c-4649-478b-a626-b84f8ff1bfe9 HTTP/1.1" status: 200 len: 945 time: 0.0824661
Jul 05 20:55:26.951736 dv-cinder-797608-49-iscsi neutron-server[103895]: DEBUG dbcounter [-] [103895] Writing DB stats neutron:INSERT=2,neutron:SELECT=96,neutron:DELETE=2 {{(pid=103895) stat_writer /usr/local/lib/python3.8/dist-packages/dbcounter.py:114}}
Jul 05 20:55:26.990578 dv-cinder-797608-49-iscsi neutron-server[103895]: DEBUG neutron.pecan_wsgi.hooks.policy_enforcement [req-6664053c-49ca-4067-b28a-d22e0ed27f93 req-db3c6b1f-a114-4ab9-adcf-bc2f7a9e2552 tempest-ServerRescueNegativeTestJSON-1951132500 tempest-ServerRescueNegativeTestJSON-1951132500-project] Attributes excluded by policy engine: ['standard_attr_id', 'binding:profile', 'binding:host_id', 'binding:vif_type', 'binding:vif_details'] {{(pid=103895) _exclude_attributes_by_policy /opt/stack/neutron/neutron/pecan_wsgi/hooks/policy_enforcement.py:259}}
Jul 05 20:55:26.992040 dv-cinder-797608-49-iscsi neutron-server[103895]: INFO neutron.wsgi [req-6664053c-49ca-4067-b28a-d22e0ed27f93 req-db3c6b1f-a114-4ab9-adcf-bc2f7a9e2552 tempest-ServerRescueNegativeTestJSON-1951132500 tempest-ServerRescueNegativeTestJSON-1951132500-project] 10.222.0.20 "GET /v2.0/ports?device_id=82ec9293-050f-48f2-b0fd-e563145c6cb3 HTTP/1.1" status: 200 len: 945 time: 0.0854871
Jul 05 20:55:27.051747 dv-cinder-797608-49-iscsi neutron-server[103895]: INFO neutron.wsgi [req-89778279-d309-40e7-b1d2-a547b78b5340 req-2e95792f-d969-4c19-b549-4573f8f0495e tempest-AttachVolumeTestJSON-2080646407 tempest-AttachVolumeTestJSON-2080646407-project] 10.222.0.20 "GET /v2.0/security-groups?id=16472324-9ed8-47fc-86af-d09aa1bc7f58&fields=id&fields=name HTTP/1.1" status: 200 len: 312 time: 0.0897105
Jul 05 20:55:27.069664 dv-cinder-797608-49-iscsi neutron-server[103895]: INFO neutron.wsgi [req-6664053c-49ca-4067-b28a-d22e0ed27f93 req-ae83f783-2994-46f9-97d2-6da555e7bf17 tempest-ServerRescueNegativeTestJSON-1951132500 tempest-ServerRescueNegativeTestJSON-1951132500-project] 10.222.0.20 "GET /v2.0/security-groups?id=007ddf59-8d02-4d63-be70-925e655d583f&fields=id&fields=name HTTP/1.1" status: 200 len: 286 time: 0.0693762
Jul 05 20:55:27.291292 dv-cinder-797608-49-iscsi neutron-server[103895]: DEBUG neutron.pecan_wsgi.hooks.policy_enforcement [req-bc7df722-098f-4ce7-93ce-2908605a43ae req-35690913-7d04-4b53-bb4b-1aa0b6673714 tempest-DeleteServersTestJSON-389510094 tempest-DeleteServersTestJSON-389510094-project] Attributes excluded by policy engine: ['standard_attr_id', 'binding:profile', 'binding:host_id', 'binding:vif_type', 'binding:vif_details'] {{(pid=103895) _exclude_attributes_by_policy /opt/stack/neutron/neutron/pecan_wsgi/hooks/policy_enforcement.py:259}}
Jul 05 20:55:27.292879 dv-cinder-797608-49-iscsi neutron-server[103895]: INFO neutron.wsgi [req-bc7df722-098f-4ce7-93ce-2908605a43ae req-35690913-7d04-4b53-bb4b-1aa0b6673714 tempest-DeleteServersTestJSON-389510094 tempest-DeleteServersTestJSON-389510094-project] 10.222.0.20 "GET /v2.0/ports?device_id=1159954e-7c69-48d8-b051-5a7b1108da69 HTTP/1.1" status: 200 len: 945 time: 0.0524259
Jul 05 20:55:27.357739 dv-cinder-797608-49-iscsi neutron-server[103895]: INFO neutron.wsgi [req-bc7df722-098f-4ce7-93ce-2908605a43ae req-6ca95923-aba2-4794-908c-227d5e5d7db7 tempest-DeleteServersTestJSON-389510094 tempest-DeleteServersTestJSON-389510094-project] 10.222.0.20 "GET /v2.0/security-groups?id=fd8c5143-e5dd-4569-8c3d-c0f11e770817&fields=id&fields=name HTTP/1.1" status: 200 len: 286 time: 0.0583067
Jul 05 20:55:27.546578 dv-cinder-797608-49-iscsi neutron-server[103895]: DEBUG neutron.pecan_wsgi.hooks.policy_enforcement [req-2464f89c-2bd1-412f-a0ea-6de9e2239585 req-a1c2d907-d390-4e4a-addf-93ffa20f8821 tempest-AttachVolumeShelveTestJSON-2043655930 tempest-AttachVolumeShelveTestJSON-2043655930-project] Attributes excluded by policy engine: ['standard_attr_id', 'binding:profile', 'binding:host_id', 'binding:vif_type', 'binding:vif_details'] {{(pid=103895) _exclude_attributes_by_policy /opt/stack/neutron/neutron/pecan_wsgi/hooks/policy_enforcement.py:259}}
Jul 05 20:55:27.554432 dv-cinder-797608-49-iscsi neutron-server[103895]: INFO neutron.wsgi [req-2464f89c-2bd1-412f-a0ea-6de9e2239585 req-a1c2d907-d390-4e4a-addf-93ffa20f8821 tempest-AttachVolumeShelveTestJSON-2043655930 tempest-AttachVolumeShelveTestJSON-2043655930-project] 10.222.0.20 "GET /v2.0/ports?device_id=52848078-62a1-484f-813c-7b3352cb3851 HTTP/1.1" status: 200 len: 946 time: 0.0702100
Jul 05 20:55:27.604648 dv-cinder-797608-49-iscsi neutron-server[103895]: INFO neutron.wsgi [req-2464f89c-2bd1-412f-a0ea-6de9e2239585 req-442bf492-e528-4983-a210-8e774af4c0ee tempest-AttachVolumeShelveTestJSON-2043655930 tempest-AttachVolumeShelveTestJSON-2043655930-project] 10.222.0.20 "GET /v2.0/security-groups?id=1ac6b490-dee0-4f54-84bd-4d3ce329ba26&fields=id&fields=name HTTP/1.1" status: 200 len: 312 time: 0.0492909
Jul 05 20:55:28.230174 dv-cinder-797608-49-iscsi neutron-server[103895]: DEBUG neutron.pecan_wsgi.hooks.policy_enforcement [req-b0b952ae-3eae-46ef-812c-0ed01a85058f req-00bb9714-a487-4a0c-8939-feda6bf93434 tempest-AttachVolumeTestJSON-2080646407 tempest-AttachVolumeTestJSON-2080646407-project] Attributes excluded by policy engine: ['standard_attr_id', 'binding:profile', 'binding:host_id', 'binding:vif_type', 'binding:vif_details'] {{(pid=103895) _exclude_attributes_by_policy /opt/stack/neutron/neutron/pecan_wsgi/hooks/policy_enforcement.py:259}}
Jul 05 20:55:28.232530 dv-cinder-797608-49-iscsi neutron-server[103895]: INFO neutron.wsgi [req-b0b952ae-3eae-46ef-812c-0ed01a85058f req-00bb9714-a487-4a0c-8939-feda6bf93434 tempest-AttachVolumeTestJSON-2080646407 tempest-AttachVolumeTestJSON-2080646407-project] 10.222.0.20 "GET /v2.0/ports?device_id=f236112c-4649-478b-a626-b84f8ff1bfe9 HTTP/1.1" status: 200 len: 945 time: 0.0822892
Jul 05 20:55:28.253488 dv-cinder-797608-49-iscsi neutron-server[103895]: DEBUG neutron.pecan_wsgi.hooks.policy_enforcement [req-dd5b4fbc-b507-4915-a812-4ef5704db8e9 req-f3a30769-fe3d-488b-b072-9637f6a840cf tempest-ServerRescueNegativeTestJSON-1951132500 tempest-ServerRescueNegativeTestJSON-1951132500-project] Attributes excluded by policy engine: ['standard_attr_id', 'binding:profile', 'binding:host_id', 'binding:vif_type', 'binding:vif_details'] {{(pid=103895) _exclude_attributes_by_policy /opt/stack/neutron/neutron/pecan_wsgi/hooks/policy_enforcement.py:259}}
Jul 05 20:55:28.255272 dv-cinder-797608-49-iscsi neutron-server[103895]: INFO neutron.wsgi [req-dd5b4fbc-b507-4915-a812-4ef5704db8e9 req-f3a30769-fe3d-488b-b072-9637f6a840cf tempest-ServerRescueNegativeTestJSON-1951132500 tempest-ServerRescueNegativeTestJSON-1951132500-project] 10.222.0.20 "GET /v2.0/ports?device_id=82ec9293-050f-48f2-b0fd-e563145c6cb3 HTTP/1.1" status: 200 len: 945 time: 0.0753410
Jul 05 20:55:28.364328 dv-cinder-797608-49-iscsi neutron-server[103895]: INFO neutron.wsgi [req-b0b952ae-3eae-46ef-812c-0ed01a85058f req-f344c753-7cf1-4891-8cab-c264eeb56312 tempest-AttachVolumeTestJSON-2080646407 tempest-AttachVolumeTestJSON-2080646407-project] 10.222.0.20 "GET /v2.0/security-groups?id=16472324-9ed8-47fc-86af-d09aa1bc7f58&fields=id&fields=name HTTP/1.1" status: 200 len: 312 time: 0.1048517
Jul 05 20:55:28.379799 dv-cinder-797608-49-iscsi neutron-server[103895]: INFO neutron.wsgi [req-dd5b4fbc-b507-4915-a812-4ef5704db8e9 req-3ea1bb97-1410-4067-8740-9e8150a7afbb tempest-ServerRescueNegativeTestJSON-1951132500 tempest-ServerRescueNegativeTestJSON-1951132500-project] 10.222.0.20 "GET /v2.0/security-groups?id=007ddf59-8d02-4d63-be70-925e655d583f&fields=id&fields=name HTTP/1.1" status: 200 len: 286 time: 0.1140928
Jul 05 20:55:28.550305 dv-cinder-797608-49-iscsi neutron-server[103895]: DEBUG neutron.pecan_wsgi.hooks.policy_enforcement [req-ac303bce-f99c-41d1-a8dc-ced43928536d req-f12260ee-fcfa-440c-a9c6-43b1a78c4760 tempest-AttachVolumeTestJSON-2080646407 tempest-AttachVolumeTestJSON-2080646407-project] Attributes excluded by policy engine: ['standard_attr_id', 'binding:profile', 'binding:host_id', 'binding:vif_type', 'binding:vif_details'] {{(pid=103895) _exclude_attributes_by_policy /opt/stack/neutron/neutron/pecan_wsgi/hooks/policy_enforcement.py:259}}
Jul 05 20:55:28.552816 dv-cinder-797608-49-iscsi neutron-server[103895]: INFO neutron.wsgi [req-ac303bce-f99c-41d1-a8dc-ced43928536d req-f12260ee-fcfa-440c-a9c6-43b1a78c4760 tempest-AttachVolumeTestJSON-2080646407 tempest-AttachVolumeTestJSON-2080646407-project] 10.222.0.20 "GET /v2.0/ports?device_id=f236112c-4649-478b-a626-b84f8ff1bfe9 HTTP/1.1" status: 200 len: 945 time: 0.0997555
Jul 05 20:55:28.569336 dv-cinder-797608-49-iscsi neutron-server[103895]: DEBUG neutron.pecan_wsgi.hooks.policy_enforcement [req-1ed53d11-195d-4d6e-ac01-4e699827585e req-7d09cc2c-05ae-4773-9abd-7561d410eb2f tempest-DeleteServersTestJSON-389510094 tempest-DeleteServersTestJSON-389510094-project] Attributes excluded by policy engine: ['standard_attr_id', 'binding:profile', 'binding:host_id', 'binding:vif_type', 'binding:vif_details'] {{(pid=103895) _exclude_attributes_by_policy /opt/stack/neutron/neutron/pecan_wsgi/hooks/policy_enforcement.py:259}}
Jul 05 20:55:28.569854 dv-cinder-797608-49-iscsi neutron-server[103896]: DEBUG neutron.wsgi [-] (103896) accepted ('10.222.0.20', 53684) {{(pid=103896) server /usr/local/lib/python3.8/dist-packages/eventlet/wsgi.py:1004}}
Jul 05 20:55:28.570999 dv-cinder-797608-49-iscsi neutron-server[103895]: INFO neutron.wsgi [req-1ed53d11-195d-4d6e-ac01-4e699827585e req-7d09cc2c-05ae-4773-9abd-7561d410eb2f tempest-DeleteServersTestJSON-389510094 tempest-DeleteServersTestJSON-389510094-project] 10.222.0.20 "GET /v2.0/ports?device_id=1159954e-7c69-48d8-b051-5a7b1108da69 HTTP/1.1" status: 200 len: 945 time: 0.0679610
Jul 05 20:55:28.575649 dv-cinder-797608-49-iscsi neutron-server[103896]: DEBUG neutron.api.v2.base [None req-f3543c2d-3846-46e6-be22-e4d27d0db108 tempest-AttachVolumeTestJSON-2080646407 tempest-AttachVolumeTestJSON-2080646407-project] Request body: {'floatingip': {'port_id': '63ac1cb2-ef2b-47e3-9bb9-22cffd540dec'}} {{(pid=103896) prepare_request_body /opt/stack/neutron/neutron/api/v2/base.py:730}}
Jul 05 20:55:28.662493 dv-cinder-797608-49-iscsi neutron-server[103895]: INFO neutron.wsgi [req-1ed53d11-195d-4d6e-ac01-4e699827585e req-f9d8a685-2038-4160-b90c-9cfffc942dd8 tempest-DeleteServersTestJSON-389510094 tempest-DeleteServersTestJSON-389510094-project] 10.222.0.20 "GET /v2.0/security-groups?id=fd8c5143-e5dd-4569-8c3d-c0f11e770817&fields=id&fields=name HTTP/1.1" status: 200 len: 286 time: 0.0779874
Jul 05 20:55:28.704011 dv-cinder-797608-49-iscsi neutron-server[103896]: DEBUG neutron_lib.callbacks.manager [None req-f3543c2d-3846-46e6-be22-e4d27d0db108 tempest-AttachVolumeTestJSON-2080646407 tempest-AttachVolumeTestJSON-2080646407-project] Publish callbacks [] for floatingip (e684886e-8081-4678-8404-8326a1ac9079), before_update {{(pid=103896) _notify_loop /usr/local/lib/python3.8/dist-packages/neutron_lib/callbacks/manager.py:176}}
Jul 05 20:55:28.806078 dv-cinder-797608-49-iscsi neutron-server[103895]: DEBUG neutron.pecan_wsgi.hooks.policy_enforcement [req-744df111-6255-4fb6-a039-0309e7f12b5c req-9892ab51-4f8d-4f33-add5-f7e2b1a7bfac tempest-AttachVolumeShelveTestJSON-2043655930 tempest-AttachVolumeShelveTestJSON-2043655930-project] Attributes excluded by policy engine: ['standard_attr_id', 'binding:profile', 'binding:host_id', 'binding:vif_type', 'binding:vif_details'] {{(pid=103895) _exclude_attributes_by_policy /opt/stack/neutron/neutron/pecan_wsgi/hooks/policy_enforcement.py:259}}
Jul 05 20:55:28.807576 dv-cinder-797608-49-iscsi neutron-server[103895]: INFO neutron.wsgi [req-744df111-6255-4fb6-a039-0309e7f12b5c req-9892ab51-4f8d-4f33-add5-f7e2b1a7bfac tempest-AttachVolumeShelveTestJSON-2043655930 tempest-AttachVolumeShelveTestJSON-2043655930-project] 10.222.0.20 "GET /v2.0/ports?device_id=52848078-62a1-484f-813c-7b3352cb3851 HTTP/1.1" status: 200 len: 946 time: 0.1015739
Jul 05 20:55:28.840327 dv-cinder-797608-49-iscsi neutron-server[103896]: DEBUG neutron.wsgi [-] (103896) accepted ('10.222.0.20', 53692) {{(pid=103896) server /usr/local/lib/python3.8/dist-packages/eventlet/wsgi.py:1004}}
Jul 05 20:55:28.844895 dv-cinder-797608-49-iscsi neutron-server[103895]: DEBUG neutron.pecan_wsgi.hooks.policy_enforcement [req-fca5d8da-63ff-4a74-8097-9c38ad5d0433 req-9c772a05-7d48-499c-83df-e9044ce0f760 service neutron] Attributes excluded by policy engine: ['standard_attr_id', 'shared'] {{(pid=103895) _exclude_attributes_by_policy /opt/stack/neutron/neutron/pecan_wsgi/hooks/policy_enforcement.py:259}}
Jul 05 20:55:28.846495 dv-cinder-797608-49-iscsi neutron-server[103895]: INFO neutron.wsgi [req-fca5d8da-63ff-4a74-8097-9c38ad5d0433 req-9c772a05-7d48-499c-83df-e9044ce0f760 service neutron] 10.222.0.15 "GET /v2.0/subnets?id=662554e8-28b7-4f21-9f1f-2ce28f9f07a2 HTTP/1.1" status: 200 len: 851 time: 0.0964885
Jul 05 20:55:28.877966 dv-cinder-797608-49-iscsi neutron-server[103895]: INFO neutron.wsgi [req-744df111-6255-4fb6-a039-0309e7f12b5c req-36d61728-54a6-48d8-b72b-c7bebb0587e8 tempest-AttachVolumeShelveTestJSON-2043655930 tempest-AttachVolumeShelveTestJSON-2043655930-project] 10.222.0.20 "GET /v2.0/security-groups?id=1ac6b490-dee0-4f54-84bd-4d3ce329ba26&fields=id&fields=name HTTP/1.1" status: 200 len: 312 time: 0.0574286
Jul 05 20:55:28.990232 dv-cinder-797608-49-iscsi neutron-server[103896]: DEBUG neutron_lib.callbacks.manager [None req-8b5d21a4-1dc8-4d82-aa2e-a8e16c8913ac admin admin] Publish callbacks [] for security_group (None), before_create {{(pid=103896) _notify_loop /usr/local/lib/python3.8/dist-packages/neutron_lib/callbacks/manager.py:176}}
Jul 05 20:55:29.002409 dv-cinder-797608-49-iscsi neutron-server[103896]: DEBUG dbcounter [-] [103896] Writing DB stats neutron:SELECT=87,neutron:INSERT=9,neutron:UPDATE=1,neutron:DELETE=3 {{(pid=103896) stat_writer /usr/local/lib/python3.8/dist-packages/dbcounter.py:114}}
Jul 05 20:55:29.009751 dv-cinder-797608-49-iscsi neutron-server[103895]: DEBUG neutron.pecan_wsgi.hooks.policy_enforcement [req-d4c91789-ec51-4fd6-95f0-0581ab13199d req-e88dca89-fcbc-47fa-b565-ca160afe42a1 tempest-AttachVolumeShelveTestJSON-2043655930 tempest-AttachVolumeShelveTestJSON-2043655930-project] Attributes excluded by policy engine: ['standard_attr_id', 'binding:profile', 'binding:host_id', 'binding:vif_type', 'binding:vif_details'] {{(pid=103895) _exclude_attributes_by_policy /opt/stack/neutron/neutron/pecan_wsgi/hooks/policy_enforcement.py:259}}
Jul 05 20:55:29.011289 dv-cinder-797608-49-iscsi neutron-server[103895]: INFO neutron.wsgi [req-d4c91789-ec51-4fd6-95f0-0581ab13199d req-e88dca89-fcbc-47fa-b565-ca160afe42a1 tempest-AttachVolumeShelveTestJSON-2043655930 tempest-AttachVolumeShelveTestJSON-2043655930-project] 10.222.0.20 "GET /v2.0/ports?device_id=52848078-62a1-484f-813c-7b3352cb3851 HTTP/1.1" status: 200 len: 946 time: 0.0500259
Jul 05 20:55:29.020072 dv-cinder-797608-49-iscsi neutron-server[103895]: DEBUG neutron.wsgi [-] (103895) accepted ('10.222.0.20', 53698) {{(pid=103895) server /usr/local/lib/python3.8/dist-packages/eventlet/wsgi.py:1004}}
Jul 05 20:55:29.024674 dv-cinder-797608-49-iscsi neutron-server[103895]: DEBUG neutron.api.v2.base [None req-53e34872-d10d-418b-b454-63e126788ef7 tempest-AttachVolumeShelveTestJSON-2043655930 tempest-AttachVolumeShelveTestJSON-2043655930-project] Request body: {'floatingip': {'port_id': '1f543410-d13c-44b8-9d38-5417d712191c'}} {{(pid=103895) prepare_request_body /opt/stack/neutron/neutron/api/v2/base.py:730}}
