Jul 05 20:41:34.233065 dv-cinder-797608-49-iscsi devstack@keystone.service[80151]: DEBUG keystone.server.flask.request_processing.middleware.auth_context [None req-bdb87004-cc99-4340-9d44-dcce38cc44bf None admin] RBAC: auth_context: {'token': , 'domain_id': None, 'trust_id': None, 'trustor_id': None, 'trustee_id': None, 'domain_name': None, 'group_ids': [], 'user_id': '52d40fe0347f4d97acf889a2462a0c46', 'user_domain_id': 'default', 'system_scope': 'all', 'project_id': None, 'project_domain_id': None, 'roles': ['admin', 'member', 'reader'], 'is_admin_project': True, 'service_user_id': None, 'service_user_domain_id': None, 'service_project_id': None, 'service_project_domain_id': None, 'service_roles': []} {{(pid=80151) fill_context /opt/stack/keystone/keystone/server/flask/request_processing/middleware/auth_context.py:478}}
Jul 05 20:41:34.233385 dv-cinder-797608-49-iscsi devstack@keystone.service[80151]: DEBUG keystone.server.flask.request_processing.req_logging [None req-bdb87004-cc99-4340-9d44-dcce38cc44bf None admin] REQUEST_METHOD: `GET` {{(pid=80151) log_request_info /opt/stack/keystone/keystone/server/flask/request_processing/req_logging.py:27}}
Jul 05 20:41:34.233784 dv-cinder-797608-49-iscsi devstack@keystone.service[80151]: DEBUG keystone.server.flask.request_processing.req_logging [None req-bdb87004-cc99-4340-9d44-dcce38cc44bf None admin] SCRIPT_NAME: `/identity` {{(pid=80151) log_request_info /opt/stack/keystone/keystone/server/flask/request_processing/req_logging.py:28}}
Jul 05 20:41:34.234142 dv-cinder-797608-49-iscsi devstack@keystone.service[80152]: DEBUG keystone.common.rbac_enforcer.enforcer [None req-906467ae-077e-4ab2-95fb-23badd1a2ba6 None admin] RBAC: Authorizing `identity:get_group(group_id=5dd933b06991445492c84396c65ce175)` {{(pid=80152) enforce_call /opt/stack/keystone/keystone/common/rbac_enforcer/enforcer.py:449}}
Jul 05 20:41:34.234280 dv-cinder-797608-49-iscsi devstack@keystone.service[80151]: DEBUG keystone.server.flask.request_processing.req_logging [None req-bdb87004-cc99-4340-9d44-dcce38cc44bf None admin] PATH_INFO: `/v3/projects/bc03931f4286458d988d48dd2cd6c224` {{(pid=80151) log_request_info /opt/stack/keystone/keystone/server/flask/request_processing/req_logging.py:29}}
Jul 05 20:41:34.236007 dv-cinder-797608-49-iscsi devstack@keystone.service[80152]: DEBUG keystone.common.rbac_enforcer.enforcer [None req-906467ae-077e-4ab2-95fb-23badd1a2ba6 None admin] RBAC: Authorization granted {{(pid=80152) enforce_call /opt/stack/keystone/keystone/common/rbac_enforcer/enforcer.py:457}}
Jul 05 20:41:34.236651 dv-cinder-797608-49-iscsi devstack@keystone.service[80151]: DEBUG keystone.common.rbac_enforcer.enforcer [None req-bdb87004-cc99-4340-9d44-dcce38cc44bf None admin] RBAC: Authorizing `identity:get_project(project_id=bc03931f4286458d988d48dd2cd6c224)` {{(pid=80151) enforce_call /opt/stack/keystone/keystone/common/rbac_enforcer/enforcer.py:449}}
Jul 05 20:41:34.238674 dv-cinder-797608-49-iscsi devstack@keystone.service[80152]: [pid: 80152|app: 0|req: 189/376] 10.222.0.20 () {56 vars in 1180 bytes} [Tue Jul 5 20:41:34 2022] GET /identity/v3/groups/5dd933b06991445492c84396c65ce175 => generated 226 bytes in 215 msecs (HTTP/1.1 200) 5 headers in 177 bytes (1 switches on core 0)
Jul 05 20:41:34.239138 dv-cinder-797608-49-iscsi devstack@keystone.service[80151]: DEBUG keystone.common.rbac_enforcer.enforcer [None req-bdb87004-cc99-4340-9d44-dcce38cc44bf None admin] RBAC: Authorization granted {{(pid=80151) enforce_call /opt/stack/keystone/keystone/common/rbac_enforcer/enforcer.py:457}}
Jul 05 20:41:34.241192 dv-cinder-797608-49-iscsi devstack@keystone.service[80151]: [pid: 80151|app: 0|req: 188/377] 10.222.0.20 () {56 vars in 1186 bytes} [Tue Jul 5 20:41:34 2022] GET /identity/v3/projects/bc03931f4286458d988d48dd2cd6c224 => generated 344 bytes in 177 msecs (HTTP/1.1 200) 5 headers in 177 bytes (1 switches on core 0)
Jul 05 20:41:34.244856 dv-cinder-797608-49-iscsi devstack@keystone.service[80152]: DEBUG keystone.server.flask.request_processing.middleware.auth_context [None req-906467ae-077e-4ab2-95fb-23badd1a2ba6 None admin] Authenticating user token {{(pid=80152) process_request /usr/local/lib/python3.8/dist-packages/keystonemiddleware/auth_token/__init__.py:407}}
Jul 05 20:41:34.246585 dv-cinder-797608-49-iscsi devstack@keystone.service[80151]: DEBUG keystone.server.flask.request_processing.middleware.auth_context [None req-bdb87004-cc99-4340-9d44-dcce38cc44bf None admin] Authenticating user token {{(pid=80151) process_request /usr/local/lib/python3.8/dist-packages/keystonemiddleware/auth_token/__init__.py:407}}
Jul 05 20:41:34.293366 dv-cinder-797608-49-iscsi devstack@keystone.service[80151]: DEBUG dbcounter [-] [80151] Writing DB stats keystone:SELECT=100 {{(pid=80151) stat_writer /usr/local/lib/python3.8/dist-packages/dbcounter.py:114}}
Jul 05 20:41:34.357301 dv-cinder-797608-49-iscsi devstack@keystone.service[80151]: DEBUG keystone.server.flask.request_processing.middleware.auth_context [None req-bdb87004-cc99-4340-9d44-dcce38cc44bf None admin] Validating token access rules against request {{(pid=80151) validate_allowed_request /usr/local/lib/python3.8/dist-packages/keystonemiddleware/auth_token/__init__.py:545}}
Jul 05 20:41:34.368392 dv-cinder-797608-49-iscsi devstack@keystone.service[80152]: DEBUG keystone.server.flask.request_processing.middleware.auth_context [None req-906467ae-077e-4ab2-95fb-23badd1a2ba6 None admin] Validating token access rules against request {{(pid=80152) validate_allowed_request /usr/local/lib/python3.8/dist-packages/keystonemiddleware/auth_token/__init__.py:545}}
Jul 05 20:41:34.399166 dv-cinder-797608-49-iscsi devstack@keystone.service[80151]: DEBUG keystone.server.flask.request_processing.middleware.auth_context [None req-140f4fb6-2cb0-491c-a0d9-5a39560ee83e None admin] RBAC: auth_context: {'token': , 'domain_id': None, 'trust_id': None, 'trustor_id': None, 'trustee_id': None, 'domain_name': None, 'group_ids': [], 'user_id': '52d40fe0347f4d97acf889a2462a0c46', 'user_domain_id': 'default', 'system_scope': 'all', 'project_id': None, 'project_domain_id': None, 'roles': ['admin', 'member', 'reader'], 'is_admin_project': True, 'service_user_id': None, 'service_user_domain_id': None, 'service_project_id': None, 'service_project_domain_id': None, 'service_roles': []} {{(pid=80151) fill_context /opt/stack/keystone/keystone/server/flask/request_processing/middleware/auth_context.py:478}}
Jul 05 20:41:34.400146 dv-cinder-797608-49-iscsi devstack@keystone.service[80151]: DEBUG keystone.server.flask.request_processing.req_logging [None req-140f4fb6-2cb0-491c-a0d9-5a39560ee83e None admin] REQUEST_METHOD: `GET` {{(pid=80151) log_request_info /opt/stack/keystone/keystone/server/flask/request_processing/req_logging.py:27}}
Jul 05 20:41:34.400501 dv-cinder-797608-49-iscsi devstack@keystone.service[80151]: DEBUG keystone.server.flask.request_processing.req_logging [None req-140f4fb6-2cb0-491c-a0d9-5a39560ee83e None admin] SCRIPT_NAME: `/identity` {{(pid=80151) log_request_info /opt/stack/keystone/keystone/server/flask/request_processing/req_logging.py:28}}
Jul 05 20:41:34.401082 dv-cinder-797608-49-iscsi devstack@keystone.service[80151]: DEBUG keystone.server.flask.request_processing.req_logging [None req-140f4fb6-2cb0-491c-a0d9-5a39560ee83e None admin] PATH_INFO: `/v3/groups/97b1e1d58af245a2b65535c423872a5b` {{(pid=80151) log_request_info /opt/stack/keystone/keystone/server/flask/request_processing/req_logging.py:29}}
Jul 05 20:41:34.409396 dv-cinder-797608-49-iscsi devstack@keystone.service[80151]: DEBUG keystone.common.rbac_enforcer.enforcer [None req-140f4fb6-2cb0-491c-a0d9-5a39560ee83e None admin] RBAC: Authorizing `identity:get_group(group_id=97b1e1d58af245a2b65535c423872a5b)` {{(pid=80151) enforce_call /opt/stack/keystone/keystone/common/rbac_enforcer/enforcer.py:449}}
Jul 05 20:41:34.411066 dv-cinder-797608-49-iscsi devstack@keystone.service[80151]: DEBUG keystone.common.rbac_enforcer.enforcer [None req-140f4fb6-2cb0-491c-a0d9-5a39560ee83e None admin] RBAC: Authorization granted {{(pid=80151) enforce_call /opt/stack/keystone/keystone/common/rbac_enforcer/enforcer.py:457}}
Jul 05 20:41:34.413999 dv-cinder-797608-49-iscsi devstack@keystone.service[80152]: DEBUG keystone.server.flask.request_processing.middleware.auth_context [None req-e0475595-6937-461f-ad73-9f5fe4ea8164 None admin] RBAC: auth_context: {'token': , 'domain_id': None, 'trust_id': None, 'trustor_id': None, 'trustee_id': None, 'domain_name': None, 'group_ids': [], 'user_id': '52d40fe0347f4d97acf889a2462a0c46', 'user_domain_id': 'default', 'system_scope': 'all', 'project_id': None, 'project_domain_id': None, 'roles': ['admin', 'member', 'reader'], 'is_admin_project': True, 'service_user_id': None, 'service_user_domain_id': None, 'service_project_id': None, 'service_project_domain_id': None, 'service_roles': []} {{(pid=80152) fill_context /opt/stack/keystone/keystone/server/flask/request_processing/middleware/auth_context.py:478}}
Jul 05 20:41:34.414998 dv-cinder-797608-49-iscsi devstack@keystone.service[80152]: DEBUG keystone.server.flask.request_processing.req_logging [None req-e0475595-6937-461f-ad73-9f5fe4ea8164 None admin] REQUEST_METHOD: `GET` {{(pid=80152) log_request_info /opt/stack/keystone/keystone/server/flask/request_processing/req_logging.py:27}}
Jul 05 20:41:34.415489 dv-cinder-797608-49-iscsi devstack@keystone.service[80152]: DEBUG keystone.server.flask.request_processing.req_logging [None req-e0475595-6937-461f-ad73-9f5fe4ea8164 None admin] SCRIPT_NAME: `/identity` {{(pid=80152) log_request_info /opt/stack/keystone/keystone/server/flask/request_processing/req_logging.py:28}}
Jul 05 20:41:34.415984 dv-cinder-797608-49-iscsi devstack@keystone.service[80152]: DEBUG keystone.server.flask.request_processing.req_logging [None req-e0475595-6937-461f-ad73-9f5fe4ea8164 None admin] PATH_INFO: `/v3/role_assignments` {{(pid=80152) log_request_info /opt/stack/keystone/keystone/server/flask/request_processing/req_logging.py:29}}
Jul 05 20:41:34.417043 dv-cinder-797608-49-iscsi devstack@keystone.service[80152]: DEBUG keystone.common.rbac_enforcer.enforcer [None req-e0475595-6937-461f-ad73-9f5fe4ea8164 None admin] RBAC: Adding query filter params (group.id=5dd933b06991445492c84396c65ce175, role.id=ce695803124649b4ad62ca6ec15c935e, scope.project.id=a6e4f17634924aae91ae8465492529bc) {{(pid=80152) _extract_filter_values /opt/stack/keystone/keystone/common/rbac_enforcer/enforcer.py:167}}
Jul 05 20:41:34.417558 dv-cinder-797608-49-iscsi devstack@keystone.service[80152]: DEBUG keystone.common.rbac_enforcer.enforcer [None req-e0475595-6937-461f-ad73-9f5fe4ea8164 None admin] RBAC: Authorizing `identity:list_role_assignments()` {{(pid=80152) enforce_call /opt/stack/keystone/keystone/common/rbac_enforcer/enforcer.py:449}}
Jul 05 20:41:34.418432 dv-cinder-797608-49-iscsi devstack@keystone.service[80151]: [pid: 80151|app: 0|req: 189/378] 10.222.0.20 () {56 vars in 1180 bytes} [Tue Jul 5 20:41:34 2022] GET /identity/v3/groups/97b1e1d58af245a2b65535c423872a5b => generated 229 bytes in 172 msecs (HTTP/1.1 200) 5 headers in 177 bytes (1 switches on core 0)
Jul 05 20:41:34.419292 dv-cinder-797608-49-iscsi devstack@keystone.service[80151]: DEBUG keystone.server.flask.request_processing.middleware.auth_context [None req-140f4fb6-2cb0-491c-a0d9-5a39560ee83e None admin] Authenticating user token {{(pid=80151) process_request /usr/local/lib/python3.8/dist-packages/keystonemiddleware/auth_token/__init__.py:407}}
Jul 05 20:41:34.419799 dv-cinder-797608-49-iscsi devstack@keystone.service[80152]: DEBUG keystone.common.rbac_enforcer.enforcer [None req-e0475595-6937-461f-ad73-9f5fe4ea8164 None admin] RBAC: Authorization granted {{(pid=80152) enforce_call /opt/stack/keystone/keystone/common/rbac_enforcer/enforcer.py:457}}
Jul 05 20:41:34.427137 dv-cinder-797608-49-iscsi devstack@keystone.service[80152]: [pid: 80152|app: 0|req: 190/379] 10.222.0.20 () {56 vars in 1376 bytes} [Tue Jul 5 20:41:34 2022] GET /identity/v3/role_assignments?group.id=5dd933b06991445492c84396c65ce175&scope.project.id=a6e4f17634924aae91ae8465492529bc&role.id=ce695803124649b4ad62ca6ec15c935e => generated 260 bytes in 182 msecs (HTTP/1.1 200) 5 headers in 177 bytes (1 switches on core 0)
Jul 05 20:41:34.479266 dv-cinder-797608-49-iscsi devstack@keystone.service[80152]: DEBUG keystone.server.flask.request_processing.req_logging [None req-ad26f89d-abd0-44f1-bf04-1d59a66a4846 None None] REQUEST_METHOD: `GET` {{(pid=80152) log_request_info /opt/stack/keystone/keystone/server/flask/request_processing/req_logging.py:27}}
Jul 05 20:41:34.479957 dv-cinder-797608-49-iscsi devstack@keystone.service[80152]: DEBUG keystone.server.flask.request_processing.req_logging [None req-ad26f89d-abd0-44f1-bf04-1d59a66a4846 None None] SCRIPT_NAME: `/identity` {{(pid=80152) log_request_info /opt/stack/keystone/keystone/server/flask/request_processing/req_logging.py:28}}
Jul 05 20:41:34.480433 dv-cinder-797608-49-iscsi devstack@keystone.service[80152]: DEBUG keystone.server.flask.request_processing.req_logging [None req-ad26f89d-abd0-44f1-bf04-1d59a66a4846 None None] PATH_INFO: `/` {{(pid=80152) log_request_info /opt/stack/keystone/keystone/server/flask/request_processing/req_logging.py:29}}
Jul 05 20:41:34.483441 dv-cinder-797608-49-iscsi devstack@keystone.service[80152]: [pid: 80152|app: 0|req: 191/380] 10.222.0.20 () {54 vars in 926 bytes} [Tue Jul 5 20:41:34 2022] GET /identity => generated 270 bytes in 4 msecs (HTTP/1.1 300) 6 headers in 234 bytes (1 switches on core 0)
Jul 05 20:41:34.489941 dv-cinder-797608-49-iscsi devstack@keystone.service[80152]: DEBUG keystone.server.flask.request_processing.req_logging [None req-b157c2dd-8f7e-46e0-8d70-7bb6bf4c64af None None] REQUEST_METHOD: `POST` {{(pid=80152) log_request_info /opt/stack/keystone/keystone/server/flask/request_processing/req_logging.py:27}}
Jul 05 20:41:34.490669 dv-cinder-797608-49-iscsi devstack@keystone.service[80152]: DEBUG keystone.server.flask.request_processing.req_logging [None req-b157c2dd-8f7e-46e0-8d70-7bb6bf4c64af None None] SCRIPT_NAME: `/identity` {{(pid=80152) log_request_info /opt/stack/keystone/keystone/server/flask/request_processing/req_logging.py:28}}
Jul 05 20:41:34.491193 dv-cinder-797608-49-iscsi devstack@keystone.service[80152]: DEBUG keystone.server.flask.request_processing.req_logging [None req-b157c2dd-8f7e-46e0-8d70-7bb6bf4c64af None None] PATH_INFO: `/v3/auth/tokens` {{(pid=80152) log_request_info /opt/stack/keystone/keystone/server/flask/request_processing/req_logging.py:29}}
Jul 05 20:41:34.510247 dv-cinder-797608-49-iscsi devstack@keystone.service[80152]: DEBUG keystone.auth.core [None req-b157c2dd-8f7e-46e0-8d70-7bb6bf4c64af None None] MFA Rules not processed for user `52d40fe0347f4d97acf889a2462a0c46`. Rule list: `[]` (Enabled: `True`). {{(pid=80152) check_auth_methods_against_rules /opt/stack/keystone/keystone/auth/core.py:438}}
Jul 05 20:41:34.512030 dv-cinder-797608-49-iscsi devstack@keystone.service[80152]: DEBUG keystone.common.fernet_utils [None req-b157c2dd-8f7e-46e0-8d70-7bb6bf4c64af None None] Loaded 2 Fernet keys from /etc/keystone/fernet-keys/, but `[fernet_tokens] max_active_keys = 3`; perhaps there have not been enough key rotations to reach `max_active_keys` yet? {{(pid=80152) load_keys /opt/stack/keystone/keystone/common/fernet_utils.py:286}}
Jul 05 20:41:34.532161 dv-cinder-797608-49-iscsi devstack@keystone.service[80151]: DEBUG keystone.server.flask.request_processing.middleware.auth_context [None req-140f4fb6-2cb0-491c-a0d9-5a39560ee83e None admin] Validating token access rules against request {{(pid=80151) validate_allowed_request /usr/local/lib/python3.8/dist-packages/keystonemiddleware/auth_token/__init__.py:545}}
Jul 05 20:41:34.534860 dv-cinder-797608-49-iscsi devstack@keystone.service[80151]: DEBUG dbcounter [-] [80151] Writing DB stats keystone:SELECT=100 {{(pid=80151) stat_writer /usr/local/lib/python3.8/dist-packages/dbcounter.py:114}}
Jul 05 20:41:34.575269 dv-cinder-797608-49-iscsi devstack@keystone.service[80151]: DEBUG keystone.server.flask.request_processing.middleware.auth_context [None req-96a5de04-4b1f-4aa0-9093-94683dc98d15 None admin] RBAC: auth_context: {'token': , 'domain_id': None, 'trust_id': None, 'trustor_id': None, 'trustee_id': None, 'domain_name': None, 'group_ids': [], 'user_id': '52d40fe0347f4d97acf889a2462a0c46', 'user_domain_id': 'default', 'system_scope': 'all', 'project_id': None, 'project_domain_id': None, 'roles': ['admin', 'member', 'reader'], 'is_admin_project': True, 'service_user_id': None, 'service_user_domain_id': None, 'service_project_id': None, 'service_project_domain_id': None, 'service_roles': []} {{(pid=80151) fill_context /opt/stack/keystone/keystone/server/flask/request_processing/middleware/auth_context.py:478}}
Jul 05 20:41:34.575959 dv-cinder-797608-49-iscsi devstack@keystone.service[80151]: DEBUG keystone.server.flask.request_processing.req_logging [None req-96a5de04-4b1f-4aa0-9093-94683dc98d15 None admin] REQUEST_METHOD: `GET` {{(pid=80151) log_request_info /opt/stack/keystone/keystone/server/flask/request_processing/req_logging.py:27}}
Jul 05 20:41:34.576249 dv-cinder-797608-49-iscsi devstack@keystone.service[80151]: DEBUG keystone.server.flask.request_processing.req_logging [None req-96a5de04-4b1f-4aa0-9093-94683dc98d15 None admin] SCRIPT_NAME: `/identity` {{(pid=80151) log_request_info /opt/stack/keystone/keystone/server/flask/request_processing/req_logging.py:28}}
Jul 05 20:41:34.576531 dv-cinder-797608-49-iscsi devstack@keystone.service[80151]: DEBUG keystone.server.flask.request_processing.req_logging [None req-96a5de04-4b1f-4aa0-9093-94683dc98d15 None admin] PATH_INFO: `/v3/role_assignments` {{(pid=80151) log_request_info /opt/stack/keystone/keystone/server/flask/request_processing/req_logging.py:29}}
Jul 05 20:41:34.577514 dv-cinder-797608-49-iscsi devstack@keystone.service[80151]: DEBUG keystone.common.rbac_enforcer.enforcer [None req-96a5de04-4b1f-4aa0-9093-94683dc98d15 None admin] RBAC: Adding query filter params (group.id=97b1e1d58af245a2b65535c423872a5b, role.id=a570a4bfca4f44058b14bbbabd43dd0d, scope.project.id=bc03931f4286458d988d48dd2cd6c224) {{(pid=80151) _extract_filter_values /opt/stack/keystone/keystone/common/rbac_enforcer/enforcer.py:167}}
Jul 05 20:41:34.577790 dv-cinder-797608-49-iscsi devstack@keystone.service[80151]: DEBUG keystone.common.rbac_enforcer.enforcer [None req-96a5de04-4b1f-4aa0-9093-94683dc98d15 None admin] RBAC: Authorizing `identity:list_role_assignments()` {{(pid=80151) enforce_call /opt/stack/keystone/keystone/common/rbac_enforcer/enforcer.py:449}}
Jul 05 20:41:34.579334 dv-cinder-797608-49-iscsi devstack@keystone.service[80151]: DEBUG keystone.common.rbac_enforcer.enforcer [None req-96a5de04-4b1f-4aa0-9093-94683dc98d15 None admin] RBAC: Authorization granted {{(pid=80151) enforce_call /opt/stack/keystone/keystone/common/rbac_enforcer/enforcer.py:457}}
Jul 05 20:41:34.583443 dv-cinder-797608-49-iscsi devstack@keystone.service[80152]: DEBUG dbcounter [-] [80152] Writing DB stats keystone:SELECT=100 {{(pid=80152) stat_writer /usr/local/lib/python3.8/dist-packages/dbcounter.py:114}}
Jul 05 20:41:34.586036 dv-cinder-797608-49-iscsi devstack@keystone.service[80151]: [pid: 80151|app: 0|req: 190/381] 10.222.0.20 () {56 vars in 1376 bytes} [Tue Jul 5 20:41:34 2022] GET /identity/v3/role_assignments?group.id=97b1e1d58af245a2b65535c423872a5b&scope.project.id=bc03931f4286458d988d48dd2cd6c224&role.id=a570a4bfca4f44058b14bbbabd43dd0d => generated 260 bytes in 167 msecs (HTTP/1.1 200) 5 headers in 177 bytes (1 switches on core 0)
Jul 05 20:41:34.617124 dv-cinder-797608-49-iscsi devstack@keystone.service[80152]: [pid: 80152|app: 0|req: 192/382] 10.222.0.20 () {58 vars in 1023 bytes} [Tue Jul 5 20:41:34 2022] POST /identity/v3/auth/tokens => generated 799 bytes in 124 msecs (HTTP/1.1 201) 6 headers in 363 bytes (1 switches on core 0)
Jul 05 20:41:34.639717 dv-cinder-797608-49-iscsi devstack@keystone.service[80151]: DEBUG keystone.server.flask.request_processing.middleware.auth_context [None req-96a5de04-4b1f-4aa0-9093-94683dc98d15 None admin] Authenticating user token {{(pid=80151) process_request /usr/local/lib/python3.8/dist-packages/keystonemiddleware/auth_token/__init__.py:407}}
Jul 05 20:41:34.770542 dv-cinder-797608-49-iscsi devstack@keystone.service[80151]: DEBUG keystone.server.flask.request_processing.middleware.auth_context [None req-96a5de04-4b1f-4aa0-9093-94683dc98d15 None admin] Validating token access rules against request {{(pid=80151) validate_allowed_request /usr/local/lib/python3.8/dist-packages/keystonemiddleware/auth_token/__init__.py:545}}
Jul 05 20:41:34.806859 dv-cinder-797608-49-iscsi devstack@keystone.service[80151]: DEBUG keystone.server.flask.request_processing.middleware.auth_context [None req-821878ae-16a0-4a0a-a82f-a2045c26f539 None admin] RBAC: auth_context: {'token': , 'domain_id': None, 'trust_id': None, 'trustor_id': None, 'trustee_id': None, 'domain_name': None, 'group_ids': [], 'user_id': '52d40fe0347f4d97acf889a2462a0c46', 'user_domain_id': 'default', 'system_scope': 'all', 'project_id': None, 'project_domain_id': None, 'roles': ['admin', 'member', 'reader'], 'is_admin_project': True, 'service_user_id': None, 'service_user_domain_id': None, 'service_project_id': None, 'service_project_domain_id': None, 'service_roles': []} {{(pid=80151) fill_context /opt/stack/keystone/keystone/server/flask/request_processing/middleware/auth_context.py:478}}
Jul 05 20:41:34.807664 dv-cinder-797608-49-iscsi devstack@keystone.service[80151]: DEBUG keystone.server.flask.request_processing.req_logging [None req-821878ae-16a0-4a0a-a82f-a2045c26f539 None admin] REQUEST_METHOD: `GET` {{(pid=80151) log_request_info /opt/stack/keystone/keystone/server/flask/request_processing/req_logging.py:27}}
Jul 05 20:41:34.807950 dv-cinder-797608-49-iscsi devstack@keystone.service[80151]: DEBUG keystone.server.flask.request_processing.req_logging [None req-821878ae-16a0-4a0a-a82f-a2045c26f539 None admin] SCRIPT_NAME: `/identity` {{(pid=80151) log_request_info /opt/stack/keystone/keystone/server/flask/request_processing/req_logging.py:28}}
Jul 05 20:41:34.808228 dv-cinder-797608-49-iscsi devstack@keystone.service[80151]: DEBUG keystone.server.flask.request_processing.req_logging [None req-821878ae-16a0-4a0a-a82f-a2045c26f539 None admin] PATH_INFO: `/v3/roles/member` {{(pid=80151) log_request_info /opt/stack/keystone/keystone/server/flask/request_processing/req_logging.py:29}}
Jul 05 20:41:34.819681 dv-cinder-797608-49-iscsi devstack@keystone.service[80151]: DEBUG keystone.common.rbac_enforcer.enforcer [None req-821878ae-16a0-4a0a-a82f-a2045c26f539 None admin] Extracting inferred target data resulted in "NOT FOUND (404)". {{(pid=80151) enforce_call /opt/stack/keystone/keystone/common/rbac_enforcer/enforcer.py:409}}
Jul 05 20:41:34.827446 dv-cinder-797608-49-iscsi devstack@keystone.service[80151]: ERROR keystone.server.flask.application [None req-821878ae-16a0-4a0a-a82f-a2045c26f539 None admin] Could not find role: member.: keystone.exception.RoleNotFound: Could not find role: member.
Jul 05 20:41:34.827446 dv-cinder-797608-49-iscsi devstack@keystone.service[80151]: ERROR keystone.server.flask.application
Traceback (most recent call last):
Jul 05 20:41:34.827446 dv-cinder-797608-49-iscsi devstack@keystone.service[80151]: ERROR keystone.server.flask.application
File "/usr/local/lib/python3.8/dist-packages/flask/app.py", line 1523, in full_dispatch_request
Jul 05 20:41:34.827446 dv-cinder-797608-49-iscsi devstack@keystone.service[80151]: ERROR keystone.server.flask.application rv = self.dispatch_request()
Jul 05 20:41:34.827446 dv-cinder-797608-49-iscsi devstack@keystone.service[80151]: ERROR keystone.server.flask.application
File "/usr/local/lib/python3.8/dist-packages/flask/app.py", line 1509, in dispatch_request
Jul 05 20:41:34.827446 dv-cinder-797608-49-iscsi devstack@keystone.service[80151]: ERROR keystone.server.flask.application return self.ensure_sync(self.view_functions[rule.endpoint])(**req.view_args)
Jul 05 20:41:34.827446 dv-cinder-797608-49-iscsi devstack@keystone.service[80151]: ERROR keystone.server.flask.application
File "/usr/local/lib/python3.8/dist-packages/flask_restful/__init__.py", line 467, in wrapper
Jul 05 20:41:34.827446 dv-cinder-797608-49-iscsi devstack@keystone.service[80151]: ERROR keystone.server.flask.application resp = resource(*args, **kwargs)
Jul 05 20:41:34.827446 dv-cinder-797608-49-iscsi devstack@keystone.service[80151]: ERROR keystone.server.flask.application
File "/usr/local/lib/python3.8/dist-packages/flask/views.py", line 84, in view
Jul 05 20:41:34.827446 dv-cinder-797608-49-iscsi devstack@keystone.service[80151]: ERROR keystone.server.flask.application return current_app.ensure_sync(self.dispatch_request)(*args, **kwargs)
Jul 05 20:41:34.827446 dv-cinder-797608-49-iscsi devstack@keystone.service[80151]: ERROR keystone.server.flask.application
File "/usr/local/lib/python3.8/dist-packages/flask_restful/__init__.py", line 582, in dispatch_request
Jul 05 20:41:34.827446 dv-cinder-797608-49-iscsi devstack@keystone.service[80151]: ERROR keystone.server.flask.application resp = meth(*args, **kwargs)
Jul 05 20:41:34.827446 dv-cinder-797608-49-iscsi devstack@keystone.service[80151]: ERROR keystone.server.flask.application
File "/opt/stack/keystone/keystone/api/roles.py", line 50, in get
Jul 05 20:41:34.827446 dv-cinder-797608-49-iscsi devstack@keystone.service[80151]: ERROR keystone.server.flask.application return self._get_role(role_id)
Jul 05 20:41:34.827446 dv-cinder-797608-49-iscsi devstack@keystone.service[80151]: ERROR keystone.server.flask.application
File "/opt/stack/keystone/keystone/api/roles.py", line 70, in _get_role
Jul 05 20:41:34.827446 dv-cinder-797608-49-iscsi devstack@keystone.service[80151]: ERROR keystone.server.flask.application ENFORCER.enforce_call(action='identity:get_role')
Jul 05 20:41:34.828310 dv-cinder-797608-49-iscsi devstack@keystone.service[80151]: ERROR keystone.server.flask.application
File "/opt/stack/keystone/keystone/common/rbac_enforcer/enforcer.py", line 402, in enforce_call
Jul 05 20:41:34.828310 dv-cinder-797608-49-iscsi devstack@keystone.service[80151]: ERROR keystone.server.flask.application policy_dict.update(cls._extract_member_target_data(
Jul 05 20:41:34.828310 dv-cinder-797608-49-iscsi devstack@keystone.service[80151]: ERROR keystone.server.flask.application
File "/opt/stack/keystone/keystone/common/rbac_enforcer/enforcer.py", line 234, in _extract_member_target_data
Jul 05 20:41:34.828310 dv-cinder-797608-49-iscsi devstack@keystone.service[80151]: ERROR keystone.server.flask.application member_name: func(flask.request.view_args[key])
Jul 05 20:41:34.828310 dv-cinder-797608-49-iscsi devstack@keystone.service[80151]: ERROR keystone.server.flask.application
File "/opt/stack/keystone/keystone/common/manager.py", line 115, in wrapped
Jul 05 20:41:34.828310 dv-cinder-797608-49-iscsi devstack@keystone.service[80151]: ERROR keystone.server.flask.application __ret_val = __f(*args, **kwargs)
Jul 05 20:41:34.828310 dv-cinder-797608-49-iscsi devstack@keystone.service[80151]: ERROR keystone.server.flask.application
File "/usr/local/lib/python3.8/dist-packages/decorator.py", line 232, in fun
Jul 05 20:41:34.828310 dv-cinder-797608-49-iscsi devstack@keystone.service[80151]: ERROR keystone.server.flask.application return caller(func, *(extras + args), **kw)
Jul 05 20:41:34.828310 dv-cinder-797608-49-iscsi devstack@keystone.service[80151]: ERROR keystone.server.flask.application
File "/usr/local/lib/python3.8/dist-packages/dogpile/cache/region.py", line 1577, in get_or_create_for_user_func
Jul 05 20:41:34.828310 dv-cinder-797608-49-iscsi devstack@keystone.service[80151]: ERROR keystone.server.flask.application return self.get_or_create(
Jul 05 20:41:34.828310 dv-cinder-797608-49-iscsi devstack@keystone.service[80151]: ERROR keystone.server.flask.application
File "/usr/local/lib/python3.8/dist-packages/dogpile/cache/region.py", line 1042, in get_or_create
Jul 05 20:41:34.828310 dv-cinder-797608-49-iscsi devstack@keystone.service[80151]: ERROR keystone.server.flask.application with Lock(
Jul 05 20:41:34.828310 dv-cinder-797608-49-iscsi devstack@keystone.service[80151]: ERROR keystone.server.flask.application
File "/usr/local/lib/python3.8/dist-packages/dogpile/lock.py", line 185, in __enter__
Jul 05 20:41:34.828310 dv-cinder-797608-49-iscsi devstack@keystone.service[80151]: ERROR keystone.server.flask.application return self._enter()
Jul 05 20:41:34.828310 dv-cinder-797608-49-iscsi devstack@keystone.service[80151]: ERROR keystone.server.flask.application
File "/usr/local/lib/python3.8/dist-packages/dogpile/lock.py", line 94, in _enter
Jul 05 20:41:34.828310 dv-cinder-797608-49-iscsi devstack@keystone.service[80151]: ERROR keystone.server.flask.application generated = self._enter_create(value, createdtime)
Jul 05 20:41:34.829144 dv-cinder-797608-49-iscsi devstack@keystone.service[80151]: ERROR keystone.server.flask.application
File "/usr/local/lib/python3.8/dist-packages/dogpile/lock.py", line 178, in _enter_create
Jul 05 20:41:34.829144 dv-cinder-797608-49-iscsi devstack@keystone.service[80151]: ERROR keystone.server.flask.application return self.creator()
Jul 05 20:41:34.829144 dv-cinder-797608-49-iscsi devstack@keystone.service[80151]: ERROR keystone.server.flask.application
File "/usr/local/lib/python3.8/dist-packages/dogpile/cache/region.py", line 995, in gen_value
Jul 05 20:41:34.829144 dv-cinder-797608-49-iscsi devstack@keystone.service[80151]: ERROR keystone.server.flask.application created_value = creator(
Jul 05 20:41:34.829144 dv-cinder-797608-49-iscsi devstack@keystone.service[80151]: ERROR keystone.server.flask.application
File "/opt/stack/keystone/keystone/assignment/core.py", line 1276, in get_role
Jul 05 20:41:34.829144 dv-cinder-797608-49-iscsi devstack@keystone.service[80151]: ERROR keystone.server.flask.application return self.driver.get_role(role_id)
Jul 05 20:41:34.829144 dv-cinder-797608-49-iscsi devstack@keystone.service[80151]: ERROR keystone.server.flask.application
File "/opt/stack/keystone/keystone/assignment/role_backends/sql.py", line 70, in get_role
Jul 05 20:41:34.829144 dv-cinder-797608-49-iscsi devstack@keystone.service[80151]: ERROR keystone.server.flask.application return self._get_role(session, role_id).to_dict()
Jul 05 20:41:34.829144 dv-cinder-797608-49-iscsi devstack@keystone.service[80151]: ERROR keystone.server.flask.application
File "/opt/stack/keystone/keystone/assignment/role_backends/sql.py", line 65, in _get_role
Jul 05 20:41:34.829144 dv-cinder-797608-49-iscsi devstack@keystone.service[80151]: ERROR keystone.server.flask.application raise exception.RoleNotFound(role_id=role_id)
Jul 05 20:41:34.829144 dv-cinder-797608-49-iscsi devstack@keystone.service[80151]: ERROR keystone.server.flask.application keystone.exception.RoleNotFound: Could not find role: member.
Jul 05 20:41:34.829144 dv-cinder-797608-49-iscsi devstack@keystone.service[80151]: ERROR keystone.server.flask.application
Jul 05 20:41:34.829144 dv-cinder-797608-49-iscsi devstack@keystone.service[80151]: [pid: 80151|app: 0|req: 191/383] 10.222.0.20 () {56 vars in 1099 bytes} [Tue Jul 5 20:41:34 2022] GET /identity/v3/roles/member => generated 84 bytes in 190 msecs (HTTP/1.1 404) 5 headers in 183 bytes (1 switches on core 0)
Jul 05 20:41:34.835240 dv-cinder-797608-49-iscsi devstack@keystone.service[80152]: DEBUG keystone.server.flask.request_processing.middleware.auth_context [None req-b157c2dd-8f7e-46e0-8d70-7bb6bf4c64af None None] Authenticating user token {{(pid=80152) process_request /usr/local/lib/python3.8/dist-packages/keystonemiddleware/auth_token/__init__.py:407}}
Jul 05 20:41:34.984891 dv-cinder-797608-49-iscsi devstack@keystone.service[80152]: DEBUG keystone.server.flask.request_processing.middleware.auth_context [None req-b157c2dd-8f7e-46e0-8d70-7bb6bf4c64af None None] Validating token access rules against request {{(pid=80152) validate_allowed_request /usr/local/lib/python3.8/dist-packages/keystonemiddleware/auth_token/__init__.py:545}}
Jul 05 20:41:35.028696 dv-cinder-797608-49-iscsi devstack@keystone.service[80152]: DEBUG keystone.server.flask.request_processing.middleware.auth_context [None req-77c63857-759e-476f-9c4d-bdfd2a3b622e None admin] RBAC: auth_context: {'token': , 'domain_id': None, 'trust_id': None, 'trustor_id': None, 'trustee_id': None, 'domain_name': None, 'group_ids': [], 'user_id': '52d40fe0347f4d97acf889a2462a0c46', 'user_domain_id': 'default', 'system_scope': 'all', 'project_id': None, 'project_domain_id': None, 'roles': ['admin', 'member', 'reader'], 'is_admin_project': True, 'service_user_id': None, 'service_user_domain_id': None, 'service_project_id': None, 'service_project_domain_id': None, 'service_roles': []} {{(pid=80152) fill_context /opt/stack/keystone/keystone/server/flask/request_processing/middleware/auth_context.py:478}}
Jul 05 20:41:35.029737 dv-cinder-797608-49-iscsi devstack@keystone.service[80152]: DEBUG keystone.server.flask.request_processing.req_logging [None req-77c63857-759e-476f-9c4d-bdfd2a3b622e None admin] REQUEST_METHOD: `GET` {{(pid=80152) log_request_info /opt/stack/keystone/keystone/server/flask/request_processing/req_logging.py:27}}
Jul 05 20:41:35.030231 dv-cinder-797608-49-iscsi devstack@keystone.service[80152]: DEBUG keystone.server.flask.request_processing.req_logging [None req-77c63857-759e-476f-9c4d-bdfd2a3b622e None admin] SCRIPT_NAME: `/identity` {{(pid=80152) log_request_info /opt/stack/keystone/keystone/server/flask/request_processing/req_logging.py:28}}
Jul 05 20:41:35.030710 dv-cinder-797608-49-iscsi devstack@keystone.service[80152]: DEBUG keystone.server.flask.request_processing.req_logging [None req-77c63857-759e-476f-9c4d-bdfd2a3b622e None admin] PATH_INFO: `/v3/roles` {{(pid=80152) log_request_info /opt/stack/keystone/keystone/server/flask/request_processing/req_logging.py:29}}
Jul 05 20:41:35.031652 dv-cinder-797608-49-iscsi devstack@keystone.service[80152]: DEBUG keystone.common.rbac_enforcer.enforcer [None req-77c63857-759e-476f-9c4d-bdfd2a3b622e None admin] RBAC: Adding query filter params (name=member) {{(pid=80152) _extract_filter_values /opt/stack/keystone/keystone/common/rbac_enforcer/enforcer.py:167}}
Jul 05 20:41:35.032164 dv-cinder-797608-49-iscsi devstack@keystone.service[80152]: DEBUG keystone.common.rbac_enforcer.enforcer [None req-77c63857-759e-476f-9c4d-bdfd2a3b622e None admin] RBAC: Authorizing `identity:list_roles()` {{(pid=80152) enforce_call /opt/stack/keystone/keystone/common/rbac_enforcer/enforcer.py:449}}
Jul 05 20:41:35.033772 dv-cinder-797608-49-iscsi devstack@keystone.service[80152]: DEBUG keystone.common.rbac_enforcer.enforcer [None req-77c63857-759e-476f-9c4d-bdfd2a3b622e None admin] RBAC: Authorization granted {{(pid=80152) enforce_call /opt/stack/keystone/keystone/common/rbac_enforcer/enforcer.py:457}}
Jul 05 20:41:35.048772 dv-cinder-797608-49-iscsi devstack@keystone.service[80152]: [pid: 80152|app: 0|req: 193/384] 10.222.0.20 () {56 vars in 1101 bytes} [Tue Jul 5 20:41:34 2022] GET /identity/v3/roles?name=member => generated 341 bytes in 214 msecs (HTTP/1.1 200) 5 headers in 177 bytes (2 switches on core 0)
Jul 05 20:41:35.054383 dv-cinder-797608-49-iscsi devstack@keystone.service[80151]: DEBUG keystone.server.flask.request_processing.middleware.auth_context [None req-821878ae-16a0-4a0a-a82f-a2045c26f539 None admin] Authenticating user token {{(pid=80151) process_request /usr/local/lib/python3.8/dist-packages/keystonemiddleware/auth_token/__init__.py:407}}
Jul 05 20:41:35.113351 dv-cinder-797608-49-iscsi devstack@keystone.service[80151]: DEBUG dbcounter [-] [80151] Writing DB stats keystone:SELECT=100 {{(pid=80151) stat_writer /usr/local/lib/python3.8/dist-packages/dbcounter.py:114}}
Jul 05 20:41:35.191200 dv-cinder-797608-49-iscsi devstack@keystone.service[80151]: DEBUG keystone.server.flask.request_processing.middleware.auth_context [None req-821878ae-16a0-4a0a-a82f-a2045c26f539 None admin] Validating token access rules against request {{(pid=80151) validate_allowed_request /usr/local/lib/python3.8/dist-packages/keystonemiddleware/auth_token/__init__.py:545}}
Jul 05 20:41:35.227627 dv-cinder-797608-49-iscsi devstack@keystone.service[80151]: DEBUG keystone.server.flask.request_processing.middleware.auth_context [None req-bc6fe30c-8055-44ab-a945-5114cbce72f2 None admin] RBAC: auth_context: {'token': , 'domain_id': None, 'trust_id': None, 'trustor_id': None, 'trustee_id': None, 'domain_name': None, 'group_ids': [], 'user_id': '52d40fe0347f4d97acf889a2462a0c46', 'user_domain_id': 'default', 'system_scope': 'all', 'project_id': None, 'project_domain_id': None, 'roles': ['admin', 'member', 'reader'], 'is_admin_project': True, 'service_user_id': None, 'service_user_domain_id': None, 'service_project_id': None, 'service_project_domain_id': None, 'service_roles': []} {{(pid=80151) fill_context /opt/stack/keystone/keystone/server/flask/request_processing/middleware/auth_context.py:478}}
Jul 05 20:41:35.228497 dv-cinder-797608-49-iscsi devstack@keystone.service[80151]: DEBUG keystone.server.flask.request_processing.req_logging [None req-bc6fe30c-8055-44ab-a945-5114cbce72f2 None admin] REQUEST_METHOD: `GET` {{(pid=80151) log_request_info /opt/stack/keystone/keystone/server/flask/request_processing/req_logging.py:27}}
Jul 05 20:41:35.228779 dv-cinder-797608-49-iscsi devstack@keystone.service[80151]: DEBUG keystone.server.flask.request_processing.req_logging [None req-bc6fe30c-8055-44ab-a945-5114cbce72f2 None admin] SCRIPT_NAME: `/identity` {{(pid=80151) log_request_info /opt/stack/keystone/keystone/server/flask/request_processing/req_logging.py:28}}
Jul 05 20:41:35.229085 dv-cinder-797608-49-iscsi devstack@keystone.service[80151]: DEBUG keystone.server.flask.request_processing.req_logging [None req-bc6fe30c-8055-44ab-a945-5114cbce72f2 None admin] PATH_INFO: `/v3/groups/5dd933b06991445492c84396c65ce175` {{(pid=80151) log_request_info /opt/stack/keystone/keystone/server/flask/request_processing/req_logging.py:29}}
Jul 05 20:41:35.230266 dv-cinder-797608-49-iscsi devstack@keystone.service[80151]: DEBUG keystone.common.rbac_enforcer.enforcer [None req-bc6fe30c-8055-44ab-a945-5114cbce72f2 None admin] RBAC: Authorizing `identity:get_group(group_id=5dd933b06991445492c84396c65ce175)` {{(pid=80151) enforce_call /opt/stack/keystone/keystone/common/rbac_enforcer/enforcer.py:449}}
Jul 05 20:41:35.231730 dv-cinder-797608-49-iscsi devstack@keystone.service[80151]: DEBUG keystone.common.rbac_enforcer.enforcer [None req-bc6fe30c-8055-44ab-a945-5114cbce72f2 None admin] RBAC: Authorization granted {{(pid=80151) enforce_call /opt/stack/keystone/keystone/common/rbac_enforcer/enforcer.py:457}}
Jul 05 20:41:35.233810 dv-cinder-797608-49-iscsi devstack@keystone.service[80151]: [pid: 80151|app: 0|req: 192/385] 10.222.0.20 () {56 vars in 1180 bytes} [Tue Jul 5 20:41:35 2022] GET /identity/v3/groups/5dd933b06991445492c84396c65ce175 => generated 226 bytes in 180 msecs (HTTP/1.1 200) 5 headers in 177 bytes (1 switches on core 0)
Jul 05 20:41:35.242226 dv-cinder-797608-49-iscsi devstack@keystone.service[80152]: DEBUG keystone.server.flask.request_processing.middleware.auth_context [None req-77c63857-759e-476f-9c4d-bdfd2a3b622e None admin] Authenticating user token {{(pid=80152) process_request /usr/local/lib/python3.8/dist-packages/keystonemiddleware/auth_token/__init__.py:407}}
Jul 05 20:41:35.308859 dv-cinder-797608-49-iscsi devstack@keystone.service[80152]: DEBUG dbcounter [-] [80152] Writing DB stats keystone:SELECT=100 {{(pid=80152) stat_writer /usr/local/lib/python3.8/dist-packages/dbcounter.py:114}}
Jul 05 20:41:35.407087 dv-cinder-797608-49-iscsi devstack@keystone.service[80152]: DEBUG keystone.server.flask.request_processing.middleware.auth_context [None req-77c63857-759e-476f-9c4d-bdfd2a3b622e None admin] Validating token access rules against request {{(pid=80152) validate_allowed_request /usr/local/lib/python3.8/dist-packages/keystonemiddleware/auth_token/__init__.py:545}}
Jul 05 20:41:35.457479 dv-cinder-797608-49-iscsi devstack@keystone.service[80152]: DEBUG keystone.server.flask.request_processing.middleware.auth_context [None req-a56332f6-30ab-4828-a9c6-e5d40e7923f0 None admin] RBAC: auth_context: {'token': , 'domain_id': None, 'trust_id': None, 'trustor_id': None, 'trustee_id': None, 'domain_name': None, 'group_ids': [], 'user_id': '52d40fe0347f4d97acf889a2462a0c46', 'user_domain_id': 'default', 'system_scope': 'all', 'project_id': None, 'project_domain_id': None, 'roles': ['admin', 'member', 'reader'], 'is_admin_project': True, 'service_user_id': None, 'service_user_domain_id': None, 'service_project_id': None, 'service_project_domain_id': None, 'service_roles': []} {{(pid=80152) fill_context /opt/stack/keystone/keystone/server/flask/request_processing/middleware/auth_context.py:478}}
Jul 05 20:41:35.458342 dv-cinder-797608-49-iscsi devstack@keystone.service[80152]: DEBUG keystone.server.flask.request_processing.req_logging [None req-a56332f6-30ab-4828-a9c6-e5d40e7923f0 None admin] REQUEST_METHOD: `GET` {{(pid=80152) log_request_info /opt/stack/keystone/keystone/server/flask/request_processing/req_logging.py:27}}
Jul 05 20:41:35.458623 dv-cinder-797608-49-iscsi devstack@keystone.service[80152]: DEBUG keystone.server.flask.request_processing.req_logging [None req-a56332f6-30ab-4828-a9c6-e5d40e7923f0 None admin] SCRIPT_NAME: `/identity` {{(pid=80152) log_request_info /opt/stack/keystone/keystone/server/flask/request_processing/req_logging.py:28}}
Jul 05 20:41:35.458896 dv-cinder-797608-49-iscsi devstack@keystone.service[80152]: DEBUG keystone.server.flask.request_processing.req_logging [None req-a56332f6-30ab-4828-a9c6-e5d40e7923f0 None admin] PATH_INFO: `/v3/projects/013b61df053d44f4935205044229122a` {{(pid=80152) log_request_info /opt/stack/keystone/keystone/server/flask/request_processing/req_logging.py:29}}
Jul 05 20:41:35.465653 dv-cinder-797608-49-iscsi devstack@keystone.service[80152]: DEBUG keystone.common.rbac_enforcer.enforcer [None req-a56332f6-30ab-4828-a9c6-e5d40e7923f0 None admin] RBAC: Authorizing `identity:get_project(project_id=013b61df053d44f4935205044229122a)` {{(pid=80152) enforce_call /opt/stack/keystone/keystone/common/rbac_enforcer/enforcer.py:449}}
Jul 05 20:41:35.467099 dv-cinder-797608-49-iscsi devstack@keystone.service[80152]: DEBUG keystone.common.rbac_enforcer.enforcer [None req-a56332f6-30ab-4828-a9c6-e5d40e7923f0 None admin] RBAC: Authorization granted {{(pid=80152) enforce_call /opt/stack/keystone/keystone/common/rbac_enforcer/enforcer.py:457}}
Jul 05 20:41:35.468784 dv-cinder-797608-49-iscsi devstack@keystone.service[80152]: [pid: 80152|app: 0|req: 194/386] 10.222.0.20 () {56 vars in 1186 bytes} [Tue Jul 5 20:41:35 2022] GET /identity/v3/projects/013b61df053d44f4935205044229122a => generated 298 bytes in 227 msecs (HTTP/1.1 200) 5 headers in 177 bytes (1 switches on core 0)
Jul 05 20:41:35.475201 dv-cinder-797608-49-iscsi devstack@keystone.service[80151]: DEBUG keystone.server.flask.request_processing.middleware.auth_context [None req-bc6fe30c-8055-44ab-a945-5114cbce72f2 None admin] Authenticating user token {{(pid=80151) process_request /usr/local/lib/python3.8/dist-packages/keystonemiddleware/auth_token/__init__.py:407}}
Jul 05 20:41:35.673373 dv-cinder-797608-49-iscsi devstack@keystone.service[80151]: DEBUG dbcounter [-] [80151] Writing DB stats keystone:SELECT=100 {{(pid=80151) stat_writer /usr/local/lib/python3.8/dist-packages/dbcounter.py:114}}
Jul 05 20:41:35.683022 dv-cinder-797608-49-iscsi devstack@keystone.service[80151]: DEBUG keystone.server.flask.request_processing.middleware.auth_context [None req-bc6fe30c-8055-44ab-a945-5114cbce72f2 None admin] Validating token access rules against request {{(pid=80151) validate_allowed_request /usr/local/lib/python3.8/dist-packages/keystonemiddleware/auth_token/__init__.py:545}}
Jul 05 20:41:35.792181 dv-cinder-797608-49-iscsi devstack@keystone.service[80152]: DEBUG keystone.server.flask.request_processing.req_logging [None req-e7aea241-b7e6-44c5-9a29-e6fb9f346f88 None None] REQUEST_METHOD: `GET` {{(pid=80152) log_request_info /opt/stack/keystone/keystone/server/flask/request_processing/req_logging.py:27}}
Jul 05 20:41:35.792523 dv-cinder-797608-49-iscsi devstack@keystone.service[80152]: DEBUG keystone.server.flask.request_processing.req_logging [None req-e7aea241-b7e6-44c5-9a29-e6fb9f346f88 None None] SCRIPT_NAME: `/identity` {{(pid=80152) log_request_info /opt/stack/keystone/keystone/server/flask/request_processing/req_logging.py:28}}
Jul 05 20:41:35.792737 dv-cinder-797608-49-iscsi devstack@keystone.service[80152]: DEBUG keystone.server.flask.request_processing.req_logging [None req-e7aea241-b7e6-44c5-9a29-e6fb9f346f88 None None] PATH_INFO: `/` {{(pid=80152) log_request_info /opt/stack/keystone/keystone/server/flask/request_processing/req_logging.py:29}}
Jul 05 20:41:35.794122 dv-cinder-797608-49-iscsi devstack@keystone.service[80152]: [pid: 80152|app: 0|req: 195/387] 10.222.0.20 () {54 vars in 926 bytes} [Tue Jul 5 20:41:35 2022] GET /identity => generated 270 bytes in 3 msecs (HTTP/1.1 300) 6 headers in 234 bytes (1 switches on core 0)
Jul 05 20:41:35.797619 dv-cinder-797608-49-iscsi devstack@keystone.service[80151]: DEBUG keystone.server.flask.request_processing.middleware.auth_context [None req-d3b89365-d572-4395-9466-7889e3c75fa2 None admin] RBAC: auth_context: {'token': , 'domain_id': None, 'trust_id': None, 'trustor_id': None, 'trustee_id': None, 'domain_name': None, 'group_ids': [], 'user_id': '52d40fe0347f4d97acf889a2462a0c46', 'user_domain_id': 'default', 'system_scope': 'all', 'project_id': None, 'project_domain_id': None, 'roles': ['admin', 'member', 'reader'], 'is_admin_project': True, 'service_user_id': None, 'service_user_domain_id': None, 'service_project_id': None, 'service_project_domain_id': None, 'service_roles': []} {{(pid=80151) fill_context /opt/stack/keystone/keystone/server/flask/request_processing/middleware/auth_context.py:478}}
Jul 05 20:41:35.798737 dv-cinder-797608-49-iscsi devstack@keystone.service[80151]: DEBUG keystone.server.flask.request_processing.req_logging [None req-d3b89365-d572-4395-9466-7889e3c75fa2 None admin] REQUEST_METHOD: `PUT` {{(pid=80151) log_request_info /opt/stack/keystone/keystone/server/flask/request_processing/req_logging.py:27}}
Jul 05 20:41:35.799230 dv-cinder-797608-49-iscsi devstack@keystone.service[80151]: DEBUG keystone.server.flask.request_processing.req_logging [None req-d3b89365-d572-4395-9466-7889e3c75fa2 None admin] SCRIPT_NAME: `/identity` {{(pid=80151) log_request_info /opt/stack/keystone/keystone/server/flask/request_processing/req_logging.py:28}}
Jul 05 20:41:35.799713 dv-cinder-797608-49-iscsi devstack@keystone.service[80151]: DEBUG keystone.server.flask.request_processing.req_logging [None req-d3b89365-d572-4395-9466-7889e3c75fa2 None admin] PATH_INFO: `/v3/projects/013b61df053d44f4935205044229122a/groups/5dd933b06991445492c84396c65ce175/roles/792cfc3478734abe8d0b3462c9e2a065` {{(pid=80151) log_request_info /opt/stack/keystone/keystone/server/flask/request_processing/req_logging.py:29}}
Jul 05 20:41:35.804048 dv-cinder-797608-49-iscsi devstack@keystone.service[80151]: DEBUG keystone.common.rbac_enforcer.enforcer [None req-d3b89365-d572-4395-9466-7889e3c75fa2 None admin] RBAC: Authorizing `identity:create_grant(project_id=013b61df053d44f4935205044229122a, group_id=5dd933b06991445492c84396c65ce175, role_id=792cfc3478734abe8d0b3462c9e2a065)` {{(pid=80151) enforce_call /opt/stack/keystone/keystone/common/rbac_enforcer/enforcer.py:449}}
Jul 05 20:41:35.804260 dv-cinder-797608-49-iscsi devstack@keystone.service[80152]: DEBUG keystone.server.flask.request_processing.req_logging [None req-94a50cb0-3f0e-4711-b83b-32969273b4cc None None] REQUEST_METHOD: `POST` {{(pid=80152) log_request_info /opt/stack/keystone/keystone/server/flask/request_processing/req_logging.py:27}}
Jul 05 20:41:35.804511 dv-cinder-797608-49-iscsi devstack@keystone.service[80152]: DEBUG keystone.server.flask.request_processing.req_logging [None req-94a50cb0-3f0e-4711-b83b-32969273b4cc None None] SCRIPT_NAME: `/identity` {{(pid=80152) log_request_info /opt/stack/keystone/keystone/server/flask/request_processing/req_logging.py:28}}
Jul 05 20:41:35.804784 dv-cinder-797608-49-iscsi devstack@keystone.service[80152]: DEBUG keystone.server.flask.request_processing.req_logging [None req-94a50cb0-3f0e-4711-b83b-32969273b4cc None None] PATH_INFO: `/v3/auth/tokens` {{(pid=80152) log_request_info /opt/stack/keystone/keystone/server/flask/request_processing/req_logging.py:29}}
Jul 05 20:41:35.806340 dv-cinder-797608-49-iscsi devstack@keystone.service[80151]: DEBUG keystone.common.rbac_enforcer.enforcer [None req-d3b89365-d572-4395-9466-7889e3c75fa2 None admin] RBAC: Authorization granted {{(pid=80151) enforce_call /opt/stack/keystone/keystone/common/rbac_enforcer/enforcer.py:457}}
Jul 05 20:41:35.823030 dv-cinder-797608-49-iscsi devstack@keystone.service[80151]: [pid: 80151|app: 0|req: 193/388] 10.222.0.20 () {58 vars in 1442 bytes} [Tue Jul 5 20:41:35 2022] PUT /identity/v3/projects/013b61df053d44f4935205044229122a/groups/5dd933b06991445492c84396c65ce175/roles/792cfc3478734abe8d0b3462c9e2a065 => generated 0 bytes in 348 msecs (HTTP/1.1 204) 3 headers in 132 bytes (0 switches on core 0)
Jul 05 20:41:35.866230 dv-cinder-797608-49-iscsi devstack@keystone.service[80152]: DEBUG keystone.auth.core [None req-94a50cb0-3f0e-4711-b83b-32969273b4cc None None] MFA Rules not processed for user `52d40fe0347f4d97acf889a2462a0c46`. Rule list: `[]` (Enabled: `True`). {{(pid=80152) check_auth_methods_against_rules /opt/stack/keystone/keystone/auth/core.py:438}}
