Jul 04 08:04:02.748758 dv-cinder-797608-42-iscsi devstack@c-api.service[110965]: warnings.warn('Policy enforcement is depending on the value of '
Jul 04 08:04:02.766293 dv-cinder-797608-42-iscsi devstack@c-api.service[110965]: INFO cinder.volume.api [None req-85ac5d0c-0c4c-482d-8627-82097001506a tempest-SnapshotsActionsTest-1146090621 tempest-SnapshotsActionsTest-1146090621-project] Snapshot retrieved successfully.
Jul 04 08:04:02.768761 dv-cinder-797608-42-iscsi devstack@c-api.service[110965]: INFO cinder.api.openstack.wsgi [None req-85ac5d0c-0c4c-482d-8627-82097001506a tempest-SnapshotsActionsTest-1146090621 tempest-SnapshotsActionsTest-1146090621-project] http://10.222.0.43/volume/v3/f7f3b9d038144a2893afd2281e681b89/snapshots/21ee2209-dccc-4c5e-832d-597d694fe701 returned with HTTP 200
Jul 04 08:04:02.779787 dv-cinder-797608-42-iscsi devstack@c-api.service[110965]: [pid: 110965|app: 0|req: 79/159] 10.222.0.43 () {58 vars in 1330 bytes} [Mon Jul 4 08:04:02 2022] GET /volume/v3/f7f3b9d038144a2893afd2281e681b89/snapshots/21ee2209-dccc-4c5e-832d-597d694fe701 => generated 465 bytes in 90 msecs (HTTP/1.1 200) 7 headers in 285 bytes (1 switches on core 0)
Jul 04 08:04:02.781541 dv-cinder-797608-42-iscsi devstack@c-api.service[110965]: DEBUG cinder.api.middleware.request_id [None req-9fefe21e-5691-4ff0-902d-7929c96f4f35 None None] RequestId filter calling following filter/app {{(pid=110965) _context_setter /opt/stack/cinder/cinder/api/middleware/request_id.py:62}}
Jul 04 08:04:02.791073 dv-cinder-797608-42-iscsi devstack@c-api.service[110965]: INFO cinder.api.openstack.wsgi [None req-9fefe21e-5691-4ff0-902d-7929c96f4f35 tempest-VolumesListAdminTestJSON-1872584506 tempest-VolumesListAdminTestJSON-1872584506-project] GET http://10.222.0.43/volume/v3/1d9903110fae40a9932b10cd8aba3a0c/volumes/a5c5d001-6d35-496a-9de4-fdb0297bf8f2
Jul 04 08:04:02.794218 dv-cinder-797608-42-iscsi devstack@c-api.service[110965]: DEBUG cinder.api.openstack.wsgi [None req-9fefe21e-5691-4ff0-902d-7929c96f4f35 tempest-VolumesListAdminTestJSON-1872584506 tempest-VolumesListAdminTestJSON-1872584506-project] Empty body provided in request {{(pid=110965) get_body /opt/stack/cinder/cinder/api/openstack/wsgi.py:715}}
Jul 04 08:04:02.795056 dv-cinder-797608-42-iscsi devstack@c-api.service[110965]: DEBUG cinder.api.openstack.wsgi [None req-9fefe21e-5691-4ff0-902d-7929c96f4f35 tempest-VolumesListAdminTestJSON-1872584506 tempest-VolumesListAdminTestJSON-1872584506-project] Calling method 'show' {{(pid=110965) _process_stack /opt/stack/cinder/cinder/api/openstack/wsgi.py:868}}
Jul 04 08:04:02.846130 dv-cinder-797608-42-iscsi devstack@c-api.service[110965]: INFO cinder.api.openstack.wsgi [None req-9fefe21e-5691-4ff0-902d-7929c96f4f35 tempest-VolumesListAdminTestJSON-1872584506 tempest-VolumesListAdminTestJSON-1872584506-project] http://10.222.0.43/volume/v3/1d9903110fae40a9932b10cd8aba3a0c/volumes/a5c5d001-6d35-496a-9de4-fdb0297bf8f2 returned with HTTP 404
Jul 04 08:04:02.847494 dv-cinder-797608-42-iscsi devstack@c-api.service[110965]: [pid: 110965|app: 0|req: 80/160] 10.222.0.43 () {58 vars in 1324 bytes} [Mon Jul 4 08:04:02 2022] GET /volume/v3/1d9903110fae40a9932b10cd8aba3a0c/volumes/a5c5d001-6d35-496a-9de4-fdb0297bf8f2 => generated 109 bytes in 67 msecs (HTTP/1.1 404) 7 headers in 292 bytes (1 switches on core 0)
Jul 04 08:04:02.854724 dv-cinder-797608-42-iscsi devstack@c-api.service[110965]: DEBUG cinder.api.middleware.request_id [None req-4224efe2-f5a1-45ea-be8b-b1983903f34e None None] RequestId filter calling following filter/app {{(pid=110965) _context_setter /opt/stack/cinder/cinder/api/middleware/request_id.py:62}}
Jul 04 08:04:02.870314 dv-cinder-797608-42-iscsi devstack@c-api.service[110965]: INFO cinder.api.openstack.wsgi [None req-4224efe2-f5a1-45ea-be8b-b1983903f34e tempest-VolumesListAdminTestJSON-1872584506 tempest-VolumesListAdminTestJSON-1872584506-project] DELETE http://10.222.0.43/volume/v3/1d9903110fae40a9932b10cd8aba3a0c/volumes/164e6e9f-166f-446f-9d6d-739b68e6fada
Jul 04 08:04:02.870314 dv-cinder-797608-42-iscsi devstack@c-api.service[110965]: DEBUG cinder.api.openstack.wsgi [None req-4224efe2-f5a1-45ea-be8b-b1983903f34e tempest-VolumesListAdminTestJSON-1872584506 tempest-VolumesListAdminTestJSON-1872584506-project] Empty body provided in request {{(pid=110965) get_body /opt/stack/cinder/cinder/api/openstack/wsgi.py:715}}
Jul 04 08:04:02.870314 dv-cinder-797608-42-iscsi devstack@c-api.service[110965]: DEBUG cinder.api.openstack.wsgi [None req-4224efe2-f5a1-45ea-be8b-b1983903f34e tempest-VolumesListAdminTestJSON-1872584506 tempest-VolumesListAdminTestJSON-1872584506-project] Calling method 'delete' {{(pid=110965) _process_stack /opt/stack/cinder/cinder/api/openstack/wsgi.py:868}}
Jul 04 08:04:02.870314 dv-cinder-797608-42-iscsi devstack@c-api.service[110965]: INFO cinder.api.v3.volumes [None req-4224efe2-f5a1-45ea-be8b-b1983903f34e tempest-VolumesListAdminTestJSON-1872584506 tempest-VolumesListAdminTestJSON-1872584506-project] Delete volume with id: 164e6e9f-166f-446f-9d6d-739b68e6fada
Jul 04 08:04:02.876908 dv-cinder-797608-42-iscsi devstack@c-api.service[110966]: INFO cinder.api.openstack.wsgi [None req-f4ddbabb-7ca8-4389-8eea-250351ac8a98 tempest-VolumeRetypeWithoutMigrationTest-962759730 tempest-VolumeRetypeWithoutMigrationTest-962759730-project] POST http://10.222.0.43/volume/v3/c3c1c96638294aad8b0d2c80b7f08499/volumes
Jul 04 08:04:02.878441 dv-cinder-797608-42-iscsi devstack@c-api.service[110966]: DEBUG cinder.api.openstack.wsgi [None req-f4ddbabb-7ca8-4389-8eea-250351ac8a98 tempest-VolumeRetypeWithoutMigrationTest-962759730 tempest-VolumeRetypeWithoutMigrationTest-962759730-project] Action: 'create', calling method: create, body: {"volume": {"volume_type": "volume-type-1", "size": 1, "name": "tempest-VolumeRetypeWithoutMigrationTest-Volume-1064553948"}} {{(pid=110966) _process_stack /opt/stack/cinder/cinder/api/openstack/wsgi.py:866}}
Jul 04 08:04:02.880970 dv-cinder-797608-42-iscsi devstack@c-api.service[110966]: DEBUG cinder.api.v3.volumes [None req-f4ddbabb-7ca8-4389-8eea-250351ac8a98 tempest-VolumeRetypeWithoutMigrationTest-962759730 tempest-VolumeRetypeWithoutMigrationTest-962759730-project] Create volume request body: {'volume': {'volume_type': 'volume-type-1', 'size': 1, 'name': 'tempest-VolumeRetypeWithoutMigrationTest-Volume-1064553948'}} {{(pid=110966) create /opt/stack/cinder/cinder/api/v3/volumes.py:298}}
Jul 04 08:04:02.919307 dv-cinder-797608-42-iscsi devstack@c-api.service[110966]: INFO cinder.api.v3.volumes [None req-f4ddbabb-7ca8-4389-8eea-250351ac8a98 tempest-VolumeRetypeWithoutMigrationTest-962759730 tempest-VolumeRetypeWithoutMigrationTest-962759730-project] Create volume of 1 GB
Jul 04 08:04:02.922938 dv-cinder-797608-42-iscsi devstack@c-api.service[110966]: /usr/local/lib/python3.8/dist-packages/oslo_context/context.py:100: DeprecationWarning: Policy enforcement is depending on the value of is_admin. This key is deprecated. Please update your policy file to use the standard policy values.
Jul 04 08:04:02.922938 dv-cinder-797608-42-iscsi devstack@c-api.service[110966]: warnings.warn('Policy enforcement is depending on the value of '
Jul 04 08:04:02.931559 dv-cinder-797608-42-iscsi devstack@c-api.service[110966]: INFO cinder.volume.api [None req-f4ddbabb-7ca8-4389-8eea-250351ac8a98 tempest-VolumeRetypeWithoutMigrationTest-962759730 tempest-VolumeRetypeWithoutMigrationTest-962759730-project] Availability Zones retrieved successfully.
Jul 04 08:04:02.968299 dv-cinder-797608-42-iscsi devstack@c-api.service[110965]: /usr/local/lib/python3.8/dist-packages/oslo_context/context.py:100: DeprecationWarning: Policy enforcement is depending on the value of is_admin. This key is deprecated. Please update your policy file to use the standard policy values.
Jul 04 08:04:02.968299 dv-cinder-797608-42-iscsi devstack@c-api.service[110965]: warnings.warn('Policy enforcement is depending on the value of '
Jul 04 08:04:02.970129 dv-cinder-797608-42-iscsi devstack@c-api.service[110965]: INFO cinder.volume.api [None req-4224efe2-f5a1-45ea-be8b-b1983903f34e tempest-VolumesListAdminTestJSON-1872584506 tempest-VolumesListAdminTestJSON-1872584506-project] Volume info retrieved successfully.
Jul 04 08:04:03.003084 dv-cinder-797608-42-iscsi devstack@c-api.service[110966]: DEBUG cinder.volume.api [None req-f4ddbabb-7ca8-4389-8eea-250351ac8a98 tempest-VolumeRetypeWithoutMigrationTest-962759730 tempest-VolumeRetypeWithoutMigrationTest-962759730-project] Flow 'volume_create_api' (39433621-d191-48fa-8900-b1f48cb18f4e) transitioned into state 'RUNNING' from state 'PENDING' {{(pid=110966) _flow_receiver /usr/local/lib/python3.8/dist-packages/taskflow/listeners/logging.py:141}}
Jul 04 08:04:03.008315 dv-cinder-797608-42-iscsi devstack@c-api.service[110966]: DEBUG cinder.volume.api [None req-f4ddbabb-7ca8-4389-8eea-250351ac8a98 tempest-VolumeRetypeWithoutMigrationTest-962759730 tempest-VolumeRetypeWithoutMigrationTest-962759730-project] Task 'cinder.volume.flows.api.create_volume.ExtractVolumeRequestTask;volume:create' (cb2f7d41-8fdc-4106-b89c-55bd05e27306) transitioned into state 'RUNNING' from state 'PENDING' {{(pid=110966) _task_receiver /usr/local/lib/python3.8/dist-packages/taskflow/listeners/logging.py:190}}
Jul 04 08:04:03.011472 dv-cinder-797608-42-iscsi devstack@c-api.service[110966]: DEBUG cinder.volume.flows.api.create_volume [None req-f4ddbabb-7ca8-4389-8eea-250351ac8a98 tempest-VolumeRetypeWithoutMigrationTest-962759730 tempest-VolumeRetypeWithoutMigrationTest-962759730-project] Validating volume size '1' using validate_int {{(pid=110966) _extract_size /opt/stack/cinder/cinder/volume/flows/api/create_volume.py:228}}
Jul 04 08:04:03.047201 dv-cinder-797608-42-iscsi devstack@c-api.service[110965]: INFO cinder.volume.api [None req-4224efe2-f5a1-45ea-be8b-b1983903f34e tempest-VolumesListAdminTestJSON-1872584506 tempest-VolumesListAdminTestJSON-1872584506-project] Delete volume request issued successfully.
Jul 04 08:04:03.047962 dv-cinder-797608-42-iscsi devstack@c-api.service[110965]: INFO cinder.api.openstack.wsgi [None req-4224efe2-f5a1-45ea-be8b-b1983903f34e tempest-VolumesListAdminTestJSON-1872584506 tempest-VolumesListAdminTestJSON-1872584506-project] http://10.222.0.43/volume/v3/1d9903110fae40a9932b10cd8aba3a0c/volumes/164e6e9f-166f-446f-9d6d-739b68e6fada returned with HTTP 202
Jul 04 08:04:03.054542 dv-cinder-797608-42-iscsi devstack@c-api.service[110965]: [pid: 110965|app: 0|req: 81/161] 10.222.0.43 () {58 vars in 1327 bytes} [Mon Jul 4 08:04:02 2022] DELETE /volume/v3/1d9903110fae40a9932b10cd8aba3a0c/volumes/164e6e9f-166f-446f-9d6d-739b68e6fada => generated 0 bytes in 201 msecs (HTTP/1.1 202) 6 headers in 233 bytes (2 switches on core 0)
Jul 04 08:04:03.061775 dv-cinder-797608-42-iscsi devstack@c-api.service[110965]: DEBUG cinder.api.middleware.request_id [None req-1f3d1598-ad66-4bc6-9c6f-7ad7b992027c None None] RequestId filter calling following filter/app {{(pid=110965) _context_setter /opt/stack/cinder/cinder/api/middleware/request_id.py:62}}
Jul 04 08:04:03.068850 dv-cinder-797608-42-iscsi devstack@c-api.service[110965]: INFO cinder.api.openstack.wsgi [None req-1f3d1598-ad66-4bc6-9c6f-7ad7b992027c tempest-VolumesListAdminTestJSON-1872584506 tempest-VolumesListAdminTestJSON-1872584506-project] GET http://10.222.0.43/volume/v3/1d9903110fae40a9932b10cd8aba3a0c/volumes/164e6e9f-166f-446f-9d6d-739b68e6fada
Jul 04 08:04:03.081949 dv-cinder-797608-42-iscsi devstack@c-api.service[110965]: DEBUG cinder.api.openstack.wsgi [None req-1f3d1598-ad66-4bc6-9c6f-7ad7b992027c tempest-VolumesListAdminTestJSON-1872584506 tempest-VolumesListAdminTestJSON-1872584506-project] Empty body provided in request {{(pid=110965) get_body /opt/stack/cinder/cinder/api/openstack/wsgi.py:715}}
Jul 04 08:04:03.090994 dv-cinder-797608-42-iscsi devstack@c-api.service[110965]: DEBUG cinder.api.openstack.wsgi [None req-1f3d1598-ad66-4bc6-9c6f-7ad7b992027c tempest-VolumesListAdminTestJSON-1872584506 tempest-VolumesListAdminTestJSON-1872584506-project] Calling method 'show' {{(pid=110965) _process_stack /opt/stack/cinder/cinder/api/openstack/wsgi.py:868}}
Jul 04 08:04:03.122023 dv-cinder-797608-42-iscsi devstack@c-api.service[110966]: DEBUG cinder.volume.api [None req-f4ddbabb-7ca8-4389-8eea-250351ac8a98 tempest-VolumeRetypeWithoutMigrationTest-962759730 tempest-VolumeRetypeWithoutMigrationTest-962759730-project] Task 'cinder.volume.flows.api.create_volume.ExtractVolumeRequestTask;volume:create' (cb2f7d41-8fdc-4106-b89c-55bd05e27306) transitioned into state 'SUCCESS' from state 'RUNNING' with result '{'size': 1, 'snapshot_id': None, 'source_volid': None, 'volume_type': VolumeType(created_at=2022-07-04T08:04:02Z,deleted=False,deleted_at=None,description=None,extra_specs={},id=dea2f1de-58be-448a-945a-6be5fd62a8c3,is_public=True,name='volume-type-1',projects=[],qos_specs=,qos_specs_id=None,updated_at=None), 'volume_type_id': 'dea2f1de-58be-448a-945a-6be5fd62a8c3', 'encryption_key_id': None, 'qos_specs': None, 'consistencygroup_id': None, 'cgsnapshot_id': None, 'group_id': None, 'replication_status': 'disabled', 'refresh_az': False, 'backup_id': None, 'multiattach': False, 'availability_zones': ['nova']}' {{(pid=110966) _task_receiver /usr/local/lib/python3.8/dist-packages/taskflow/listeners/logging.py:178}}
Jul 04 08:04:03.125047 dv-cinder-797608-42-iscsi devstack@c-api.service[110966]: DEBUG cinder.volume.api [None req-f4ddbabb-7ca8-4389-8eea-250351ac8a98 tempest-VolumeRetypeWithoutMigrationTest-962759730 tempest-VolumeRetypeWithoutMigrationTest-962759730-project] Task 'cinder.volume.flows.api.create_volume.QuotaReserveTask;volume:create' (c19952d3-3b61-4169-a006-84b6434e3699) transitioned into state 'RUNNING' from state 'PENDING' {{(pid=110966) _task_receiver /usr/local/lib/python3.8/dist-packages/taskflow/listeners/logging.py:190}}
Jul 04 08:04:03.132568 dv-cinder-797608-42-iscsi devstack@c-api.service[110965]: /usr/local/lib/python3.8/dist-packages/oslo_context/context.py:100: DeprecationWarning: Policy enforcement is depending on the value of is_admin. This key is deprecated. Please update your policy file to use the standard policy values.
Jul 04 08:04:03.132568 dv-cinder-797608-42-iscsi devstack@c-api.service[110965]: warnings.warn('Policy enforcement is depending on the value of '
Jul 04 08:04:03.166270 dv-cinder-797608-42-iscsi devstack@c-api.service[110965]: DEBUG dbcounter [-] [110965] Writing DB stats cinder:SELECT=87,cinder:INSERT=5,cinder:UPDATE=7,cinder:DELETE=1 {{(pid=110965) stat_writer /usr/local/lib/python3.8/dist-packages/dbcounter.py:114}}
Jul 04 08:04:03.174175 dv-cinder-797608-42-iscsi devstack@c-api.service[110965]: INFO cinder.volume.api [None req-1f3d1598-ad66-4bc6-9c6f-7ad7b992027c tempest-VolumesListAdminTestJSON-1872584506 tempest-VolumesListAdminTestJSON-1872584506-project] Volume info retrieved successfully.
Jul 04 08:04:03.201589 dv-cinder-797608-42-iscsi devstack@c-api.service[110965]: INFO cinder.api.openstack.wsgi [None req-1f3d1598-ad66-4bc6-9c6f-7ad7b992027c tempest-VolumesListAdminTestJSON-1872584506 tempest-VolumesListAdminTestJSON-1872584506-project] http://10.222.0.43/volume/v3/1d9903110fae40a9932b10cd8aba3a0c/volumes/164e6e9f-166f-446f-9d6d-739b68e6fada returned with HTTP 200
Jul 04 08:04:03.206696 dv-cinder-797608-42-iscsi devstack@c-api.service[110965]: [pid: 110965|app: 0|req: 82/162] 10.222.0.43 () {58 vars in 1324 bytes} [Mon Jul 4 08:04:03 2022] GET /volume/v3/1d9903110fae40a9932b10cd8aba3a0c/volumes/164e6e9f-166f-446f-9d6d-739b68e6fada => generated 916 bytes in 149 msecs (HTTP/1.1 200) 7 headers in 285 bytes (1 switches on core 0)
Jul 04 08:04:03.226750 dv-cinder-797608-42-iscsi devstack@c-api.service[110966]: WARNING cinder.quota [None req-f4ddbabb-7ca8-4389-8eea-250351ac8a98 tempest-VolumeRetypeWithoutMigrationTest-962759730 tempest-VolumeRetypeWithoutMigrationTest-962759730-project] Deprecated: Default quota for resource: volumes_volume-type-1 is set by the default quota flag: quota_volumes_volume-type-1, it is now deprecated. Please use the default quota class for default quota.
Jul 04 08:04:03.227716 dv-cinder-797608-42-iscsi devstack@c-api.service[110966]: WARNING cinder.quota [None req-f4ddbabb-7ca8-4389-8eea-250351ac8a98 tempest-VolumeRetypeWithoutMigrationTest-962759730 tempest-VolumeRetypeWithoutMigrationTest-962759730-project] Deprecated: Default quota for resource: gigabytes_volume-type-1 is set by the default quota flag: quota_gigabytes_volume-type-1, it is now deprecated. Please use the default quota class for default quota.
Jul 04 08:04:03.339122 dv-cinder-797608-42-iscsi devstack@c-api.service[110966]: DEBUG dbcounter [-] [110966] Writing DB stats cinder:UPDATE=13,cinder:INSERT=8,cinder:SELECT=79 {{(pid=110966) stat_writer /usr/local/lib/python3.8/dist-packages/dbcounter.py:114}}
Jul 04 08:04:03.370367 dv-cinder-797608-42-iscsi devstack@c-api.service[110966]: DEBUG cinder.quota [None req-f4ddbabb-7ca8-4389-8eea-250351ac8a98 tempest-VolumeRetypeWithoutMigrationTest-962759730 tempest-VolumeRetypeWithoutMigrationTest-962759730-project] Created reservations ['9693f661-e444-436b-ad33-0ba389c73a77', 'e5a3d5f8-ea50-48f5-85c9-c545bf4dccc7', '08c448d6-87fc-4edd-b18a-fa15d214ee7a', '4a8ccd51-979d-4a84-ae99-e9262ef7477f'] {{(pid=110966) reserve /opt/stack/cinder/cinder/quota.py:755}}
Jul 04 08:04:03.375091 dv-cinder-797608-42-iscsi devstack@c-api.service[110966]: DEBUG cinder.volume.api [None req-f4ddbabb-7ca8-4389-8eea-250351ac8a98 tempest-VolumeRetypeWithoutMigrationTest-962759730 tempest-VolumeRetypeWithoutMigrationTest-962759730-project] Task 'cinder.volume.flows.api.create_volume.QuotaReserveTask;volume:create' (c19952d3-3b61-4169-a006-84b6434e3699) transitioned into state 'SUCCESS' from state 'RUNNING' with result '{'reservations': ['9693f661-e444-436b-ad33-0ba389c73a77', 'e5a3d5f8-ea50-48f5-85c9-c545bf4dccc7', '08c448d6-87fc-4edd-b18a-fa15d214ee7a', '4a8ccd51-979d-4a84-ae99-e9262ef7477f']}' {{(pid=110966) _task_receiver /usr/local/lib/python3.8/dist-packages/taskflow/listeners/logging.py:178}}
Jul 04 08:04:03.378975 dv-cinder-797608-42-iscsi devstack@c-api.service[110966]: DEBUG cinder.volume.api [None req-f4ddbabb-7ca8-4389-8eea-250351ac8a98 tempest-VolumeRetypeWithoutMigrationTest-962759730 tempest-VolumeRetypeWithoutMigrationTest-962759730-project] Task 'cinder.volume.flows.api.create_volume.EntryCreateTask;volume:create' (0576c36f-4cdb-4a8f-b691-6123af144853) transitioned into state 'RUNNING' from state 'PENDING' {{(pid=110966) _task_receiver /usr/local/lib/python3.8/dist-packages/taskflow/listeners/logging.py:190}}
Jul 04 08:04:03.459054 dv-cinder-797608-42-iscsi devstack@c-api.service[110966]: DEBUG cinder.volume.api [None req-f4ddbabb-7ca8-4389-8eea-250351ac8a98 tempest-VolumeRetypeWithoutMigrationTest-962759730 tempest-VolumeRetypeWithoutMigrationTest-962759730-project] Task 'cinder.volume.flows.api.create_volume.EntryCreateTask;volume:create' (0576c36f-4cdb-4a8f-b691-6123af144853) transitioned into state 'SUCCESS' from state 'RUNNING' with result '{'volume_id': 'e799d5ba-4f8e-49fb-a096-2cda397ba135', 'volume_properties': VolumeProperties(attach_status='detached',availability_zone='nova',cgsnapshot_id=None,consistencygroup_id=None,display_description=None,display_name='tempest-VolumeRetypeWithoutMigrationTest-Volume-1064553948',encryption_key_id=None,group_id=None,group_type_id=,metadata={},multiattach=False,project_id='c3c1c96638294aad8b0d2c80b7f08499',qos_specs=None,replication_status=,reservations=['9693f661-e444-436b-ad33-0ba389c73a77','e5a3d5f8-ea50-48f5-85c9-c545bf4dccc7','08c448d6-87fc-4edd-b18a-fa15d214ee7a','4a8ccd51-979d-4a84-ae99-e9262ef7477f'],size=1,snapshot_id=None,source_replicaid=,source_volid=None,status='creating',user_id='6f98c5fb5cec43f3b0de7b796bc5fa37',volume_type_id=dea2f1de-58be-448a-945a-6be5fd62a8c3), 'volume': Volume(_name_id=None,admin_metadata=,attach_status='detached',availability_zone='nova',bootable=False,cluster=,cluster_name=None,consistencygroup=,consistencygroup_id=None,created_at=2022-07-04T08:04:03Z,deleted=False,deleted_at=None,display_description=None,display_name='tempest-VolumeRetypeWithoutMigrationTest-Volume-1064553948',ec2_id=None,encryption_key_id=None,glance_metadata=,group=,group_id=None,host=None,id=e799d5ba-4f8e-49fb-a096-2cda397ba135,launched_at=None,metadata={},migration_status=None,multiattach=False,previous_status=None,project_id='c3c1c96638294aad8b0d2c80b7f08499',provider_auth=None,provider_geometry=None,provider_id=None,provider_location=None,replication_driver_data=None,replication_extended_status=None,replication_status=None,scheduled_at=None,service_uuid=None,shared_targets=True,size=1,snapshot_id=None,snapshots=,source_volid=None,status='creating',terminated_at=None,updated_at=None,use_quota=True,user_id='6f98c5fb5cec43f3b0de7b796bc5fa37',volume_attachment=VolumeAttachmentList,volume_type=VolumeType(dea2f1de-58be-448a-945a-6be5fd62a8c3),volume_type_id=dea2f1de-58be-448a-945a-6be5fd62a8c3)}' {{(pid=110966) _task_receiver /usr/local/lib/python3.8/dist-packages/taskflow/listeners/logging.py:178}}
Jul 04 08:04:03.462021 dv-cinder-797608-42-iscsi devstack@c-api.service[110966]: DEBUG cinder.volume.api [None req-f4ddbabb-7ca8-4389-8eea-250351ac8a98 tempest-VolumeRetypeWithoutMigrationTest-962759730 tempest-VolumeRetypeWithoutMigrationTest-962759730-project] Task 'cinder.volume.flows.api.create_volume.QuotaCommitTask;volume:create' (63daeb5b-38a4-47b8-8a63-42ee2379e726) transitioned into state 'RUNNING' from state 'PENDING' {{(pid=110966) _task_receiver /usr/local/lib/python3.8/dist-packages/taskflow/listeners/logging.py:190}}
Jul 04 08:04:03.543002 dv-cinder-797608-42-iscsi devstack@c-api.service[110966]: DEBUG cinder.volume.api [None req-f4ddbabb-7ca8-4389-8eea-250351ac8a98 tempest-VolumeRetypeWithoutMigrationTest-962759730 tempest-VolumeRetypeWithoutMigrationTest-962759730-project] Task 'cinder.volume.flows.api.create_volume.QuotaCommitTask;volume:create' (63daeb5b-38a4-47b8-8a63-42ee2379e726) transitioned into state 'SUCCESS' from state 'RUNNING' with result '{'volume_properties': VolumeProperties(attach_status='detached',availability_zone='nova',cgsnapshot_id=None,consistencygroup_id=None,display_description=None,display_name='tempest-VolumeRetypeWithoutMigrationTest-Volume-1064553948',encryption_key_id=None,group_id=None,group_type_id=,metadata={},multiattach=False,project_id='c3c1c96638294aad8b0d2c80b7f08499',qos_specs=None,replication_status=,reservations=['9693f661-e444-436b-ad33-0ba389c73a77','e5a3d5f8-ea50-48f5-85c9-c545bf4dccc7','08c448d6-87fc-4edd-b18a-fa15d214ee7a','4a8ccd51-979d-4a84-ae99-e9262ef7477f'],size=1,snapshot_id=None,source_replicaid=,source_volid=None,status='creating',user_id='6f98c5fb5cec43f3b0de7b796bc5fa37',volume_type_id=dea2f1de-58be-448a-945a-6be5fd62a8c3)}' {{(pid=110966) _task_receiver /usr/local/lib/python3.8/dist-packages/taskflow/listeners/logging.py:178}}
Jul 04 08:04:03.557124 dv-cinder-797608-42-iscsi devstack@c-api.service[110966]: DEBUG cinder.volume.api [None req-f4ddbabb-7ca8-4389-8eea-250351ac8a98 tempest-VolumeRetypeWithoutMigrationTest-962759730 tempest-VolumeRetypeWithoutMigrationTest-962759730-project] Task 'cinder.volume.flows.api.create_volume.VolumeCastTask;volume:create' (310aa5eb-af65-4187-9542-60a68d2d4d89) transitioned into state 'RUNNING' from state 'PENDING' {{(pid=110966) _task_receiver /usr/local/lib/python3.8/dist-packages/taskflow/listeners/logging.py:190}}
Jul 04 08:04:03.610337 dv-cinder-797608-42-iscsi devstack@c-api.service[110966]: DEBUG cinder.volume.api [None req-f4ddbabb-7ca8-4389-8eea-250351ac8a98 tempest-VolumeRetypeWithoutMigrationTest-962759730 tempest-VolumeRetypeWithoutMigrationTest-962759730-project] Task 'cinder.volume.flows.api.create_volume.VolumeCastTask;volume:create' (310aa5eb-af65-4187-9542-60a68d2d4d89) transitioned into state 'SUCCESS' from state 'RUNNING' with result 'None' {{(pid=110966) _task_receiver /usr/local/lib/python3.8/dist-packages/taskflow/listeners/logging.py:178}}
Jul 04 08:04:03.613757 dv-cinder-797608-42-iscsi devstack@c-api.service[110966]: DEBUG cinder.volume.api [None req-f4ddbabb-7ca8-4389-8eea-250351ac8a98 tempest-VolumeRetypeWithoutMigrationTest-962759730 tempest-VolumeRetypeWithoutMigrationTest-962759730-project] Flow 'volume_create_api' (39433621-d191-48fa-8900-b1f48cb18f4e) transitioned into state 'SUCCESS' from state 'RUNNING' {{(pid=110966) _flow_receiver /usr/local/lib/python3.8/dist-packages/taskflow/listeners/logging.py:141}}
Jul 04 08:04:03.614943 dv-cinder-797608-42-iscsi devstack@c-api.service[110966]: INFO cinder.volume.api [None req-f4ddbabb-7ca8-4389-8eea-250351ac8a98 tempest-VolumeRetypeWithoutMigrationTest-962759730 tempest-VolumeRetypeWithoutMigrationTest-962759730-project] Create volume request issued successfully.
Jul 04 08:04:03.616561 dv-cinder-797608-42-iscsi devstack@c-api.service[110966]: INFO cinder.api.openstack.wsgi [None req-f4ddbabb-7ca8-4389-8eea-250351ac8a98 tempest-VolumeRetypeWithoutMigrationTest-962759730 tempest-VolumeRetypeWithoutMigrationTest-962759730-project] http://10.222.0.43/volume/v3/c3c1c96638294aad8b0d2c80b7f08499/volumes returned with HTTP 202
Jul 04 08:04:03.617596 dv-cinder-797608-42-iscsi devstack@c-api.service[110966]: [pid: 110966|app: 0|req: 81/163] 10.222.0.43 () {60 vars in 1235 bytes} [Mon Jul 4 08:04:02 2022] POST /volume/v3/c3c1c96638294aad8b0d2c80b7f08499/volumes => generated 834 bytes in 1479 msecs (HTTP/1.1 202) 7 headers in 291 bytes (1 switches on core 0)
Jul 04 08:04:03.629601 dv-cinder-797608-42-iscsi devstack@c-api.service[110965]: DEBUG cinder.api.middleware.request_id [None req-12e665ef-64ad-4be4-9d4e-00e63ccb6d76 None None] RequestId filter calling following filter/app {{(pid=110965) _context_setter /opt/stack/cinder/cinder/api/middleware/request_id.py:62}}
Jul 04 08:04:03.634712 dv-cinder-797608-42-iscsi devstack@c-api.service[110965]: INFO cinder.api.openstack.wsgi [None req-12e665ef-64ad-4be4-9d4e-00e63ccb6d76 tempest-VolumeRetypeWithoutMigrationTest-962759730 tempest-VolumeRetypeWithoutMigrationTest-962759730-project] GET http://10.222.0.43/volume/v3/c3c1c96638294aad8b0d2c80b7f08499/volumes/e799d5ba-4f8e-49fb-a096-2cda397ba135
Jul 04 08:04:03.643917 dv-cinder-797608-42-iscsi devstack@c-api.service[110965]: DEBUG cinder.api.openstack.wsgi [None req-12e665ef-64ad-4be4-9d4e-00e63ccb6d76 tempest-VolumeRetypeWithoutMigrationTest-962759730 tempest-VolumeRetypeWithoutMigrationTest-962759730-project] Empty body provided in request {{(pid=110965) get_body /opt/stack/cinder/cinder/api/openstack/wsgi.py:715}}
Jul 04 08:04:03.648594 dv-cinder-797608-42-iscsi devstack@c-api.service[110965]: DEBUG cinder.api.openstack.wsgi [None req-12e665ef-64ad-4be4-9d4e-00e63ccb6d76 tempest-VolumeRetypeWithoutMigrationTest-962759730 tempest-VolumeRetypeWithoutMigrationTest-962759730-project] Calling method 'show' {{(pid=110965) _process_stack /opt/stack/cinder/cinder/api/openstack/wsgi.py:868}}
Jul 04 08:04:03.710522 dv-cinder-797608-42-iscsi devstack@c-api.service[110965]: /usr/local/lib/python3.8/dist-packages/oslo_context/context.py:100: DeprecationWarning: Policy enforcement is depending on the value of is_admin. This key is deprecated. Please update your policy file to use the standard policy values.
Jul 04 08:04:03.710522 dv-cinder-797608-42-iscsi devstack@c-api.service[110965]: warnings.warn('Policy enforcement is depending on the value of '
Jul 04 08:04:03.742285 dv-cinder-797608-42-iscsi devstack@c-api.service[110965]: INFO cinder.volume.api [None req-12e665ef-64ad-4be4-9d4e-00e63ccb6d76 tempest-VolumeRetypeWithoutMigrationTest-962759730 tempest-VolumeRetypeWithoutMigrationTest-962759730-project] Volume info retrieved successfully.
Jul 04 08:04:03.761522 dv-cinder-797608-42-iscsi devstack@c-api.service[110965]: INFO cinder.api.openstack.wsgi [None req-12e665ef-64ad-4be4-9d4e-00e63ccb6d76 tempest-VolumeRetypeWithoutMigrationTest-962759730 tempest-VolumeRetypeWithoutMigrationTest-962759730-project] http://10.222.0.43/volume/v3/c3c1c96638294aad8b0d2c80b7f08499/volumes/e799d5ba-4f8e-49fb-a096-2cda397ba135 returned with HTTP 200
Jul 04 08:04:03.777495 dv-cinder-797608-42-iscsi devstack@c-api.service[110965]: [pid: 110965|app: 0|req: 83/164] 10.222.0.43 () {58 vars in 1324 bytes} [Mon Jul 4 08:04:03 2022] GET /volume/v3/c3c1c96638294aad8b0d2c80b7f08499/volumes/e799d5ba-4f8e-49fb-a096-2cda397ba135 => generated 902 bytes in 150 msecs (HTTP/1.1 200) 7 headers in 285 bytes (1 switches on core 0)
Jul 04 08:04:03.781992 dv-cinder-797608-42-iscsi devstack@c-api.service[110966]: DEBUG cinder.api.middleware.request_id [None req-4ff22253-c39a-4346-a6d7-7fb6e7df265b None None] RequestId filter calling following filter/app {{(pid=110966) _context_setter /opt/stack/cinder/cinder/api/middleware/request_id.py:62}}
Jul 04 08:04:03.787263 dv-cinder-797608-42-iscsi devstack@c-api.service[110966]: INFO cinder.api.openstack.wsgi [None req-4ff22253-c39a-4346-a6d7-7fb6e7df265b tempest-SnapshotsActionsTest-1146090621 tempest-SnapshotsActionsTest-1146090621-project] GET http://10.222.0.43/volume/v3/f7f3b9d038144a2893afd2281e681b89/snapshots/21ee2209-dccc-4c5e-832d-597d694fe701
Jul 04 08:04:03.787921 dv-cinder-797608-42-iscsi devstack@c-api.service[110966]: DEBUG cinder.api.openstack.wsgi [None req-4ff22253-c39a-4346-a6d7-7fb6e7df265b tempest-SnapshotsActionsTest-1146090621 tempest-SnapshotsActionsTest-1146090621-project] Empty body provided in request {{(pid=110966) get_body /opt/stack/cinder/cinder/api/openstack/wsgi.py:715}}
Jul 04 08:04:03.788227 dv-cinder-797608-42-iscsi devstack@c-api.service[110966]: DEBUG cinder.api.openstack.wsgi [None req-4ff22253-c39a-4346-a6d7-7fb6e7df265b tempest-SnapshotsActionsTest-1146090621 tempest-SnapshotsActionsTest-1146090621-project] Calling method 'show' {{(pid=110966) _process_stack /opt/stack/cinder/cinder/api/openstack/wsgi.py:868}}
Jul 04 08:04:03.809421 dv-cinder-797608-42-iscsi devstack@c-api.service[110966]: INFO cinder.api.openstack.wsgi [None req-4ff22253-c39a-4346-a6d7-7fb6e7df265b tempest-SnapshotsActionsTest-1146090621 tempest-SnapshotsActionsTest-1146090621-project] http://10.222.0.43/volume/v3/f7f3b9d038144a2893afd2281e681b89/snapshots/21ee2209-dccc-4c5e-832d-597d694fe701 returned with HTTP 404
Jul 04 08:04:03.816088 dv-cinder-797608-42-iscsi devstack@c-api.service[110965]: DEBUG cinder.api.middleware.request_id [None req-99af3f96-147a-42b6-8b64-64bffd628fbb None None] RequestId filter calling following filter/app {{(pid=110965) _context_setter /opt/stack/cinder/cinder/api/middleware/request_id.py:62}}
Jul 04 08:04:03.821741 dv-cinder-797608-42-iscsi devstack@c-api.service[110965]: INFO cinder.api.openstack.wsgi [None req-99af3f96-147a-42b6-8b64-64bffd628fbb tempest-SnapshotsActionsTest-1808228996 tempest-SnapshotsActionsTest-1808228996-project-admin] POST http://10.222.0.43/volume/v3/228aad6cbc6241ebb3465c049d297c83/snapshots/ec653464-62ce-42ec-9825-8ee2c2ee91e2/action
Jul 04 08:04:03.822805 dv-cinder-797608-42-iscsi devstack@c-api.service[110965]: DEBUG cinder.api.openstack.wsgi [None req-99af3f96-147a-42b6-8b64-64bffd628fbb tempest-SnapshotsActionsTest-1808228996 tempest-SnapshotsActionsTest-1808228996-project-admin] Action body: b'{"os-reset_status": {"status": "available"}}' {{(pid=110965) get_method /opt/stack/cinder/cinder/api/openstack/wsgi.py:983}}
Jul 04 08:04:03.823297 dv-cinder-797608-42-iscsi devstack@c-api.service[110965]: DEBUG cinder.api.openstack.wsgi [None req-99af3f96-147a-42b6-8b64-64bffd628fbb tempest-SnapshotsActionsTest-1808228996 tempest-SnapshotsActionsTest-1808228996-project-admin] Action: 'action', calling method: _reset_status, body: {"os-reset_status": {"status": "available"}} {{(pid=110965) _process_stack /opt/stack/cinder/cinder/api/openstack/wsgi.py:866}}
Jul 04 08:04:03.824326 dv-cinder-797608-42-iscsi devstack@c-api.service[110965]: DEBUG cinder.api.contrib.admin_actions [None req-99af3f96-147a-42b6-8b64-64bffd628fbb tempest-SnapshotsActionsTest-1808228996 tempest-SnapshotsActionsTest-1808228996-project-admin] Updating snapshot 'ec653464-62ce-42ec-9825-8ee2c2ee91e2' with '{'status': 'available'}' {{(pid=110965) _reset_status /opt/stack/cinder/cinder/api/contrib/admin_actions.py:100}}
Jul 04 08:04:03.825955 dv-cinder-797608-42-iscsi devstack@c-api.service[110966]: [pid: 110966|app: 0|req: 82/165] 10.222.0.43 () {58 vars in 1330 bytes} [Mon Jul 4 08:04:03 2022] GET /volume/v3/f7f3b9d038144a2893afd2281e681b89/snapshots/21ee2209-dccc-4c5e-832d-597d694fe701 => generated 111 bytes in 45 msecs (HTTP/1.1 404) 7 headers in 292 bytes (1 switches on core 0)
Jul 04 08:04:03.846747 dv-cinder-797608-42-iscsi devstack@c-api.service[110965]: /usr/local/lib/python3.8/dist-packages/oslo_context/context.py:100: DeprecationWarning: Policy enforcement is depending on the value of is_admin. This key is deprecated. Please update your policy file to use the standard policy values.
Jul 04 08:04:03.846747 dv-cinder-797608-42-iscsi devstack@c-api.service[110965]: warnings.warn('Policy enforcement is depending on the value of '
Jul 04 08:04:03.882885 dv-cinder-797608-42-iscsi devstack@c-api.service[110965]: INFO cinder.api.openstack.wsgi [None req-99af3f96-147a-42b6-8b64-64bffd628fbb tempest-SnapshotsActionsTest-1808228996 tempest-SnapshotsActionsTest-1808228996-project-admin] http://10.222.0.43/volume/v3/228aad6cbc6241ebb3465c049d297c83/snapshots/ec653464-62ce-42ec-9825-8ee2c2ee91e2/action returned with HTTP 202
Jul 04 08:04:03.889753 dv-cinder-797608-42-iscsi devstack@c-api.service[110966]: DEBUG cinder.api.middleware.request_id [None req-7989bd63-e734-4007-b7b6-102ff66111cf None None] RequestId filter calling following filter/app {{(pid=110966) _context_setter /opt/stack/cinder/cinder/api/middleware/request_id.py:62}}
Jul 04 08:04:03.895791 dv-cinder-797608-42-iscsi devstack@c-api.service[110966]: INFO cinder.api.openstack.wsgi [None req-7989bd63-e734-4007-b7b6-102ff66111cf tempest-SnapshotsActionsTest-1146090621 tempest-SnapshotsActionsTest-1146090621-project] GET http://10.222.0.43/volume/v3/f7f3b9d038144a2893afd2281e681b89/snapshots/ec653464-62ce-42ec-9825-8ee2c2ee91e2
Jul 04 08:04:03.896706 dv-cinder-797608-42-iscsi devstack@c-api.service[110966]: DEBUG cinder.api.openstack.wsgi [None req-7989bd63-e734-4007-b7b6-102ff66111cf tempest-SnapshotsActionsTest-1146090621 tempest-SnapshotsActionsTest-1146090621-project] Empty body provided in request {{(pid=110966) get_body /opt/stack/cinder/cinder/api/openstack/wsgi.py:715}}
Jul 04 08:04:03.897470 dv-cinder-797608-42-iscsi devstack@c-api.service[110966]: DEBUG cinder.api.openstack.wsgi [None req-7989bd63-e734-4007-b7b6-102ff66111cf tempest-SnapshotsActionsTest-1146090621 tempest-SnapshotsActionsTest-1146090621-project] Calling method 'show' {{(pid=110966) _process_stack /opt/stack/cinder/cinder/api/openstack/wsgi.py:868}}
Jul 04 08:04:03.899967 dv-cinder-797608-42-iscsi devstack@c-api.service[110965]: [pid: 110965|app: 0|req: 84/166] 10.222.0.43 () {60 vars in 1372 bytes} [Mon Jul 4 08:04:03 2022] POST /volume/v3/228aad6cbc6241ebb3465c049d297c83/snapshots/ec653464-62ce-42ec-9825-8ee2c2ee91e2/action => generated 0 bytes in 77 msecs (HTTP/1.1 202) 7 headers in 289 bytes (1 switches on core 0)
Jul 04 08:04:03.910962 dv-cinder-797608-42-iscsi devstack@c-api.service[110966]: /usr/local/lib/python3.8/dist-packages/oslo_context/context.py:100: DeprecationWarning: Policy enforcement is depending on the value of is_admin. This key is deprecated. Please update your policy file to use the standard policy values.
Jul 04 08:04:03.910962 dv-cinder-797608-42-iscsi devstack@c-api.service[110966]: warnings.warn('Policy enforcement is depending on the value of '
Jul 04 08:04:03.912675 dv-cinder-797608-42-iscsi devstack@c-api.service[110966]: INFO cinder.volume.api [None req-7989bd63-e734-4007-b7b6-102ff66111cf tempest-SnapshotsActionsTest-1146090621 tempest-SnapshotsActionsTest-1146090621-project] Snapshot retrieved successfully.
Jul 04 08:04:03.915384 dv-cinder-797608-42-iscsi devstack@c-api.service[110966]: INFO cinder.api.openstack.wsgi [None req-7989bd63-e734-4007-b7b6-102ff66111cf tempest-SnapshotsActionsTest-1146090621 tempest-SnapshotsActionsTest-1146090621-project] http://10.222.0.43/volume/v3/f7f3b9d038144a2893afd2281e681b89/snapshots/ec653464-62ce-42ec-9825-8ee2c2ee91e2 returned with HTTP 200
Jul 04 08:04:03.928440 dv-cinder-797608-42-iscsi devstack@c-api.service[110966]: [pid: 110966|app: 0|req: 83/167] 10.222.0.43 () {58 vars in 1330 bytes} [Mon Jul 4 08:04:03 2022] GET /volume/v3/f7f3b9d038144a2893afd2281e681b89/snapshots/ec653464-62ce-42ec-9825-8ee2c2ee91e2 => generated 465 bytes in 40 msecs (HTTP/1.1 200) 7 headers in 285 bytes (1 switches on core 0)
Jul 04 08:04:03.931239 dv-cinder-797608-42-iscsi devstack@c-api.service[110965]: DEBUG cinder.api.middleware.request_id [None req-127e41ca-6f22-40d4-be35-aac926bab173 None None] RequestId filter calling following filter/app {{(pid=110965) _context_setter /opt/stack/cinder/cinder/api/middleware/request_id.py:62}}
Jul 04 08:04:03.936893 dv-cinder-797608-42-iscsi devstack@c-api.service[110965]: INFO cinder.api.openstack.wsgi [None req-127e41ca-6f22-40d4-be35-aac926bab173 tempest-SnapshotsActionsTest-1808228996 tempest-SnapshotsActionsTest-1808228996-project-admin] POST http://10.222.0.43/volume/v3/228aad6cbc6241ebb3465c049d297c83/snapshots/ec653464-62ce-42ec-9825-8ee2c2ee91e2/action
Jul 04 08:04:03.937905 dv-cinder-797608-42-iscsi devstack@c-api.service[110965]: DEBUG cinder.api.openstack.wsgi [None req-127e41ca-6f22-40d4-be35-aac926bab173 tempest-SnapshotsActionsTest-1808228996 tempest-SnapshotsActionsTest-1808228996-project-admin] Action body: b'{"os-reset_status": {"status": "creating"}}' {{(pid=110965) get_method /opt/stack/cinder/cinder/api/openstack/wsgi.py:983}}
Jul 04 08:04:03.938565 dv-cinder-797608-42-iscsi devstack@c-api.service[110965]: DEBUG cinder.api.openstack.wsgi [None req-127e41ca-6f22-40d4-be35-aac926bab173 tempest-SnapshotsActionsTest-1808228996 tempest-SnapshotsActionsTest-1808228996-project-admin] Action: 'action', calling method: _reset_status, body: {"os-reset_status": {"status": "creating"}} {{(pid=110965) _process_stack /opt/stack/cinder/cinder/api/openstack/wsgi.py:866}}
Jul 04 08:04:03.939604 dv-cinder-797608-42-iscsi devstack@c-api.service[110965]: DEBUG cinder.api.contrib.admin_actions [None req-127e41ca-6f22-40d4-be35-aac926bab173 tempest-SnapshotsActionsTest-1808228996 tempest-SnapshotsActionsTest-1808228996-project-admin] Updating snapshot 'ec653464-62ce-42ec-9825-8ee2c2ee91e2' with '{'status': 'creating'}' {{(pid=110965) _reset_status /opt/stack/cinder/cinder/api/contrib/admin_actions.py:100}}
Jul 04 08:04:03.962893 dv-cinder-797608-42-iscsi devstack@c-api.service[110965]: /usr/local/lib/python3.8/dist-packages/oslo_context/context.py:100: DeprecationWarning: Policy enforcement is depending on the value of is_admin. This key is deprecated. Please update your policy file to use the standard policy values.
Jul 04 08:04:03.962893 dv-cinder-797608-42-iscsi devstack@c-api.service[110965]: warnings.warn('Policy enforcement is depending on the value of '
Jul 04 08:04:04.008723 dv-cinder-797608-42-iscsi devstack@c-api.service[110965]: INFO cinder.api.openstack.wsgi [None req-127e41ca-6f22-40d4-be35-aac926bab173 tempest-SnapshotsActionsTest-1808228996 tempest-SnapshotsActionsTest-1808228996-project-admin] http://10.222.0.43/volume/v3/228aad6cbc6241ebb3465c049d297c83/snapshots/ec653464-62ce-42ec-9825-8ee2c2ee91e2/action returned with HTTP 202
Jul 04 08:04:04.018097 dv-cinder-797608-42-iscsi devstack@c-api.service[110966]: DEBUG cinder.api.middleware.request_id [None req-2c9aede3-4803-4961-93a2-797f9b69aa71 None None] RequestId filter calling following filter/app {{(pid=110966) _context_setter /opt/stack/cinder/cinder/api/middleware/request_id.py:62}}
Jul 04 08:04:04.023558 dv-cinder-797608-42-iscsi devstack@c-api.service[110966]: INFO cinder.api.openstack.wsgi [None req-2c9aede3-4803-4961-93a2-797f9b69aa71 tempest-SnapshotsActionsTest-1146090621 tempest-SnapshotsActionsTest-1146090621-project] GET http://10.222.0.43/volume/v3/f7f3b9d038144a2893afd2281e681b89/snapshots/ec653464-62ce-42ec-9825-8ee2c2ee91e2
Jul 04 08:04:04.024188 dv-cinder-797608-42-iscsi devstack@c-api.service[110966]: DEBUG cinder.api.openstack.wsgi [None req-2c9aede3-4803-4961-93a2-797f9b69aa71 tempest-SnapshotsActionsTest-1146090621 tempest-SnapshotsActionsTest-1146090621-project] Empty body provided in request {{(pid=110966) get_body /opt/stack/cinder/cinder/api/openstack/wsgi.py:715}}
Jul 04 08:04:04.024796 dv-cinder-797608-42-iscsi devstack@c-api.service[110966]: DEBUG cinder.api.openstack.wsgi [None req-2c9aede3-4803-4961-93a2-797f9b69aa71 tempest-SnapshotsActionsTest-1146090621 tempest-SnapshotsActionsTest-1146090621-project] Calling method 'show' {{(pid=110966) _process_stack /opt/stack/cinder/cinder/api/openstack/wsgi.py:868}}
Jul 04 08:04:04.026382 dv-cinder-797608-42-iscsi devstack@c-api.service[110965]: [pid: 110965|app: 0|req: 85/168] 10.222.0.43 () {60 vars in 1372 bytes} [Mon Jul 4 08:04:03 2022] POST /volume/v3/228aad6cbc6241ebb3465c049d297c83/snapshots/ec653464-62ce-42ec-9825-8ee2c2ee91e2/action => generated 0 bytes in 89 msecs (HTTP/1.1 202) 7 headers in 289 bytes (1 switches on core 0)
Jul 04 08:04:04.048850 dv-cinder-797608-42-iscsi devstack@c-api.service[110966]: /usr/local/lib/python3.8/dist-packages/oslo_context/context.py:100: DeprecationWarning: Policy enforcement is depending on the value of is_admin. This key is deprecated. Please update your policy file to use the standard policy values.
Jul 04 08:04:04.048850 dv-cinder-797608-42-iscsi devstack@c-api.service[110966]: warnings.warn('Policy enforcement is depending on the value of '
Jul 04 08:04:04.050079 dv-cinder-797608-42-iscsi devstack@c-api.service[110966]: INFO cinder.volume.api [None req-2c9aede3-4803-4961-93a2-797f9b69aa71 tempest-SnapshotsActionsTest-1146090621 tempest-SnapshotsActionsTest-1146090621-project] Snapshot retrieved successfully.
Jul 04 08:04:04.055207 dv-cinder-797608-42-iscsi devstack@c-api.service[110966]: INFO cinder.api.openstack.wsgi [None req-2c9aede3-4803-4961-93a2-797f9b69aa71 tempest-SnapshotsActionsTest-1146090621 tempest-SnapshotsActionsTest-1146090621-project] http://10.222.0.43/volume/v3/f7f3b9d038144a2893afd2281e681b89/snapshots/ec653464-62ce-42ec-9825-8ee2c2ee91e2 returned with HTTP 200
Jul 04 08:04:04.065371 dv-cinder-797608-42-iscsi devstack@c-api.service[110965]: DEBUG cinder.api.middleware.request_id [None req-901abaac-069f-4ab6-a043-befa3f5a8c6c None None] RequestId filter calling following filter/app {{(pid=110965) _context_setter /opt/stack/cinder/cinder/api/middleware/request_id.py:62}}
Jul 04 08:04:04.070689 dv-cinder-797608-42-iscsi devstack@c-api.service[110965]: INFO cinder.api.openstack.wsgi [None req-901abaac-069f-4ab6-a043-befa3f5a8c6c tempest-SnapshotsActionsTest-1146090621 tempest-SnapshotsActionsTest-1146090621-project] POST http://10.222.0.43/volume/v3/f7f3b9d038144a2893afd2281e681b89/snapshots/ec653464-62ce-42ec-9825-8ee2c2ee91e2/action
Jul 04 08:04:04.071649 dv-cinder-797608-42-iscsi devstack@c-api.service[110965]: DEBUG cinder.api.openstack.wsgi [None req-901abaac-069f-4ab6-a043-befa3f5a8c6c tempest-SnapshotsActionsTest-1146090621 tempest-SnapshotsActionsTest-1146090621-project] Action body: b'{"os-update_snapshot_status": {"status": "error", "progress": "80%"}}' {{(pid=110965) get_method /opt/stack/cinder/cinder/api/openstack/wsgi.py:983}}
Jul 04 08:04:04.071859 dv-cinder-797608-42-iscsi devstack@c-api.service[110965]: DEBUG cinder.api.openstack.wsgi [None req-901abaac-069f-4ab6-a043-befa3f5a8c6c tempest-SnapshotsActionsTest-1146090621 tempest-SnapshotsActionsTest-1146090621-project] Action: 'action', calling method: _update_snapshot_status, body: {"os-update_snapshot_status": {"status": "error", "progress": "80%"}} {{(pid=110965) _process_stack /opt/stack/cinder/cinder/api/openstack/wsgi.py:866}}
Jul 04 08:04:04.073461 dv-cinder-797608-42-iscsi devstack@c-api.service[110965]: DEBUG cinder.api.contrib.snapshot_actions [None req-901abaac-069f-4ab6-a043-befa3f5a8c6c tempest-SnapshotsActionsTest-1146090621 tempest-SnapshotsActionsTest-1146090621-project] body: {'os-update_snapshot_status': {'status': 'error', 'progress': '80%'}} {{(pid=110965) _update_snapshot_status /opt/stack/cinder/cinder/api/contrib/snapshot_actions.py:46}}
Jul 04 08:04:04.077964 dv-cinder-797608-42-iscsi devstack@c-api.service[110966]: [pid: 110966|app: 0|req: 84/169] 10.222.0.43 () {58 vars in 1330 bytes} [Mon Jul 4 08:04:04 2022] GET /volume/v3/f7f3b9d038144a2893afd2281e681b89/snapshots/ec653464-62ce-42ec-9825-8ee2c2ee91e2 => generated 464 bytes in 61 msecs (HTTP/1.1 200) 7 headers in 285 bytes (2 switches on core 0)
Jul 04 08:04:04.088126 dv-cinder-797608-42-iscsi devstack@c-api.service[110965]: /usr/local/lib/python3.8/dist-packages/oslo_context/context.py:100: DeprecationWarning: Policy enforcement is depending on the value of is_admin. This key is deprecated. Please update your policy file to use the standard policy values.
Jul 04 08:04:04.088126 dv-cinder-797608-42-iscsi devstack@c-api.service[110965]: warnings.warn('Policy enforcement is depending on the value of '
Jul 04 08:04:04.088126 dv-cinder-797608-42-iscsi devstack@c-api.service[110965]: INFO cinder.api.contrib.snapshot_actions [None req-901abaac-069f-4ab6-a043-befa3f5a8c6c tempest-SnapshotsActionsTest-1146090621 tempest-SnapshotsActionsTest-1146090621-project] Updating snapshot ec653464-62ce-42ec-9825-8ee2c2ee91e2 with info {'id': 'ec653464-62ce-42ec-9825-8ee2c2ee91e2', 'status': 'error', 'progress': '80%'}
Jul 04 08:04:04.098843 dv-cinder-797608-42-iscsi devstack@c-api.service[110965]: INFO cinder.api.openstack.wsgi [None req-901abaac-069f-4ab6-a043-befa3f5a8c6c tempest-SnapshotsActionsTest-1146090621 tempest-SnapshotsActionsTest-1146090621-project] http://10.222.0.43/volume/v3/f7f3b9d038144a2893afd2281e681b89/snapshots/ec653464-62ce-42ec-9825-8ee2c2ee91e2/action returned with HTTP 202
Jul 04 08:04:04.099926 dv-cinder-797608-42-iscsi devstack@c-api.service[110965]: [pid: 110965|app: 0|req: 86/170] 10.222.0.43 () {60 vars in 1372 bytes} [Mon Jul 4 08:04:04 2022] POST /volume/v3/f7f3b9d038144a2893afd2281e681b89/snapshots/ec653464-62ce-42ec-9825-8ee2c2ee91e2/action => generated 0 bytes in 36 msecs (HTTP/1.1 202) 6 headers in 233 bytes (1 switches on core 0)
Jul 04 08:04:04.105235 dv-cinder-797608-42-iscsi devstack@c-api.service[110966]: DEBUG cinder.api.middleware.request_id [None req-008b77d3-a73e-454c-b080-8a9d33fb0e46 None None] RequestId filter calling following filter/app {{(pid=110966) _context_setter /opt/stack/cinder/cinder/api/middleware/request_id.py:62}}
Jul 04 08:04:04.110231 dv-cinder-797608-42-iscsi devstack@c-api.service[110966]: INFO cinder.api.openstack.wsgi [None req-008b77d3-a73e-454c-b080-8a9d33fb0e46 tempest-SnapshotsActionsTest-1808228996 tempest-SnapshotsActionsTest-1808228996-project-admin] GET http://10.222.0.43/volume/v3/228aad6cbc6241ebb3465c049d297c83/snapshots/ec653464-62ce-42ec-9825-8ee2c2ee91e2
Jul 04 08:04:04.110741 dv-cinder-797608-42-iscsi devstack@c-api.service[110966]: DEBUG cinder.api.openstack.wsgi [None req-008b77d3-a73e-454c-b080-8a9d33fb0e46 tempest-SnapshotsActionsTest-1808228996 tempest-SnapshotsActionsTest-1808228996-project-admin] Empty body provided in request {{(pid=110966) get_body /opt/stack/cinder/cinder/api/openstack/wsgi.py:715}}
Jul 04 08:04:04.111259 dv-cinder-797608-42-iscsi devstack@c-api.service[110966]: DEBUG cinder.api.openstack.wsgi [None req-008b77d3-a73e-454c-b080-8a9d33fb0e46 tempest-SnapshotsActionsTest-1808228996 tempest-SnapshotsActionsTest-1808228996-project-admin] Calling method 'show' {{(pid=110966) _process_stack /opt/stack/cinder/cinder/api/openstack/wsgi.py:868}}
Jul 04 08:04:04.124726 dv-cinder-797608-42-iscsi devstack@c-api.service[110966]: /usr/local/lib/python3.8/dist-packages/oslo_context/context.py:100: DeprecationWarning: Policy enforcement is depending on the value of is_admin. This key is deprecated. Please update your policy file to use the standard policy values.
Jul 04 08:04:04.124726 dv-cinder-797608-42-iscsi devstack@c-api.service[110966]: warnings.warn('Policy enforcement is depending on the value of '
Jul 04 08:04:04.126011 dv-cinder-797608-42-iscsi devstack@c-api.service[110966]: INFO cinder.volume.api [None req-008b77d3-a73e-454c-b080-8a9d33fb0e46 tempest-SnapshotsActionsTest-1808228996 tempest-SnapshotsActionsTest-1808228996-project-admin] Snapshot retrieved successfully.
Jul 04 08:04:04.129873 dv-cinder-797608-42-iscsi devstack@c-api.service[110966]: INFO cinder.api.openstack.wsgi [None req-008b77d3-a73e-454c-b080-8a9d33fb0e46 tempest-SnapshotsActionsTest-1808228996 tempest-SnapshotsActionsTest-1808228996-project-admin] http://10.222.0.43/volume/v3/228aad6cbc6241ebb3465c049d297c83/snapshots/ec653464-62ce-42ec-9825-8ee2c2ee91e2 returned with HTTP 200
Jul 04 08:04:04.140021 dv-cinder-797608-42-iscsi devstack@c-api.service[110965]: DEBUG cinder.api.middleware.request_id [None req-765bebc4-8b1d-4063-b55c-e69eeeeb8ba0 None None] RequestId filter calling following filter/app {{(pid=110965) _context_setter /opt/stack/cinder/cinder/api/middleware/request_id.py:62}}
Jul 04 08:04:04.146264 dv-cinder-797608-42-iscsi devstack@c-api.service[110965]: INFO cinder.api.openstack.wsgi [None req-765bebc4-8b1d-4063-b55c-e69eeeeb8ba0 tempest-SnapshotsActionsTest-1808228996 tempest-SnapshotsActionsTest-1808228996-project-admin] POST http://10.222.0.43/volume/v3/228aad6cbc6241ebb3465c049d297c83/snapshots/ec653464-62ce-42ec-9825-8ee2c2ee91e2/action
Jul 04 08:04:04.147274 dv-cinder-797608-42-iscsi devstack@c-api.service[110965]: DEBUG cinder.api.openstack.wsgi [None req-765bebc4-8b1d-4063-b55c-e69eeeeb8ba0 tempest-SnapshotsActionsTest-1808228996 tempest-SnapshotsActionsTest-1808228996-project-admin] Action body: b'{"os-reset_status": {"status": "available"}}' {{(pid=110965) get_method /opt/stack/cinder/cinder/api/openstack/wsgi.py:983}}
