File "/usr/local/lib/python3.8/dist-packages/flask/app.py", line 1509, in dispatch_request
Jun 29 12:06:40.733530 dv-cinder-797608-38-iscsi devstack@keystone.service[80082]: ERROR keystone.server.flask.application return self.ensure_sync(self.view_functions[rule.endpoint])(**req.view_args)
Jun 29 12:06:40.733530 dv-cinder-797608-38-iscsi devstack@keystone.service[80082]: ERROR keystone.server.flask.application
File "/usr/local/lib/python3.8/dist-packages/flask_restful/__init__.py", line 467, in wrapper
Jun 29 12:06:40.733530 dv-cinder-797608-38-iscsi devstack@keystone.service[80082]: ERROR keystone.server.flask.application resp = resource(*args, **kwargs)
Jun 29 12:06:40.733530 dv-cinder-797608-38-iscsi devstack@keystone.service[80082]: ERROR keystone.server.flask.application
File "/usr/local/lib/python3.8/dist-packages/flask/views.py", line 84, in view
Jun 29 12:06:40.733530 dv-cinder-797608-38-iscsi devstack@keystone.service[80082]: ERROR keystone.server.flask.application return current_app.ensure_sync(self.dispatch_request)(*args, **kwargs)
Jun 29 12:06:40.733530 dv-cinder-797608-38-iscsi devstack@keystone.service[80082]: ERROR keystone.server.flask.application
File "/usr/local/lib/python3.8/dist-packages/flask_restful/__init__.py", line 582, in dispatch_request
Jun 29 12:06:40.733530 dv-cinder-797608-38-iscsi devstack@keystone.service[80082]: ERROR keystone.server.flask.application resp = meth(*args, **kwargs)
Jun 29 12:06:40.733530 dv-cinder-797608-38-iscsi devstack@keystone.service[80082]: ERROR keystone.server.flask.application
File "/opt/stack/keystone/keystone/api/roles.py", line 50, in get
Jun 29 12:06:40.733530 dv-cinder-797608-38-iscsi devstack@keystone.service[80082]: ERROR keystone.server.flask.application return self._get_role(role_id)
Jun 29 12:06:40.733530 dv-cinder-797608-38-iscsi devstack@keystone.service[80082]: ERROR keystone.server.flask.application
File "/opt/stack/keystone/keystone/api/roles.py", line 70, in _get_role
Jun 29 12:06:40.733530 dv-cinder-797608-38-iscsi devstack@keystone.service[80082]: ERROR keystone.server.flask.application ENFORCER.enforce_call(action='identity:get_role')
Jun 29 12:06:40.734394 dv-cinder-797608-38-iscsi devstack@keystone.service[80082]: ERROR keystone.server.flask.application
File "/opt/stack/keystone/keystone/common/rbac_enforcer/enforcer.py", line 402, in enforce_call
Jun 29 12:06:40.734394 dv-cinder-797608-38-iscsi devstack@keystone.service[80082]: ERROR keystone.server.flask.application policy_dict.update(cls._extract_member_target_data(
Jun 29 12:06:40.734394 dv-cinder-797608-38-iscsi devstack@keystone.service[80082]: ERROR keystone.server.flask.application
File "/opt/stack/keystone/keystone/common/rbac_enforcer/enforcer.py", line 234, in _extract_member_target_data
Jun 29 12:06:40.734394 dv-cinder-797608-38-iscsi devstack@keystone.service[80082]: ERROR keystone.server.flask.application member_name: func(flask.request.view_args[key])
Jun 29 12:06:40.734394 dv-cinder-797608-38-iscsi devstack@keystone.service[80082]: ERROR keystone.server.flask.application
File "/opt/stack/keystone/keystone/common/manager.py", line 115, in wrapped
Jun 29 12:06:40.734394 dv-cinder-797608-38-iscsi devstack@keystone.service[80082]: ERROR keystone.server.flask.application __ret_val = __f(*args, **kwargs)
Jun 29 12:06:40.734394 dv-cinder-797608-38-iscsi devstack@keystone.service[80082]: ERROR keystone.server.flask.application
File "/usr/local/lib/python3.8/dist-packages/decorator.py", line 232, in fun
Jun 29 12:06:40.734394 dv-cinder-797608-38-iscsi devstack@keystone.service[80082]: ERROR keystone.server.flask.application return caller(func, *(extras + args), **kw)
Jun 29 12:06:40.734394 dv-cinder-797608-38-iscsi devstack@keystone.service[80082]: ERROR keystone.server.flask.application
File "/usr/local/lib/python3.8/dist-packages/dogpile/cache/region.py", line 1577, in get_or_create_for_user_func
Jun 29 12:06:40.734394 dv-cinder-797608-38-iscsi devstack@keystone.service[80082]: ERROR keystone.server.flask.application return self.get_or_create(
Jun 29 12:06:40.734394 dv-cinder-797608-38-iscsi devstack@keystone.service[80082]: ERROR keystone.server.flask.application
File "/usr/local/lib/python3.8/dist-packages/dogpile/cache/region.py", line 1042, in get_or_create
Jun 29 12:06:40.734394 dv-cinder-797608-38-iscsi devstack@keystone.service[80082]: ERROR keystone.server.flask.application with Lock(
Jun 29 12:06:40.734394 dv-cinder-797608-38-iscsi devstack@keystone.service[80082]: ERROR keystone.server.flask.application
File "/usr/local/lib/python3.8/dist-packages/dogpile/lock.py", line 185, in __enter__
Jun 29 12:06:40.734394 dv-cinder-797608-38-iscsi devstack@keystone.service[80082]: ERROR keystone.server.flask.application return self._enter()
Jun 29 12:06:40.734394 dv-cinder-797608-38-iscsi devstack@keystone.service[80082]: ERROR keystone.server.flask.application
File "/usr/local/lib/python3.8/dist-packages/dogpile/lock.py", line 94, in _enter
Jun 29 12:06:40.734394 dv-cinder-797608-38-iscsi devstack@keystone.service[80082]: ERROR keystone.server.flask.application generated = self._enter_create(value, createdtime)
Jun 29 12:06:40.735241 dv-cinder-797608-38-iscsi devstack@keystone.service[80082]: ERROR keystone.server.flask.application
File "/usr/local/lib/python3.8/dist-packages/dogpile/lock.py", line 178, in _enter_create
Jun 29 12:06:40.735241 dv-cinder-797608-38-iscsi devstack@keystone.service[80082]: ERROR keystone.server.flask.application return self.creator()
Jun 29 12:06:40.735241 dv-cinder-797608-38-iscsi devstack@keystone.service[80082]: ERROR keystone.server.flask.application
File "/usr/local/lib/python3.8/dist-packages/dogpile/cache/region.py", line 995, in gen_value
Jun 29 12:06:40.735241 dv-cinder-797608-38-iscsi devstack@keystone.service[80082]: ERROR keystone.server.flask.application created_value = creator(
Jun 29 12:06:40.735241 dv-cinder-797608-38-iscsi devstack@keystone.service[80082]: ERROR keystone.server.flask.application
File "/opt/stack/keystone/keystone/assignment/core.py", line 1276, in get_role
Jun 29 12:06:40.735241 dv-cinder-797608-38-iscsi devstack@keystone.service[80082]: ERROR keystone.server.flask.application return self.driver.get_role(role_id)
Jun 29 12:06:40.735241 dv-cinder-797608-38-iscsi devstack@keystone.service[80082]: ERROR keystone.server.flask.application
File "/opt/stack/keystone/keystone/assignment/role_backends/sql.py", line 70, in get_role
Jun 29 12:06:40.735241 dv-cinder-797608-38-iscsi devstack@keystone.service[80082]: ERROR keystone.server.flask.application return self._get_role(session, role_id).to_dict()
Jun 29 12:06:40.735241 dv-cinder-797608-38-iscsi devstack@keystone.service[80082]: ERROR keystone.server.flask.application
File "/opt/stack/keystone/keystone/assignment/role_backends/sql.py", line 65, in _get_role
Jun 29 12:06:40.735241 dv-cinder-797608-38-iscsi devstack@keystone.service[80082]: ERROR keystone.server.flask.application raise exception.RoleNotFound(role_id=role_id)
Jun 29 12:06:40.735241 dv-cinder-797608-38-iscsi devstack@keystone.service[80082]: ERROR keystone.server.flask.application keystone.exception.RoleNotFound: Could not find role: member.
Jun 29 12:06:40.735241 dv-cinder-797608-38-iscsi devstack@keystone.service[80082]: ERROR keystone.server.flask.application
Jun 29 12:06:40.742217 dv-cinder-797608-38-iscsi devstack@keystone.service[80082]: [pid: 80082|app: 0|req: 64/128] 10.222.0.13 () {56 vars in 1099 bytes} [Wed Jun 29 12:06:40 2022] GET /identity/v3/roles/member => generated 84 bytes in 341 msecs (HTTP/1.1 404) 5 headers in 183 bytes (1 switches on core 0)
Jun 29 12:06:40.747082 dv-cinder-797608-38-iscsi devstack@keystone.service[80082]: DEBUG keystone.server.flask.request_processing.middleware.auth_context [None req-7d830ea8-fcc6-4b6c-963c-4fd04868cd93 None admin] Authenticating user token {{(pid=80082) process_request /usr/local/lib/python3.8/dist-packages/keystonemiddleware/auth_token/__init__.py:407}}
Jun 29 12:06:40.785394 dv-cinder-797608-38-iscsi devstack@keystone.service[80082]: DEBUG dbcounter [-] [80082] Writing DB stats keystone:SELECT=100 {{(pid=80082) stat_writer /usr/local/lib/python3.8/dist-packages/dbcounter.py:114}}
Jun 29 12:06:40.829191 dv-cinder-797608-38-iscsi devstack@keystone.service[80081]: DEBUG keystone.server.flask.request_processing.middleware.auth_context [None req-61200c91-48f8-4826-b0b8-a0b1813c7f3a None admin] Validating token access rules against request {{(pid=80081) validate_allowed_request /usr/local/lib/python3.8/dist-packages/keystonemiddleware/auth_token/__init__.py:545}}
Jun 29 12:06:40.894282 dv-cinder-797608-38-iscsi devstack@keystone.service[80081]: DEBUG keystone.server.flask.request_processing.middleware.auth_context [None req-dd33175e-ae5f-4ed7-82fb-c855c14469b4 None admin] RBAC: auth_context: {'token': , 'domain_id': None, 'trust_id': None, 'trustor_id': None, 'trustee_id': None, 'domain_name': None, 'group_ids': [], 'user_id': '08fcb1f35af24620b53142bf98880fe8', 'user_domain_id': 'default', 'system_scope': 'all', 'project_id': None, 'project_domain_id': None, 'roles': ['admin', 'member', 'reader'], 'is_admin_project': True, 'service_user_id': None, 'service_user_domain_id': None, 'service_project_id': None, 'service_project_domain_id': None, 'service_roles': []} {{(pid=80081) fill_context /opt/stack/keystone/keystone/server/flask/request_processing/middleware/auth_context.py:478}}
Jun 29 12:06:40.894884 dv-cinder-797608-38-iscsi devstack@keystone.service[80081]: DEBUG keystone.server.flask.request_processing.req_logging [None req-dd33175e-ae5f-4ed7-82fb-c855c14469b4 None admin] REQUEST_METHOD: `GET` {{(pid=80081) log_request_info /opt/stack/keystone/keystone/server/flask/request_processing/req_logging.py:27}}
Jun 29 12:06:40.895174 dv-cinder-797608-38-iscsi devstack@keystone.service[80081]: DEBUG keystone.server.flask.request_processing.req_logging [None req-dd33175e-ae5f-4ed7-82fb-c855c14469b4 None admin] SCRIPT_NAME: `/identity` {{(pid=80081) log_request_info /opt/stack/keystone/keystone/server/flask/request_processing/req_logging.py:28}}
Jun 29 12:06:40.895451 dv-cinder-797608-38-iscsi devstack@keystone.service[80081]: DEBUG keystone.server.flask.request_processing.req_logging [None req-dd33175e-ae5f-4ed7-82fb-c855c14469b4 None admin] PATH_INFO: `/v3/auth/tokens` {{(pid=80081) log_request_info /opt/stack/keystone/keystone/server/flask/request_processing/req_logging.py:29}}
Jun 29 12:06:40.929185 dv-cinder-797608-38-iscsi devstack@keystone.service[80082]: DEBUG keystone.server.flask.request_processing.middleware.auth_context [None req-7d830ea8-fcc6-4b6c-963c-4fd04868cd93 None admin] Validating token access rules against request {{(pid=80082) validate_allowed_request /usr/local/lib/python3.8/dist-packages/keystonemiddleware/auth_token/__init__.py:545}}
Jun 29 12:06:40.983001 dv-cinder-797608-38-iscsi devstack@keystone.service[80081]: DEBUG dbcounter [-] [80081] Writing DB stats keystone:SELECT=100 {{(pid=80081) stat_writer /usr/local/lib/python3.8/dist-packages/dbcounter.py:114}}
Jun 29 12:06:40.992385 dv-cinder-797608-38-iscsi devstack@keystone.service[80082]: DEBUG keystone.server.flask.request_processing.middleware.auth_context [None req-14c507b5-af21-4048-9f94-1c1679def5f3 None admin] RBAC: auth_context: {'token': , 'domain_id': None, 'trust_id': None, 'trustor_id': None, 'trustee_id': None, 'domain_name': None, 'group_ids': [], 'user_id': '08fcb1f35af24620b53142bf98880fe8', 'user_domain_id': 'default', 'system_scope': 'all', 'project_id': None, 'project_domain_id': None, 'roles': ['admin', 'member', 'reader'], 'is_admin_project': True, 'service_user_id': None, 'service_user_domain_id': None, 'service_project_id': None, 'service_project_domain_id': None, 'service_roles': []} {{(pid=80082) fill_context /opt/stack/keystone/keystone/server/flask/request_processing/middleware/auth_context.py:478}}
Jun 29 12:06:40.993286 dv-cinder-797608-38-iscsi devstack@keystone.service[80082]: DEBUG keystone.server.flask.request_processing.req_logging [None req-14c507b5-af21-4048-9f94-1c1679def5f3 None admin] REQUEST_METHOD: `GET` {{(pid=80082) log_request_info /opt/stack/keystone/keystone/server/flask/request_processing/req_logging.py:27}}
Jun 29 12:06:40.993575 dv-cinder-797608-38-iscsi devstack@keystone.service[80082]: DEBUG keystone.server.flask.request_processing.req_logging [None req-14c507b5-af21-4048-9f94-1c1679def5f3 None admin] SCRIPT_NAME: `/identity` {{(pid=80082) log_request_info /opt/stack/keystone/keystone/server/flask/request_processing/req_logging.py:28}}
Jun 29 12:06:40.993857 dv-cinder-797608-38-iscsi devstack@keystone.service[80082]: DEBUG keystone.server.flask.request_processing.req_logging [None req-14c507b5-af21-4048-9f94-1c1679def5f3 None admin] PATH_INFO: `/v3/projects/db721c414b9e4fec93c61aef1313fdb0` {{(pid=80082) log_request_info /opt/stack/keystone/keystone/server/flask/request_processing/req_logging.py:29}}
Jun 29 12:06:40.996073 dv-cinder-797608-38-iscsi devstack@keystone.service[80082]: DEBUG keystone.common.rbac_enforcer.enforcer [None req-14c507b5-af21-4048-9f94-1c1679def5f3 None admin] RBAC: Authorizing `identity:get_project(project_id=db721c414b9e4fec93c61aef1313fdb0)` {{(pid=80082) enforce_call /opt/stack/keystone/keystone/common/rbac_enforcer/enforcer.py:449}}
Jun 29 12:06:40.997542 dv-cinder-797608-38-iscsi devstack@keystone.service[80082]: DEBUG keystone.common.rbac_enforcer.enforcer [None req-14c507b5-af21-4048-9f94-1c1679def5f3 None admin] RBAC: Authorization granted {{(pid=80082) enforce_call /opt/stack/keystone/keystone/common/rbac_enforcer/enforcer.py:457}}
Jun 29 12:06:40.999276 dv-cinder-797608-38-iscsi devstack@keystone.service[80082]: [pid: 80082|app: 0|req: 65/129] 10.222.0.13 () {56 vars in 1186 bytes} [Wed Jun 29 12:06:40 2022] GET /identity/v3/projects/db721c414b9e4fec93c61aef1313fdb0 => generated 298 bytes in 257 msecs (HTTP/1.1 200) 5 headers in 177 bytes (1 switches on core 0)
Jun 29 12:06:41.000036 dv-cinder-797608-38-iscsi devstack@keystone.service[80082]: DEBUG keystone.server.flask.request_processing.middleware.auth_context [None req-14c507b5-af21-4048-9f94-1c1679def5f3 None admin] Authenticating user token {{(pid=80082) process_request /usr/local/lib/python3.8/dist-packages/keystonemiddleware/auth_token/__init__.py:407}}
Jun 29 12:06:41.015240 dv-cinder-797608-38-iscsi devstack@keystone.service[80081]: DEBUG keystone.common.rbac_enforcer.enforcer [None req-dd33175e-ae5f-4ed7-82fb-c855c14469b4 None admin] RBAC: Authorizing `identity:validate_token()` {{(pid=80081) enforce_call /opt/stack/keystone/keystone/common/rbac_enforcer/enforcer.py:449}}
Jun 29 12:06:41.016744 dv-cinder-797608-38-iscsi devstack@keystone.service[80081]: DEBUG keystone.common.rbac_enforcer.enforcer [None req-dd33175e-ae5f-4ed7-82fb-c855c14469b4 None admin] RBAC: Authorization granted {{(pid=80081) enforce_call /opt/stack/keystone/keystone/common/rbac_enforcer/enforcer.py:457}}
Jun 29 12:06:41.159085 dv-cinder-797608-38-iscsi devstack@keystone.service[80082]: DEBUG dbcounter [-] [80082] Writing DB stats keystone:SELECT=100 {{(pid=80082) stat_writer /usr/local/lib/python3.8/dist-packages/dbcounter.py:114}}
Jun 29 12:06:41.177821 dv-cinder-797608-38-iscsi devstack@keystone.service[80082]: DEBUG keystone.server.flask.request_processing.middleware.auth_context [None req-14c507b5-af21-4048-9f94-1c1679def5f3 None admin] Validating token access rules against request {{(pid=80082) validate_allowed_request /usr/local/lib/python3.8/dist-packages/keystonemiddleware/auth_token/__init__.py:545}}
Jun 29 12:06:41.189456 dv-cinder-797608-38-iscsi devstack@keystone.service[80081]: [pid: 80081|app: 0|req: 65/130] 10.222.0.13 () {58 vars in 1282 bytes} [Wed Jun 29 12:06:40 2022] GET /identity/v3/auth/tokens => generated 799 bytes in 545 msecs (HTTP/1.1 200) 6 headers in 358 bytes (1 switches on core 0)
Jun 29 12:06:41.190307 dv-cinder-797608-38-iscsi devstack@keystone.service[80081]: DEBUG keystone.server.flask.request_processing.middleware.auth_context [None req-dd33175e-ae5f-4ed7-82fb-c855c14469b4 None admin] Authenticating user token {{(pid=80081) process_request /usr/local/lib/python3.8/dist-packages/keystonemiddleware/auth_token/__init__.py:407}}
Jun 29 12:06:41.246701 dv-cinder-797608-38-iscsi devstack@keystone.service[80082]: DEBUG keystone.server.flask.request_processing.middleware.auth_context [None req-c0109836-eb9c-4e4c-8d3f-6329a433ec6e None admin] RBAC: auth_context: {'token': , 'domain_id': None, 'trust_id': None, 'trustor_id': None, 'trustee_id': None, 'domain_name': None, 'group_ids': [], 'user_id': '08fcb1f35af24620b53142bf98880fe8', 'user_domain_id': 'default', 'system_scope': 'all', 'project_id': None, 'project_domain_id': None, 'roles': ['admin', 'member', 'reader'], 'is_admin_project': True, 'service_user_id': None, 'service_user_domain_id': None, 'service_project_id': None, 'service_project_domain_id': None, 'service_roles': []} {{(pid=80082) fill_context /opt/stack/keystone/keystone/server/flask/request_processing/middleware/auth_context.py:478}}
Jun 29 12:06:41.247386 dv-cinder-797608-38-iscsi devstack@keystone.service[80082]: DEBUG keystone.server.flask.request_processing.req_logging [None req-c0109836-eb9c-4e4c-8d3f-6329a433ec6e None admin] REQUEST_METHOD: `GET` {{(pid=80082) log_request_info /opt/stack/keystone/keystone/server/flask/request_processing/req_logging.py:27}}
Jun 29 12:06:41.247674 dv-cinder-797608-38-iscsi devstack@keystone.service[80082]: DEBUG keystone.server.flask.request_processing.req_logging [None req-c0109836-eb9c-4e4c-8d3f-6329a433ec6e None admin] SCRIPT_NAME: `/identity` {{(pid=80082) log_request_info /opt/stack/keystone/keystone/server/flask/request_processing/req_logging.py:28}}
Jun 29 12:06:41.247955 dv-cinder-797608-38-iscsi devstack@keystone.service[80082]: DEBUG keystone.server.flask.request_processing.req_logging [None req-c0109836-eb9c-4e4c-8d3f-6329a433ec6e None admin] PATH_INFO: `/v3/roles` {{(pid=80082) log_request_info /opt/stack/keystone/keystone/server/flask/request_processing/req_logging.py:29}}
Jun 29 12:06:41.248709 dv-cinder-797608-38-iscsi devstack@keystone.service[80082]: DEBUG keystone.common.rbac_enforcer.enforcer [None req-c0109836-eb9c-4e4c-8d3f-6329a433ec6e None admin] RBAC: Adding query filter params (name=member) {{(pid=80082) _extract_filter_values /opt/stack/keystone/keystone/common/rbac_enforcer/enforcer.py:167}}
Jun 29 12:06:41.249019 dv-cinder-797608-38-iscsi devstack@keystone.service[80082]: DEBUG keystone.common.rbac_enforcer.enforcer [None req-c0109836-eb9c-4e4c-8d3f-6329a433ec6e None admin] RBAC: Authorizing `identity:list_roles()` {{(pid=80082) enforce_call /opt/stack/keystone/keystone/common/rbac_enforcer/enforcer.py:449}}
Jun 29 12:06:41.250429 dv-cinder-797608-38-iscsi devstack@keystone.service[80082]: DEBUG keystone.common.rbac_enforcer.enforcer [None req-c0109836-eb9c-4e4c-8d3f-6329a433ec6e None admin] RBAC: Authorization granted {{(pid=80082) enforce_call /opt/stack/keystone/keystone/common/rbac_enforcer/enforcer.py:457}}
Jun 29 12:06:41.268186 dv-cinder-797608-38-iscsi devstack@keystone.service[80082]: [pid: 80082|app: 0|req: 66/131] 10.222.0.13 () {56 vars in 1101 bytes} [Wed Jun 29 12:06:40 2022] GET /identity/v3/roles?name=member => generated 341 bytes in 268 msecs (HTTP/1.1 200) 5 headers in 177 bytes (1 switches on core 0)
Jun 29 12:06:41.269049 dv-cinder-797608-38-iscsi devstack@keystone.service[80082]: DEBUG keystone.server.flask.request_processing.middleware.auth_context [None req-c0109836-eb9c-4e4c-8d3f-6329a433ec6e None admin] Authenticating user token {{(pid=80082) process_request /usr/local/lib/python3.8/dist-packages/keystonemiddleware/auth_token/__init__.py:407}}
Jun 29 12:06:41.324484 dv-cinder-797608-38-iscsi devstack@keystone.service[80081]: DEBUG dbcounter [-] [80081] Writing DB stats keystone:SELECT=100 {{(pid=80081) stat_writer /usr/local/lib/python3.8/dist-packages/dbcounter.py:114}}
Jun 29 12:06:41.348416 dv-cinder-797608-38-iscsi devstack@keystone.service[80081]: DEBUG keystone.server.flask.request_processing.middleware.auth_context [None req-dd33175e-ae5f-4ed7-82fb-c855c14469b4 None admin] Validating token access rules against request {{(pid=80081) validate_allowed_request /usr/local/lib/python3.8/dist-packages/keystonemiddleware/auth_token/__init__.py:545}}
Jun 29 12:06:41.394998 dv-cinder-797608-38-iscsi devstack@keystone.service[80081]: DEBUG keystone.server.flask.request_processing.middleware.auth_context [None req-2d524deb-7b6c-4626-882b-07a12f64e1ec None admin] RBAC: auth_context: {'token': , 'domain_id': None, 'trust_id': None, 'trustor_id': None, 'trustee_id': None, 'domain_name': None, 'group_ids': [], 'user_id': '08fcb1f35af24620b53142bf98880fe8', 'user_domain_id': 'default', 'system_scope': 'all', 'project_id': None, 'project_domain_id': None, 'roles': ['admin', 'member', 'reader'], 'is_admin_project': True, 'service_user_id': None, 'service_user_domain_id': None, 'service_project_id': None, 'service_project_domain_id': None, 'service_roles': []} {{(pid=80081) fill_context /opt/stack/keystone/keystone/server/flask/request_processing/middleware/auth_context.py:478}}
Jun 29 12:06:41.396441 dv-cinder-797608-38-iscsi devstack@keystone.service[80081]: DEBUG keystone.server.flask.request_processing.req_logging [None req-2d524deb-7b6c-4626-882b-07a12f64e1ec None admin] REQUEST_METHOD: `PUT` {{(pid=80081) log_request_info /opt/stack/keystone/keystone/server/flask/request_processing/req_logging.py:27}}
Jun 29 12:06:41.397112 dv-cinder-797608-38-iscsi devstack@keystone.service[80081]: DEBUG keystone.server.flask.request_processing.req_logging [None req-2d524deb-7b6c-4626-882b-07a12f64e1ec None admin] SCRIPT_NAME: `/identity` {{(pid=80081) log_request_info /opt/stack/keystone/keystone/server/flask/request_processing/req_logging.py:28}}
Jun 29 12:06:41.397565 dv-cinder-797608-38-iscsi devstack@keystone.service[80081]: DEBUG keystone.server.flask.request_processing.req_logging [None req-2d524deb-7b6c-4626-882b-07a12f64e1ec None admin] PATH_INFO: `/v3/projects/db721c414b9e4fec93c61aef1313fdb0/users/831d3cfb8ffd4317a4ffe611c92f5d05/roles/b0982ad59fae4158ba9249550f6452cd` {{(pid=80081) log_request_info /opt/stack/keystone/keystone/server/flask/request_processing/req_logging.py:29}}
Jun 29 12:06:41.401410 dv-cinder-797608-38-iscsi devstack@keystone.service[80081]: DEBUG keystone.common.rbac_enforcer.enforcer [None req-2d524deb-7b6c-4626-882b-07a12f64e1ec None admin] RBAC: Authorizing `identity:create_grant(project_id=db721c414b9e4fec93c61aef1313fdb0, user_id=831d3cfb8ffd4317a4ffe611c92f5d05, role_id=b0982ad59fae4158ba9249550f6452cd)` {{(pid=80081) enforce_call /opt/stack/keystone/keystone/common/rbac_enforcer/enforcer.py:449}}
Jun 29 12:06:41.403696 dv-cinder-797608-38-iscsi devstack@keystone.service[80081]: DEBUG keystone.common.rbac_enforcer.enforcer [None req-2d524deb-7b6c-4626-882b-07a12f64e1ec None admin] RBAC: Authorization granted {{(pid=80081) enforce_call /opt/stack/keystone/keystone/common/rbac_enforcer/enforcer.py:457}}
Jun 29 12:06:41.407473 dv-cinder-797608-38-iscsi devstack@keystone.service[80082]: DEBUG keystone.server.flask.request_processing.middleware.auth_context [None req-c0109836-eb9c-4e4c-8d3f-6329a433ec6e None admin] Validating token access rules against request {{(pid=80082) validate_allowed_request /usr/local/lib/python3.8/dist-packages/keystonemiddleware/auth_token/__init__.py:545}}
Jun 29 12:06:41.425701 dv-cinder-797608-38-iscsi devstack@keystone.service[80081]: [pid: 80081|app: 0|req: 66/132] 10.222.0.13 () {58 vars in 1439 bytes} [Wed Jun 29 12:06:41 2022] PUT /identity/v3/projects/db721c414b9e4fec93c61aef1313fdb0/users/831d3cfb8ffd4317a4ffe611c92f5d05/roles/b0982ad59fae4158ba9249550f6452cd => generated 0 bytes in 235 msecs (HTTP/1.1 204) 3 headers in 132 bytes (0 switches on core 0)
Jun 29 12:06:41.427210 dv-cinder-797608-38-iscsi devstack@keystone.service[80081]: DEBUG keystone.server.flask.request_processing.middleware.auth_context [None req-2d524deb-7b6c-4626-882b-07a12f64e1ec None admin] Authenticating user token {{(pid=80081) process_request /usr/local/lib/python3.8/dist-packages/keystonemiddleware/auth_token/__init__.py:407}}
Jun 29 12:06:41.450286 dv-cinder-797608-38-iscsi devstack@keystone.service[80082]: DEBUG keystone.server.flask.request_processing.middleware.auth_context [None req-43b43662-b1dc-478b-adaf-16160785d06b None admin] RBAC: auth_context: {'token': , 'domain_id': None, 'trust_id': None, 'trustor_id': None, 'trustee_id': None, 'domain_name': None, 'group_ids': [], 'user_id': '08fcb1f35af24620b53142bf98880fe8', 'user_domain_id': 'default', 'system_scope': 'all', 'project_id': None, 'project_domain_id': None, 'roles': ['admin', 'member', 'reader'], 'is_admin_project': True, 'service_user_id': None, 'service_user_domain_id': None, 'service_project_id': None, 'service_project_domain_id': None, 'service_roles': []} {{(pid=80082) fill_context /opt/stack/keystone/keystone/server/flask/request_processing/middleware/auth_context.py:478}}
Jun 29 12:06:41.451507 dv-cinder-797608-38-iscsi devstack@keystone.service[80082]: DEBUG keystone.server.flask.request_processing.req_logging [None req-43b43662-b1dc-478b-adaf-16160785d06b None admin] REQUEST_METHOD: `GET` {{(pid=80082) log_request_info /opt/stack/keystone/keystone/server/flask/request_processing/req_logging.py:27}}
Jun 29 12:06:41.451933 dv-cinder-797608-38-iscsi devstack@keystone.service[80082]: DEBUG keystone.server.flask.request_processing.req_logging [None req-43b43662-b1dc-478b-adaf-16160785d06b None admin] SCRIPT_NAME: `/identity` {{(pid=80082) log_request_info /opt/stack/keystone/keystone/server/flask/request_processing/req_logging.py:28}}
Jun 29 12:06:41.452313 dv-cinder-797608-38-iscsi devstack@keystone.service[80082]: DEBUG keystone.server.flask.request_processing.req_logging [None req-43b43662-b1dc-478b-adaf-16160785d06b None admin] PATH_INFO: `/v3/projects/db721c414b9e4fec93c61aef1313fdb0` {{(pid=80082) log_request_info /opt/stack/keystone/keystone/server/flask/request_processing/req_logging.py:29}}
Jun 29 12:06:41.453985 dv-cinder-797608-38-iscsi devstack@keystone.service[80082]: DEBUG keystone.common.rbac_enforcer.enforcer [None req-43b43662-b1dc-478b-adaf-16160785d06b None admin] RBAC: Authorizing `identity:get_project(project_id=db721c414b9e4fec93c61aef1313fdb0)` {{(pid=80082) enforce_call /opt/stack/keystone/keystone/common/rbac_enforcer/enforcer.py:449}}
Jun 29 12:06:41.455994 dv-cinder-797608-38-iscsi devstack@keystone.service[80082]: DEBUG keystone.common.rbac_enforcer.enforcer [None req-43b43662-b1dc-478b-adaf-16160785d06b None admin] RBAC: Authorization granted {{(pid=80082) enforce_call /opt/stack/keystone/keystone/common/rbac_enforcer/enforcer.py:457}}
Jun 29 12:06:41.458051 dv-cinder-797608-38-iscsi devstack@keystone.service[80082]: [pid: 80082|app: 0|req: 67/133] 10.222.0.13 () {56 vars in 1186 bytes} [Wed Jun 29 12:06:41 2022] GET /identity/v3/projects/db721c414b9e4fec93c61aef1313fdb0 => generated 298 bytes in 189 msecs (HTTP/1.1 200) 5 headers in 177 bytes (1 switches on core 0)
Jun 29 12:06:41.464062 dv-cinder-797608-38-iscsi devstack@keystone.service[80082]: DEBUG keystone.server.flask.request_processing.req_logging [None req-7e1edbd1-3639-4ebe-83f3-3a43796de516 None None] REQUEST_METHOD: `GET` {{(pid=80082) log_request_info /opt/stack/keystone/keystone/server/flask/request_processing/req_logging.py:27}}
Jun 29 12:06:41.464465 dv-cinder-797608-38-iscsi devstack@keystone.service[80082]: DEBUG keystone.server.flask.request_processing.req_logging [None req-7e1edbd1-3639-4ebe-83f3-3a43796de516 None None] SCRIPT_NAME: `/identity` {{(pid=80082) log_request_info /opt/stack/keystone/keystone/server/flask/request_processing/req_logging.py:28}}
Jun 29 12:06:41.464944 dv-cinder-797608-38-iscsi devstack@keystone.service[80082]: DEBUG keystone.server.flask.request_processing.req_logging [None req-7e1edbd1-3639-4ebe-83f3-3a43796de516 None None] PATH_INFO: `/` {{(pid=80082) log_request_info /opt/stack/keystone/keystone/server/flask/request_processing/req_logging.py:29}}
Jun 29 12:06:41.466533 dv-cinder-797608-38-iscsi devstack@keystone.service[80082]: [pid: 80082|app: 0|req: 68/134] 10.222.0.13 () {54 vars in 926 bytes} [Wed Jun 29 12:06:41 2022] GET /identity => generated 270 bytes in 8 msecs (HTTP/1.1 300) 6 headers in 234 bytes (1 switches on core 0)
Jun 29 12:06:41.470547 dv-cinder-797608-38-iscsi devstack@keystone.service[80082]: DEBUG keystone.server.flask.request_processing.middleware.auth_context [None req-7e1edbd1-3639-4ebe-83f3-3a43796de516 None None] Authenticating user token {{(pid=80082) process_request /usr/local/lib/python3.8/dist-packages/keystonemiddleware/auth_token/__init__.py:407}}
Jun 29 12:06:41.491292 dv-cinder-797608-38-iscsi devstack@keystone.service[80082]: DEBUG dbcounter [-] [80082] Writing DB stats keystone:SELECT=100 {{(pid=80082) stat_writer /usr/local/lib/python3.8/dist-packages/dbcounter.py:114}}
Jun 29 12:06:41.575600 dv-cinder-797608-38-iscsi devstack@keystone.service[80081]: DEBUG keystone.server.flask.request_processing.middleware.auth_context [None req-2d524deb-7b6c-4626-882b-07a12f64e1ec None admin] Validating token access rules against request {{(pid=80081) validate_allowed_request /usr/local/lib/python3.8/dist-packages/keystonemiddleware/auth_token/__init__.py:545}}
Jun 29 12:06:41.601392 dv-cinder-797608-38-iscsi devstack@keystone.service[80082]: DEBUG keystone.server.flask.request_processing.middleware.auth_context [None req-7e1edbd1-3639-4ebe-83f3-3a43796de516 None None] Validating token access rules against request {{(pid=80082) validate_allowed_request /usr/local/lib/python3.8/dist-packages/keystonemiddleware/auth_token/__init__.py:545}}
Jun 29 12:06:41.649300 dv-cinder-797608-38-iscsi devstack@keystone.service[80081]: DEBUG keystone.server.flask.request_processing.middleware.auth_context [None req-07c83868-b7b2-4865-a19d-fefa8d6cee06 None admin] RBAC: auth_context: {'token': , 'domain_id': None, 'trust_id': None, 'trustor_id': None, 'trustee_id': None, 'domain_name': None, 'group_ids': [], 'user_id': '08fcb1f35af24620b53142bf98880fe8', 'user_domain_id': 'default', 'system_scope': 'all', 'project_id': None, 'project_domain_id': None, 'roles': ['admin', 'member', 'reader'], 'is_admin_project': True, 'service_user_id': None, 'service_user_domain_id': None, 'service_project_id': None, 'service_project_domain_id': None, 'service_roles': []} {{(pid=80081) fill_context /opt/stack/keystone/keystone/server/flask/request_processing/middleware/auth_context.py:478}}
Jun 29 12:06:41.650313 dv-cinder-797608-38-iscsi devstack@keystone.service[80081]: DEBUG keystone.server.flask.request_processing.req_logging [None req-07c83868-b7b2-4865-a19d-fefa8d6cee06 None admin] REQUEST_METHOD: `GET` {{(pid=80081) log_request_info /opt/stack/keystone/keystone/server/flask/request_processing/req_logging.py:27}}
Jun 29 12:06:41.650602 dv-cinder-797608-38-iscsi devstack@keystone.service[80081]: DEBUG keystone.server.flask.request_processing.req_logging [None req-07c83868-b7b2-4865-a19d-fefa8d6cee06 None admin] SCRIPT_NAME: `/identity` {{(pid=80081) log_request_info /opt/stack/keystone/keystone/server/flask/request_processing/req_logging.py:28}}
Jun 29 12:06:41.650913 dv-cinder-797608-38-iscsi devstack@keystone.service[80081]: DEBUG keystone.server.flask.request_processing.req_logging [None req-07c83868-b7b2-4865-a19d-fefa8d6cee06 None admin] PATH_INFO: `/v3/users/831d3cfb8ffd4317a4ffe611c92f5d05` {{(pid=80081) log_request_info /opt/stack/keystone/keystone/server/flask/request_processing/req_logging.py:29}}
Jun 29 12:06:41.652827 dv-cinder-797608-38-iscsi devstack@keystone.service[80081]: DEBUG keystone.common.rbac_enforcer.enforcer [None req-07c83868-b7b2-4865-a19d-fefa8d6cee06 None admin] RBAC: Authorizing `identity:get_user(user_id=831d3cfb8ffd4317a4ffe611c92f5d05)` {{(pid=80081) enforce_call /opt/stack/keystone/keystone/common/rbac_enforcer/enforcer.py:449}}
Jun 29 12:06:41.653582 dv-cinder-797608-38-iscsi devstack@keystone.service[80081]: DEBUG keystone.common.rbac_enforcer.enforcer [None req-07c83868-b7b2-4865-a19d-fefa8d6cee06 None admin] RBAC: Authorization granted {{(pid=80081) enforce_call /opt/stack/keystone/keystone/common/rbac_enforcer/enforcer.py:457}}
Jun 29 12:06:41.655871 dv-cinder-797608-38-iscsi devstack@keystone.service[80081]: [pid: 80081|app: 0|req: 67/135] 10.222.0.13 () {56 vars in 1177 bytes} [Wed Jun 29 12:06:41 2022] GET /identity/v3/users/831d3cfb8ffd4317a4ffe611c92f5d05 => generated 275 bytes in 229 msecs (HTTP/1.1 200) 5 headers in 177 bytes (1 switches on core 0)
Jun 29 12:06:41.657140 dv-cinder-797608-38-iscsi devstack@keystone.service[80081]: DEBUG keystone.server.flask.request_processing.req_logging [None req-8f45c4ca-4f2d-4770-8da5-842f3dcb6ea7 None None] REQUEST_METHOD: `POST` {{(pid=80081) log_request_info /opt/stack/keystone/keystone/server/flask/request_processing/req_logging.py:27}}
Jun 29 12:06:41.657422 dv-cinder-797608-38-iscsi devstack@keystone.service[80081]: DEBUG keystone.server.flask.request_processing.req_logging [None req-8f45c4ca-4f2d-4770-8da5-842f3dcb6ea7 None None] SCRIPT_NAME: `/identity` {{(pid=80081) log_request_info /opt/stack/keystone/keystone/server/flask/request_processing/req_logging.py:28}}
Jun 29 12:06:41.657697 dv-cinder-797608-38-iscsi devstack@keystone.service[80081]: DEBUG keystone.server.flask.request_processing.req_logging [None req-8f45c4ca-4f2d-4770-8da5-842f3dcb6ea7 None None] PATH_INFO: `/v3/auth/tokens` {{(pid=80081) log_request_info /opt/stack/keystone/keystone/server/flask/request_processing/req_logging.py:29}}
Jun 29 12:06:41.660313 dv-cinder-797608-38-iscsi devstack@keystone.service[80082]: DEBUG keystone.server.flask.request_processing.middleware.auth_context [None req-8adda175-ac1b-41aa-a5dd-9caef0b22dce None admin] RBAC: auth_context: {'token': , 'domain_id': None, 'trust_id': None, 'trustor_id': None, 'trustee_id': None, 'domain_name': None, 'group_ids': [], 'user_id': '08fcb1f35af24620b53142bf98880fe8', 'user_domain_id': 'default', 'system_scope': 'all', 'project_id': None, 'project_domain_id': None, 'roles': ['admin', 'member', 'reader'], 'is_admin_project': True, 'service_user_id': None, 'service_user_domain_id': None, 'service_project_id': None, 'service_project_domain_id': None, 'service_roles': []} {{(pid=80082) fill_context /opt/stack/keystone/keystone/server/flask/request_processing/middleware/auth_context.py:478}}
Jun 29 12:06:41.661145 dv-cinder-797608-38-iscsi devstack@keystone.service[80082]: DEBUG keystone.server.flask.request_processing.req_logging [None req-8adda175-ac1b-41aa-a5dd-9caef0b22dce None admin] REQUEST_METHOD: `GET` {{(pid=80082) log_request_info /opt/stack/keystone/keystone/server/flask/request_processing/req_logging.py:27}}
Jun 29 12:06:41.661599 dv-cinder-797608-38-iscsi devstack@keystone.service[80082]: DEBUG keystone.server.flask.request_processing.req_logging [None req-8adda175-ac1b-41aa-a5dd-9caef0b22dce None admin] SCRIPT_NAME: `/identity` {{(pid=80082) log_request_info /opt/stack/keystone/keystone/server/flask/request_processing/req_logging.py:28}}
Jun 29 12:06:41.662022 dv-cinder-797608-38-iscsi devstack@keystone.service[80082]: DEBUG keystone.server.flask.request_processing.req_logging [None req-8adda175-ac1b-41aa-a5dd-9caef0b22dce None admin] PATH_INFO: `/v3/role_assignments` {{(pid=80082) log_request_info /opt/stack/keystone/keystone/server/flask/request_processing/req_logging.py:29}}
Jun 29 12:06:41.663530 dv-cinder-797608-38-iscsi devstack@keystone.service[80082]: DEBUG keystone.common.rbac_enforcer.enforcer [None req-8adda175-ac1b-41aa-a5dd-9caef0b22dce None admin] RBAC: Adding query filter params (role.id=08fb0ec8050c40ea8efd40e54fde52aa, scope.project.id=db721c414b9e4fec93c61aef1313fdb0, user.id=b5b142915920428c862f375473e6c52e) {{(pid=80082) _extract_filter_values /opt/stack/keystone/keystone/common/rbac_enforcer/enforcer.py:167}}
Jun 29 12:06:41.663998 dv-cinder-797608-38-iscsi devstack@keystone.service[80082]: DEBUG keystone.common.rbac_enforcer.enforcer [None req-8adda175-ac1b-41aa-a5dd-9caef0b22dce None admin] RBAC: Authorizing `identity:list_role_assignments()` {{(pid=80082) enforce_call /opt/stack/keystone/keystone/common/rbac_enforcer/enforcer.py:449}}
Jun 29 12:06:41.667115 dv-cinder-797608-38-iscsi devstack@keystone.service[80082]: DEBUG keystone.common.rbac_enforcer.enforcer [None req-8adda175-ac1b-41aa-a5dd-9caef0b22dce None admin] RBAC: Authorization granted {{(pid=80082) enforce_call /opt/stack/keystone/keystone/common/rbac_enforcer/enforcer.py:457}}
Jun 29 12:06:41.673672 dv-cinder-797608-38-iscsi devstack@keystone.service[80082]: [pid: 80082|app: 0|req: 69/136] 10.222.0.13 () {56 vars in 1374 bytes} [Wed Jun 29 12:06:41 2022] GET /identity/v3/role_assignments?user.id=b5b142915920428c862f375473e6c52e&scope.project.id=db721c414b9e4fec93c61aef1313fdb0&role.id=08fb0ec8050c40ea8efd40e54fde52aa => generated 259 bytes in 206 msecs (HTTP/1.1 200) 5 headers in 177 bytes (1 switches on core 0)
Jun 29 12:06:41.675111 dv-cinder-797608-38-iscsi devstack@keystone.service[80082]: DEBUG keystone.server.flask.request_processing.middleware.auth_context [None req-8adda175-ac1b-41aa-a5dd-9caef0b22dce None admin] Authenticating user token {{(pid=80082) process_request /usr/local/lib/python3.8/dist-packages/keystonemiddleware/auth_token/__init__.py:407}}
Jun 29 12:06:41.678355 dv-cinder-797608-38-iscsi devstack@keystone.service[80081]: DEBUG keystone.auth.core [None req-8f45c4ca-4f2d-4770-8da5-842f3dcb6ea7 None None] MFA Rules not processed for user `08fcb1f35af24620b53142bf98880fe8`. Rule list: `[]` (Enabled: `True`). {{(pid=80081) check_auth_methods_against_rules /opt/stack/keystone/keystone/auth/core.py:438}}
Jun 29 12:06:41.679845 dv-cinder-797608-38-iscsi devstack@keystone.service[80081]: DEBUG keystone.common.fernet_utils [None req-8f45c4ca-4f2d-4770-8da5-842f3dcb6ea7 None None] Loaded 2 Fernet keys from /etc/keystone/fernet-keys/, but `[fernet_tokens] max_active_keys = 3`; perhaps there have not been enough key rotations to reach `max_active_keys` yet? {{(pid=80081) load_keys /opt/stack/keystone/keystone/common/fernet_utils.py:286}}
Jun 29 12:06:41.684280 dv-cinder-797608-38-iscsi devstack@keystone.service[80081]: DEBUG dbcounter [-] [80081] Writing DB stats keystone:SELECT=99,keystone:INSERT=1 {{(pid=80081) stat_writer /usr/local/lib/python3.8/dist-packages/dbcounter.py:114}}
Jun 29 12:06:41.807033 dv-cinder-797608-38-iscsi devstack@keystone.service[80082]: DEBUG dbcounter [-] [80082] Writing DB stats keystone:SELECT=100 {{(pid=80082) stat_writer /usr/local/lib/python3.8/dist-packages/dbcounter.py:114}}
Jun 29 12:06:41.809825 dv-cinder-797608-38-iscsi devstack@keystone.service[80081]: [pid: 80081|app: 0|req: 68/137] 10.222.0.13 () {58 vars in 1023 bytes} [Wed Jun 29 12:06:41 2022] POST /identity/v3/auth/tokens => generated 799 bytes in 153 msecs (HTTP/1.1 201) 6 headers in 363 bytes (1 switches on core 0)
Jun 29 12:06:41.836947 dv-cinder-797608-38-iscsi devstack@keystone.service[80081]: DEBUG keystone.server.flask.request_processing.middleware.auth_context [None req-8f45c4ca-4f2d-4770-8da5-842f3dcb6ea7 None None] Authenticating user token {{(pid=80081) process_request /usr/local/lib/python3.8/dist-packages/keystonemiddleware/auth_token/__init__.py:407}}
Jun 29 12:06:41.838849 dv-cinder-797608-38-iscsi devstack@keystone.service[80082]: DEBUG keystone.server.flask.request_processing.middleware.auth_context [None req-8adda175-ac1b-41aa-a5dd-9caef0b22dce None admin] Validating token access rules against request {{(pid=80082) validate_allowed_request /usr/local/lib/python3.8/dist-packages/keystonemiddleware/auth_token/__init__.py:545}}
Jun 29 12:06:41.899209 dv-cinder-797608-38-iscsi devstack@keystone.service[80082]: DEBUG keystone.server.flask.request_processing.middleware.auth_context [None req-9385271b-e100-49f8-9c98-8f0a910e0cd9 None admin] RBAC: auth_context: {'token': , 'domain_id': None, 'trust_id': None, 'trustor_id': None, 'trustee_id': None, 'domain_name': None, 'group_ids': [], 'user_id': '08fcb1f35af24620b53142bf98880fe8', 'user_domain_id': 'default', 'system_scope': 'all', 'project_id': None, 'project_domain_id': None, 'roles': ['admin', 'member', 'reader'], 'is_admin_project': True, 'service_user_id': None, 'service_user_domain_id': None, 'service_project_id': None, 'service_project_domain_id': None, 'service_roles': []} {{(pid=80082) fill_context /opt/stack/keystone/keystone/server/flask/request_processing/middleware/auth_context.py:478}}
Jun 29 12:06:41.900092 dv-cinder-797608-38-iscsi devstack@keystone.service[80082]: DEBUG keystone.server.flask.request_processing.req_logging [None req-9385271b-e100-49f8-9c98-8f0a910e0cd9 None admin] REQUEST_METHOD: `GET` {{(pid=80082) log_request_info /opt/stack/keystone/keystone/server/flask/request_processing/req_logging.py:27}}
Jun 29 12:06:41.900432 dv-cinder-797608-38-iscsi devstack@keystone.service[80082]: DEBUG keystone.server.flask.request_processing.req_logging [None req-9385271b-e100-49f8-9c98-8f0a910e0cd9 None admin] SCRIPT_NAME: `/identity` {{(pid=80082) log_request_info /opt/stack/keystone/keystone/server/flask/request_processing/req_logging.py:28}}
Jun 29 12:06:41.900718 dv-cinder-797608-38-iscsi devstack@keystone.service[80082]: DEBUG keystone.server.flask.request_processing.req_logging [None req-9385271b-e100-49f8-9c98-8f0a910e0cd9 None admin] PATH_INFO: `/v3/projects/577641f1bb5f410d87f34ac3efcb13f2` {{(pid=80082) log_request_info /opt/stack/keystone/keystone/server/flask/request_processing/req_logging.py:29}}
Jun 29 12:06:41.903114 dv-cinder-797608-38-iscsi devstack@keystone.service[80082]: DEBUG keystone.common.rbac_enforcer.enforcer [None req-9385271b-e100-49f8-9c98-8f0a910e0cd9 None admin] RBAC: Authorizing `identity:get_project(project_id=577641f1bb5f410d87f34ac3efcb13f2)` {{(pid=80082) enforce_call /opt/stack/keystone/keystone/common/rbac_enforcer/enforcer.py:449}}
Jun 29 12:06:41.905264 dv-cinder-797608-38-iscsi devstack@keystone.service[80082]: DEBUG keystone.common.rbac_enforcer.enforcer [None req-9385271b-e100-49f8-9c98-8f0a910e0cd9 None admin] RBAC: Authorization granted {{(pid=80082) enforce_call /opt/stack/keystone/keystone/common/rbac_enforcer/enforcer.py:457}}
Jun 29 12:06:41.907953 dv-cinder-797608-38-iscsi devstack@keystone.service[80082]: [pid: 80082|app: 0|req: 70/138] 10.222.0.13 () {56 vars in 1186 bytes} [Wed Jun 29 12:06:41 2022] GET /identity/v3/projects/577641f1bb5f410d87f34ac3efcb13f2 => generated 312 bytes in 233 msecs (HTTP/1.1 200) 5 headers in 177 bytes (1 switches on core 0)
Jun 29 12:06:41.916881 dv-cinder-797608-38-iscsi devstack@keystone.service[80082]: DEBUG keystone.server.flask.request_processing.middleware.auth_context [None req-9385271b-e100-49f8-9c98-8f0a910e0cd9 None admin] Authenticating user token {{(pid=80082) process_request /usr/local/lib/python3.8/dist-packages/keystonemiddleware/auth_token/__init__.py:407}}
Jun 29 12:06:42.057491 dv-cinder-797608-38-iscsi devstack@keystone.service[80081]: DEBUG keystone.server.flask.request_processing.middleware.auth_context [None req-8f45c4ca-4f2d-4770-8da5-842f3dcb6ea7 None None] Validating token access rules against request {{(pid=80081) validate_allowed_request /usr/local/lib/python3.8/dist-packages/keystonemiddleware/auth_token/__init__.py:545}}
Jun 29 12:06:42.092166 dv-cinder-797608-38-iscsi devstack@keystone.service[80082]: DEBUG keystone.server.flask.request_processing.middleware.auth_context [None req-9385271b-e100-49f8-9c98-8f0a910e0cd9 None admin] Validating token access rules against request {{(pid=80082) validate_allowed_request /usr/local/lib/python3.8/dist-packages/keystonemiddleware/auth_token/__init__.py:545}}
Jun 29 12:06:42.135169 dv-cinder-797608-38-iscsi devstack@keystone.service[80082]: DEBUG keystone.server.flask.request_processing.middleware.auth_context [None req-6a9e9d11-8f72-449a-bd5c-cc259f2097e3 None admin] RBAC: auth_context: {'token': , 'domain_id': None, 'trust_id': None, 'trustor_id': None, 'trustee_id': None, 'domain_name': None, 'group_ids': [], 'user_id': '08fcb1f35af24620b53142bf98880fe8', 'user_domain_id': 'default', 'system_scope': 'all', 'project_id': None, 'project_domain_id': None, 'roles': ['admin', 'member', 'reader'], 'is_admin_project': True, 'service_user_id': None, 'service_user_domain_id': None, 'service_project_id': None, 'service_project_domain_id': None, 'service_roles': []} {{(pid=80082) fill_context /opt/stack/keystone/keystone/server/flask/request_processing/middleware/auth_context.py:478}}
Jun 29 12:06:42.136090 dv-cinder-797608-38-iscsi devstack@keystone.service[80082]: DEBUG keystone.server.flask.request_processing.req_logging [None req-6a9e9d11-8f72-449a-bd5c-cc259f2097e3 None admin] REQUEST_METHOD: `PUT` {{(pid=80082) log_request_info /opt/stack/keystone/keystone/server/flask/request_processing/req_logging.py:27}}
Jun 29 12:06:42.136380 dv-cinder-797608-38-iscsi devstack@keystone.service[80082]: DEBUG keystone.server.flask.request_processing.req_logging [None req-6a9e9d11-8f72-449a-bd5c-cc259f2097e3 None admin] SCRIPT_NAME: `/identity` {{(pid=80082) log_request_info /opt/stack/keystone/keystone/server/flask/request_processing/req_logging.py:28}}
Jun 29 12:06:42.136659 dv-cinder-797608-38-iscsi devstack@keystone.service[80082]: DEBUG keystone.server.flask.request_processing.req_logging [None req-6a9e9d11-8f72-449a-bd5c-cc259f2097e3 None admin] PATH_INFO: `/v3/projects/577641f1bb5f410d87f34ac3efcb13f2/users/831d3cfb8ffd4317a4ffe611c92f5d05/roles/419e204ede334962ac80ce56c398bd4f` {{(pid=80082) log_request_info /opt/stack/keystone/keystone/server/flask/request_processing/req_logging.py:29}}
Jun 29 12:06:42.138734 dv-cinder-797608-38-iscsi devstack@keystone.service[80082]: DEBUG keystone.common.rbac_enforcer.enforcer [None req-6a9e9d11-8f72-449a-bd5c-cc259f2097e3 None admin] RBAC: Authorizing `identity:create_grant(project_id=577641f1bb5f410d87f34ac3efcb13f2, user_id=831d3cfb8ffd4317a4ffe611c92f5d05, role_id=419e204ede334962ac80ce56c398bd4f)` {{(pid=80082) enforce_call /opt/stack/keystone/keystone/common/rbac_enforcer/enforcer.py:449}}
Jun 29 12:06:42.140209 dv-cinder-797608-38-iscsi devstack@keystone.service[80082]: DEBUG keystone.common.rbac_enforcer.enforcer [None req-6a9e9d11-8f72-449a-bd5c-cc259f2097e3 None admin] RBAC: Authorization granted {{(pid=80082) enforce_call /opt/stack/keystone/keystone/common/rbac_enforcer/enforcer.py:457}}
Jun 29 12:06:42.144352 dv-cinder-797608-38-iscsi devstack@keystone.service[80081]: DEBUG keystone.server.flask.request_processing.middleware.auth_context [None req-35d41072-cd2b-4fbf-b20d-1d02ca5bdb6b None admin] RBAC: auth_context: {'token': , 'domain_id': None, 'trust_id': None, 'trustor_id': None, 'trustee_id': None, 'domain_name': None, 'group_ids': [], 'user_id': '08fcb1f35af24620b53142bf98880fe8', 'user_domain_id': 'default', 'system_scope': 'all', 'project_id': None, 'project_domain_id': None, 'roles': ['admin', 'member', 'reader'], 'is_admin_project': True, 'service_user_id': None, 'service_user_domain_id': None, 'service_project_id': None, 'service_project_domain_id': None, 'service_roles': []} {{(pid=80081) fill_context /opt/stack/keystone/keystone/server/flask/request_processing/middleware/auth_context.py:478}}
Jun 29 12:06:42.145665 dv-cinder-797608-38-iscsi devstack@keystone.service[80081]: DEBUG keystone.server.flask.request_processing.req_logging [None req-35d41072-cd2b-4fbf-b20d-1d02ca5bdb6b None admin] REQUEST_METHOD: `GET` {{(pid=80081) log_request_info /opt/stack/keystone/keystone/server/flask/request_processing/req_logging.py:27}}
Jun 29 12:06:42.145954 dv-cinder-797608-38-iscsi devstack@keystone.service[80081]: DEBUG keystone.server.flask.request_processing.req_logging [None req-35d41072-cd2b-4fbf-b20d-1d02ca5bdb6b None admin] SCRIPT_NAME: `/identity` {{(pid=80081) log_request_info /opt/stack/keystone/keystone/server/flask/request_processing/req_logging.py:28}}
Jun 29 12:06:42.146238 dv-cinder-797608-38-iscsi devstack@keystone.service[80081]: DEBUG keystone.server.flask.request_processing.req_logging [None req-35d41072-cd2b-4fbf-b20d-1d02ca5bdb6b None admin] PATH_INFO: `/v3/roles/admin` {{(pid=80081) log_request_info /opt/stack/keystone/keystone/server/flask/request_processing/req_logging.py:29}}
Jun 29 12:06:42.158541 dv-cinder-797608-38-iscsi devstack@keystone.service[80082]: [pid: 80082|app: 0|req: 71/139] 10.222.0.13 () {58 vars in 1439 bytes} [Wed Jun 29 12:06:41 2022] PUT /identity/v3/projects/577641f1bb5f410d87f34ac3efcb13f2/users/831d3cfb8ffd4317a4ffe611c92f5d05/roles/419e204ede334962ac80ce56c398bd4f => generated 0 bytes in 242 msecs (HTTP/1.1 204) 3 headers in 132 bytes (0 switches on core 0)
Jun 29 12:06:42.159930 dv-cinder-797608-38-iscsi devstack@keystone.service[80082]: DEBUG keystone.server.flask.request_processing.req_logging [None req-3333deaf-38d2-460d-8f8c-e52caf9362d8 None None] REQUEST_METHOD: `GET` {{(pid=80082) log_request_info /opt/stack/keystone/keystone/server/flask/request_processing/req_logging.py:27}}
Jun 29 12:06:42.160222 dv-cinder-797608-38-iscsi devstack@keystone.service[80082]: DEBUG keystone.server.flask.request_processing.req_logging [None req-3333deaf-38d2-460d-8f8c-e52caf9362d8 None None] SCRIPT_NAME: `/identity` {{(pid=80082) log_request_info /opt/stack/keystone/keystone/server/flask/request_processing/req_logging.py:28}}
Jun 29 12:06:42.160506 dv-cinder-797608-38-iscsi devstack@keystone.service[80082]: DEBUG keystone.server.flask.request_processing.req_logging [None req-3333deaf-38d2-460d-8f8c-e52caf9362d8 None None] PATH_INFO: `/` {{(pid=80082) log_request_info /opt/stack/keystone/keystone/server/flask/request_processing/req_logging.py:29}}
