Jun 29 12:06:56.886480 dv-cinder-797608-38-iscsi devstack@keystone.service[80082]: DEBUG keystone.server.flask.request_processing.middleware.auth_context [None req-3dec53be-b1df-43c3-b83b-9536b088453a None admin] RBAC: auth_context: {'token': , 'domain_id': None, 'trust_id': None, 'trustor_id': None, 'trustee_id': None, 'domain_name': None, 'group_ids': [], 'user_id': '08fcb1f35af24620b53142bf98880fe8', 'user_domain_id': 'default', 'system_scope': 'all', 'project_id': None, 'project_domain_id': None, 'roles': ['admin', 'member', 'reader'], 'is_admin_project': True, 'service_user_id': None, 'service_user_domain_id': None, 'service_project_id': None, 'service_project_domain_id': None, 'service_roles': []} {{(pid=80082) fill_context /opt/stack/keystone/keystone/server/flask/request_processing/middleware/auth_context.py:478}}
Jun 29 12:06:56.887335 dv-cinder-797608-38-iscsi devstack@keystone.service[80082]: DEBUG keystone.server.flask.request_processing.req_logging [None req-3dec53be-b1df-43c3-b83b-9536b088453a None admin] REQUEST_METHOD: `GET` {{(pid=80082) log_request_info /opt/stack/keystone/keystone/server/flask/request_processing/req_logging.py:27}}
Jun 29 12:06:56.887619 dv-cinder-797608-38-iscsi devstack@keystone.service[80082]: DEBUG keystone.server.flask.request_processing.req_logging [None req-3dec53be-b1df-43c3-b83b-9536b088453a None admin] SCRIPT_NAME: `/identity` {{(pid=80082) log_request_info /opt/stack/keystone/keystone/server/flask/request_processing/req_logging.py:28}}
Jun 29 12:06:56.887894 dv-cinder-797608-38-iscsi devstack@keystone.service[80082]: DEBUG keystone.server.flask.request_processing.req_logging [None req-3dec53be-b1df-43c3-b83b-9536b088453a None admin] PATH_INFO: `/v3/roles/anotherrole` {{(pid=80082) log_request_info /opt/stack/keystone/keystone/server/flask/request_processing/req_logging.py:29}}
Jun 29 12:06:56.924845 dv-cinder-797608-38-iscsi devstack@keystone.service[80082]: DEBUG keystone.common.rbac_enforcer.enforcer [None req-3dec53be-b1df-43c3-b83b-9536b088453a None admin] Extracting inferred target data resulted in "NOT FOUND (404)". {{(pid=80082) enforce_call /opt/stack/keystone/keystone/common/rbac_enforcer/enforcer.py:409}}
Jun 29 12:06:56.927315 dv-cinder-797608-38-iscsi devstack@keystone.service[80081]: DEBUG keystone.server.flask.request_processing.middleware.auth_context [None req-5d3d6cd1-f0b5-4149-a05f-b79703cfbd16 None admin] RBAC: auth_context: {'token': , 'domain_id': None, 'trust_id': None, 'trustor_id': None, 'trustee_id': None, 'domain_name': None, 'group_ids': [], 'user_id': '08fcb1f35af24620b53142bf98880fe8', 'user_domain_id': 'default', 'system_scope': 'all', 'project_id': None, 'project_domain_id': None, 'roles': ['admin', 'member', 'reader'], 'is_admin_project': True, 'service_user_id': None, 'service_user_domain_id': None, 'service_project_id': None, 'service_project_domain_id': None, 'service_roles': []} {{(pid=80081) fill_context /opt/stack/keystone/keystone/server/flask/request_processing/middleware/auth_context.py:478}}
Jun 29 12:06:56.928438 dv-cinder-797608-38-iscsi devstack@keystone.service[80081]: DEBUG keystone.server.flask.request_processing.req_logging [None req-5d3d6cd1-f0b5-4149-a05f-b79703cfbd16 None admin] REQUEST_METHOD: `GET` {{(pid=80081) log_request_info /opt/stack/keystone/keystone/server/flask/request_processing/req_logging.py:27}}
Jun 29 12:06:56.928925 dv-cinder-797608-38-iscsi devstack@keystone.service[80081]: DEBUG keystone.server.flask.request_processing.req_logging [None req-5d3d6cd1-f0b5-4149-a05f-b79703cfbd16 None admin] SCRIPT_NAME: `/identity` {{(pid=80081) log_request_info /opt/stack/keystone/keystone/server/flask/request_processing/req_logging.py:28}}
Jun 29 12:06:56.929403 dv-cinder-797608-38-iscsi devstack@keystone.service[80081]: DEBUG keystone.server.flask.request_processing.req_logging [None req-5d3d6cd1-f0b5-4149-a05f-b79703cfbd16 None admin] PATH_INFO: `/v3/users/e544a558d3774c4784a48f0762e9a58f` {{(pid=80081) log_request_info /opt/stack/keystone/keystone/server/flask/request_processing/req_logging.py:29}}
Jun 29 12:06:56.933631 dv-cinder-797608-38-iscsi devstack@keystone.service[80082]: ERROR keystone.server.flask.application [None req-3dec53be-b1df-43c3-b83b-9536b088453a None admin] Could not find role: anotherrole.: keystone.exception.RoleNotFound: Could not find role: anotherrole.
Jun 29 12:06:56.933631 dv-cinder-797608-38-iscsi devstack@keystone.service[80082]: ERROR keystone.server.flask.application
Traceback (most recent call last):
Jun 29 12:06:56.933631 dv-cinder-797608-38-iscsi devstack@keystone.service[80082]: ERROR keystone.server.flask.application
File "/usr/local/lib/python3.8/dist-packages/flask/app.py", line 1523, in full_dispatch_request
Jun 29 12:06:56.933631 dv-cinder-797608-38-iscsi devstack@keystone.service[80082]: ERROR keystone.server.flask.application rv = self.dispatch_request()
Jun 29 12:06:56.933631 dv-cinder-797608-38-iscsi devstack@keystone.service[80082]: ERROR keystone.server.flask.application
File "/usr/local/lib/python3.8/dist-packages/flask/app.py", line 1509, in dispatch_request
Jun 29 12:06:56.933631 dv-cinder-797608-38-iscsi devstack@keystone.service[80082]: ERROR keystone.server.flask.application return self.ensure_sync(self.view_functions[rule.endpoint])(**req.view_args)
Jun 29 12:06:56.933631 dv-cinder-797608-38-iscsi devstack@keystone.service[80082]: ERROR keystone.server.flask.application
File "/usr/local/lib/python3.8/dist-packages/flask_restful/__init__.py", line 467, in wrapper
Jun 29 12:06:56.933631 dv-cinder-797608-38-iscsi devstack@keystone.service[80082]: ERROR keystone.server.flask.application resp = resource(*args, **kwargs)
Jun 29 12:06:56.933631 dv-cinder-797608-38-iscsi devstack@keystone.service[80082]: ERROR keystone.server.flask.application
File "/usr/local/lib/python3.8/dist-packages/flask/views.py", line 84, in view
Jun 29 12:06:56.933631 dv-cinder-797608-38-iscsi devstack@keystone.service[80082]: ERROR keystone.server.flask.application return current_app.ensure_sync(self.dispatch_request)(*args, **kwargs)
Jun 29 12:06:56.933631 dv-cinder-797608-38-iscsi devstack@keystone.service[80082]: ERROR keystone.server.flask.application
File "/usr/local/lib/python3.8/dist-packages/flask_restful/__init__.py", line 582, in dispatch_request
Jun 29 12:06:56.933631 dv-cinder-797608-38-iscsi devstack@keystone.service[80082]: ERROR keystone.server.flask.application resp = meth(*args, **kwargs)
Jun 29 12:06:56.933631 dv-cinder-797608-38-iscsi devstack@keystone.service[80082]: ERROR keystone.server.flask.application
File "/opt/stack/keystone/keystone/api/roles.py", line 50, in get
Jun 29 12:06:56.933631 dv-cinder-797608-38-iscsi devstack@keystone.service[80082]: ERROR keystone.server.flask.application return self._get_role(role_id)
Jun 29 12:06:56.933631 dv-cinder-797608-38-iscsi devstack@keystone.service[80082]: ERROR keystone.server.flask.application
File "/opt/stack/keystone/keystone/api/roles.py", line 70, in _get_role
Jun 29 12:06:56.933631 dv-cinder-797608-38-iscsi devstack@keystone.service[80082]: ERROR keystone.server.flask.application ENFORCER.enforce_call(action='identity:get_role')
Jun 29 12:06:56.934782 dv-cinder-797608-38-iscsi devstack@keystone.service[80082]: ERROR keystone.server.flask.application
File "/opt/stack/keystone/keystone/common/rbac_enforcer/enforcer.py", line 402, in enforce_call
Jun 29 12:06:56.934782 dv-cinder-797608-38-iscsi devstack@keystone.service[80082]: ERROR keystone.server.flask.application policy_dict.update(cls._extract_member_target_data(
Jun 29 12:06:56.934782 dv-cinder-797608-38-iscsi devstack@keystone.service[80082]: ERROR keystone.server.flask.application
File "/opt/stack/keystone/keystone/common/rbac_enforcer/enforcer.py", line 234, in _extract_member_target_data
Jun 29 12:06:56.934782 dv-cinder-797608-38-iscsi devstack@keystone.service[80082]: ERROR keystone.server.flask.application member_name: func(flask.request.view_args[key])
Jun 29 12:06:56.934782 dv-cinder-797608-38-iscsi devstack@keystone.service[80082]: ERROR keystone.server.flask.application
File "/opt/stack/keystone/keystone/common/manager.py", line 115, in wrapped
Jun 29 12:06:56.934782 dv-cinder-797608-38-iscsi devstack@keystone.service[80082]: ERROR keystone.server.flask.application __ret_val = __f(*args, **kwargs)
Jun 29 12:06:56.934782 dv-cinder-797608-38-iscsi devstack@keystone.service[80082]: ERROR keystone.server.flask.application
File "/usr/local/lib/python3.8/dist-packages/decorator.py", line 232, in fun
Jun 29 12:06:56.934782 dv-cinder-797608-38-iscsi devstack@keystone.service[80082]: ERROR keystone.server.flask.application return caller(func, *(extras + args), **kw)
Jun 29 12:06:56.934782 dv-cinder-797608-38-iscsi devstack@keystone.service[80082]: ERROR keystone.server.flask.application
File "/usr/local/lib/python3.8/dist-packages/dogpile/cache/region.py", line 1577, in get_or_create_for_user_func
Jun 29 12:06:56.934782 dv-cinder-797608-38-iscsi devstack@keystone.service[80082]: ERROR keystone.server.flask.application return self.get_or_create(
Jun 29 12:06:56.934782 dv-cinder-797608-38-iscsi devstack@keystone.service[80082]: ERROR keystone.server.flask.application
File "/usr/local/lib/python3.8/dist-packages/dogpile/cache/region.py", line 1042, in get_or_create
Jun 29 12:06:56.934782 dv-cinder-797608-38-iscsi devstack@keystone.service[80082]: ERROR keystone.server.flask.application with Lock(
Jun 29 12:06:56.934782 dv-cinder-797608-38-iscsi devstack@keystone.service[80082]: ERROR keystone.server.flask.application
File "/usr/local/lib/python3.8/dist-packages/dogpile/lock.py", line 185, in __enter__
Jun 29 12:06:56.934782 dv-cinder-797608-38-iscsi devstack@keystone.service[80082]: ERROR keystone.server.flask.application return self._enter()
Jun 29 12:06:56.934782 dv-cinder-797608-38-iscsi devstack@keystone.service[80082]: ERROR keystone.server.flask.application
File "/usr/local/lib/python3.8/dist-packages/dogpile/lock.py", line 94, in _enter
Jun 29 12:06:56.934782 dv-cinder-797608-38-iscsi devstack@keystone.service[80082]: ERROR keystone.server.flask.application generated = self._enter_create(value, createdtime)
Jun 29 12:06:56.935863 dv-cinder-797608-38-iscsi devstack@keystone.service[80082]: ERROR keystone.server.flask.application
File "/usr/local/lib/python3.8/dist-packages/dogpile/lock.py", line 178, in _enter_create
Jun 29 12:06:56.935863 dv-cinder-797608-38-iscsi devstack@keystone.service[80082]: ERROR keystone.server.flask.application return self.creator()
Jun 29 12:06:56.935863 dv-cinder-797608-38-iscsi devstack@keystone.service[80082]: ERROR keystone.server.flask.application
File "/usr/local/lib/python3.8/dist-packages/dogpile/cache/region.py", line 995, in gen_value
Jun 29 12:06:56.935863 dv-cinder-797608-38-iscsi devstack@keystone.service[80082]: ERROR keystone.server.flask.application created_value = creator(
Jun 29 12:06:56.935863 dv-cinder-797608-38-iscsi devstack@keystone.service[80082]: ERROR keystone.server.flask.application
File "/opt/stack/keystone/keystone/assignment/core.py", line 1276, in get_role
Jun 29 12:06:56.935863 dv-cinder-797608-38-iscsi devstack@keystone.service[80082]: ERROR keystone.server.flask.application return self.driver.get_role(role_id)
Jun 29 12:06:56.935863 dv-cinder-797608-38-iscsi devstack@keystone.service[80082]: ERROR keystone.server.flask.application
File "/opt/stack/keystone/keystone/assignment/role_backends/sql.py", line 70, in get_role
Jun 29 12:06:56.935863 dv-cinder-797608-38-iscsi devstack@keystone.service[80082]: ERROR keystone.server.flask.application return self._get_role(session, role_id).to_dict()
Jun 29 12:06:56.935863 dv-cinder-797608-38-iscsi devstack@keystone.service[80082]: ERROR keystone.server.flask.application
File "/opt/stack/keystone/keystone/assignment/role_backends/sql.py", line 65, in _get_role
Jun 29 12:06:56.935863 dv-cinder-797608-38-iscsi devstack@keystone.service[80082]: ERROR keystone.server.flask.application raise exception.RoleNotFound(role_id=role_id)
Jun 29 12:06:56.935863 dv-cinder-797608-38-iscsi devstack@keystone.service[80082]: ERROR keystone.server.flask.application keystone.exception.RoleNotFound: Could not find role: anotherrole.
Jun 29 12:06:56.935863 dv-cinder-797608-38-iscsi devstack@keystone.service[80082]: ERROR keystone.server.flask.application
Jun 29 12:06:56.935863 dv-cinder-797608-38-iscsi devstack@keystone.service[80082]: [pid: 80082|app: 0|req: 130/260] 10.222.0.13 () {56 vars in 1114 bytes} [Wed Jun 29 12:06:56 2022] GET /identity/v3/roles/anotherrole => generated 89 bytes in 401 msecs (HTTP/1.1 404) 5 headers in 183 bytes (1 switches on core 0)
Jun 29 12:06:56.937552 dv-cinder-797608-38-iscsi devstack@keystone.service[80081]: DEBUG keystone.common.rbac_enforcer.enforcer [None req-5d3d6cd1-f0b5-4149-a05f-b79703cfbd16 None admin] RBAC: Authorizing `identity:get_user(user_id=e544a558d3774c4784a48f0762e9a58f)` {{(pid=80081) enforce_call /opt/stack/keystone/keystone/common/rbac_enforcer/enforcer.py:449}}
Jun 29 12:06:56.941505 dv-cinder-797608-38-iscsi devstack@keystone.service[80081]: DEBUG keystone.common.rbac_enforcer.enforcer [None req-5d3d6cd1-f0b5-4149-a05f-b79703cfbd16 None admin] RBAC: Authorization granted {{(pid=80081) enforce_call /opt/stack/keystone/keystone/common/rbac_enforcer/enforcer.py:457}}
Jun 29 12:06:56.941505 dv-cinder-797608-38-iscsi devstack@keystone.service[80081]: [pid: 80081|app: 0|req: 131/261] 10.222.0.13 () {56 vars in 1177 bytes} [Wed Jun 29 12:06:56 2022] GET /identity/v3/users/e544a558d3774c4784a48f0762e9a58f => generated 283 bytes in 269 msecs (HTTP/1.1 200) 5 headers in 177 bytes (1 switches on core 0)
Jun 29 12:06:56.942857 dv-cinder-797608-38-iscsi devstack@keystone.service[80082]: DEBUG keystone.server.flask.request_processing.middleware.auth_context [None req-3dec53be-b1df-43c3-b83b-9536b088453a None admin] Authenticating user token {{(pid=80082) process_request /usr/local/lib/python3.8/dist-packages/keystonemiddleware/auth_token/__init__.py:407}}
Jun 29 12:06:56.947083 dv-cinder-797608-38-iscsi devstack@keystone.service[80081]: DEBUG keystone.server.flask.request_processing.middleware.auth_context [None req-5d3d6cd1-f0b5-4149-a05f-b79703cfbd16 None admin] Authenticating user token {{(pid=80081) process_request /usr/local/lib/python3.8/dist-packages/keystonemiddleware/auth_token/__init__.py:407}}
Jun 29 12:06:57.123632 dv-cinder-797608-38-iscsi devstack@keystone.service[80082]: DEBUG keystone.server.flask.request_processing.middleware.auth_context [None req-3dec53be-b1df-43c3-b83b-9536b088453a None admin] Validating token access rules against request {{(pid=80082) validate_allowed_request /usr/local/lib/python3.8/dist-packages/keystonemiddleware/auth_token/__init__.py:545}}
Jun 29 12:06:57.142857 dv-cinder-797608-38-iscsi devstack@keystone.service[80081]: DEBUG keystone.server.flask.request_processing.middleware.auth_context [None req-5d3d6cd1-f0b5-4149-a05f-b79703cfbd16 None admin] Validating token access rules against request {{(pid=80081) validate_allowed_request /usr/local/lib/python3.8/dist-packages/keystonemiddleware/auth_token/__init__.py:545}}
Jun 29 12:06:57.186259 dv-cinder-797608-38-iscsi devstack@keystone.service[80082]: DEBUG keystone.server.flask.request_processing.middleware.auth_context [None req-945bc63b-331b-42a3-9332-d0808a09ab69 None admin] RBAC: auth_context: {'token': , 'domain_id': None, 'trust_id': None, 'trustor_id': None, 'trustee_id': None, 'domain_name': None, 'group_ids': [], 'user_id': '08fcb1f35af24620b53142bf98880fe8', 'user_domain_id': 'default', 'system_scope': 'all', 'project_id': None, 'project_domain_id': None, 'roles': ['admin', 'member', 'reader'], 'is_admin_project': True, 'service_user_id': None, 'service_user_domain_id': None, 'service_project_id': None, 'service_project_domain_id': None, 'service_roles': []} {{(pid=80082) fill_context /opt/stack/keystone/keystone/server/flask/request_processing/middleware/auth_context.py:478}}
Jun 29 12:06:57.187090 dv-cinder-797608-38-iscsi devstack@keystone.service[80082]: DEBUG keystone.server.flask.request_processing.req_logging [None req-945bc63b-331b-42a3-9332-d0808a09ab69 None admin] REQUEST_METHOD: `GET` {{(pid=80082) log_request_info /opt/stack/keystone/keystone/server/flask/request_processing/req_logging.py:27}}
Jun 29 12:06:57.187380 dv-cinder-797608-38-iscsi devstack@keystone.service[80082]: DEBUG keystone.server.flask.request_processing.req_logging [None req-945bc63b-331b-42a3-9332-d0808a09ab69 None admin] SCRIPT_NAME: `/identity` {{(pid=80082) log_request_info /opt/stack/keystone/keystone/server/flask/request_processing/req_logging.py:28}}
Jun 29 12:06:57.187658 dv-cinder-797608-38-iscsi devstack@keystone.service[80082]: DEBUG keystone.server.flask.request_processing.req_logging [None req-945bc63b-331b-42a3-9332-d0808a09ab69 None admin] PATH_INFO: `/v3/roles` {{(pid=80082) log_request_info /opt/stack/keystone/keystone/server/flask/request_processing/req_logging.py:29}}
Jun 29 12:06:57.188413 dv-cinder-797608-38-iscsi devstack@keystone.service[80082]: DEBUG keystone.common.rbac_enforcer.enforcer [None req-945bc63b-331b-42a3-9332-d0808a09ab69 None admin] RBAC: Adding query filter params (name=anotherrole) {{(pid=80082) _extract_filter_values /opt/stack/keystone/keystone/common/rbac_enforcer/enforcer.py:167}}
Jun 29 12:06:57.188724 dv-cinder-797608-38-iscsi devstack@keystone.service[80082]: DEBUG keystone.common.rbac_enforcer.enforcer [None req-945bc63b-331b-42a3-9332-d0808a09ab69 None admin] RBAC: Authorizing `identity:list_roles()` {{(pid=80082) enforce_call /opt/stack/keystone/keystone/common/rbac_enforcer/enforcer.py:449}}
Jun 29 12:06:57.190126 dv-cinder-797608-38-iscsi devstack@keystone.service[80082]: DEBUG keystone.common.rbac_enforcer.enforcer [None req-945bc63b-331b-42a3-9332-d0808a09ab69 None admin] RBAC: Authorization granted {{(pid=80082) enforce_call /opt/stack/keystone/keystone/common/rbac_enforcer/enforcer.py:457}}
Jun 29 12:06:57.192225 dv-cinder-797608-38-iscsi devstack@keystone.service[80082]: DEBUG dbcounter [-] [80082] Writing DB stats keystone:SELECT=100 {{(pid=80082) stat_writer /usr/local/lib/python3.8/dist-packages/dbcounter.py:114}}
Jun 29 12:06:57.206628 dv-cinder-797608-38-iscsi devstack@keystone.service[80082]: [pid: 80082|app: 0|req: 131/262] 10.222.0.13 () {56 vars in 1111 bytes} [Wed Jun 29 12:06:56 2022] GET /identity/v3/roles?name=anotherrole => generated 334 bytes in 264 msecs (HTTP/1.1 200) 5 headers in 177 bytes (1 switches on core 0)
Jun 29 12:06:57.209568 dv-cinder-797608-38-iscsi devstack@keystone.service[80081]: DEBUG keystone.server.flask.request_processing.middleware.auth_context [None req-48ccff2f-8af6-4946-a220-bcce69c3cce4 None admin] RBAC: auth_context: {'token': , 'domain_id': None, 'trust_id': None, 'trustor_id': None, 'trustee_id': None, 'domain_name': None, 'group_ids': [], 'user_id': '08fcb1f35af24620b53142bf98880fe8', 'user_domain_id': 'default', 'system_scope': 'all', 'project_id': None, 'project_domain_id': None, 'roles': ['admin', 'member', 'reader'], 'is_admin_project': True, 'service_user_id': None, 'service_user_domain_id': None, 'service_project_id': None, 'service_project_domain_id': None, 'service_roles': []} {{(pid=80081) fill_context /opt/stack/keystone/keystone/server/flask/request_processing/middleware/auth_context.py:478}}
Jun 29 12:06:57.210226 dv-cinder-797608-38-iscsi devstack@keystone.service[80081]: DEBUG keystone.server.flask.request_processing.req_logging [None req-48ccff2f-8af6-4946-a220-bcce69c3cce4 None admin] REQUEST_METHOD: `GET` {{(pid=80081) log_request_info /opt/stack/keystone/keystone/server/flask/request_processing/req_logging.py:27}}
Jun 29 12:06:57.210509 dv-cinder-797608-38-iscsi devstack@keystone.service[80081]: DEBUG keystone.server.flask.request_processing.req_logging [None req-48ccff2f-8af6-4946-a220-bcce69c3cce4 None admin] SCRIPT_NAME: `/identity` {{(pid=80081) log_request_info /opt/stack/keystone/keystone/server/flask/request_processing/req_logging.py:28}}
Jun 29 12:06:57.210841 dv-cinder-797608-38-iscsi devstack@keystone.service[80081]: DEBUG keystone.server.flask.request_processing.req_logging [None req-48ccff2f-8af6-4946-a220-bcce69c3cce4 None admin] PATH_INFO: `/v3/auth/tokens` {{(pid=80081) log_request_info /opt/stack/keystone/keystone/server/flask/request_processing/req_logging.py:29}}
Jun 29 12:06:57.212483 dv-cinder-797608-38-iscsi devstack@keystone.service[80082]: DEBUG keystone.server.flask.request_processing.middleware.auth_context [None req-945bc63b-331b-42a3-9332-d0808a09ab69 None admin] Authenticating user token {{(pid=80082) process_request /usr/local/lib/python3.8/dist-packages/keystonemiddleware/auth_token/__init__.py:407}}
Jun 29 12:06:57.218679 dv-cinder-797608-38-iscsi devstack@keystone.service[80081]: DEBUG dbcounter [-] [80081] Writing DB stats keystone:SELECT=100 {{(pid=80081) stat_writer /usr/local/lib/python3.8/dist-packages/dbcounter.py:114}}
Jun 29 12:06:57.297696 dv-cinder-797608-38-iscsi devstack@keystone.service[80081]: DEBUG keystone.common.rbac_enforcer.enforcer [None req-48ccff2f-8af6-4946-a220-bcce69c3cce4 None admin] RBAC: Authorizing `identity:validate_token()` {{(pid=80081) enforce_call /opt/stack/keystone/keystone/common/rbac_enforcer/enforcer.py:449}}
Jun 29 12:06:57.299203 dv-cinder-797608-38-iscsi devstack@keystone.service[80081]: DEBUG keystone.common.rbac_enforcer.enforcer [None req-48ccff2f-8af6-4946-a220-bcce69c3cce4 None admin] RBAC: Authorization granted {{(pid=80081) enforce_call /opt/stack/keystone/keystone/common/rbac_enforcer/enforcer.py:457}}
Jun 29 12:06:57.373565 dv-cinder-797608-38-iscsi devstack@keystone.service[80082]: DEBUG keystone.server.flask.request_processing.middleware.auth_context [None req-945bc63b-331b-42a3-9332-d0808a09ab69 None admin] Validating token access rules against request {{(pid=80082) validate_allowed_request /usr/local/lib/python3.8/dist-packages/keystonemiddleware/auth_token/__init__.py:545}}
Jun 29 12:06:57.441319 dv-cinder-797608-38-iscsi devstack@keystone.service[80082]: DEBUG keystone.server.flask.request_processing.middleware.auth_context [None req-5ed57294-e9b9-4038-bac2-b774dab86390 None admin] RBAC: auth_context: {'token': , 'domain_id': None, 'trust_id': None, 'trustor_id': None, 'trustee_id': None, 'domain_name': None, 'group_ids': [], 'user_id': '08fcb1f35af24620b53142bf98880fe8', 'user_domain_id': 'default', 'system_scope': 'all', 'project_id': None, 'project_domain_id': None, 'roles': ['admin', 'member', 'reader'], 'is_admin_project': True, 'service_user_id': None, 'service_user_domain_id': None, 'service_project_id': None, 'service_project_domain_id': None, 'service_roles': []} {{(pid=80082) fill_context /opt/stack/keystone/keystone/server/flask/request_processing/middleware/auth_context.py:478}}
Jun 29 12:06:57.442619 dv-cinder-797608-38-iscsi devstack@keystone.service[80082]: DEBUG keystone.server.flask.request_processing.req_logging [None req-5ed57294-e9b9-4038-bac2-b774dab86390 None admin] REQUEST_METHOD: `GET` {{(pid=80082) log_request_info /opt/stack/keystone/keystone/server/flask/request_processing/req_logging.py:27}}
Jun 29 12:06:57.446667 dv-cinder-797608-38-iscsi devstack@keystone.service[80082]: DEBUG keystone.server.flask.request_processing.req_logging [None req-5ed57294-e9b9-4038-bac2-b774dab86390 None admin] SCRIPT_NAME: `/identity` {{(pid=80082) log_request_info /opt/stack/keystone/keystone/server/flask/request_processing/req_logging.py:28}}
Jun 29 12:06:57.446667 dv-cinder-797608-38-iscsi devstack@keystone.service[80082]: DEBUG keystone.server.flask.request_processing.req_logging [None req-5ed57294-e9b9-4038-bac2-b774dab86390 None admin] PATH_INFO: `/v3/users/e544a558d3774c4784a48f0762e9a58f` {{(pid=80082) log_request_info /opt/stack/keystone/keystone/server/flask/request_processing/req_logging.py:29}}
Jun 29 12:06:57.447681 dv-cinder-797608-38-iscsi devstack@keystone.service[80082]: DEBUG keystone.common.rbac_enforcer.enforcer [None req-5ed57294-e9b9-4038-bac2-b774dab86390 None admin] RBAC: Authorizing `identity:get_user(user_id=e544a558d3774c4784a48f0762e9a58f)` {{(pid=80082) enforce_call /opt/stack/keystone/keystone/common/rbac_enforcer/enforcer.py:449}}
Jun 29 12:06:57.449168 dv-cinder-797608-38-iscsi devstack@keystone.service[80082]: DEBUG keystone.common.rbac_enforcer.enforcer [None req-5ed57294-e9b9-4038-bac2-b774dab86390 None admin] RBAC: Authorization granted {{(pid=80082) enforce_call /opt/stack/keystone/keystone/common/rbac_enforcer/enforcer.py:457}}
Jun 29 12:06:57.451257 dv-cinder-797608-38-iscsi devstack@keystone.service[80082]: [pid: 80082|app: 0|req: 132/263] 10.222.0.13 () {56 vars in 1177 bytes} [Wed Jun 29 12:06:57 2022] GET /identity/v3/users/e544a558d3774c4784a48f0762e9a58f => generated 283 bytes in 239 msecs (HTTP/1.1 200) 5 headers in 177 bytes (1 switches on core 0)
Jun 29 12:06:57.456773 dv-cinder-797608-38-iscsi devstack@keystone.service[80082]: DEBUG keystone.server.flask.request_processing.middleware.auth_context [None req-5ed57294-e9b9-4038-bac2-b774dab86390 None admin] Authenticating user token {{(pid=80082) process_request /usr/local/lib/python3.8/dist-packages/keystonemiddleware/auth_token/__init__.py:407}}
Jun 29 12:06:57.535429 dv-cinder-797608-38-iscsi devstack@keystone.service[80082]: DEBUG dbcounter [-] [80082] Writing DB stats keystone:SELECT=100 {{(pid=80082) stat_writer /usr/local/lib/python3.8/dist-packages/dbcounter.py:114}}
Jun 29 12:06:57.566082 dv-cinder-797608-38-iscsi devstack@keystone.service[80081]: [pid: 80081|app: 0|req: 132/264] 10.222.0.13 () {58 vars in 1282 bytes} [Wed Jun 29 12:06:56 2022] GET /identity/v3/auth/tokens => generated 799 bytes in 619 msecs (HTTP/1.1 200) 6 headers in 358 bytes (2 switches on core 0)
Jun 29 12:06:57.574086 dv-cinder-797608-38-iscsi devstack@keystone.service[80081]: DEBUG keystone.server.flask.request_processing.middleware.auth_context [None req-48ccff2f-8af6-4946-a220-bcce69c3cce4 None admin] Authenticating user token {{(pid=80081) process_request /usr/local/lib/python3.8/dist-packages/keystonemiddleware/auth_token/__init__.py:407}}
Jun 29 12:06:57.602901 dv-cinder-797608-38-iscsi devstack@keystone.service[80082]: DEBUG keystone.server.flask.request_processing.middleware.auth_context [None req-5ed57294-e9b9-4038-bac2-b774dab86390 None admin] Validating token access rules against request {{(pid=80082) validate_allowed_request /usr/local/lib/python3.8/dist-packages/keystonemiddleware/auth_token/__init__.py:545}}
Jun 29 12:06:57.653783 dv-cinder-797608-38-iscsi devstack@keystone.service[80081]: DEBUG dbcounter [-] [80081] Writing DB stats keystone:SELECT=100 {{(pid=80081) stat_writer /usr/local/lib/python3.8/dist-packages/dbcounter.py:114}}
Jun 29 12:06:57.696268 dv-cinder-797608-38-iscsi devstack@keystone.service[80082]: DEBUG keystone.server.flask.request_processing.middleware.auth_context [None req-154bcf26-b0e7-4bb2-a3e5-f3f1d9743238 None admin] RBAC: auth_context: {'token': , 'domain_id': None, 'trust_id': None, 'trustor_id': None, 'trustee_id': None, 'domain_name': None, 'group_ids': [], 'user_id': '08fcb1f35af24620b53142bf98880fe8', 'user_domain_id': 'default', 'system_scope': 'all', 'project_id': None, 'project_domain_id': None, 'roles': ['admin', 'member', 'reader'], 'is_admin_project': True, 'service_user_id': None, 'service_user_domain_id': None, 'service_project_id': None, 'service_project_domain_id': None, 'service_roles': []} {{(pid=80082) fill_context /opt/stack/keystone/keystone/server/flask/request_processing/middleware/auth_context.py:478}}
Jun 29 12:06:57.697286 dv-cinder-797608-38-iscsi devstack@keystone.service[80082]: DEBUG keystone.server.flask.request_processing.req_logging [None req-154bcf26-b0e7-4bb2-a3e5-f3f1d9743238 None admin] REQUEST_METHOD: `GET` {{(pid=80082) log_request_info /opt/stack/keystone/keystone/server/flask/request_processing/req_logging.py:27}}
Jun 29 12:06:57.697765 dv-cinder-797608-38-iscsi devstack@keystone.service[80082]: DEBUG keystone.server.flask.request_processing.req_logging [None req-154bcf26-b0e7-4bb2-a3e5-f3f1d9743238 None admin] SCRIPT_NAME: `/identity` {{(pid=80082) log_request_info /opt/stack/keystone/keystone/server/flask/request_processing/req_logging.py:28}}
Jun 29 12:06:57.698235 dv-cinder-797608-38-iscsi devstack@keystone.service[80082]: DEBUG keystone.server.flask.request_processing.req_logging [None req-154bcf26-b0e7-4bb2-a3e5-f3f1d9743238 None admin] PATH_INFO: `/v3/auth/tokens` {{(pid=80082) log_request_info /opt/stack/keystone/keystone/server/flask/request_processing/req_logging.py:29}}
Jun 29 12:06:57.803408 dv-cinder-797608-38-iscsi devstack@keystone.service[80081]: DEBUG keystone.server.flask.request_processing.middleware.auth_context [None req-48ccff2f-8af6-4946-a220-bcce69c3cce4 None admin] Validating token access rules against request {{(pid=80081) validate_allowed_request /usr/local/lib/python3.8/dist-packages/keystonemiddleware/auth_token/__init__.py:545}}
Jun 29 12:06:57.876788 dv-cinder-797608-38-iscsi devstack@keystone.service[80082]: DEBUG keystone.common.rbac_enforcer.enforcer [None req-154bcf26-b0e7-4bb2-a3e5-f3f1d9743238 None admin] RBAC: Authorizing `identity:validate_token()` {{(pid=80082) enforce_call /opt/stack/keystone/keystone/common/rbac_enforcer/enforcer.py:449}}
Jun 29 12:06:57.878276 dv-cinder-797608-38-iscsi devstack@keystone.service[80082]: DEBUG keystone.common.rbac_enforcer.enforcer [None req-154bcf26-b0e7-4bb2-a3e5-f3f1d9743238 None admin] RBAC: Authorization granted {{(pid=80082) enforce_call /opt/stack/keystone/keystone/common/rbac_enforcer/enforcer.py:457}}
Jun 29 12:06:57.891831 dv-cinder-797608-38-iscsi devstack@keystone.service[80081]: DEBUG keystone.server.flask.request_processing.middleware.auth_context [None req-09954666-f903-4266-97c1-5a4c3803710a None admin] RBAC: auth_context: {'token': , 'domain_id': None, 'trust_id': None, 'trustor_id': None, 'trustee_id': None, 'domain_name': None, 'group_ids': [], 'user_id': '08fcb1f35af24620b53142bf98880fe8', 'user_domain_id': 'default', 'system_scope': 'all', 'project_id': None, 'project_domain_id': None, 'roles': ['admin', 'member', 'reader'], 'is_admin_project': True, 'service_user_id': None, 'service_user_domain_id': None, 'service_project_id': None, 'service_project_domain_id': None, 'service_roles': []} {{(pid=80081) fill_context /opt/stack/keystone/keystone/server/flask/request_processing/middleware/auth_context.py:478}}
Jun 29 12:06:57.892708 dv-cinder-797608-38-iscsi devstack@keystone.service[80081]: DEBUG keystone.server.flask.request_processing.req_logging [None req-09954666-f903-4266-97c1-5a4c3803710a None admin] REQUEST_METHOD: `GET` {{(pid=80081) log_request_info /opt/stack/keystone/keystone/server/flask/request_processing/req_logging.py:27}}
Jun 29 12:06:57.892991 dv-cinder-797608-38-iscsi devstack@keystone.service[80081]: DEBUG keystone.server.flask.request_processing.req_logging [None req-09954666-f903-4266-97c1-5a4c3803710a None admin] SCRIPT_NAME: `/identity` {{(pid=80081) log_request_info /opt/stack/keystone/keystone/server/flask/request_processing/req_logging.py:28}}
Jun 29 12:06:57.893261 dv-cinder-797608-38-iscsi devstack@keystone.service[80081]: DEBUG keystone.server.flask.request_processing.req_logging [None req-09954666-f903-4266-97c1-5a4c3803710a None admin] PATH_INFO: `/v3/projects/5fd79607efc84957a3c849d0d14a8f76` {{(pid=80081) log_request_info /opt/stack/keystone/keystone/server/flask/request_processing/req_logging.py:29}}
Jun 29 12:06:57.894493 dv-cinder-797608-38-iscsi devstack@keystone.service[80081]: DEBUG keystone.common.rbac_enforcer.enforcer [None req-09954666-f903-4266-97c1-5a4c3803710a None admin] RBAC: Authorizing `identity:get_project(project_id=5fd79607efc84957a3c849d0d14a8f76)` {{(pid=80081) enforce_call /opt/stack/keystone/keystone/common/rbac_enforcer/enforcer.py:449}}
Jun 29 12:06:57.896002 dv-cinder-797608-38-iscsi devstack@keystone.service[80081]: DEBUG keystone.common.rbac_enforcer.enforcer [None req-09954666-f903-4266-97c1-5a4c3803710a None admin] RBAC: Authorization granted {{(pid=80081) enforce_call /opt/stack/keystone/keystone/common/rbac_enforcer/enforcer.py:457}}
Jun 29 12:06:57.898028 dv-cinder-797608-38-iscsi devstack@keystone.service[80081]: [pid: 80081|app: 0|req: 133/265] 10.222.0.13 () {56 vars in 1186 bytes} [Wed Jun 29 12:06:57 2022] GET /identity/v3/projects/5fd79607efc84957a3c849d0d14a8f76 => generated 302 bytes in 324 msecs (HTTP/1.1 200) 5 headers in 177 bytes (2 switches on core 0)
Jun 29 12:06:57.903968 dv-cinder-797608-38-iscsi devstack@keystone.service[80081]: DEBUG keystone.server.flask.request_processing.middleware.auth_context [None req-09954666-f903-4266-97c1-5a4c3803710a None admin] Authenticating user token {{(pid=80081) process_request /usr/local/lib/python3.8/dist-packages/keystonemiddleware/auth_token/__init__.py:407}}
Jun 29 12:06:58.015088 dv-cinder-797608-38-iscsi devstack@keystone.service[80082]: DEBUG dbcounter [-] [80082] Writing DB stats keystone:SELECT=100 {{(pid=80082) stat_writer /usr/local/lib/python3.8/dist-packages/dbcounter.py:114}}
Jun 29 12:06:58.095889 dv-cinder-797608-38-iscsi devstack@keystone.service[80082]: [pid: 80082|app: 0|req: 133/266] 10.222.0.13 () {58 vars in 1282 bytes} [Wed Jun 29 12:06:57 2022] GET /identity/v3/auth/tokens => generated 799 bytes in 640 msecs (HTTP/1.1 200) 6 headers in 358 bytes (1 switches on core 0)
Jun 29 12:06:58.102918 dv-cinder-797608-38-iscsi devstack@keystone.service[80082]: DEBUG keystone.server.flask.request_processing.middleware.auth_context [None req-154bcf26-b0e7-4bb2-a3e5-f3f1d9743238 None admin] Authenticating user token {{(pid=80082) process_request /usr/local/lib/python3.8/dist-packages/keystonemiddleware/auth_token/__init__.py:407}}
Jun 29 12:06:58.105996 dv-cinder-797608-38-iscsi devstack@keystone.service[80081]: DEBUG keystone.server.flask.request_processing.middleware.auth_context [None req-09954666-f903-4266-97c1-5a4c3803710a None admin] Validating token access rules against request {{(pid=80081) validate_allowed_request /usr/local/lib/python3.8/dist-packages/keystonemiddleware/auth_token/__init__.py:545}}
Jun 29 12:06:58.109580 dv-cinder-797608-38-iscsi devstack@keystone.service[80081]: DEBUG dbcounter [-] [80081] Writing DB stats keystone:SELECT=100 {{(pid=80081) stat_writer /usr/local/lib/python3.8/dist-packages/dbcounter.py:114}}
Jun 29 12:06:58.196283 dv-cinder-797608-38-iscsi devstack@keystone.service[80081]: DEBUG keystone.server.flask.request_processing.middleware.auth_context [None req-42a685e5-66c3-4c02-99d0-fa63db0b621e None admin] RBAC: auth_context: {'token': , 'domain_id': None, 'trust_id': None, 'trustor_id': None, 'trustee_id': None, 'domain_name': None, 'group_ids': [], 'user_id': '08fcb1f35af24620b53142bf98880fe8', 'user_domain_id': 'default', 'system_scope': 'all', 'project_id': None, 'project_domain_id': None, 'roles': ['admin', 'member', 'reader'], 'is_admin_project': True, 'service_user_id': None, 'service_user_domain_id': None, 'service_project_id': None, 'service_project_domain_id': None, 'service_roles': []} {{(pid=80081) fill_context /opt/stack/keystone/keystone/server/flask/request_processing/middleware/auth_context.py:478}}
Jun 29 12:06:58.196955 dv-cinder-797608-38-iscsi devstack@keystone.service[80081]: DEBUG keystone.server.flask.request_processing.req_logging [None req-42a685e5-66c3-4c02-99d0-fa63db0b621e None admin] REQUEST_METHOD: `GET` {{(pid=80081) log_request_info /opt/stack/keystone/keystone/server/flask/request_processing/req_logging.py:27}}
Jun 29 12:06:58.197236 dv-cinder-797608-38-iscsi devstack@keystone.service[80081]: DEBUG keystone.server.flask.request_processing.req_logging [None req-42a685e5-66c3-4c02-99d0-fa63db0b621e None admin] SCRIPT_NAME: `/identity` {{(pid=80081) log_request_info /opt/stack/keystone/keystone/server/flask/request_processing/req_logging.py:28}}
Jun 29 12:06:58.197509 dv-cinder-797608-38-iscsi devstack@keystone.service[80081]: DEBUG keystone.server.flask.request_processing.req_logging [None req-42a685e5-66c3-4c02-99d0-fa63db0b621e None admin] PATH_INFO: `/v3/role_assignments` {{(pid=80081) log_request_info /opt/stack/keystone/keystone/server/flask/request_processing/req_logging.py:29}}
Jun 29 12:06:58.198351 dv-cinder-797608-38-iscsi devstack@keystone.service[80081]: DEBUG keystone.common.rbac_enforcer.enforcer [None req-42a685e5-66c3-4c02-99d0-fa63db0b621e None admin] RBAC: Adding query filter params (role.id=5ef3464f4436446b88430cdf7cc1a3d7, scope.project.id=5fd79607efc84957a3c849d0d14a8f76, user.id=e544a558d3774c4784a48f0762e9a58f) {{(pid=80081) _extract_filter_values /opt/stack/keystone/keystone/common/rbac_enforcer/enforcer.py:167}}
Jun 29 12:06:58.198690 dv-cinder-797608-38-iscsi devstack@keystone.service[80081]: DEBUG keystone.common.rbac_enforcer.enforcer [None req-42a685e5-66c3-4c02-99d0-fa63db0b621e None admin] RBAC: Authorizing `identity:list_role_assignments()` {{(pid=80081) enforce_call /opt/stack/keystone/keystone/common/rbac_enforcer/enforcer.py:449}}
Jun 29 12:06:58.200155 dv-cinder-797608-38-iscsi devstack@keystone.service[80081]: DEBUG keystone.common.rbac_enforcer.enforcer [None req-42a685e5-66c3-4c02-99d0-fa63db0b621e None admin] RBAC: Authorization granted {{(pid=80081) enforce_call /opt/stack/keystone/keystone/common/rbac_enforcer/enforcer.py:457}}
Jun 29 12:06:58.210178 dv-cinder-797608-38-iscsi devstack@keystone.service[80081]: [pid: 80081|app: 0|req: 134/267] 10.222.0.13 () {56 vars in 1374 bytes} [Wed Jun 29 12:06:57 2022] GET /identity/v3/role_assignments?user.id=e544a558d3774c4784a48f0762e9a58f&scope.project.id=5fd79607efc84957a3c849d0d14a8f76&role.id=5ef3464f4436446b88430cdf7cc1a3d7 => generated 608 bytes in 307 msecs (HTTP/1.1 200) 5 headers in 177 bytes (2 switches on core 0)
Jun 29 12:06:58.288585 dv-cinder-797608-38-iscsi devstack@keystone.service[80081]: DEBUG keystone.server.flask.request_processing.req_logging [None req-b15baeec-73c5-4375-9636-b538ac700bd0 None None] REQUEST_METHOD: `GET` {{(pid=80081) log_request_info /opt/stack/keystone/keystone/server/flask/request_processing/req_logging.py:27}}
Jun 29 12:06:58.290474 dv-cinder-797608-38-iscsi devstack@keystone.service[80081]: DEBUG keystone.server.flask.request_processing.req_logging [None req-b15baeec-73c5-4375-9636-b538ac700bd0 None None] SCRIPT_NAME: `/identity` {{(pid=80081) log_request_info /opt/stack/keystone/keystone/server/flask/request_processing/req_logging.py:28}}
Jun 29 12:06:58.290474 dv-cinder-797608-38-iscsi devstack@keystone.service[80081]: DEBUG keystone.server.flask.request_processing.req_logging [None req-b15baeec-73c5-4375-9636-b538ac700bd0 None None] PATH_INFO: `/` {{(pid=80081) log_request_info /opt/stack/keystone/keystone/server/flask/request_processing/req_logging.py:29}}
Jun 29 12:06:58.290905 dv-cinder-797608-38-iscsi devstack@keystone.service[80081]: [pid: 80081|app: 0|req: 135/268] 10.222.0.13 () {54 vars in 926 bytes} [Wed Jun 29 12:06:58 2022] GET /identity => generated 270 bytes in 3 msecs (HTTP/1.1 300) 6 headers in 234 bytes (2 switches on core 0)
Jun 29 12:06:58.310843 dv-cinder-797608-38-iscsi devstack@keystone.service[80082]: DEBUG keystone.server.flask.request_processing.middleware.auth_context [None req-154bcf26-b0e7-4bb2-a3e5-f3f1d9743238 None admin] Validating token access rules against request {{(pid=80082) validate_allowed_request /usr/local/lib/python3.8/dist-packages/keystonemiddleware/auth_token/__init__.py:545}}
Jun 29 12:06:58.316627 dv-cinder-797608-38-iscsi devstack@keystone.service[80081]: DEBUG keystone.server.flask.request_processing.req_logging [None req-8aecb6e7-e653-488d-baf6-b5d780971bb2 None None] REQUEST_METHOD: `POST` {{(pid=80081) log_request_info /opt/stack/keystone/keystone/server/flask/request_processing/req_logging.py:27}}
Jun 29 12:06:58.316918 dv-cinder-797608-38-iscsi devstack@keystone.service[80081]: DEBUG keystone.server.flask.request_processing.req_logging [None req-8aecb6e7-e653-488d-baf6-b5d780971bb2 None None] SCRIPT_NAME: `/identity` {{(pid=80081) log_request_info /opt/stack/keystone/keystone/server/flask/request_processing/req_logging.py:28}}
Jun 29 12:06:58.317201 dv-cinder-797608-38-iscsi devstack@keystone.service[80081]: DEBUG keystone.server.flask.request_processing.req_logging [None req-8aecb6e7-e653-488d-baf6-b5d780971bb2 None None] PATH_INFO: `/v3/auth/tokens` {{(pid=80081) log_request_info /opt/stack/keystone/keystone/server/flask/request_processing/req_logging.py:29}}
Jun 29 12:06:58.354180 dv-cinder-797608-38-iscsi devstack@keystone.service[80081]: DEBUG keystone.auth.core [None req-8aecb6e7-e653-488d-baf6-b5d780971bb2 None None] MFA Rules not processed for user `08fcb1f35af24620b53142bf98880fe8`. Rule list: `[]` (Enabled: `True`). {{(pid=80081) check_auth_methods_against_rules /opt/stack/keystone/keystone/auth/core.py:438}}
Jun 29 12:06:58.355526 dv-cinder-797608-38-iscsi devstack@keystone.service[80081]: DEBUG keystone.common.fernet_utils [None req-8aecb6e7-e653-488d-baf6-b5d780971bb2 None None] Loaded 2 Fernet keys from /etc/keystone/fernet-keys/, but `[fernet_tokens] max_active_keys = 3`; perhaps there have not been enough key rotations to reach `max_active_keys` yet? {{(pid=80081) load_keys /opt/stack/keystone/keystone/common/fernet_utils.py:286}}
Jun 29 12:06:58.380226 dv-cinder-797608-38-iscsi devstack@keystone.service[80082]: DEBUG keystone.server.flask.request_processing.middleware.auth_context [None req-0e9ac5dd-ab21-4f16-bc6c-8a8d789e6b59 None admin] RBAC: auth_context: {'token': , 'domain_id': None, 'trust_id': None, 'trustor_id': None, 'trustee_id': None, 'domain_name': None, 'group_ids': [], 'user_id': '08fcb1f35af24620b53142bf98880fe8', 'user_domain_id': 'default', 'system_scope': 'all', 'project_id': None, 'project_domain_id': None, 'roles': ['admin', 'member', 'reader'], 'is_admin_project': True, 'service_user_id': None, 'service_user_domain_id': None, 'service_project_id': None, 'service_project_domain_id': None, 'service_roles': []} {{(pid=80082) fill_context /opt/stack/keystone/keystone/server/flask/request_processing/middleware/auth_context.py:478}}
Jun 29 12:06:58.381872 dv-cinder-797608-38-iscsi devstack@keystone.service[80082]: DEBUG keystone.server.flask.request_processing.req_logging [None req-0e9ac5dd-ab21-4f16-bc6c-8a8d789e6b59 None admin] REQUEST_METHOD: `GET` {{(pid=80082) log_request_info /opt/stack/keystone/keystone/server/flask/request_processing/req_logging.py:27}}
Jun 29 12:06:58.382390 dv-cinder-797608-38-iscsi devstack@keystone.service[80082]: DEBUG keystone.server.flask.request_processing.req_logging [None req-0e9ac5dd-ab21-4f16-bc6c-8a8d789e6b59 None admin] SCRIPT_NAME: `/identity` {{(pid=80082) log_request_info /opt/stack/keystone/keystone/server/flask/request_processing/req_logging.py:28}}
Jun 29 12:06:58.383424 dv-cinder-797608-38-iscsi devstack@keystone.service[80082]: DEBUG keystone.server.flask.request_processing.req_logging [None req-0e9ac5dd-ab21-4f16-bc6c-8a8d789e6b59 None admin] PATH_INFO: `/v3/projects/5fd79607efc84957a3c849d0d14a8f76` {{(pid=80082) log_request_info /opt/stack/keystone/keystone/server/flask/request_processing/req_logging.py:29}}
Jun 29 12:06:58.388225 dv-cinder-797608-38-iscsi devstack@keystone.service[80082]: DEBUG keystone.common.rbac_enforcer.enforcer [None req-0e9ac5dd-ab21-4f16-bc6c-8a8d789e6b59 None admin] RBAC: Authorizing `identity:get_project(project_id=5fd79607efc84957a3c849d0d14a8f76)` {{(pid=80082) enforce_call /opt/stack/keystone/keystone/common/rbac_enforcer/enforcer.py:449}}
Jun 29 12:06:58.390554 dv-cinder-797608-38-iscsi devstack@keystone.service[80082]: DEBUG keystone.common.rbac_enforcer.enforcer [None req-0e9ac5dd-ab21-4f16-bc6c-8a8d789e6b59 None admin] RBAC: Authorization granted {{(pid=80082) enforce_call /opt/stack/keystone/keystone/common/rbac_enforcer/enforcer.py:457}}
Jun 29 12:06:58.396822 dv-cinder-797608-38-iscsi devstack@keystone.service[80082]: [pid: 80082|app: 0|req: 134/269] 10.222.0.13 () {56 vars in 1186 bytes} [Wed Jun 29 12:06:58 2022] GET /identity/v3/projects/5fd79607efc84957a3c849d0d14a8f76 => generated 302 bytes in 291 msecs (HTTP/1.1 200) 5 headers in 177 bytes (2 switches on core 0)
Jun 29 12:06:58.402238 dv-cinder-797608-38-iscsi devstack@keystone.service[80082]: DEBUG keystone.server.flask.request_processing.middleware.auth_context [None req-0e9ac5dd-ab21-4f16-bc6c-8a8d789e6b59 None admin] Authenticating user token {{(pid=80082) process_request /usr/local/lib/python3.8/dist-packages/keystonemiddleware/auth_token/__init__.py:407}}
Jun 29 12:06:58.458630 dv-cinder-797608-38-iscsi devstack@keystone.service[80082]: DEBUG dbcounter [-] [80082] Writing DB stats keystone:SELECT=100 {{(pid=80082) stat_writer /usr/local/lib/python3.8/dist-packages/dbcounter.py:114}}
Jun 29 12:06:58.477133 dv-cinder-797608-38-iscsi devstack@keystone.service[80081]: [pid: 80081|app: 0|req: 136/270] 10.222.0.13 () {58 vars in 1023 bytes} [Wed Jun 29 12:06:58 2022] POST /identity/v3/auth/tokens => generated 799 bytes in 161 msecs (HTTP/1.1 201) 6 headers in 363 bytes (1 switches on core 0)
Jun 29 12:06:58.483031 dv-cinder-797608-38-iscsi devstack@keystone.service[80081]: DEBUG keystone.server.flask.request_processing.req_logging [None req-1e3ef77e-9698-44d8-b397-f6a05f894d3b None None] REQUEST_METHOD: `GET` {{(pid=80081) log_request_info /opt/stack/keystone/keystone/server/flask/request_processing/req_logging.py:27}}
Jun 29 12:06:58.483344 dv-cinder-797608-38-iscsi devstack@keystone.service[80081]: DEBUG keystone.server.flask.request_processing.req_logging [None req-1e3ef77e-9698-44d8-b397-f6a05f894d3b None None] SCRIPT_NAME: `/identity` {{(pid=80081) log_request_info /opt/stack/keystone/keystone/server/flask/request_processing/req_logging.py:28}}
Jun 29 12:06:58.483623 dv-cinder-797608-38-iscsi devstack@keystone.service[80081]: DEBUG keystone.server.flask.request_processing.req_logging [None req-1e3ef77e-9698-44d8-b397-f6a05f894d3b None None] PATH_INFO: `/` {{(pid=80081) log_request_info /opt/stack/keystone/keystone/server/flask/request_processing/req_logging.py:29}}
Jun 29 12:06:58.485460 dv-cinder-797608-38-iscsi devstack@keystone.service[80081]: [pid: 80081|app: 0|req: 137/271] 10.222.0.13 () {54 vars in 926 bytes} [Wed Jun 29 12:06:58 2022] GET /identity => generated 270 bytes in 8 msecs (HTTP/1.1 300) 6 headers in 234 bytes (1 switches on core 0)
Jun 29 12:06:58.492925 dv-cinder-797608-38-iscsi devstack@keystone.service[80081]: DEBUG keystone.server.flask.request_processing.req_logging [None req-25396191-eadd-48ea-b9f9-622910c459c4 None None] REQUEST_METHOD: `POST` {{(pid=80081) log_request_info /opt/stack/keystone/keystone/server/flask/request_processing/req_logging.py:27}}
Jun 29 12:06:58.493211 dv-cinder-797608-38-iscsi devstack@keystone.service[80081]: DEBUG keystone.server.flask.request_processing.req_logging [None req-25396191-eadd-48ea-b9f9-622910c459c4 None None] SCRIPT_NAME: `/identity` {{(pid=80081) log_request_info /opt/stack/keystone/keystone/server/flask/request_processing/req_logging.py:28}}
Jun 29 12:06:58.493489 dv-cinder-797608-38-iscsi devstack@keystone.service[80081]: DEBUG keystone.server.flask.request_processing.req_logging [None req-25396191-eadd-48ea-b9f9-622910c459c4 None None] PATH_INFO: `/v3/auth/tokens` {{(pid=80081) log_request_info /opt/stack/keystone/keystone/server/flask/request_processing/req_logging.py:29}}
Jun 29 12:06:58.517787 dv-cinder-797608-38-iscsi devstack@keystone.service[80081]: DEBUG keystone.auth.core [None req-25396191-eadd-48ea-b9f9-622910c459c4 None None] MFA Rules not processed for user `08fcb1f35af24620b53142bf98880fe8`. Rule list: `[]` (Enabled: `True`). {{(pid=80081) check_auth_methods_against_rules /opt/stack/keystone/keystone/auth/core.py:438}}
Jun 29 12:06:58.518744 dv-cinder-797608-38-iscsi devstack@keystone.service[80081]: DEBUG keystone.common.fernet_utils [None req-25396191-eadd-48ea-b9f9-622910c459c4 None None] Loaded 2 Fernet keys from /etc/keystone/fernet-keys/, but `[fernet_tokens] max_active_keys = 3`; perhaps there have not been enough key rotations to reach `max_active_keys` yet? {{(pid=80081) load_keys /opt/stack/keystone/keystone/common/fernet_utils.py:286}}
Jun 29 12:06:58.565643 dv-cinder-797608-38-iscsi devstack@keystone.service[80082]: DEBUG keystone.server.flask.request_processing.middleware.auth_context [None req-0e9ac5dd-ab21-4f16-bc6c-8a8d789e6b59 None admin] Validating token access rules against request {{(pid=80082) validate_allowed_request /usr/local/lib/python3.8/dist-packages/keystonemiddleware/auth_token/__init__.py:545}}
Jun 29 12:06:58.602109 dv-cinder-797608-38-iscsi devstack@keystone.service[80081]: [pid: 80081|app: 0|req: 138/272] 10.222.0.13 () {58 vars in 1023 bytes} [Wed Jun 29 12:06:58 2022] POST /identity/v3/auth/tokens => generated 799 bytes in 110 msecs (HTTP/1.1 201) 6 headers in 363 bytes (2 switches on core 0)
Jun 29 12:06:58.604228 dv-cinder-797608-38-iscsi devstack@keystone.service[80081]: DEBUG keystone.server.flask.request_processing.middleware.auth_context [None req-25396191-eadd-48ea-b9f9-622910c459c4 None None] Authenticating user token {{(pid=80081) process_request /usr/local/lib/python3.8/dist-packages/keystonemiddleware/auth_token/__init__.py:407}}
