Jun 27 14:40:59.833079 dv-cinder-797608-35-smb neutron-server[110480]: DEBUG neutron_lib.callbacks.manager [None req-2ad23802-28c3-4b2f-b471-083d5b23f9d9 None None] Publish callbacks ['neutron.plugins.ml2.plugin.SecurityGroupServerNotifierRpcMixin._notify_sg_on_port_change-677528', 'neutron.plugins.ml2.ovo_rpc._ObjectChangeHandler.handle_event-38330', 'neutron.api.rpc.agentnotifiers.dhcp_rpc_agent_api.DhcpAgentNotifyAPI._native_event_send_dhcp_notification-1627375', 'neutron.db.l3_db.L3RpcNotifierMixin._notify_gateway_port_ip_changed-8748585580382', 'neutron.db.l3_dvrscheduler_db._notify_l3_agent_port_update-8748585079206', 'neutron.db.l3_hascheduler_db._notify_l3_agent_ha_port_update-8748585079224'] for port (e7911ef6-8302-400a-9a2a-2e22d7a31ff0), after_update {{(pid=110480) _notify_loop /usr/local/lib/python3.8/dist-packages/neutron_lib/callbacks/manager.py:176}}
Jun 27 14:40:59.992618 dv-cinder-797608-35-smb neutron-server[110479]: DEBUG neutron.wsgi [req-a0f5d93a-65c0-4407-a1fe-1cfdf2739996 req-52b18a8e-a074-4d9d-b775-b679bc076159 service neutron] http://10.222.0.15:9696/v2.0/extensions returned with HTTP 200 {{(pid=110479) __call__ /opt/stack/neutron/neutron/wsgi.py:730}}
Jun 27 14:41:00.006980 dv-cinder-797608-35-smb neutron-server[110479]: INFO neutron.wsgi [req-a0f5d93a-65c0-4407-a1fe-1cfdf2739996 req-52b18a8e-a074-4d9d-b775-b679bc076159 service neutron] 10.222.0.15 "GET /v2.0/extensions HTTP/1.1" status: 200 len: 14320 time: 0.2857695
Jun 27 14:41:00.066534 dv-cinder-797608-35-smb neutron-server[110480]: DEBUG neutron.api.rpc.handlers.resources_rpc [None req-2ad23802-28c3-4b2f-b471-083d5b23f9d9 None None] Pushing event updated for resources: {'Port': ['ID=e7911ef6-8302-400a-9a2a-2e22d7a31ff0,revision_number=4']} {{(pid=110480) push /opt/stack/neutron/neutron/api/rpc/handlers/resources_rpc.py:237}}
Jun 27 14:41:00.248988 dv-cinder-797608-35-smb neutron-server[110481]: DEBUG neutron.db.agents_db [None req-c84d3ee3-bb90-40fe-8966-3cb0713310ea None None] Agent healthcheck: found 6 active agents {{(pid=110481) agent_health_check /opt/stack/neutron/neutron/db/agents_db.py:317}}
Jun 27 14:41:00.313018 dv-cinder-797608-35-smb neutron-server[110479]: DEBUG dbcounter [-] [110479] Writing DB stats neutron:SELECT=84,neutron:DELETE=4,neutron:INSERT=11,neutron:UPDATE=1 {{(pid=110479) stat_writer /usr/local/lib/python3.8/dist-packages/dbcounter.py:114}}
Jun 27 14:41:00.316751 dv-cinder-797608-35-smb neutron-server[110479]: INFO neutron.wsgi [req-a0f5d93a-65c0-4407-a1fe-1cfdf2739996 req-34f35fd6-2611-4b6d-82f4-484f06020dfd service neutron] 10.222.0.15 "GET /v2.0/networks/0123fd70-7b56-4c16-829d-5f780fbae972?fields=segments HTTP/1.1" status: 200 len: 212 time: 0.3080585
Jun 27 14:41:00.331041 dv-cinder-797608-35-smb neutron-server[110480]: DEBUG neutron.plugins.ml2.rpc [None req-2ad23802-28c3-4b2f-b471-083d5b23f9d9 None None] Device 1a0e5b7e-ad4f-40af-ae3d-d373570212bd up at agent ovs-agent-dv-cinder-797608-35-smb {{(pid=110480) update_device_up /opt/stack/neutron/neutron/plugins/ml2/rpc.py:296}}
Jun 27 14:41:00.488462 dv-cinder-797608-35-smb neutron-server[110480]: DEBUG neutron.db.provisioning_blocks [None req-2ad23802-28c3-4b2f-b471-083d5b23f9d9 None None] Provisioning complete for port 1a0e5b7e-ad4f-40af-ae3d-d373570212bd triggered by entity L2. {{(pid=110480) provisioning_complete /opt/stack/neutron/neutron/db/provisioning_blocks.py:145}}
Jun 27 14:41:00.488462 dv-cinder-797608-35-smb neutron-server[110480]: DEBUG neutron_lib.callbacks.manager [None req-2ad23802-28c3-4b2f-b471-083d5b23f9d9 None None] Publish callbacks ['neutron.plugins.ml2.plugin.Ml2Plugin._port_provisioned-897497'] for port (1a0e5b7e-ad4f-40af-ae3d-d373570212bd), provisioning_complete {{(pid=110480) _notify_loop /usr/local/lib/python3.8/dist-packages/neutron_lib/callbacks/manager.py:176}}
Jun 27 14:41:00.596846 dv-cinder-797608-35-smb neutron-server[110479]: INFO neutron.wsgi [req-a0f5d93a-65c0-4407-a1fe-1cfdf2739996 req-6e351da0-649e-4109-ac9b-da1ee520c830 service neutron] 10.222.0.15 "GET /v2.0/networks/0123fd70-7b56-4c16-829d-5f780fbae972?fields=provider%3Aphysical_network&fields=provider%3Anetwork_type HTTP/1.1" status: 200 len: 281 time: 0.2727637
Jun 27 14:41:00.825363 dv-cinder-797608-35-smb neutron-server[110480]: DEBUG neutron.plugins.ml2.plugin [None req-2ad23802-28c3-4b2f-b471-083d5b23f9d9 None None] Current status of the port 1a0e5b7e-ad4f-40af-ae3d-d373570212bd is: ACTIVE; New status is: ACTIVE {{(pid=110480) _update_individual_port_db_status /opt/stack/neutron/neutron/plugins/ml2/plugin.py:2292}}
Jun 27 14:41:01.358581 dv-cinder-797608-35-smb neutron-server[110479]: INFO neutron.wsgi [req-68138072-1e0c-42af-801a-45caae31e8ea req-4b592f5c-8cd8-4b4f-89c8-00b58bd6dfd5 tempest-AttachVolumeTestJSON-1075163079 tempest-AttachVolumeTestJSON-1075163079-project] 10.222.0.15 "GET /v2.0/ports?device_id=558609b4-afb3-43ec-85d5-a3ce73febde2 HTTP/1.1" status: 200 len: 210 time: 0.0674121
Jun 27 14:41:01.477395 dv-cinder-797608-35-smb neutron-server[110479]: INFO neutron.wsgi [req-4f4aa61d-a9c3-4cf5-9352-c3944282b571 req-694a723b-90b0-4d94-89ce-514c4e8c1238 tempest-DeleteServersTestJSON-2079656448 tempest-DeleteServersTestJSON-2079656448-project] 10.222.0.15 "GET /v2.0/ports?device_id=c9b615ae-0172-41de-b25e-09d5a96ce19c HTTP/1.1" status: 200 len: 210 time: 0.0486269
Jun 27 14:41:01.553444 dv-cinder-797608-35-smb neutron-server[110479]: DEBUG neutron.wsgi [-] (110479) accepted ('10.222.0.16', 54137) {{(pid=110479) server /usr/local/lib/python3.8/dist-packages/eventlet/wsgi.py:1004}}
Jun 27 14:41:01.836199 dv-cinder-797608-35-smb neutron-server[110478]: DEBUG neutron.wsgi [-] (110478) accepted ('10.222.0.15', 45892) {{(pid=110478) server /usr/local/lib/python3.8/dist-packages/eventlet/wsgi.py:1004}}
Jun 27 14:41:01.843611 dv-cinder-797608-35-smb neutron-server[110478]: DEBUG neutron.api.v2.base [None req-647c6055-04a2-48d2-bbd8-b4684180994a tempest-AttachVolumeShelveTestJSON-398815286 tempest-AttachVolumeShelveTestJSON-398815286-project] Request body: {'security_group': {'name': 'tempest-securitygroup--1929749896', 'description': 'tempest-description--1155176264'}} {{(pid=110478) prepare_request_body /opt/stack/neutron/neutron/api/v2/base.py:730}}
Jun 27 14:41:01.943503 dv-cinder-797608-35-smb neutron-server[110479]: DEBUG neutron.pecan_wsgi.hooks.policy_enforcement [req-0226d9c6-2f45-4903-84d0-84abe7057de7 req-59ca9f43-b43b-4549-a3c7-c0a9c4492d0c tempest-AttachVolumeTestJSON-1075163079 tempest-AttachVolumeTestJSON-1075163079-project] Attributes excluded by policy engine: ['standard_attr_id', 'vlan_transparent', 'provider:network_type', 'provider:physical_network', 'provider:segmentation_id'] {{(pid=110479) _exclude_attributes_by_policy /opt/stack/neutron/neutron/pecan_wsgi/hooks/policy_enforcement.py:259}}
Jun 27 14:41:01.956362 dv-cinder-797608-35-smb neutron-server[110478]: DEBUG neutron_lib.callbacks.manager [None req-647c6055-04a2-48d2-bbd8-b4684180994a tempest-AttachVolumeShelveTestJSON-398815286 tempest-AttachVolumeShelveTestJSON-398815286-project] Publish callbacks [] for security_group (None), before_create {{(pid=110478) _notify_loop /usr/local/lib/python3.8/dist-packages/neutron_lib/callbacks/manager.py:176}}
Jun 27 14:41:01.977432 dv-cinder-797608-35-smb neutron-server[110479]: INFO neutron.wsgi [req-0226d9c6-2f45-4903-84d0-84abe7057de7 req-59ca9f43-b43b-4549-a3c7-c0a9c4492d0c tempest-AttachVolumeTestJSON-1075163079 tempest-AttachVolumeTestJSON-1075163079-project] 10.222.0.16 "GET /v2.0/networks?id=093fd213-d9f0-446e-b6db-3c8b0e609038 HTTP/1.1" status: 200 len: 810 time: 0.4209430
Jun 27 14:41:02.157047 dv-cinder-797608-35-smb neutron-server[110479]: DEBUG dbcounter [-] [110479] Writing DB stats neutron:SELECT=99,neutron:DELETE=1 {{(pid=110479) stat_writer /usr/local/lib/python3.8/dist-packages/dbcounter.py:114}}
Jun 27 14:41:02.270481 dv-cinder-797608-35-smb neutron-server[110479]: INFO neutron.wsgi [req-0226d9c6-2f45-4903-84d0-84abe7057de7 req-08462861-d7f4-4680-8d9c-3b7269f3e8ae tempest-AttachVolumeTestJSON-1075163079 tempest-AttachVolumeTestJSON-1075163079-project] 10.222.0.16 "GET /v2.0/security-groups?fields=id&fields=name&tenant_id=ee517f13ed674a73af194cd07f86862a HTTP/1.1" status: 200 len: 379 time: 0.2600236
Jun 27 14:41:02.272554 dv-cinder-797608-35-smb neutron-server[110480]: DEBUG neutron.plugins.ml2.rpc [None req-2ad23802-28c3-4b2f-b471-083d5b23f9d9 None None] Device e7911ef6-8302-400a-9a2a-2e22d7a31ff0 up at agent ovs-agent-dv-cinder-797608-35-smb {{(pid=110480) update_device_up /opt/stack/neutron/neutron/plugins/ml2/rpc.py:296}}
Jun 27 14:41:02.274485 dv-cinder-797608-35-smb neutron-server[110478]: DEBUG neutron_lib.callbacks.manager [None req-647c6055-04a2-48d2-bbd8-b4684180994a tempest-AttachVolumeShelveTestJSON-398815286 tempest-AttachVolumeShelveTestJSON-398815286-project] Publish callbacks [] for security_group (d46b6d29-31f4-4e10-9963-c357bc60a941), precommit_create {{(pid=110478) _notify_loop /usr/local/lib/python3.8/dist-packages/neutron_lib/callbacks/manager.py:176}}
Jun 27 14:41:02.282690 dv-cinder-797608-35-smb neutron-server[110478]: DEBUG neutron_lib.callbacks.manager [None req-647c6055-04a2-48d2-bbd8-b4684180994a tempest-AttachVolumeShelveTestJSON-398815286 tempest-AttachVolumeShelveTestJSON-398815286-project] Publish callbacks ['neutron.plugins.ml2.ovo_rpc._ObjectChangeHandler.handle_event-1898192'] for security_group (d46b6d29-31f4-4e10-9963-c357bc60a941), after_create {{(pid=110478) _notify_loop /usr/local/lib/python3.8/dist-packages/neutron_lib/callbacks/manager.py:176}}
Jun 27 14:41:02.298199 dv-cinder-797608-35-smb neutron-server[110479]: DEBUG neutron.api.v2.base [req-0226d9c6-2f45-4903-84d0-84abe7057de7 req-37662ed9-765b-4c24-a19a-16ae2fe41435 tempest-AttachVolumeTestJSON-1075163079 tempest-AttachVolumeTestJSON-1075163079-project] Request body: {'port': {'device_id': '558609b4-afb3-43ec-85d5-a3ce73febde2', 'network_id': '093fd213-d9f0-446e-b6db-3c8b0e609038', 'admin_state_up': True, 'tenant_id': 'ee517f13ed674a73af194cd07f86862a', 'security_groups': ['ad2f25e3-70b4-45b6-9196-f8f09a647ef4']}} {{(pid=110479) prepare_request_body /opt/stack/neutron/neutron/api/v2/base.py:730}}
Jun 27 14:41:02.403091 dv-cinder-797608-35-smb neutron-server[110480]: DEBUG neutron.db.provisioning_blocks [None req-2ad23802-28c3-4b2f-b471-083d5b23f9d9 None None] Provisioning complete for port e7911ef6-8302-400a-9a2a-2e22d7a31ff0 triggered by entity L2. {{(pid=110480) provisioning_complete /opt/stack/neutron/neutron/db/provisioning_blocks.py:145}}
Jun 27 14:41:02.403483 dv-cinder-797608-35-smb neutron-server[110480]: DEBUG neutron_lib.callbacks.manager [None req-2ad23802-28c3-4b2f-b471-083d5b23f9d9 None None] Publish callbacks ['neutron.plugins.ml2.plugin.Ml2Plugin._port_provisioned-897497'] for port (e7911ef6-8302-400a-9a2a-2e22d7a31ff0), provisioning_complete {{(pid=110480) _notify_loop /usr/local/lib/python3.8/dist-packages/neutron_lib/callbacks/manager.py:176}}
Jun 27 14:41:02.417404 dv-cinder-797608-35-smb neutron-server[110478]: DEBUG neutron_lib.callbacks.manager [None req-647c6055-04a2-48d2-bbd8-b4684180994a tempest-AttachVolumeShelveTestJSON-398815286 tempest-AttachVolumeShelveTestJSON-398815286-project] Publish callbacks [] for security_group (None), before_response {{(pid=110478) _notify_loop /usr/local/lib/python3.8/dist-packages/neutron_lib/callbacks/manager.py:176}}
Jun 27 14:41:02.422648 dv-cinder-797608-35-smb neutron-server[110478]: INFO neutron.wsgi [None req-647c6055-04a2-48d2-bbd8-b4684180994a tempest-AttachVolumeShelveTestJSON-398815286 tempest-AttachVolumeShelveTestJSON-398815286-project] 10.222.0.15 "POST /v2.0/security-groups HTTP/1.1" status: 201 len: 1797 time: 0.5810959
Jun 27 14:41:02.422648 dv-cinder-797608-35-smb neutron-server[110478]: DEBUG neutron.api.rpc.handlers.resources_rpc [None req-647c6055-04a2-48d2-bbd8-b4684180994a tempest-AttachVolumeShelveTestJSON-398815286 tempest-AttachVolumeShelveTestJSON-398815286-project] Pushing event updated for resources: {'SecurityGroup': ['ID=d46b6d29-31f4-4e10-9963-c357bc60a941,revision_number=1']} {{(pid=110478) push /opt/stack/neutron/neutron/api/rpc/handlers/resources_rpc.py:237}}
Jun 27 14:41:02.428516 dv-cinder-797608-35-smb neutron-server[110478]: DEBUG neutron.wsgi [-] (110478) accepted ('10.222.0.15', 45934) {{(pid=110478) server /usr/local/lib/python3.8/dist-packages/eventlet/wsgi.py:1004}}
Jun 27 14:41:02.434469 dv-cinder-797608-35-smb neutron-server[110478]: DEBUG neutron.api.v2.base [None req-f6f3a518-46d7-496c-9f38-59e0ada340f5 tempest-AttachVolumeShelveTestJSON-398815286 tempest-AttachVolumeShelveTestJSON-398815286-project] Request body: {'security_group_rule': {'security_group_id': 'd46b6d29-31f4-4e10-9963-c357bc60a941', 'protocol': 'tcp', 'ethertype': 'IPv4', 'port_range_min': 22, 'port_range_max': 22, 'direction': 'ingress'}} {{(pid=110478) prepare_request_body /opt/stack/neutron/neutron/api/v2/base.py:730}}
Jun 27 14:41:02.511481 dv-cinder-797608-35-smb neutron-server[110478]: DEBUG neutron_lib.callbacks.manager [None req-f6f3a518-46d7-496c-9f38-59e0ada340f5 tempest-AttachVolumeShelveTestJSON-398815286 tempest-AttachVolumeShelveTestJSON-398815286-project] Publish callbacks [] for security_group_rule (44fb9ef6-f455-452f-9372-113f148d76c9), before_create {{(pid=110478) _notify_loop /usr/local/lib/python3.8/dist-packages/neutron_lib/callbacks/manager.py:176}}
Jun 27 14:41:02.599745 dv-cinder-797608-35-smb neutron-server[110480]: DEBUG neutron.plugins.ml2.plugin [None req-2ad23802-28c3-4b2f-b471-083d5b23f9d9 None None] Current status of the port e7911ef6-8302-400a-9a2a-2e22d7a31ff0 is: ACTIVE; New status is: ACTIVE {{(pid=110480) _update_individual_port_db_status /opt/stack/neutron/neutron/plugins/ml2/plugin.py:2292}}
Jun 27 14:41:02.600954 dv-cinder-797608-35-smb neutron-server[110480]: DEBUG neutron.plugins.ml2.rpc [None req-2ad23802-28c3-4b2f-b471-083d5b23f9d9 None None] Device a470feda-01bf-4add-90b5-d80466e0eb58 up at agent ovs-agent-dv-cinder-797608-35-smb {{(pid=110480) update_device_up /opt/stack/neutron/neutron/plugins/ml2/rpc.py:296}}
Jun 27 14:41:02.654271 dv-cinder-797608-35-smb neutron-server[110479]: INFO neutron.wsgi [req-f4e0332a-962a-45eb-abc8-eaa357cc06d4 req-c05ca8e9-0df9-4b9d-bd24-f07151389456 tempest-AttachVolumeTestJSON-1075163079 tempest-AttachVolumeTestJSON-1075163079-project] 10.222.0.15 "GET /v2.0/ports?device_id=558609b4-afb3-43ec-85d5-a3ce73febde2 HTTP/1.1" status: 200 len: 210 time: 0.1118083
Jun 27 14:41:02.679341 dv-cinder-797608-35-smb neutron-server[110478]: DEBUG dbcounter [-] [110478] Writing DB stats neutron:SELECT=93,neutron:DELETE=2,neutron:INSERT=5 {{(pid=110478) stat_writer /usr/local/lib/python3.8/dist-packages/dbcounter.py:114}}
Jun 27 14:41:02.723933 dv-cinder-797608-35-smb neutron-server[110480]: DEBUG neutron_lib.callbacks.manager [None req-6694e58f-face-4b0a-99dc-9529d3b7b8f8 None None] Publish callbacks ['neutron.services.segments.db._update_segment_host_mapping_for_agent-8748585570169', 'neutron.plugins.ml2.plugin.Ml2Plugin._retry_binding_revived_agents-897915'] for agent (afc15f0a-257e-4205-9f65-d51603aec544), after_update {{(pid=110480) _notify_loop /usr/local/lib/python3.8/dist-packages/neutron_lib/callbacks/manager.py:176}}
Jun 27 14:41:02.727139 dv-cinder-797608-35-smb neutron-server[110478]: DEBUG neutron_lib.callbacks.manager [None req-f6f3a518-46d7-496c-9f38-59e0ada340f5 tempest-AttachVolumeShelveTestJSON-398815286 tempest-AttachVolumeShelveTestJSON-398815286-project] Publish callbacks [] for security_group_rule (44fb9ef6-f455-452f-9372-113f148d76c9), precommit_create {{(pid=110478) _notify_loop /usr/local/lib/python3.8/dist-packages/neutron_lib/callbacks/manager.py:176}}
Jun 27 14:41:02.732753 dv-cinder-797608-35-smb neutron-server[110479]: INFO neutron.wsgi [req-27f0e4f8-3ec8-467b-996d-d5b0753f4917 req-7c7cf5e4-51bd-4143-a2db-63cb29b553c1 tempest-DeleteServersTestJSON-2079656448 tempest-DeleteServersTestJSON-2079656448-project] 10.222.0.15 "GET /v2.0/ports?device_id=c9b615ae-0172-41de-b25e-09d5a96ce19c HTTP/1.1" status: 200 len: 210 time: 0.1064079
Jun 27 14:41:02.736361 dv-cinder-797608-35-smb neutron-server[110478]: DEBUG neutron_lib.callbacks.manager [None req-f6f3a518-46d7-496c-9f38-59e0ada340f5 tempest-AttachVolumeShelveTestJSON-398815286 tempest-AttachVolumeShelveTestJSON-398815286-project] Publish callbacks ['neutron.plugins.ml2.ovo_rpc._ObjectChangeHandler.handle_event-1898018'] for security_group_rule (44fb9ef6-f455-452f-9372-113f148d76c9), after_create {{(pid=110478) _notify_loop /usr/local/lib/python3.8/dist-packages/neutron_lib/callbacks/manager.py:176}}
Jun 27 14:41:02.752593 dv-cinder-797608-35-smb neutron-server[110479]: DEBUG neutron.pecan_wsgi.hooks.quota_enforcement [req-0226d9c6-2f45-4903-84d0-84abe7057de7 req-37662ed9-765b-4c24-a19a-16ae2fe41435 tempest-AttachVolumeTestJSON-1075163079 tempest-AttachVolumeTestJSON-1075163079-project] Made reservation on behalf of ee517f13ed674a73af194cd07f86862a for: {'port': 1} {{(pid=110479) before /opt/stack/neutron/neutron/pecan_wsgi/hooks/quota_enforcement.py:53}}
Jun 27 14:41:02.763737 dv-cinder-797608-35-smb neutron-server[110479]: DEBUG neutron_lib.callbacks.manager [req-0226d9c6-2f45-4903-84d0-84abe7057de7 req-37662ed9-765b-4c24-a19a-16ae2fe41435 tempest-AttachVolumeTestJSON-1075163079 tempest-AttachVolumeTestJSON-1075163079-project] Publish callbacks ['neutron.plugins.ml2.plugin.SecurityGroupDbMixin._ensure_default_security_group_handler-677593'] for port (None), before_create {{(pid=110479) _notify_loop /usr/local/lib/python3.8/dist-packages/neutron_lib/callbacks/manager.py:176}}
Jun 27 14:41:02.765854 dv-cinder-797608-35-smb neutron-server[110480]: DEBUG neutron.db.provisioning_blocks [None req-2ad23802-28c3-4b2f-b471-083d5b23f9d9 None None] Provisioning complete for port a470feda-01bf-4add-90b5-d80466e0eb58 triggered by entity L2. {{(pid=110480) provisioning_complete /opt/stack/neutron/neutron/db/provisioning_blocks.py:145}}
Jun 27 14:41:02.769058 dv-cinder-797608-35-smb neutron-server[110480]: DEBUG neutron_lib.callbacks.manager [None req-2ad23802-28c3-4b2f-b471-083d5b23f9d9 None None] Publish callbacks ['neutron.plugins.ml2.plugin.Ml2Plugin._port_provisioned-897497'] for port (a470feda-01bf-4add-90b5-d80466e0eb58), provisioning_complete {{(pid=110480) _notify_loop /usr/local/lib/python3.8/dist-packages/neutron_lib/callbacks/manager.py:176}}
Jun 27 14:41:02.782152 dv-cinder-797608-35-smb neutron-server[110478]: DEBUG neutron.api.rpc.handlers.resources_rpc [None req-f6f3a518-46d7-496c-9f38-59e0ada340f5 tempest-AttachVolumeShelveTestJSON-398815286 tempest-AttachVolumeShelveTestJSON-398815286-project] Pushing event updated for resources: {'SecurityGroupRule': ['ID=44fb9ef6-f455-452f-9372-113f148d76c9,revision_number=0']} {{(pid=110478) push /opt/stack/neutron/neutron/api/rpc/handlers/resources_rpc.py:237}}
Jun 27 14:41:02.820558 dv-cinder-797608-35-smb neutron-server[110478]: DEBUG neutron_lib.callbacks.manager [None req-f6f3a518-46d7-496c-9f38-59e0ada340f5 tempest-AttachVolumeShelveTestJSON-398815286 tempest-AttachVolumeShelveTestJSON-398815286-project] Publish callbacks [] for security_group_rule (None), before_response {{(pid=110478) _notify_loop /usr/local/lib/python3.8/dist-packages/neutron_lib/callbacks/manager.py:176}}
Jun 27 14:41:02.824882 dv-cinder-797608-35-smb neutron-server[110478]: INFO neutron.wsgi [None req-f6f3a518-46d7-496c-9f38-59e0ada340f5 tempest-AttachVolumeShelveTestJSON-398815286 tempest-AttachVolumeShelveTestJSON-398815286-project] 10.222.0.15 "POST /v2.0/security-group-rules HTTP/1.1" status: 201 len: 764 time: 0.3925369
Jun 27 14:41:02.824977 dv-cinder-797608-35-smb neutron-server[110478]: DEBUG neutron.wsgi [-] (110478) accepted ('10.222.0.15', 45956) {{(pid=110478) server /usr/local/lib/python3.8/dist-packages/eventlet/wsgi.py:1004}}
Jun 27 14:41:02.832970 dv-cinder-797608-35-smb neutron-server[110478]: DEBUG neutron.api.v2.base [None req-78783cc2-67bd-4534-8ff3-31ec6a5d7e67 tempest-AttachVolumeShelveTestJSON-398815286 tempest-AttachVolumeShelveTestJSON-398815286-project] Request body: {'security_group_rule': {'security_group_id': 'd46b6d29-31f4-4e10-9963-c357bc60a941', 'protocol': 'icmp', 'ethertype': 'IPv4', 'direction': 'ingress'}} {{(pid=110478) prepare_request_body /opt/stack/neutron/neutron/api/v2/base.py:730}}
Jun 27 14:41:02.895410 dv-cinder-797608-35-smb neutron-server[110478]: DEBUG neutron_lib.callbacks.manager [None req-78783cc2-67bd-4534-8ff3-31ec6a5d7e67 tempest-AttachVolumeShelveTestJSON-398815286 tempest-AttachVolumeShelveTestJSON-398815286-project] Publish callbacks [] for security_group_rule (f808269b-a3f1-41e4-a7b2-7a411e18b5f6), before_create {{(pid=110478) _notify_loop /usr/local/lib/python3.8/dist-packages/neutron_lib/callbacks/manager.py:176}}
Jun 27 14:41:02.905591 dv-cinder-797608-35-smb neutron-server[110480]: DEBUG neutron.plugins.ml2.plugin [None req-2ad23802-28c3-4b2f-b471-083d5b23f9d9 None None] Current status of the port a470feda-01bf-4add-90b5-d80466e0eb58 is: DOWN; New status is: ACTIVE {{(pid=110480) _update_individual_port_db_status /opt/stack/neutron/neutron/plugins/ml2/plugin.py:2292}}
Jun 27 14:41:02.907237 dv-cinder-797608-35-smb neutron-server[110480]: DEBUG neutron_lib.callbacks.manager [None req-2ad23802-28c3-4b2f-b471-083d5b23f9d9 None None] Publish callbacks ['neutron.plugins.ml2.plugin.SecurityGroupDbMixin._ensure_default_security_group_handler-677593'] for port (a470feda-01bf-4add-90b5-d80466e0eb58), before_update {{(pid=110480) _notify_loop /usr/local/lib/python3.8/dist-packages/neutron_lib/callbacks/manager.py:176}}
Jun 27 14:41:02.943127 dv-cinder-797608-35-smb neutron-server[110480]: DEBUG neutron.plugins.ml2.db [None req-2ad23802-28c3-4b2f-b471-083d5b23f9d9 None None] For port a470feda-01bf-4add-90b5-d80466e0eb58, host dv-cinder-797608-35-smb, got binding levels [PortBindingLevel(driver='openvswitch',host='dv-cinder-797608-35-smb',level=0,port_id=a470feda-01bf-4add-90b5-d80466e0eb58,segment=NetworkSegment(9bc6d37a-c9b2-4271-ae47-805fc7837329),segment_id=9bc6d37a-c9b2-4271-ae47-805fc7837329)] {{(pid=110480) get_binding_level_objs /opt/stack/neutron/neutron/plugins/ml2/db.py:74}}
Jun 27 14:41:02.948773 dv-cinder-797608-35-smb neutron-server[110480]: DEBUG neutron_lib.callbacks.manager [None req-2ad23802-28c3-4b2f-b471-083d5b23f9d9 None None] Publish callbacks ['neutron.plugins.ml2.plugin.SecurityGroupServerNotifierRpcMixin._notify_sg_on_port_change-677528', 'neutron.plugins.ml2.ovo_rpc._ObjectChangeHandler.handle_event-38330', 'neutron.api.rpc.agentnotifiers.dhcp_rpc_agent_api.DhcpAgentNotifyAPI._native_event_send_dhcp_notification-1627375', 'neutron.db.l3_db.L3RpcNotifierMixin._notify_gateway_port_ip_changed-8748585580382', 'neutron.db.l3_dvrscheduler_db._notify_l3_agent_port_update-8748585079206', 'neutron.db.l3_hascheduler_db._notify_l3_agent_ha_port_update-8748585079224'] for port (a470feda-01bf-4add-90b5-d80466e0eb58), after_update {{(pid=110480) _notify_loop /usr/local/lib/python3.8/dist-packages/neutron_lib/callbacks/manager.py:176}}
Jun 27 14:41:03.040391 dv-cinder-797608-35-smb neutron-server[110478]: DEBUG neutron_lib.callbacks.manager [None req-78783cc2-67bd-4534-8ff3-31ec6a5d7e67 tempest-AttachVolumeShelveTestJSON-398815286 tempest-AttachVolumeShelveTestJSON-398815286-project] Publish callbacks [] for security_group_rule (f808269b-a3f1-41e4-a7b2-7a411e18b5f6), precommit_create {{(pid=110478) _notify_loop /usr/local/lib/python3.8/dist-packages/neutron_lib/callbacks/manager.py:176}}
Jun 27 14:41:03.048256 dv-cinder-797608-35-smb neutron-server[110478]: DEBUG neutron_lib.callbacks.manager [None req-78783cc2-67bd-4534-8ff3-31ec6a5d7e67 tempest-AttachVolumeShelveTestJSON-398815286 tempest-AttachVolumeShelveTestJSON-398815286-project] Publish callbacks ['neutron.plugins.ml2.ovo_rpc._ObjectChangeHandler.handle_event-1898018'] for security_group_rule (f808269b-a3f1-41e4-a7b2-7a411e18b5f6), after_create {{(pid=110478) _notify_loop /usr/local/lib/python3.8/dist-packages/neutron_lib/callbacks/manager.py:176}}
Jun 27 14:41:03.084923 dv-cinder-797608-35-smb neutron-server[110480]: DEBUG neutron.api.rpc.handlers.resources_rpc [None req-2ad23802-28c3-4b2f-b471-083d5b23f9d9 None None] Pushing event updated for resources: {'Port': ['ID=a470feda-01bf-4add-90b5-d80466e0eb58,revision_number=4']} {{(pid=110480) push /opt/stack/neutron/neutron/api/rpc/handlers/resources_rpc.py:237}}
Jun 27 14:41:03.086756 dv-cinder-797608-35-smb neutron-server[110478]: DEBUG neutron.api.rpc.handlers.resources_rpc [None req-78783cc2-67bd-4534-8ff3-31ec6a5d7e67 tempest-AttachVolumeShelveTestJSON-398815286 tempest-AttachVolumeShelveTestJSON-398815286-project] Pushing event updated for resources: {'SecurityGroupRule': ['ID=f808269b-a3f1-41e4-a7b2-7a411e18b5f6,revision_number=0']} {{(pid=110478) push /opt/stack/neutron/neutron/api/rpc/handlers/resources_rpc.py:237}}
Jun 27 14:41:03.110747 dv-cinder-797608-35-smb neutron-server[110478]: DEBUG neutron_lib.callbacks.manager [None req-78783cc2-67bd-4534-8ff3-31ec6a5d7e67 tempest-AttachVolumeShelveTestJSON-398815286 tempest-AttachVolumeShelveTestJSON-398815286-project] Publish callbacks [] for security_group_rule (None), before_response {{(pid=110478) _notify_loop /usr/local/lib/python3.8/dist-packages/neutron_lib/callbacks/manager.py:176}}
Jun 27 14:41:03.112527 dv-cinder-797608-35-smb neutron-server[110478]: INFO neutron.wsgi [None req-78783cc2-67bd-4534-8ff3-31ec6a5d7e67 tempest-AttachVolumeShelveTestJSON-398815286 tempest-AttachVolumeShelveTestJSON-398815286-project] 10.222.0.15 "POST /v2.0/security-group-rules HTTP/1.1" status: 201 len: 769 time: 0.2866209
Jun 27 14:41:03.118823 dv-cinder-797608-35-smb neutron-server[110478]: DEBUG neutron.wsgi [-] (110478) accepted ('10.222.0.15', 45968) {{(pid=110478) server /usr/local/lib/python3.8/dist-packages/eventlet/wsgi.py:1004}}
Jun 27 14:41:03.125834 dv-cinder-797608-35-smb neutron-server[110478]: DEBUG neutron.api.v2.base [None req-8128756f-a8dd-4832-a59d-79634c16959b tempest-AttachVolumeShelveTestJSON-398815286 tempest-AttachVolumeShelveTestJSON-398815286-project] Request body: {'floatingip': {'floating_network_id': '8ba87f9b-ffd2-4200-89ad-4ee406b451dd'}} {{(pid=110478) prepare_request_body /opt/stack/neutron/neutron/api/v2/base.py:730}}
Jun 27 14:41:03.154586 dv-cinder-797608-35-smb neutron-server[110478]: DEBUG dbcounter [-] [110478] Writing DB stats neutron:SELECT=82,neutron:DELETE=7,neutron:INSERT=9,neutron:UPDATE=2 {{(pid=110478) stat_writer /usr/local/lib/python3.8/dist-packages/dbcounter.py:114}}
Jun 27 14:41:03.198031 dv-cinder-797608-35-smb neutron-server[110478]: DEBUG neutron_lib.callbacks.manager [None req-8128756f-a8dd-4832-a59d-79634c16959b tempest-AttachVolumeShelveTestJSON-398815286 tempest-AttachVolumeShelveTestJSON-398815286-project] Publish callbacks [] for floatingip (None), before_create {{(pid=110478) _notify_loop /usr/local/lib/python3.8/dist-packages/neutron_lib/callbacks/manager.py:176}}
Jun 27 14:41:03.325264 dv-cinder-797608-35-smb neutron-server[110479]: DEBUG neutron.db.db_base_plugin_common [req-0226d9c6-2f45-4903-84d0-84abe7057de7 req-37662ed9-765b-4c24-a19a-16ae2fe41435 tempest-AttachVolumeTestJSON-1075163079 tempest-AttachVolumeTestJSON-1075163079-project] Allocated IP 172.20.0.6 (093fd213-d9f0-446e-b6db-3c8b0e609038/88823b26-4943-41db-84fe-ae6352a980cc/4ef2c0ba-b86f-4218-a6d5-ec4540183d67) {{(pid=110479) _store_ip_allocation /opt/stack/neutron/neutron/db/db_base_plugin_common.py:131}}
Jun 27 14:41:03.450890 dv-cinder-797608-35-smb neutron-server[110478]: DEBUG neutron_lib.callbacks.manager [None req-8128756f-a8dd-4832-a59d-79634c16959b tempest-AttachVolumeShelveTestJSON-398815286 tempest-AttachVolumeShelveTestJSON-398815286-project] Publish callbacks ['neutron.plugins.ml2.plugin.SecurityGroupDbMixin._ensure_default_security_group_handler-677593'] for port (None), before_create {{(pid=110478) _notify_loop /usr/local/lib/python3.8/dist-packages/neutron_lib/callbacks/manager.py:176}}
Jun 27 14:41:03.713004 dv-cinder-797608-35-smb neutron-server[110478]: DEBUG neutron.wsgi [-] (110478) accepted ('10.222.0.16', 54148) {{(pid=110478) server /usr/local/lib/python3.8/dist-packages/eventlet/wsgi.py:1004}}
Jun 27 14:41:03.902633 dv-cinder-797608-35-smb neutron-server[110479]: DEBUG neutron_lib.callbacks.manager [req-0226d9c6-2f45-4903-84d0-84abe7057de7 req-37662ed9-765b-4c24-a19a-16ae2fe41435 tempest-AttachVolumeTestJSON-1075163079 tempest-AttachVolumeTestJSON-1075163079-project] Publish callbacks [] for port (4ef2c0ba-b86f-4218-a6d5-ec4540183d67), precommit_create {{(pid=110479) _notify_loop /usr/local/lib/python3.8/dist-packages/neutron_lib/callbacks/manager.py:176}}
Jun 27 14:41:04.131690 dv-cinder-797608-35-smb neutron-server[110479]: INFO neutron.wsgi [req-65d6ea67-31e1-430d-8945-11b8ed41cd4e req-e4a83190-32d5-4983-9767-b98ab8b4892a tempest-DeleteServersTestJSON-2079656448 tempest-DeleteServersTestJSON-2079656448-project] 10.222.0.15 "GET /v2.0/ports?device_id=c9b615ae-0172-41de-b25e-09d5a96ce19c HTTP/1.1" status: 200 len: 210 time: 0.1482301
Jun 27 14:41:04.188460 dv-cinder-797608-35-smb neutron-server[110479]: DEBUG neutron_lib.callbacks.manager [req-0226d9c6-2f45-4903-84d0-84abe7057de7 req-37662ed9-765b-4c24-a19a-16ae2fe41435 tempest-AttachVolumeTestJSON-1075163079 tempest-AttachVolumeTestJSON-1075163079-project] Publish callbacks ['neutron.plugins.ml2.plugin.SecurityGroupServerNotifierRpcMixin._notify_sg_on_port_change-677528', 'neutron.plugins.ml2.ovo_rpc._ObjectChangeHandler.handle_event-38330', 'neutron.api.rpc.agentnotifiers.dhcp_rpc_agent_api.DhcpAgentNotifyAPI._native_event_send_dhcp_notification-1627375', 'neutron.db.l3_dvrscheduler_db._notify_l3_agent_new_port-8748585079188'] for port (4ef2c0ba-b86f-4218-a6d5-ec4540183d67), after_create {{(pid=110479) _notify_loop /usr/local/lib/python3.8/dist-packages/neutron_lib/callbacks/manager.py:176}}
Jun 27 14:41:04.208955 dv-cinder-797608-35-smb neutron-server[110480]: DEBUG neutron.plugins.ml2.rpc [None req-2ad23802-28c3-4b2f-b471-083d5b23f9d9 None None] Device a470feda-01bf-4add-90b5-d80466e0eb58 up at agent ovs-agent-dv-cinder-797608-35-smb {{(pid=110480) update_device_up /opt/stack/neutron/neutron/plugins/ml2/rpc.py:296}}
Jun 27 14:41:04.242571 dv-cinder-797608-35-smb neutron-server[110479]: DEBUG dbcounter [-] [110479] Writing DB stats neutron:SELECT=95,neutron:INSERT=4,neutron:UPDATE=1 {{(pid=110479) stat_writer /usr/local/lib/python3.8/dist-packages/dbcounter.py:114}}
Jun 27 14:41:04.370193 dv-cinder-797608-35-smb neutron-server[110480]: DEBUG dbcounter [-] [110480] Writing DB stats neutron:SELECT=97,neutron:UPDATE=3 {{(pid=110480) stat_writer /usr/local/lib/python3.8/dist-packages/dbcounter.py:114}}
Jun 27 14:41:04.388540 dv-cinder-797608-35-smb neutron-server[110480]: DEBUG neutron.db.provisioning_blocks [None req-2ad23802-28c3-4b2f-b471-083d5b23f9d9 None None] Provisioning complete for port a470feda-01bf-4add-90b5-d80466e0eb58 triggered by entity L2. {{(pid=110480) provisioning_complete /opt/stack/neutron/neutron/db/provisioning_blocks.py:145}}
Jun 27 14:41:04.389420 dv-cinder-797608-35-smb neutron-server[110480]: DEBUG neutron_lib.callbacks.manager [None req-2ad23802-28c3-4b2f-b471-083d5b23f9d9 None None] Publish callbacks ['neutron.plugins.ml2.plugin.Ml2Plugin._port_provisioned-897497'] for port (a470feda-01bf-4add-90b5-d80466e0eb58), provisioning_complete {{(pid=110480) _notify_loop /usr/local/lib/python3.8/dist-packages/neutron_lib/callbacks/manager.py:176}}
Jun 27 14:41:04.426378 dv-cinder-797608-35-smb neutron-server[110478]: DEBUG neutron.db.db_base_plugin_common [None req-8128756f-a8dd-4832-a59d-79634c16959b tempest-AttachVolumeShelveTestJSON-398815286 tempest-AttachVolumeShelveTestJSON-398815286-project] Allocated IP 172.28.1.179 (8ba87f9b-ffd2-4200-89ad-4ee406b451dd/12ecc015-056b-47ec-a69f-62ffaf2244d5/5a8301e7-bd92-4d71-b1d4-e0287c820fdf) {{(pid=110478) _store_ip_allocation /opt/stack/neutron/neutron/db/db_base_plugin_common.py:131}}
Jun 27 14:41:04.445556 dv-cinder-797608-35-smb neutron-server[110479]: DEBUG neutron.scheduler.dhcp_agent_scheduler [req-0226d9c6-2f45-4903-84d0-84abe7057de7 req-37662ed9-765b-4c24-a19a-16ae2fe41435 tempest-AttachVolumeTestJSON-1075163079 tempest-AttachVolumeTestJSON-1075163079-project] Network 093fd213-d9f0-446e-b6db-3c8b0e609038 is already hosted by enough agents. {{(pid=110479) _get_dhcp_agents_hosting_network /opt/stack/neutron/neutron/scheduler/dhcp_agent_scheduler.py:275}}
Jun 27 14:41:04.522738 dv-cinder-797608-35-smb neutron-server[110479]: DEBUG neutron.scheduler.base_scheduler [req-0226d9c6-2f45-4903-84d0-84abe7057de7 req-37662ed9-765b-4c24-a19a-16ae2fe41435 tempest-AttachVolumeTestJSON-1075163079 tempest-AttachVolumeTestJSON-1075163079-project] Resources bound (agent type, host, resource id): {{(pid=110479) schedule /opt/stack/neutron/neutron/scheduler/base_scheduler.py:57}}
Jun 27 14:41:04.544237 dv-cinder-797608-35-smb neutron-server[110479]: DEBUG neutron.db.l3_dvrscheduler_db [req-0226d9c6-2f45-4903-84d0-84abe7057de7 req-37662ed9-765b-4c24-a19a-16ae2fe41435 tempest-AttachVolumeTestJSON-1075163079 tempest-AttachVolumeTestJSON-1075163079-project] Received port after_create {{(pid=110479) _notify_l3_agent_new_port /opt/stack/neutron/neutron/db/l3_dvrscheduler_db.py:542}}
Jun 27 14:41:04.551312 dv-cinder-797608-35-smb neutron-server[110479]: DEBUG neutron.pecan_wsgi.hooks.policy_enforcement [req-0226d9c6-2f45-4903-84d0-84abe7057de7 req-37662ed9-765b-4c24-a19a-16ae2fe41435 tempest-AttachVolumeTestJSON-1075163079 tempest-AttachVolumeTestJSON-1075163079-project] Attributes excluded by policy engine: ['standard_attr_id', 'binding:profile', 'binding:host_id', 'binding:vif_type', 'binding:vif_details', 'network'] {{(pid=110479) _exclude_attributes_by_policy /opt/stack/neutron/neutron/pecan_wsgi/hooks/policy_enforcement.py:259}}
Jun 27 14:41:04.551714 dv-cinder-797608-35-smb neutron-server[110479]: DEBUG neutron_lib.callbacks.manager [req-0226d9c6-2f45-4903-84d0-84abe7057de7 req-37662ed9-765b-4c24-a19a-16ae2fe41435 tempest-AttachVolumeTestJSON-1075163079 tempest-AttachVolumeTestJSON-1075163079-project] Publish callbacks ['neutron.notifiers.nova.Notifier._send_nova_notification-103010', 'neutron.api.rpc.agentnotifiers.dhcp_rpc_agent_api.DhcpAgentNotifyAPI._send_dhcp_notification-1627385'] for port (None), before_response {{(pid=110479) _notify_loop /usr/local/lib/python3.8/dist-packages/neutron_lib/callbacks/manager.py:176}}
Jun 27 14:41:04.594325 dv-cinder-797608-35-smb neutron-server[110479]: DEBUG neutron.api.rpc.handlers.resources_rpc [None req-37662ed9-765b-4c24-a19a-16ae2fe41435 tempest-AttachVolumeTestJSON-1075163079 tempest-AttachVolumeTestJSON-1075163079-project] Pushing event updated for resources: {'Port': ['ID=4ef2c0ba-b86f-4218-a6d5-ec4540183d67,revision_number=1']} {{(pid=110479) push /opt/stack/neutron/neutron/api/rpc/handlers/resources_rpc.py:237}}
Jun 27 14:41:04.612911 dv-cinder-797608-35-smb neutron-server[110479]: DEBUG neutron.wsgi [-] (110479) accepted ('10.222.0.15', 46030) {{(pid=110479) server /usr/local/lib/python3.8/dist-packages/eventlet/wsgi.py:1004}}
Jun 27 14:41:04.656790 dv-cinder-797608-35-smb neutron-server[110478]: DEBUG neutron.pecan_wsgi.hooks.policy_enforcement [req-a0f5d93a-65c0-4407-a1fe-1cfdf2739996 req-976f1799-8129-48ee-a900-1b3f86fa73cd tempest-DeleteServersTestJSON-2079656448 tempest-DeleteServersTestJSON-2079656448-project] Attributes excluded by policy engine: ['standard_attr_id', 'vlan_transparent', 'provider:network_type', 'provider:physical_network', 'provider:segmentation_id'] {{(pid=110478) _exclude_attributes_by_policy /opt/stack/neutron/neutron/pecan_wsgi/hooks/policy_enforcement.py:259}}
Jun 27 14:41:04.663517 dv-cinder-797608-35-smb neutron-server[110478]: INFO neutron.wsgi [req-a0f5d93a-65c0-4407-a1fe-1cfdf2739996 req-976f1799-8129-48ee-a900-1b3f86fa73cd tempest-DeleteServersTestJSON-2079656448 tempest-DeleteServersTestJSON-2079656448-project] 10.222.0.16 "GET /v2.0/networks?id=0123fd70-7b56-4c16-829d-5f780fbae972 HTTP/1.1" status: 200 len: 810 time: 0.9467204
Jun 27 14:41:04.670654 dv-cinder-797608-35-smb neutron-server[110479]: DEBUG neutron.pecan_wsgi.hooks.policy_enforcement [req-9d9f0975-eba0-4077-a437-75e568b26ba0 req-758db326-b5e3-422f-b677-d12b95050b70 tempest-AttachVolumeTestJSON-1075163079 tempest-AttachVolumeTestJSON-1075163079-project] Attributes excluded by policy engine: ['standard_attr_id', 'binding:profile', 'binding:host_id', 'binding:vif_type', 'binding:vif_details'] {{(pid=110479) _exclude_attributes_by_policy /opt/stack/neutron/neutron/pecan_wsgi/hooks/policy_enforcement.py:259}}
Jun 27 14:41:04.680122 dv-cinder-797608-35-smb neutron-server[110479]: INFO neutron.wsgi [req-9d9f0975-eba0-4077-a437-75e568b26ba0 req-758db326-b5e3-422f-b677-d12b95050b70 tempest-AttachVolumeTestJSON-1075163079 tempest-AttachVolumeTestJSON-1075163079-project] 10.222.0.15 "GET /v2.0/ports?device_id=558609b4-afb3-43ec-85d5-a3ce73febde2 HTTP/1.1" status: 200 len: 931 time: 0.4829805
Jun 27 14:41:04.697293 dv-cinder-797608-35-smb neutron-server[110478]: DEBUG neutron.api.v2.base [req-a0f5d93a-65c0-4407-a1fe-1cfdf2739996 req-afeca197-53da-4cc4-baa8-984cb0374b86 tempest-DeleteServersTestJSON-2079656448 tempest-DeleteServersTestJSON-2079656448-project] Request body: {'port': {'device_id': 'c9b615ae-0172-41de-b25e-09d5a96ce19c', 'network_id': '0123fd70-7b56-4c16-829d-5f780fbae972', 'admin_state_up': True, 'tenant_id': '507ea45d70f54aae88dec508691fa908'}} {{(pid=110478) prepare_request_body /opt/stack/neutron/neutron/api/v2/base.py:730}}
Jun 27 14:41:04.706910 dv-cinder-797608-35-smb neutron-server[110479]: INFO neutron.wsgi [req-0226d9c6-2f45-4903-84d0-84abe7057de7 req-37662ed9-765b-4c24-a19a-16ae2fe41435 tempest-AttachVolumeTestJSON-1075163079 tempest-AttachVolumeTestJSON-1075163079-project] 10.222.0.16 "POST /v2.0/ports HTTP/1.1" status: 201 len: 933 time: 2.4204893
Jun 27 14:41:04.758785 dv-cinder-797608-35-smb neutron-server[110479]: DEBUG neutron.wsgi [req-0226d9c6-2f45-4903-84d0-84abe7057de7 req-35dac891-ab50-4aaf-b254-295513840fb8 tempest-AttachVolumeTestJSON-1075163079 tempest-AttachVolumeTestJSON-1075163079-project] http://10.222.0.15:9696/v2.0/extensions returned with HTTP 200 {{(pid=110479) __call__ /opt/stack/neutron/neutron/wsgi.py:730}}
Jun 27 14:41:04.766058 dv-cinder-797608-35-smb neutron-server[110479]: INFO neutron.wsgi [req-0226d9c6-2f45-4903-84d0-84abe7057de7 req-35dac891-ab50-4aaf-b254-295513840fb8 tempest-AttachVolumeTestJSON-1075163079 tempest-AttachVolumeTestJSON-1075163079-project] 10.222.0.16 "GET /v2.0/extensions HTTP/1.1" status: 200 len: 14320 time: 0.0380979
Jun 27 14:41:04.945655 dv-cinder-797608-35-smb neutron-server[110479]: INFO neutron.wsgi [req-9d9f0975-eba0-4077-a437-75e568b26ba0 req-b407f336-ce5b-41b2-883b-0f132e760275 tempest-AttachVolumeTestJSON-1075163079 tempest-AttachVolumeTestJSON-1075163079-project] 10.222.0.15 "GET /v2.0/security-groups?id=ad2f25e3-70b4-45b6-9196-f8f09a647ef4&fields=id&fields=name HTTP/1.1" status: 200 len: 312 time: 0.2591166
Jun 27 14:41:04.977457 dv-cinder-797608-35-smb neutron-server[110480]: DEBUG neutron.api.rpc.handlers.l3_rpc [None req-8c2b33a5-7144-4e6b-9915-4ffcc2b489c6 None None] Sync routers for ids ['f1cd0b54-2450-4316-a772-0cb41b560345'] in dv-cinder-797608-35-smb {{(pid=110480) sync_routers /opt/stack/neutron/neutron/api/rpc/handlers/l3_rpc.py:125}}
Jun 27 14:41:05.102815 dv-cinder-797608-35-smb neutron-server[110480]: DEBUG neutron.db.l3_dvrscheduler_db [None req-8c2b33a5-7144-4e6b-9915-4ffcc2b489c6 None None] Routers {'f1cd0b54-2450-4316-a772-0cb41b560345'} bound to L3 agent in host dv-cinder-797608-35-smb {{(pid=110480) _get_router_ids_for_agent /opt/stack/neutron/neutron/db/l3_dvrscheduler_db.py:426}}
Jun 27 14:41:05.104819 dv-cinder-797608-35-smb neutron-server[110480]: DEBUG neutron.db.l3_hamode_db [None req-8c2b33a5-7144-4e6b-9915-4ffcc2b489c6 None None] neutron.services.l3_router.l3_router_plugin.L3RouterPlugin method get_ha_sync_data_for_host called with arguments (, 'dv-cinder-797608-35-smb', Agent(admin_state_up=True,agent_type='L3 agent',availability_zone='nova',binary='neutron-l3-agent',configurations={"agent_mode": "legacy", "ex_gw_ports": 1, "extensions": [], "floating_ips": 0, "handle_internal_only_routers": true, "interface_driver": "openvswitch", "interfaces": 1, "log_agent_heartbeats": false, "routers": 1},created_at=2022-06-27T14:32:35Z,description=,heartbeat_timestamp=2022-06-27T14:40:35Z,host='dv-cinder-797608-35-smb',id=7ab35382-4226-405e-9362-14c6baba2551,load=0,resource_versions=,resources_synced=,started_at=2022-06-27T14:32:35Z,topic='l3_agent')) {'router_ids': ['f1cd0b54-2450-4316-a772-0cb41b560345'], 'active': True} {{(pid=110480) wrapper /usr/local/lib/python3.8/dist-packages/oslo_log/helpers.py:65}}
Jun 27 14:41:05.191094 dv-cinder-797608-35-smb neutron-server[110479]: DEBUG neutron_lib.callbacks.manager [None req-7600f3ee-3dc5-4860-abc9-563f6af47729 admin admin] Publish callbacks [] for security_group (None), before_create {{(pid=110479) _notify_loop /usr/local/lib/python3.8/dist-packages/neutron_lib/callbacks/manager.py:176}}
Jun 27 14:41:05.221167 dv-cinder-797608-35-smb neutron-server[110479]: DEBUG neutron.api.v2.base [req-0226d9c6-2f45-4903-84d0-84abe7057de7 req-f0898742-5107-445c-817e-7a8ec9335b1c service neutron] Request body: {'port': {'device_id': '558609b4-afb3-43ec-85d5-a3ce73febde2', 'device_owner': 'compute:nova', 'binding:host_id': 'hv-cinder-79760'}} {{(pid=110479) prepare_request_body /opt/stack/neutron/neutron/api/v2/base.py:730}}
Jun 27 14:41:05.360765 dv-cinder-797608-35-smb neutron-server[110478]: DEBUG neutron_lib.callbacks.manager [None req-8128756f-a8dd-4832-a59d-79634c16959b tempest-AttachVolumeShelveTestJSON-398815286 tempest-AttachVolumeShelveTestJSON-398815286-project] Publish callbacks [] for port (5a8301e7-bd92-4d71-b1d4-e0287c820fdf), precommit_create {{(pid=110478) _notify_loop /usr/local/lib/python3.8/dist-packages/neutron_lib/callbacks/manager.py:176}}
Jun 27 14:41:05.475097 dv-cinder-797608-35-smb neutron-server[110478]: DEBUG neutron.pecan_wsgi.hooks.quota_enforcement [req-a0f5d93a-65c0-4407-a1fe-1cfdf2739996 req-afeca197-53da-4cc4-baa8-984cb0374b86 tempest-DeleteServersTestJSON-2079656448 tempest-DeleteServersTestJSON-2079656448-project] Made reservation on behalf of 507ea45d70f54aae88dec508691fa908 for: {'port': 1} {{(pid=110478) before /opt/stack/neutron/neutron/pecan_wsgi/hooks/quota_enforcement.py:53}}
Jun 27 14:41:05.476016 dv-cinder-797608-35-smb neutron-server[110480]: DEBUG neutron.db.l3_dvr_db [None req-8c2b33a5-7144-4e6b-9915-4ffcc2b489c6 None None] Set router f1cd0b54-2450-4316-a772-0cb41b560345 gateway port host: dv-cinder-797608-35-smb {{(pid=110480) _build_routers_list /opt/stack/neutron/neutron/db/l3_dvr_db.py:907}}
Jun 27 14:41:05.483450 dv-cinder-797608-35-smb neutron-server[110478]: DEBUG neutron_lib.callbacks.manager [req-a0f5d93a-65c0-4407-a1fe-1cfdf2739996 req-afeca197-53da-4cc4-baa8-984cb0374b86 tempest-DeleteServersTestJSON-2079656448 tempest-DeleteServersTestJSON-2079656448-project] Publish callbacks ['neutron.plugins.ml2.plugin.SecurityGroupDbMixin._ensure_default_security_group_handler-677593'] for port (None), before_create {{(pid=110478) _notify_loop /usr/local/lib/python3.8/dist-packages/neutron_lib/callbacks/manager.py:176}}
Jun 27 14:41:05.587620 dv-cinder-797608-35-smb neutron-server[110478]: DEBUG neutron_lib.callbacks.manager [None req-8128756f-a8dd-4832-a59d-79634c16959b tempest-AttachVolumeShelveTestJSON-398815286 tempest-AttachVolumeShelveTestJSON-398815286-project] Publish callbacks ['neutron.plugins.ml2.plugin.SecurityGroupServerNotifierRpcMixin._notify_sg_on_port_change-677528', 'neutron.plugins.ml2.ovo_rpc._ObjectChangeHandler.handle_event-38330', 'neutron.api.rpc.agentnotifiers.dhcp_rpc_agent_api.DhcpAgentNotifyAPI._native_event_send_dhcp_notification-1627375', 'neutron.db.l3_dvrscheduler_db._notify_l3_agent_new_port-8748585079188'] for port (5a8301e7-bd92-4d71-b1d4-e0287c820fdf), after_create {{(pid=110478) _notify_loop /usr/local/lib/python3.8/dist-packages/neutron_lib/callbacks/manager.py:176}}
Jun 27 14:41:05.593023 dv-cinder-797608-35-smb neutron-server[110478]: DEBUG dbcounter [-] [110478] Writing DB stats neutron:SELECT=92,neutron:DELETE=1,neutron:INSERT=6,neutron:UPDATE=1 {{(pid=110478) stat_writer /usr/local/lib/python3.8/dist-packages/dbcounter.py:114}}
Jun 27 14:41:05.749281 dv-cinder-797608-35-smb neutron-server[110480]: DEBUG neutron.db.provisioning_blocks [None req-3ebb3061-a175-4c23-b566-ab31fb37ddc3 None None] Provisioning complete for port 4ef2c0ba-b86f-4218-a6d5-ec4540183d67 triggered by entity DHCP. {{(pid=110480) provisioning_complete /opt/stack/neutron/neutron/db/provisioning_blocks.py:145}}
Jun 27 14:41:05.750228 dv-cinder-797608-35-smb neutron-server[110480]: DEBUG neutron_lib.callbacks.manager [None req-3ebb3061-a175-4c23-b566-ab31fb37ddc3 None None] Publish callbacks ['neutron.plugins.ml2.plugin.Ml2Plugin._port_provisioned-897497'] for port (4ef2c0ba-b86f-4218-a6d5-ec4540183d67), provisioning_complete {{(pid=110480) _notify_loop /usr/local/lib/python3.8/dist-packages/neutron_lib/callbacks/manager.py:176}}
Jun 27 14:41:05.810382 dv-cinder-797608-35-smb neutron-server[110480]: DEBUG dbcounter [-] [110480] Writing DB stats neutron:SELECT=97,neutron:UPDATE=3 {{(pid=110480) stat_writer /usr/local/lib/python3.8/dist-packages/dbcounter.py:114}}
Jun 27 14:41:05.811713 dv-cinder-797608-35-smb neutron-server[110478]: DEBUG neutron.wsgi [-] (110478) accepted ('10.222.0.15', 46062) {{(pid=110478) server /usr/local/lib/python3.8/dist-packages/eventlet/wsgi.py:1004}}
Jun 27 14:41:05.826461 dv-cinder-797608-35-smb neutron-server[110480]: DEBUG neutron.plugins.ml2.plugin [None req-2ad23802-28c3-4b2f-b471-083d5b23f9d9 None None] Current status of the port a470feda-01bf-4add-90b5-d80466e0eb58 is: ACTIVE; New status is: ACTIVE {{(pid=110480) _update_individual_port_db_status /opt/stack/neutron/neutron/plugins/ml2/plugin.py:2292}}
Jun 27 14:41:05.836429 dv-cinder-797608-35-smb neutron-server[110480]: DEBUG neutron_lib.callbacks.manager [None req-7269bc99-571a-487f-abd8-c72c752516c9 None None] Publish callbacks ['neutron.services.segments.db._update_segment_host_mapping_for_agent-8748585570169', 'neutron.plugins.ml2.plugin.Ml2Plugin._retry_binding_revived_agents-897915'] for agent (7ab35382-4226-405e-9362-14c6baba2551), after_update {{(pid=110480) _notify_loop /usr/local/lib/python3.8/dist-packages/neutron_lib/callbacks/manager.py:176}}
Jun 27 14:41:05.965968 dv-cinder-797608-35-smb neutron-server[110479]: INFO neutron.wsgi [req-f85c1ae6-3796-4501-bd67-43160249e6e2 req-a3b4a903-1295-4fec-b4b5-13cd7ceba6a0 tempest-DeleteServersTestJSON-2079656448 tempest-DeleteServersTestJSON-2079656448-project] 10.222.0.15 "GET /v2.0/ports?device_id=c9b615ae-0172-41de-b25e-09d5a96ce19c HTTP/1.1" status: 200 len: 210 time: 0.6076860
Jun 27 14:41:05.988332 dv-cinder-797608-35-smb neutron-server[110480]: DEBUG neutron.plugins.ml2.plugin [None req-3ebb3061-a175-4c23-b566-ab31fb37ddc3 None None] Port 4ef2c0ba-b86f-4218-a6d5-ec4540183d67 cannot update to ACTIVE because it is not bound. {{(pid=110480) _port_provisioned /opt/stack/neutron/neutron/plugins/ml2/plugin.py:348}}
Jun 27 14:41:06.030106 dv-cinder-797608-35-smb neutron-server[110479]: DEBUG neutron_lib.callbacks.manager [req-0226d9c6-2f45-4903-84d0-84abe7057de7 req-f0898742-5107-445c-817e-7a8ec9335b1c service neutron] Publish callbacks ['neutron.plugins.ml2.plugin.SecurityGroupDbMixin._ensure_default_security_group_handler-677593'] for port (4ef2c0ba-b86f-4218-a6d5-ec4540183d67), before_update {{(pid=110479) _notify_loop /usr/local/lib/python3.8/dist-packages/neutron_lib/callbacks/manager.py:176}}
Jun 27 14:41:06.075031 dv-cinder-797608-35-smb neutron-server[110478]: DEBUG neutron.scheduler.dhcp_agent_scheduler [None req-8128756f-a8dd-4832-a59d-79634c16959b tempest-AttachVolumeShelveTestJSON-398815286 tempest-AttachVolumeShelveTestJSON-398815286-project] Network 8ba87f9b-ffd2-4200-89ad-4ee406b451dd is already hosted by enough agents. {{(pid=110478) _get_dhcp_agents_hosting_network /opt/stack/neutron/neutron/scheduler/dhcp_agent_scheduler.py:275}}
Jun 27 14:41:06.126885 dv-cinder-797608-35-smb neutron-server[110479]: DEBUG dbcounter [-] [110479] Writing DB stats neutron:SELECT=87,neutron:INSERT=10,neutron:UPDATE=3 {{(pid=110479) stat_writer /usr/local/lib/python3.8/dist-packages/dbcounter.py:114}}
Jun 27 14:41:06.149699 dv-cinder-797608-35-smb neutron-server[110478]: DEBUG neutron.scheduler.base_scheduler [None req-8128756f-a8dd-4832-a59d-79634c16959b tempest-AttachVolumeShelveTestJSON-398815286 tempest-AttachVolumeShelveTestJSON-398815286-project] Resources bound (agent type, host, resource id): {{(pid=110478) schedule /opt/stack/neutron/neutron/scheduler/base_scheduler.py:57}}
Jun 27 14:41:06.171038 dv-cinder-797608-35-smb neutron-server[110478]: DEBUG neutron.db.l3_dvrscheduler_db [None req-8128756f-a8dd-4832-a59d-79634c16959b tempest-AttachVolumeShelveTestJSON-398815286 tempest-AttachVolumeShelveTestJSON-398815286-project] Received port after_create {{(pid=110478) _notify_l3_agent_new_port /opt/stack/neutron/neutron/db/l3_dvrscheduler_db.py:542}}
