Jun 17 08:39:55.355698 dv-cinder-797608-33-smb devstack@c-api.service[117248]: /usr/local/lib/python3.8/dist-packages/oslo_context/context.py:100: DeprecationWarning: Policy enforcement is depending on the value of is_admin. This key is deprecated. Please update your policy file to use the standard policy values.
Jun 17 08:39:55.355698 dv-cinder-797608-33-smb devstack@c-api.service[117248]: warnings.warn('Policy enforcement is depending on the value of '
Jun 17 08:39:55.361103 dv-cinder-797608-33-smb devstack@c-api.service[117248]: INFO cinder.volume.api [None req-6138e062-0eec-4fbf-8789-66d0e586fa98 tempest-VolumeRetypeWithoutMigrationTest-381933454 tempest-VolumeRetypeWithoutMigrationTest-381933454-project] Volume info retrieved successfully.
Jun 17 08:39:55.428756 dv-cinder-797608-33-smb devstack@c-api.service[117249]: INFO cinder.api.openstack.wsgi [None req-87467969-e2a0-4a38-86d5-1671c6f37112 tempest-GroupsTest-965966343 tempest-GroupsTest-965966343-project] http://10.222.0.82/volume/v3/4ab6e754684e4d4c91a158fffaf1ec10/volumes/detail returned with HTTP 200
Jun 17 08:39:55.452238 dv-cinder-797608-33-smb devstack@c-api.service[117249]: [pid: 117249|app: 0|req: 69/137] 10.222.0.82 () {60 vars in 1275 bytes} [Fri Jun 17 08:39:54 2022] GET /volume/v3/4ab6e754684e4d4c91a158fffaf1ec10/volumes/detail => generated 1960 bytes in 480 msecs (HTTP/1.1 200) 7 headers in 287 bytes (1 switches on core 0)
Jun 17 08:39:55.454252 dv-cinder-797608-33-smb devstack@c-api.service[117249]: DEBUG cinder.api.middleware.request_id [None req-71b76869-c64a-4075-a985-22b709a18c52 None None] RequestId filter calling following filter/app {{(pid=117249) _context_setter /opt/stack/cinder/cinder/api/middleware/request_id.py:62}}
Jun 17 08:39:55.473431 dv-cinder-797608-33-smb devstack@c-api.service[117249]: INFO cinder.api.openstack.wsgi [None req-71b76869-c64a-4075-a985-22b709a18c52 tempest-GroupsTest-965966343 tempest-GroupsTest-965966343-project] GET http://10.222.0.82/volume/v3/4ab6e754684e4d4c91a158fffaf1ec10/volumes/detail
Jun 17 08:39:55.474398 dv-cinder-797608-33-smb devstack@c-api.service[117248]: WARNING cinder.quota [None req-6138e062-0eec-4fbf-8789-66d0e586fa98 tempest-VolumeRetypeWithoutMigrationTest-381933454 tempest-VolumeRetypeWithoutMigrationTest-381933454-project] Deprecated: Default quota for resource: volumes_volume-type-2 is set by the default quota flag: quota_volumes_volume-type-2, it is now deprecated. Please use the default quota class for default quota.
Jun 17 08:39:55.475494 dv-cinder-797608-33-smb devstack@c-api.service[117249]: DEBUG cinder.api.openstack.wsgi [None req-71b76869-c64a-4075-a985-22b709a18c52 tempest-GroupsTest-965966343 tempest-GroupsTest-965966343-project] Empty body provided in request {{(pid=117249) get_body /opt/stack/cinder/cinder/api/openstack/wsgi.py:715}}
Jun 17 08:39:55.477146 dv-cinder-797608-33-smb devstack@c-api.service[117249]: DEBUG cinder.api.openstack.wsgi [None req-71b76869-c64a-4075-a985-22b709a18c52 tempest-GroupsTest-965966343 tempest-GroupsTest-965966343-project] Calling method 'detail' {{(pid=117249) _process_stack /opt/stack/cinder/cinder/api/openstack/wsgi.py:868}}
Jun 17 08:39:55.479362 dv-cinder-797608-33-smb devstack@c-api.service[117248]: WARNING cinder.quota [None req-6138e062-0eec-4fbf-8789-66d0e586fa98 tempest-VolumeRetypeWithoutMigrationTest-381933454 tempest-VolumeRetypeWithoutMigrationTest-381933454-project] Deprecated: Default quota for resource: gigabytes_volume-type-2 is set by the default quota flag: quota_gigabytes_volume-type-2, it is now deprecated. Please use the default quota class for default quota.
Jun 17 08:39:55.480359 dv-cinder-797608-33-smb devstack@c-api.service[117249]: DEBUG cinder.api.api_utils [None req-71b76869-c64a-4075-a985-22b709a18c52 tempest-GroupsTest-965966343 tempest-GroupsTest-965966343-project] Removing options '' from query. {{(pid=117249) remove_invalid_filter_options /opt/stack/cinder/cinder/api/api_utils.py:73}}
Jun 17 08:39:55.495588 dv-cinder-797608-33-smb devstack@c-api.service[117249]: DEBUG cinder.volume.api [None req-71b76869-c64a-4075-a985-22b709a18c52 tempest-GroupsTest-965966343 tempest-GroupsTest-965966343-project] Searching by: MultiDict([('no_migration_targets', True)]). {{(pid=117249) get_all /opt/stack/cinder/cinder/volume/api.py:664}}
Jun 17 08:39:55.604775 dv-cinder-797608-33-smb devstack@c-api.service[117248]: DEBUG cinder.quota [None req-6138e062-0eec-4fbf-8789-66d0e586fa98 tempest-VolumeRetypeWithoutMigrationTest-381933454 tempest-VolumeRetypeWithoutMigrationTest-381933454-project] Created reservations ['d8f8b9d1-413e-4f79-b4bb-08515ad8881a', '2f69238c-4581-4e99-9c1b-f794aec86e0d'] {{(pid=117248) reserve /opt/stack/cinder/cinder/quota.py:755}}
Jun 17 08:39:55.677578 dv-cinder-797608-33-smb devstack@c-api.service[117248]: WARNING cinder.quota [None req-6138e062-0eec-4fbf-8789-66d0e586fa98 tempest-VolumeRetypeWithoutMigrationTest-381933454 tempest-VolumeRetypeWithoutMigrationTest-381933454-project] Deprecated: Default quota for resource: volumes_volume-type-1 is set by the default quota flag: quota_volumes_volume-type-1, it is now deprecated. Please use the default quota class for default quota.
Jun 17 08:39:55.678941 dv-cinder-797608-33-smb devstack@c-api.service[117248]: WARNING cinder.quota [None req-6138e062-0eec-4fbf-8789-66d0e586fa98 tempest-VolumeRetypeWithoutMigrationTest-381933454 tempest-VolumeRetypeWithoutMigrationTest-381933454-project] Deprecated: Default quota for resource: gigabytes_volume-type-1 is set by the default quota flag: quota_gigabytes_volume-type-1, it is now deprecated. Please use the default quota class for default quota.
Jun 17 08:39:55.718037 dv-cinder-797608-33-smb devstack@c-api.service[117248]: DEBUG cinder.quota [None req-6138e062-0eec-4fbf-8789-66d0e586fa98 tempest-VolumeRetypeWithoutMigrationTest-381933454 tempest-VolumeRetypeWithoutMigrationTest-381933454-project] Created reservations ['89a76d76-73ab-444e-b0b3-b256add5a8db', 'cc1ae5f3-430f-476e-b72e-74ff1aabb831'] {{(pid=117248) reserve /opt/stack/cinder/cinder/quota.py:755}}
Jun 17 08:39:55.727693 dv-cinder-797608-33-smb devstack@c-api.service[117248]: /opt/stack/cinder/cinder/db/sqlalchemy/api.py:3374: SADeprecationWarning: The SelectBase.as_scalar() method is deprecated and will be removed in a future release. Please refer to SelectBase.scalar_subquery(). (deprecated since: 1.4)
Jun 17 08:39:55.727693 dv-cinder-797608-33-smb devstack@c-api.service[117248]: models.VolumeType.qos_specs_id == q.as_scalar(),
Jun 17 08:39:55.772791 dv-cinder-797608-33-smb devstack@c-api.service[117249]: INFO cinder.volume.api [None req-71b76869-c64a-4075-a985-22b709a18c52 tempest-GroupsTest-965966343 tempest-GroupsTest-965966343-project] Get all volumes completed successfully.
Jun 17 08:39:55.777854 dv-cinder-797608-33-smb devstack@c-api.service[117249]: WARNING stevedore.named [None req-71b76869-c64a-4075-a985-22b709a18c52 tempest-GroupsTest-965966343 tempest-GroupsTest-965966343-project] Could not load cinder.keymgr.conf_key_mgr.ConfKeyManager
Jun 17 08:39:55.787250 dv-cinder-797608-33-smb devstack@c-api.service[117249]: WARNING castellan.key_manager [None req-71b76869-c64a-4075-a985-22b709a18c52 tempest-GroupsTest-965966343 tempest-GroupsTest-965966343-project] Deprecation Warning : cinder.keymgr.conf_key_mgr.ConfKeyManager is not a stevedore based driver, trying to load it as a class: stevedore.exception.NoMatches: No 'castellan.drivers' driver found, looking for 'cinder.keymgr.conf_key_mgr.ConfKeyManager'
Jun 17 08:39:55.844032 dv-cinder-797608-33-smb devstack@c-api.service[117249]: DEBUG oslo_db.sqlalchemy.engines [None req-71b76869-c64a-4075-a985-22b709a18c52 tempest-GroupsTest-965966343 tempest-GroupsTest-965966343-project] MySQL server mode set to STRICT_TRANS_TABLES,STRICT_ALL_TABLES,NO_ZERO_IN_DATE,NO_ZERO_DATE,ERROR_FOR_DIVISION_BY_ZERO,TRADITIONAL,NO_ENGINE_SUBSTITUTION {{(pid=117249) _check_effective_sql_mode /usr/local/lib/python3.8/dist-packages/oslo_db/sqlalchemy/engines.py:314}}
Jun 17 08:39:55.846944 dv-cinder-797608-33-smb devstack@c-api.service[117248]: DEBUG dbcounter [-] [117248] Writing DB stats cinder:SELECT=89,cinder:INSERT=7,cinder:UPDATE=4 {{(pid=117248) stat_writer /usr/local/lib/python3.8/dist-packages/dbcounter.py:114}}
Jun 17 08:39:55.847095 dv-cinder-797608-33-smb devstack@c-api.service[117249]: DEBUG dbcounter [-] [117249] Writing DB stats cinder:SELECT=78,cinder:INSERT=10,cinder:UPDATE=12 {{(pid=117249) stat_writer /usr/local/lib/python3.8/dist-packages/dbcounter.py:114}}
Jun 17 08:39:55.899939 dv-cinder-797608-33-smb devstack@c-api.service[117249]: /usr/local/lib/python3.8/dist-packages/oslo_context/context.py:100: DeprecationWarning: Policy enforcement is depending on the value of is_admin. This key is deprecated. Please update your policy file to use the standard policy values.
Jun 17 08:39:55.899939 dv-cinder-797608-33-smb devstack@c-api.service[117249]: warnings.warn('Policy enforcement is depending on the value of '
Jun 17 08:39:55.929432 dv-cinder-797608-33-smb devstack@c-api.service[117248]: INFO cinder.volume.api [None req-6138e062-0eec-4fbf-8789-66d0e586fa98 tempest-VolumeRetypeWithoutMigrationTest-381933454 tempest-VolumeRetypeWithoutMigrationTest-381933454-project] Retype volume request issued successfully.
Jun 17 08:39:55.932115 dv-cinder-797608-33-smb devstack@c-api.service[117248]: INFO cinder.api.openstack.wsgi [None req-6138e062-0eec-4fbf-8789-66d0e586fa98 tempest-VolumeRetypeWithoutMigrationTest-381933454 tempest-VolumeRetypeWithoutMigrationTest-381933454-project] http://10.222.0.82/volume/v3/a08769d7e80044228f63a09c03af08c7/volumes/85998990-6af8-4562-9579-7906606d4bca/action returned with HTTP 202
Jun 17 08:39:55.941244 dv-cinder-797608-33-smb devstack@c-api.service[117248]: [pid: 117248|app: 0|req: 69/138] 10.222.0.82 () {60 vars in 1366 bytes} [Fri Jun 17 08:39:55 2022] POST /volume/v3/a08769d7e80044228f63a09c03af08c7/volumes/85998990-6af8-4562-9579-7906606d4bca/action => generated 0 bytes in 636 msecs (HTTP/1.1 202) 7 headers in 289 bytes (1 switches on core 0)
Jun 17 08:39:55.946290 dv-cinder-797608-33-smb devstack@c-api.service[117248]: DEBUG cinder.api.middleware.request_id [None req-b75b2f4b-7b91-4098-8fb1-870a6abd7a3a None None] RequestId filter calling following filter/app {{(pid=117248) _context_setter /opt/stack/cinder/cinder/api/middleware/request_id.py:62}}
Jun 17 08:39:55.961516 dv-cinder-797608-33-smb devstack@c-api.service[117248]: INFO cinder.api.openstack.wsgi [None req-b75b2f4b-7b91-4098-8fb1-870a6abd7a3a tempest-VolumeRetypeWithoutMigrationTest-381933454 tempest-VolumeRetypeWithoutMigrationTest-381933454-project] GET http://10.222.0.82/volume/v3/a08769d7e80044228f63a09c03af08c7/volumes/85998990-6af8-4562-9579-7906606d4bca
Jun 17 08:39:55.962304 dv-cinder-797608-33-smb devstack@c-api.service[117248]: DEBUG cinder.api.openstack.wsgi [None req-b75b2f4b-7b91-4098-8fb1-870a6abd7a3a tempest-VolumeRetypeWithoutMigrationTest-381933454 tempest-VolumeRetypeWithoutMigrationTest-381933454-project] Empty body provided in request {{(pid=117248) get_body /opt/stack/cinder/cinder/api/openstack/wsgi.py:715}}
Jun 17 08:39:55.964682 dv-cinder-797608-33-smb devstack@c-api.service[117248]: DEBUG cinder.api.openstack.wsgi [None req-b75b2f4b-7b91-4098-8fb1-870a6abd7a3a tempest-VolumeRetypeWithoutMigrationTest-381933454 tempest-VolumeRetypeWithoutMigrationTest-381933454-project] Calling method 'show' {{(pid=117248) _process_stack /opt/stack/cinder/cinder/api/openstack/wsgi.py:868}}
Jun 17 08:39:55.982408 dv-cinder-797608-33-smb devstack@c-api.service[117249]: WARNING stevedore.named [None req-71b76869-c64a-4075-a985-22b709a18c52 tempest-GroupsTest-965966343 tempest-GroupsTest-965966343-project] Could not load cinder.keymgr.conf_key_mgr.ConfKeyManager
Jun 17 08:39:55.982684 dv-cinder-797608-33-smb devstack@c-api.service[117249]: WARNING castellan.key_manager [None req-71b76869-c64a-4075-a985-22b709a18c52 tempest-GroupsTest-965966343 tempest-GroupsTest-965966343-project] Deprecation Warning : cinder.keymgr.conf_key_mgr.ConfKeyManager is not a stevedore based driver, trying to load it as a class: stevedore.exception.NoMatches: No 'castellan.drivers' driver found, looking for 'cinder.keymgr.conf_key_mgr.ConfKeyManager'
Jun 17 08:39:56.016603 dv-cinder-797608-33-smb devstack@c-api.service[117248]: /usr/local/lib/python3.8/dist-packages/oslo_context/context.py:100: DeprecationWarning: Policy enforcement is depending on the value of is_admin. This key is deprecated. Please update your policy file to use the standard policy values.
Jun 17 08:39:56.016603 dv-cinder-797608-33-smb devstack@c-api.service[117248]: warnings.warn('Policy enforcement is depending on the value of '
Jun 17 08:39:56.028005 dv-cinder-797608-33-smb devstack@c-api.service[117249]: DEBUG oslo_db.sqlalchemy.engines [None req-71b76869-c64a-4075-a985-22b709a18c52 tempest-GroupsTest-965966343 tempest-GroupsTest-965966343-project] MySQL server mode set to STRICT_TRANS_TABLES,STRICT_ALL_TABLES,NO_ZERO_IN_DATE,NO_ZERO_DATE,ERROR_FOR_DIVISION_BY_ZERO,TRADITIONAL,NO_ENGINE_SUBSTITUTION {{(pid=117249) _check_effective_sql_mode /usr/local/lib/python3.8/dist-packages/oslo_db/sqlalchemy/engines.py:314}}
Jun 17 08:39:56.035640 dv-cinder-797608-33-smb devstack@c-api.service[117248]: INFO cinder.volume.api [None req-b75b2f4b-7b91-4098-8fb1-870a6abd7a3a tempest-VolumeRetypeWithoutMigrationTest-381933454 tempest-VolumeRetypeWithoutMigrationTest-381933454-project] Volume info retrieved successfully.
Jun 17 08:39:56.085877 dv-cinder-797608-33-smb devstack@c-api.service[117249]: /usr/local/lib/python3.8/dist-packages/oslo_context/context.py:100: DeprecationWarning: Policy enforcement is depending on the value of is_admin. This key is deprecated. Please update your policy file to use the standard policy values.
Jun 17 08:39:56.085877 dv-cinder-797608-33-smb devstack@c-api.service[117249]: warnings.warn('Policy enforcement is depending on the value of '
Jun 17 08:39:56.086148 dv-cinder-797608-33-smb devstack@c-api.service[117248]: INFO cinder.api.openstack.wsgi [None req-b75b2f4b-7b91-4098-8fb1-870a6abd7a3a tempest-VolumeRetypeWithoutMigrationTest-381933454 tempest-VolumeRetypeWithoutMigrationTest-381933454-project] http://10.222.0.82/volume/v3/a08769d7e80044228f63a09c03af08c7/volumes/85998990-6af8-4562-9579-7906606d4bca returned with HTTP 200
Jun 17 08:39:56.092877 dv-cinder-797608-33-smb devstack@c-api.service[117248]: [pid: 117248|app: 0|req: 70/139] 10.222.0.82 () {58 vars in 1324 bytes} [Fri Jun 17 08:39:55 2022] GET /volume/v3/a08769d7e80044228f63a09c03af08c7/volumes/85998990-6af8-4562-9579-7906606d4bca => generated 925 bytes in 148 msecs (HTTP/1.1 200) 7 headers in 285 bytes (1 switches on core 0)
Jun 17 08:39:56.141272 dv-cinder-797608-33-smb devstack@c-api.service[117249]: INFO cinder.api.openstack.wsgi [None req-71b76869-c64a-4075-a985-22b709a18c52 tempest-GroupsTest-965966343 tempest-GroupsTest-965966343-project] http://10.222.0.82/volume/v3/4ab6e754684e4d4c91a158fffaf1ec10/volumes/detail returned with HTTP 200
Jun 17 08:39:56.150025 dv-cinder-797608-33-smb devstack@c-api.service[117249]: [pid: 117249|app: 0|req: 70/140] 10.222.0.82 () {60 vars in 1275 bytes} [Fri Jun 17 08:39:55 2022] GET /volume/v3/4ab6e754684e4d4c91a158fffaf1ec10/volumes/detail => generated 1960 bytes in 697 msecs (HTTP/1.1 200) 7 headers in 287 bytes (1 switches on core 0)
Jun 17 08:39:56.161959 dv-cinder-797608-33-smb devstack@c-api.service[117248]: DEBUG cinder.api.middleware.request_id [None req-375d5634-1acb-4365-a889-4bed5688252d None None] RequestId filter calling following filter/app {{(pid=117248) _context_setter /opt/stack/cinder/cinder/api/middleware/request_id.py:62}}
Jun 17 08:39:56.168114 dv-cinder-797608-33-smb devstack@c-api.service[117248]: INFO cinder.api.openstack.wsgi [None req-375d5634-1acb-4365-a889-4bed5688252d tempest-GroupsTest-965966343 tempest-GroupsTest-965966343-project] POST http://10.222.0.82/volume/v3/4ab6e754684e4d4c91a158fffaf1ec10/groups/77c9d302-53d6-403d-8740-2c73aff2655c/action
Jun 17 08:39:56.169162 dv-cinder-797608-33-smb devstack@c-api.service[117248]: DEBUG cinder.api.openstack.wsgi [None req-375d5634-1acb-4365-a889-4bed5688252d tempest-GroupsTest-965966343 tempest-GroupsTest-965966343-project] Action body: b'{"delete": {"delete-volumes": true}}' {{(pid=117248) get_method /opt/stack/cinder/cinder/api/openstack/wsgi.py:983}}
Jun 17 08:39:56.169675 dv-cinder-797608-33-smb devstack@c-api.service[117248]: DEBUG cinder.api.openstack.wsgi [None req-375d5634-1acb-4365-a889-4bed5688252d tempest-GroupsTest-965966343 tempest-GroupsTest-965966343-project] Action: 'action', calling method: delete_group, body: {"delete": {"delete-volumes": true}} {{(pid=117248) _process_stack /opt/stack/cinder/cinder/api/openstack/wsgi.py:866}}
Jun 17 08:39:56.170684 dv-cinder-797608-33-smb devstack@c-api.service[117248]: DEBUG cinder.api.v3.groups [None req-375d5634-1acb-4365-a889-4bed5688252d tempest-GroupsTest-965966343 tempest-GroupsTest-965966343-project] delete called for group 77c9d302-53d6-403d-8740-2c73aff2655c {{(pid=117248) _delete /opt/stack/cinder/cinder/api/v3/groups.py:117}}
Jun 17 08:39:56.171171 dv-cinder-797608-33-smb devstack@c-api.service[117248]: INFO cinder.api.v3.groups [None req-375d5634-1acb-4365-a889-4bed5688252d tempest-GroupsTest-965966343 tempest-GroupsTest-965966343-project] Delete group with id: 77c9d302-53d6-403d-8740-2c73aff2655c
Jun 17 08:39:56.189973 dv-cinder-797608-33-smb devstack@c-api.service[117248]: /usr/local/lib/python3.8/dist-packages/oslo_context/context.py:100: DeprecationWarning: Policy enforcement is depending on the value of is_admin. This key is deprecated. Please update your policy file to use the standard policy values.
Jun 17 08:39:56.189973 dv-cinder-797608-33-smb devstack@c-api.service[117248]: warnings.warn('Policy enforcement is depending on the value of '
Jun 17 08:39:56.391581 dv-cinder-797608-33-smb devstack@c-api.service[117248]: INFO cinder.api.openstack.wsgi [None req-375d5634-1acb-4365-a889-4bed5688252d tempest-GroupsTest-965966343 tempest-GroupsTest-965966343-project] http://10.222.0.82/volume/v3/4ab6e754684e4d4c91a158fffaf1ec10/groups/77c9d302-53d6-403d-8740-2c73aff2655c/action returned with HTTP 202
Jun 17 08:39:56.395938 dv-cinder-797608-33-smb devstack@c-api.service[117248]: [pid: 117248|app: 0|req: 71/141] 10.222.0.82 () {62 vars in 1404 bytes} [Fri Jun 17 08:39:56 2022] POST /volume/v3/4ab6e754684e4d4c91a158fffaf1ec10/groups/77c9d302-53d6-403d-8740-2c73aff2655c/action => generated 0 bytes in 235 msecs (HTTP/1.1 202) 6 headers in 234 bytes (1 switches on core 0)
Jun 17 08:39:56.399468 dv-cinder-797608-33-smb devstack@c-api.service[117249]: DEBUG cinder.api.middleware.request_id [None req-8bc69c41-98de-41b5-8ed8-c68dd7195819 None None] RequestId filter calling following filter/app {{(pid=117249) _context_setter /opt/stack/cinder/cinder/api/middleware/request_id.py:62}}
Jun 17 08:39:56.403684 dv-cinder-797608-33-smb devstack@c-api.service[117249]: INFO cinder.api.openstack.wsgi [None req-8bc69c41-98de-41b5-8ed8-c68dd7195819 tempest-GroupsTest-965966343 tempest-GroupsTest-965966343-project] GET http://10.222.0.82/volume/v3/4ab6e754684e4d4c91a158fffaf1ec10/volumes/58ac7bc8-b435-4b12-bd3c-03c76c77c761
Jun 17 08:39:56.404388 dv-cinder-797608-33-smb devstack@c-api.service[117249]: DEBUG cinder.api.openstack.wsgi [None req-8bc69c41-98de-41b5-8ed8-c68dd7195819 tempest-GroupsTest-965966343 tempest-GroupsTest-965966343-project] Empty body provided in request {{(pid=117249) get_body /opt/stack/cinder/cinder/api/openstack/wsgi.py:715}}
Jun 17 08:39:56.405012 dv-cinder-797608-33-smb devstack@c-api.service[117249]: DEBUG cinder.api.openstack.wsgi [None req-8bc69c41-98de-41b5-8ed8-c68dd7195819 tempest-GroupsTest-965966343 tempest-GroupsTest-965966343-project] Calling method 'show' {{(pid=117249) _process_stack /opt/stack/cinder/cinder/api/openstack/wsgi.py:868}}
Jun 17 08:39:56.437506 dv-cinder-797608-33-smb devstack@c-api.service[117249]: /usr/local/lib/python3.8/dist-packages/oslo_context/context.py:100: DeprecationWarning: Policy enforcement is depending on the value of is_admin. This key is deprecated. Please update your policy file to use the standard policy values.
Jun 17 08:39:56.437506 dv-cinder-797608-33-smb devstack@c-api.service[117249]: warnings.warn('Policy enforcement is depending on the value of '
Jun 17 08:39:56.471255 dv-cinder-797608-33-smb devstack@c-api.service[117249]: INFO cinder.volume.api [None req-8bc69c41-98de-41b5-8ed8-c68dd7195819 tempest-GroupsTest-965966343 tempest-GroupsTest-965966343-project] Volume info retrieved successfully.
Jun 17 08:39:56.487149 dv-cinder-797608-33-smb devstack@c-api.service[117249]: WARNING stevedore.named [None req-8bc69c41-98de-41b5-8ed8-c68dd7195819 tempest-GroupsTest-965966343 tempest-GroupsTest-965966343-project] Could not load cinder.keymgr.conf_key_mgr.ConfKeyManager
Jun 17 08:39:56.487557 dv-cinder-797608-33-smb devstack@c-api.service[117249]: WARNING castellan.key_manager [None req-8bc69c41-98de-41b5-8ed8-c68dd7195819 tempest-GroupsTest-965966343 tempest-GroupsTest-965966343-project] Deprecation Warning : cinder.keymgr.conf_key_mgr.ConfKeyManager is not a stevedore based driver, trying to load it as a class: stevedore.exception.NoMatches: No 'castellan.drivers' driver found, looking for 'cinder.keymgr.conf_key_mgr.ConfKeyManager'
Jun 17 08:39:56.518882 dv-cinder-797608-33-smb devstack@c-api.service[117249]: DEBUG oslo_db.sqlalchemy.engines [None req-8bc69c41-98de-41b5-8ed8-c68dd7195819 tempest-GroupsTest-965966343 tempest-GroupsTest-965966343-project] MySQL server mode set to STRICT_TRANS_TABLES,STRICT_ALL_TABLES,NO_ZERO_IN_DATE,NO_ZERO_DATE,ERROR_FOR_DIVISION_BY_ZERO,TRADITIONAL,NO_ENGINE_SUBSTITUTION {{(pid=117249) _check_effective_sql_mode /usr/local/lib/python3.8/dist-packages/oslo_db/sqlalchemy/engines.py:314}}
Jun 17 08:39:56.539618 dv-cinder-797608-33-smb devstack@c-api.service[117249]: /usr/local/lib/python3.8/dist-packages/oslo_context/context.py:100: DeprecationWarning: Policy enforcement is depending on the value of is_admin. This key is deprecated. Please update your policy file to use the standard policy values.
Jun 17 08:39:56.539618 dv-cinder-797608-33-smb devstack@c-api.service[117249]: warnings.warn('Policy enforcement is depending on the value of '
Jun 17 08:39:56.588459 dv-cinder-797608-33-smb devstack@c-api.service[117249]: INFO cinder.api.openstack.wsgi [None req-8bc69c41-98de-41b5-8ed8-c68dd7195819 tempest-GroupsTest-965966343 tempest-GroupsTest-965966343-project] http://10.222.0.82/volume/v3/4ab6e754684e4d4c91a158fffaf1ec10/volumes/58ac7bc8-b435-4b12-bd3c-03c76c77c761 returned with HTTP 200
Jun 17 08:39:56.591958 dv-cinder-797608-33-smb devstack@c-api.service[117249]: [pid: 117249|app: 0|req: 71/142] 10.222.0.82 () {60 vars in 1365 bytes} [Fri Jun 17 08:39:56 2022] GET /volume/v3/4ab6e754684e4d4c91a158fffaf1ec10/volumes/58ac7bc8-b435-4b12-bd3c-03c76c77c761 => generated 982 bytes in 194 msecs (HTTP/1.1 200) 7 headers in 286 bytes (1 switches on core 0)
Jun 17 08:39:57.103323 dv-cinder-797608-33-smb devstack@c-api.service[117248]: DEBUG cinder.api.middleware.request_id [None req-19b7217f-293c-46b5-a3a8-69e5f079f72a None None] RequestId filter calling following filter/app {{(pid=117248) _context_setter /opt/stack/cinder/cinder/api/middleware/request_id.py:62}}
Jun 17 08:39:57.108715 dv-cinder-797608-33-smb devstack@c-api.service[117248]: INFO cinder.api.openstack.wsgi [None req-19b7217f-293c-46b5-a3a8-69e5f079f72a tempest-VolumeRetypeWithoutMigrationTest-381933454 tempest-VolumeRetypeWithoutMigrationTest-381933454-project] GET http://10.222.0.82/volume/v3/a08769d7e80044228f63a09c03af08c7/volumes/85998990-6af8-4562-9579-7906606d4bca
Jun 17 08:39:57.109318 dv-cinder-797608-33-smb devstack@c-api.service[117248]: DEBUG cinder.api.openstack.wsgi [None req-19b7217f-293c-46b5-a3a8-69e5f079f72a tempest-VolumeRetypeWithoutMigrationTest-381933454 tempest-VolumeRetypeWithoutMigrationTest-381933454-project] Empty body provided in request {{(pid=117248) get_body /opt/stack/cinder/cinder/api/openstack/wsgi.py:715}}
Jun 17 08:39:57.109967 dv-cinder-797608-33-smb devstack@c-api.service[117248]: DEBUG cinder.api.openstack.wsgi [None req-19b7217f-293c-46b5-a3a8-69e5f079f72a tempest-VolumeRetypeWithoutMigrationTest-381933454 tempest-VolumeRetypeWithoutMigrationTest-381933454-project] Calling method 'show' {{(pid=117248) _process_stack /opt/stack/cinder/cinder/api/openstack/wsgi.py:868}}
Jun 17 08:39:57.167667 dv-cinder-797608-33-smb devstack@c-api.service[117248]: /usr/local/lib/python3.8/dist-packages/oslo_context/context.py:100: DeprecationWarning: Policy enforcement is depending on the value of is_admin. This key is deprecated. Please update your policy file to use the standard policy values.
Jun 17 08:39:57.167667 dv-cinder-797608-33-smb devstack@c-api.service[117248]: warnings.warn('Policy enforcement is depending on the value of '
Jun 17 08:39:57.202754 dv-cinder-797608-33-smb devstack@c-api.service[117248]: INFO cinder.volume.api [None req-19b7217f-293c-46b5-a3a8-69e5f079f72a tempest-VolumeRetypeWithoutMigrationTest-381933454 tempest-VolumeRetypeWithoutMigrationTest-381933454-project] Volume info retrieved successfully.
Jun 17 08:39:57.235243 dv-cinder-797608-33-smb devstack@c-api.service[117248]: INFO cinder.api.openstack.wsgi [None req-19b7217f-293c-46b5-a3a8-69e5f079f72a tempest-VolumeRetypeWithoutMigrationTest-381933454 tempest-VolumeRetypeWithoutMigrationTest-381933454-project] http://10.222.0.82/volume/v3/a08769d7e80044228f63a09c03af08c7/volumes/85998990-6af8-4562-9579-7906606d4bca returned with HTTP 200
Jun 17 08:39:57.238264 dv-cinder-797608-33-smb devstack@c-api.service[117248]: [pid: 117248|app: 0|req: 72/143] 10.222.0.82 () {58 vars in 1324 bytes} [Fri Jun 17 08:39:57 2022] GET /volume/v3/a08769d7e80044228f63a09c03af08c7/volumes/85998990-6af8-4562-9579-7906606d4bca => generated 926 bytes in 135 msecs (HTTP/1.1 200) 7 headers in 285 bytes (1 switches on core 0)
Jun 17 08:39:57.249459 dv-cinder-797608-33-smb devstack@c-api.service[117249]: DEBUG cinder.api.middleware.request_id [None req-ec508f62-91cf-4c94-88d4-715b7257f95c None None] RequestId filter calling following filter/app {{(pid=117249) _context_setter /opt/stack/cinder/cinder/api/middleware/request_id.py:62}}
Jun 17 08:39:57.254458 dv-cinder-797608-33-smb devstack@c-api.service[117249]: INFO cinder.api.openstack.wsgi [None req-ec508f62-91cf-4c94-88d4-715b7257f95c tempest-VolumeRetypeWithoutMigrationTest-412131863 tempest-VolumeRetypeWithoutMigrationTest-412131863-project-admin] GET http://10.222.0.82/volume/v3/1b315d3a245447c6b5f30b10df4a30c6/volumes/85998990-6af8-4562-9579-7906606d4bca
Jun 17 08:39:57.255177 dv-cinder-797608-33-smb devstack@c-api.service[117249]: DEBUG cinder.api.openstack.wsgi [None req-ec508f62-91cf-4c94-88d4-715b7257f95c tempest-VolumeRetypeWithoutMigrationTest-412131863 tempest-VolumeRetypeWithoutMigrationTest-412131863-project-admin] Empty body provided in request {{(pid=117249) get_body /opt/stack/cinder/cinder/api/openstack/wsgi.py:715}}
Jun 17 08:39:57.256829 dv-cinder-797608-33-smb devstack@c-api.service[117249]: DEBUG cinder.api.openstack.wsgi [None req-ec508f62-91cf-4c94-88d4-715b7257f95c tempest-VolumeRetypeWithoutMigrationTest-412131863 tempest-VolumeRetypeWithoutMigrationTest-412131863-project-admin] Calling method 'show' {{(pid=117249) _process_stack /opt/stack/cinder/cinder/api/openstack/wsgi.py:868}}
Jun 17 08:39:57.403621 dv-cinder-797608-33-smb devstack@c-api.service[117249]: /usr/local/lib/python3.8/dist-packages/oslo_context/context.py:100: DeprecationWarning: Policy enforcement is depending on the value of is_admin. This key is deprecated. Please update your policy file to use the standard policy values.
Jun 17 08:39:57.403621 dv-cinder-797608-33-smb devstack@c-api.service[117249]: warnings.warn('Policy enforcement is depending on the value of '
Jun 17 08:39:57.421104 dv-cinder-797608-33-smb devstack@c-api.service[117249]: INFO cinder.volume.api [None req-ec508f62-91cf-4c94-88d4-715b7257f95c tempest-VolumeRetypeWithoutMigrationTest-412131863 tempest-VolumeRetypeWithoutMigrationTest-412131863-project-admin] Volume info retrieved successfully.
Jun 17 08:39:57.434002 dv-cinder-797608-33-smb devstack@c-api.service[117249]: INFO cinder.api.openstack.wsgi [None req-ec508f62-91cf-4c94-88d4-715b7257f95c tempest-VolumeRetypeWithoutMigrationTest-412131863 tempest-VolumeRetypeWithoutMigrationTest-412131863-project-admin] http://10.222.0.82/volume/v3/1b315d3a245447c6b5f30b10df4a30c6/volumes/85998990-6af8-4562-9579-7906606d4bca returned with HTTP 200
Jun 17 08:39:57.436498 dv-cinder-797608-33-smb devstack@c-api.service[117249]: [pid: 117249|app: 0|req: 72/144] 10.222.0.82 () {58 vars in 1324 bytes} [Fri Jun 17 08:39:57 2022] GET /volume/v3/1b315d3a245447c6b5f30b10df4a30c6/volumes/85998990-6af8-4562-9579-7906606d4bca => generated 1092 bytes in 188 msecs (HTTP/1.1 200) 7 headers in 286 bytes (1 switches on core 0)
Jun 17 08:39:57.448715 dv-cinder-797608-33-smb devstack@c-api.service[117248]: DEBUG cinder.api.middleware.request_id [None req-3e30395c-6e91-47f5-8e22-a8f812ec6166 None None] RequestId filter calling following filter/app {{(pid=117248) _context_setter /opt/stack/cinder/cinder/api/middleware/request_id.py:62}}
Jun 17 08:39:57.464623 dv-cinder-797608-33-smb devstack@c-api.service[117248]: INFO cinder.api.openstack.wsgi [None req-3e30395c-6e91-47f5-8e22-a8f812ec6166 tempest-VolumeRetypeWithoutMigrationTest-412131863 tempest-VolumeRetypeWithoutMigrationTest-412131863-project-admin] GET http://10.222.0.82/volume/v3/1b315d3a245447c6b5f30b10df4a30c6/volumes?all_tenants=True&name=tempest-VolumeRetypeWithoutMigrationTest-Volume-496625023
Jun 17 08:39:57.465389 dv-cinder-797608-33-smb devstack@c-api.service[117248]: DEBUG cinder.api.openstack.wsgi [None req-3e30395c-6e91-47f5-8e22-a8f812ec6166 tempest-VolumeRetypeWithoutMigrationTest-412131863 tempest-VolumeRetypeWithoutMigrationTest-412131863-project-admin] Empty body provided in request {{(pid=117248) get_body /opt/stack/cinder/cinder/api/openstack/wsgi.py:715}}
Jun 17 08:39:57.466921 dv-cinder-797608-33-smb devstack@c-api.service[117248]: DEBUG cinder.api.openstack.wsgi [None req-3e30395c-6e91-47f5-8e22-a8f812ec6166 tempest-VolumeRetypeWithoutMigrationTest-412131863 tempest-VolumeRetypeWithoutMigrationTest-412131863-project-admin] Calling method 'index' {{(pid=117248) _process_stack /opt/stack/cinder/cinder/api/openstack/wsgi.py:868}}
Jun 17 08:39:57.470259 dv-cinder-797608-33-smb devstack@c-api.service[117248]: DEBUG cinder.volume.api [None req-3e30395c-6e91-47f5-8e22-a8f812ec6166 tempest-VolumeRetypeWithoutMigrationTest-412131863 tempest-VolumeRetypeWithoutMigrationTest-412131863-project-admin] Searching by: MultiDict([('display_name', 'tempest-VolumeRetypeWithoutMigrationTest-Volume-496625023'), ('all_tenants', True)]). {{(pid=117248) get_all /opt/stack/cinder/cinder/volume/api.py:664}}
Jun 17 08:39:57.488377 dv-cinder-797608-33-smb devstack@c-api.service[117249]: DEBUG cinder.api.middleware.request_id [None req-3688cbfc-c3a9-49b8-866e-aa3b83cbbd4a None None] RequestId filter calling following filter/app {{(pid=117249) _context_setter /opt/stack/cinder/cinder/api/middleware/request_id.py:62}}
Jun 17 08:39:57.574430 dv-cinder-797608-33-smb devstack@c-api.service[117248]: INFO cinder.volume.api [None req-3e30395c-6e91-47f5-8e22-a8f812ec6166 tempest-VolumeRetypeWithoutMigrationTest-412131863 tempest-VolumeRetypeWithoutMigrationTest-412131863-project-admin] Get all volumes completed successfully.
Jun 17 08:39:57.575859 dv-cinder-797608-33-smb devstack@c-api.service[117248]: INFO cinder.api.openstack.wsgi [None req-3e30395c-6e91-47f5-8e22-a8f812ec6166 tempest-VolumeRetypeWithoutMigrationTest-412131863 tempest-VolumeRetypeWithoutMigrationTest-412131863-project-admin] http://10.222.0.82/volume/v3/1b315d3a245447c6b5f30b10df4a30c6/volumes?all_tenants=True&name=tempest-VolumeRetypeWithoutMigrationTest-Volume-496625023 returned with HTTP 200
Jun 17 08:39:57.577367 dv-cinder-797608-33-smb devstack@c-api.service[117248]: [pid: 117248|app: 0|req: 73/145] 10.222.0.82 () {58 vars in 1372 bytes} [Fri Jun 17 08:39:57 2022] GET /volume/v3/1b315d3a245447c6b5f30b10df4a30c6/volumes?all_tenants=True&name=tempest-VolumeRetypeWithoutMigrationTest-Volume-496625023 => generated 412 bytes in 130 msecs (HTTP/1.1 200) 7 headers in 285 bytes (1 switches on core 0)
Jun 17 08:39:57.586687 dv-cinder-797608-33-smb devstack@c-api.service[117248]: DEBUG cinder.api.middleware.request_id [None req-d74776f2-cfe3-46d8-a131-678db4f548f4 None None] RequestId filter calling following filter/app {{(pid=117248) _context_setter /opt/stack/cinder/cinder/api/middleware/request_id.py:62}}
Jun 17 08:39:57.591563 dv-cinder-797608-33-smb devstack@c-api.service[117248]: INFO cinder.api.openstack.wsgi [None req-d74776f2-cfe3-46d8-a131-678db4f548f4 tempest-VolumeRetypeWithoutMigrationTest-381933454 tempest-VolumeRetypeWithoutMigrationTest-381933454-project] DELETE http://10.222.0.82/volume/v3/a08769d7e80044228f63a09c03af08c7/volumes/85998990-6af8-4562-9579-7906606d4bca
Jun 17 08:39:57.592319 dv-cinder-797608-33-smb devstack@c-api.service[117248]: DEBUG cinder.api.openstack.wsgi [None req-d74776f2-cfe3-46d8-a131-678db4f548f4 tempest-VolumeRetypeWithoutMigrationTest-381933454 tempest-VolumeRetypeWithoutMigrationTest-381933454-project] Empty body provided in request {{(pid=117248) get_body /opt/stack/cinder/cinder/api/openstack/wsgi.py:715}}
Jun 17 08:39:57.593185 dv-cinder-797608-33-smb devstack@c-api.service[117248]: DEBUG cinder.api.openstack.wsgi [None req-d74776f2-cfe3-46d8-a131-678db4f548f4 tempest-VolumeRetypeWithoutMigrationTest-381933454 tempest-VolumeRetypeWithoutMigrationTest-381933454-project] Calling method 'delete' {{(pid=117248) _process_stack /opt/stack/cinder/cinder/api/openstack/wsgi.py:868}}
Jun 17 08:39:57.593749 dv-cinder-797608-33-smb devstack@c-api.service[117248]: INFO cinder.api.v3.volumes [None req-d74776f2-cfe3-46d8-a131-678db4f548f4 tempest-VolumeRetypeWithoutMigrationTest-381933454 tempest-VolumeRetypeWithoutMigrationTest-381933454-project] Delete volume with id: 85998990-6af8-4562-9579-7906606d4bca
Jun 17 08:39:57.610829 dv-cinder-797608-33-smb devstack@c-api.service[117248]: /usr/local/lib/python3.8/dist-packages/oslo_context/context.py:100: DeprecationWarning: Policy enforcement is depending on the value of is_admin. This key is deprecated. Please update your policy file to use the standard policy values.
Jun 17 08:39:57.610829 dv-cinder-797608-33-smb devstack@c-api.service[117248]: warnings.warn('Policy enforcement is depending on the value of '
Jun 17 08:39:57.612477 dv-cinder-797608-33-smb devstack@c-api.service[117248]: INFO cinder.volume.api [None req-d74776f2-cfe3-46d8-a131-678db4f548f4 tempest-VolumeRetypeWithoutMigrationTest-381933454 tempest-VolumeRetypeWithoutMigrationTest-381933454-project] Volume info retrieved successfully.
Jun 17 08:39:57.685873 dv-cinder-797608-33-smb devstack@c-api.service[117248]: INFO cinder.volume.api [None req-d74776f2-cfe3-46d8-a131-678db4f548f4 tempest-VolumeRetypeWithoutMigrationTest-381933454 tempest-VolumeRetypeWithoutMigrationTest-381933454-project] Delete volume request issued successfully.
Jun 17 08:39:57.688066 dv-cinder-797608-33-smb devstack@c-api.service[117248]: INFO cinder.api.openstack.wsgi [None req-d74776f2-cfe3-46d8-a131-678db4f548f4 tempest-VolumeRetypeWithoutMigrationTest-381933454 tempest-VolumeRetypeWithoutMigrationTest-381933454-project] http://10.222.0.82/volume/v3/a08769d7e80044228f63a09c03af08c7/volumes/85998990-6af8-4562-9579-7906606d4bca returned with HTTP 202
Jun 17 08:39:57.695096 dv-cinder-797608-33-smb devstack@c-api.service[117248]: [pid: 117248|app: 0|req: 74/146] 10.222.0.82 () {58 vars in 1327 bytes} [Fri Jun 17 08:39:57 2022] DELETE /volume/v3/a08769d7e80044228f63a09c03af08c7/volumes/85998990-6af8-4562-9579-7906606d4bca => generated 0 bytes in 109 msecs (HTTP/1.1 202) 6 headers in 233 bytes (1 switches on core 0)
Jun 17 08:39:57.698323 dv-cinder-797608-33-smb devstack@c-api.service[117248]: DEBUG cinder.api.middleware.request_id [None req-61caaf2e-59f6-413f-8b6e-e381a8503a84 None None] RequestId filter calling following filter/app {{(pid=117248) _context_setter /opt/stack/cinder/cinder/api/middleware/request_id.py:62}}
Jun 17 08:39:57.718845 dv-cinder-797608-33-smb devstack@c-api.service[117248]: INFO cinder.api.openstack.wsgi [None req-61caaf2e-59f6-413f-8b6e-e381a8503a84 tempest-GroupsTest-965966343 tempest-GroupsTest-965966343-project] GET http://10.222.0.82/volume/v3/4ab6e754684e4d4c91a158fffaf1ec10/volumes/58ac7bc8-b435-4b12-bd3c-03c76c77c761
Jun 17 08:39:57.721700 dv-cinder-797608-33-smb devstack@c-api.service[117248]: DEBUG cinder.api.openstack.wsgi [None req-61caaf2e-59f6-413f-8b6e-e381a8503a84 tempest-GroupsTest-965966343 tempest-GroupsTest-965966343-project] Empty body provided in request {{(pid=117248) get_body /opt/stack/cinder/cinder/api/openstack/wsgi.py:715}}
Jun 17 08:39:57.722885 dv-cinder-797608-33-smb devstack@c-api.service[117248]: DEBUG cinder.api.openstack.wsgi [None req-61caaf2e-59f6-413f-8b6e-e381a8503a84 tempest-GroupsTest-965966343 tempest-GroupsTest-965966343-project] Calling method 'show' {{(pid=117248) _process_stack /opt/stack/cinder/cinder/api/openstack/wsgi.py:868}}
Jun 17 08:39:57.820137 dv-cinder-797608-33-smb devstack@c-api.service[117248]: INFO cinder.api.openstack.wsgi [None req-61caaf2e-59f6-413f-8b6e-e381a8503a84 tempest-GroupsTest-965966343 tempest-GroupsTest-965966343-project] http://10.222.0.82/volume/v3/4ab6e754684e4d4c91a158fffaf1ec10/volumes/58ac7bc8-b435-4b12-bd3c-03c76c77c761 returned with HTTP 404
Jun 17 08:39:57.821422 dv-cinder-797608-33-smb devstack@c-api.service[117248]: [pid: 117248|app: 0|req: 75/147] 10.222.0.82 () {60 vars in 1365 bytes} [Fri Jun 17 08:39:57 2022] GET /volume/v3/4ab6e754684e4d4c91a158fffaf1ec10/volumes/58ac7bc8-b435-4b12-bd3c-03c76c77c761 => generated 109 bytes in 127 msecs (HTTP/1.1 404) 7 headers in 293 bytes (1 switches on core 0)
Jun 17 08:39:57.823164 dv-cinder-797608-33-smb devstack@c-api.service[117248]: DEBUG cinder.api.middleware.request_id [None req-4eefe596-ce7a-4ab7-91f6-aa8751fd0ea0 None None] RequestId filter calling following filter/app {{(pid=117248) _context_setter /opt/stack/cinder/cinder/api/middleware/request_id.py:62}}
Jun 17 08:39:57.829256 dv-cinder-797608-33-smb devstack@c-api.service[117248]: INFO cinder.api.openstack.wsgi [None req-4eefe596-ce7a-4ab7-91f6-aa8751fd0ea0 tempest-VolumeRetypeWithoutMigrationTest-381933454 tempest-VolumeRetypeWithoutMigrationTest-381933454-project] GET http://10.222.0.82/volume/v3/a08769d7e80044228f63a09c03af08c7/volumes/85998990-6af8-4562-9579-7906606d4bca
Jun 17 08:39:57.830130 dv-cinder-797608-33-smb devstack@c-api.service[117248]: DEBUG cinder.api.openstack.wsgi [None req-4eefe596-ce7a-4ab7-91f6-aa8751fd0ea0 tempest-VolumeRetypeWithoutMigrationTest-381933454 tempest-VolumeRetypeWithoutMigrationTest-381933454-project] Empty body provided in request {{(pid=117248) get_body /opt/stack/cinder/cinder/api/openstack/wsgi.py:715}}
Jun 17 08:39:57.830982 dv-cinder-797608-33-smb devstack@c-api.service[117248]: DEBUG cinder.api.openstack.wsgi [None req-4eefe596-ce7a-4ab7-91f6-aa8751fd0ea0 tempest-VolumeRetypeWithoutMigrationTest-381933454 tempest-VolumeRetypeWithoutMigrationTest-381933454-project] Calling method 'show' {{(pid=117248) _process_stack /opt/stack/cinder/cinder/api/openstack/wsgi.py:868}}
Jun 17 08:39:57.864933 dv-cinder-797608-33-smb devstack@c-api.service[117248]: /usr/local/lib/python3.8/dist-packages/oslo_context/context.py:100: DeprecationWarning: Policy enforcement is depending on the value of is_admin. This key is deprecated. Please update your policy file to use the standard policy values.
Jun 17 08:39:57.864933 dv-cinder-797608-33-smb devstack@c-api.service[117248]: warnings.warn('Policy enforcement is depending on the value of '
Jun 17 08:39:57.874404 dv-cinder-797608-33-smb devstack@c-api.service[117248]: INFO cinder.api.openstack.wsgi [None req-4eefe596-ce7a-4ab7-91f6-aa8751fd0ea0 tempest-VolumeRetypeWithoutMigrationTest-381933454 tempest-VolumeRetypeWithoutMigrationTest-381933454-project] http://10.222.0.82/volume/v3/a08769d7e80044228f63a09c03af08c7/volumes/85998990-6af8-4562-9579-7906606d4bca returned with HTTP 404
Jun 17 08:39:57.876527 dv-cinder-797608-33-smb devstack@c-api.service[117248]: [pid: 117248|app: 0|req: 76/148] 10.222.0.82 () {58 vars in 1324 bytes} [Fri Jun 17 08:39:57 2022] GET /volume/v3/a08769d7e80044228f63a09c03af08c7/volumes/85998990-6af8-4562-9579-7906606d4bca => generated 109 bytes in 54 msecs (HTTP/1.1 404) 7 headers in 292 bytes (1 switches on core 0)
Jun 17 08:39:57.879992 dv-cinder-797608-33-smb devstack@c-api.service[117248]: DEBUG cinder.api.middleware.request_id [None req-04447e94-cd12-4d3a-961e-903f32b9005f None None] RequestId filter calling following filter/app {{(pid=117248) _context_setter /opt/stack/cinder/cinder/api/middleware/request_id.py:62}}
Jun 17 08:39:57.887091 dv-cinder-797608-33-smb devstack@c-api.service[117248]: INFO cinder.api.openstack.wsgi [None req-04447e94-cd12-4d3a-961e-903f32b9005f tempest-GroupsTest-965966343 tempest-GroupsTest-965966343-project] GET http://10.222.0.82/volume/v3/4ab6e754684e4d4c91a158fffaf1ec10/volumes/9d2cce92-7158-4eee-b09d-f1622511ef8e
Jun 17 08:39:57.888122 dv-cinder-797608-33-smb devstack@c-api.service[117248]: DEBUG cinder.api.openstack.wsgi [None req-04447e94-cd12-4d3a-961e-903f32b9005f tempest-GroupsTest-965966343 tempest-GroupsTest-965966343-project] Empty body provided in request {{(pid=117248) get_body /opt/stack/cinder/cinder/api/openstack/wsgi.py:715}}
Jun 17 08:39:57.888927 dv-cinder-797608-33-smb devstack@c-api.service[117248]: DEBUG cinder.api.openstack.wsgi [None req-04447e94-cd12-4d3a-961e-903f32b9005f tempest-GroupsTest-965966343 tempest-GroupsTest-965966343-project] Calling method 'show' {{(pid=117248) _process_stack /opt/stack/cinder/cinder/api/openstack/wsgi.py:868}}
Jun 17 08:39:57.904605 dv-cinder-797608-33-smb devstack@c-api.service[117248]: INFO cinder.api.openstack.wsgi [None req-04447e94-cd12-4d3a-961e-903f32b9005f tempest-GroupsTest-965966343 tempest-GroupsTest-965966343-project] http://10.222.0.82/volume/v3/4ab6e754684e4d4c91a158fffaf1ec10/volumes/9d2cce92-7158-4eee-b09d-f1622511ef8e returned with HTTP 404
Jun 17 08:39:57.910005 dv-cinder-797608-33-smb devstack@c-api.service[117248]: [pid: 117248|app: 0|req: 77/149] 10.222.0.82 () {60 vars in 1365 bytes} [Fri Jun 17 08:39:57 2022] GET /volume/v3/4ab6e754684e4d4c91a158fffaf1ec10/volumes/9d2cce92-7158-4eee-b09d-f1622511ef8e => generated 109 bytes in 29 msecs (HTTP/1.1 404) 7 headers in 293 bytes (1 switches on core 0)
Jun 17 08:39:57.910005 dv-cinder-797608-33-smb devstack@c-api.service[117248]: DEBUG cinder.api.middleware.request_id [None req-121e4a2c-9c27-4ff6-84e5-c05a36312f47 None None] RequestId filter calling following filter/app {{(pid=117248) _context_setter /opt/stack/cinder/cinder/api/middleware/request_id.py:62}}
Jun 17 08:39:57.911845 dv-cinder-797608-33-smb devstack@c-api.service[117248]: INFO cinder.api.openstack.wsgi [None req-121e4a2c-9c27-4ff6-84e5-c05a36312f47 tempest-VolumeRetypeWithoutMigrationTest-412131863 tempest-VolumeRetypeWithoutMigrationTest-412131863-project-admin] DELETE http://10.222.0.82/volume/v3/1b315d3a245447c6b5f30b10df4a30c6/types/b56611ca-633e-4149-8317-b05190b696fb
Jun 17 08:39:57.912452 dv-cinder-797608-33-smb devstack@c-api.service[117248]: DEBUG cinder.api.openstack.wsgi [None req-121e4a2c-9c27-4ff6-84e5-c05a36312f47 tempest-VolumeRetypeWithoutMigrationTest-412131863 tempest-VolumeRetypeWithoutMigrationTest-412131863-project-admin] Empty body provided in request {{(pid=117248) get_body /opt/stack/cinder/cinder/api/openstack/wsgi.py:715}}
Jun 17 08:39:57.913102 dv-cinder-797608-33-smb devstack@c-api.service[117248]: DEBUG cinder.api.openstack.wsgi [None req-121e4a2c-9c27-4ff6-84e5-c05a36312f47 tempest-VolumeRetypeWithoutMigrationTest-412131863 tempest-VolumeRetypeWithoutMigrationTest-412131863-project-admin] Calling method '_delete' {{(pid=117248) _process_stack /opt/stack/cinder/cinder/api/openstack/wsgi.py:868}}
Jun 17 08:39:58.116351 dv-cinder-797608-33-smb devstack@c-api.service[117248]: INFO cinder.api.openstack.wsgi [None req-121e4a2c-9c27-4ff6-84e5-c05a36312f47 tempest-VolumeRetypeWithoutMigrationTest-412131863 tempest-VolumeRetypeWithoutMigrationTest-412131863-project-admin] http://10.222.0.82/volume/v3/1b315d3a245447c6b5f30b10df4a30c6/types/b56611ca-633e-4149-8317-b05190b696fb returned with HTTP 202
Jun 17 08:39:58.122160 dv-cinder-797608-33-smb devstack@c-api.service[117248]: [pid: 117248|app: 0|req: 78/150] 10.222.0.82 () {58 vars in 1321 bytes} [Fri Jun 17 08:39:57 2022] DELETE /volume/v3/1b315d3a245447c6b5f30b10df4a30c6/types/b56611ca-633e-4149-8317-b05190b696fb => generated 0 bytes in 215 msecs (HTTP/1.1 202) 6 headers in 233 bytes (1 switches on core 0)
Jun 17 08:39:58.125286 dv-cinder-797608-33-smb devstack@c-api.service[117248]: DEBUG cinder.api.middleware.request_id [None req-a9aef8fa-e323-4d41-ad00-f08892713aed None None] RequestId filter calling following filter/app {{(pid=117248) _context_setter /opt/stack/cinder/cinder/api/middleware/request_id.py:62}}
Jun 17 08:39:58.155203 dv-cinder-797608-33-smb devstack@c-api.service[117249]: INFO cinder.api.openstack.wsgi [None req-3688cbfc-c3a9-49b8-866e-aa3b83cbbd4a tempest-VolumeQuotaClassesTest-854724845 tempest-VolumeQuotaClassesTest-854724845-project-admin] GET http://10.222.0.82/volume/v3/1587a256e2754a5a81b78608d077d67d/os-quota-class-sets/default
Jun 17 08:39:58.155504 dv-cinder-797608-33-smb devstack@c-api.service[117248]: INFO cinder.api.openstack.wsgi [None req-a9aef8fa-e323-4d41-ad00-f08892713aed tempest-GroupsTest-965966343 tempest-GroupsTest-965966343-project] GET http://10.222.0.82/volume/v3/4ab6e754684e4d4c91a158fffaf1ec10/groups/77c9d302-53d6-403d-8740-2c73aff2655c
Jun 17 08:39:58.156022 dv-cinder-797608-33-smb devstack@c-api.service[117249]: DEBUG cinder.api.openstack.wsgi [None req-3688cbfc-c3a9-49b8-866e-aa3b83cbbd4a tempest-VolumeQuotaClassesTest-854724845 tempest-VolumeQuotaClassesTest-854724845-project-admin] Empty body provided in request {{(pid=117249) get_body /opt/stack/cinder/cinder/api/openstack/wsgi.py:715}}
Jun 17 08:39:58.156137 dv-cinder-797608-33-smb devstack@c-api.service[117248]: DEBUG cinder.api.openstack.wsgi [None req-a9aef8fa-e323-4d41-ad00-f08892713aed tempest-GroupsTest-965966343 tempest-GroupsTest-965966343-project] Empty body provided in request {{(pid=117248) get_body /opt/stack/cinder/cinder/api/openstack/wsgi.py:715}}
Jun 17 08:39:58.156603 dv-cinder-797608-33-smb devstack@c-api.service[117248]: DEBUG cinder.api.openstack.wsgi [None req-a9aef8fa-e323-4d41-ad00-f08892713aed tempest-GroupsTest-965966343 tempest-GroupsTest-965966343-project] Calling method 'version_select' {{(pid=117248) _process_stack /opt/stack/cinder/cinder/api/openstack/wsgi.py:868}}
Jun 17 08:39:58.156827 dv-cinder-797608-33-smb devstack@c-api.service[117249]: DEBUG cinder.api.openstack.wsgi [None req-3688cbfc-c3a9-49b8-866e-aa3b83cbbd4a tempest-VolumeQuotaClassesTest-854724845 tempest-VolumeQuotaClassesTest-854724845-project-admin] Calling method 'show' {{(pid=117249) _process_stack /opt/stack/cinder/cinder/api/openstack/wsgi.py:868}}
Jun 17 08:39:58.157034 dv-cinder-797608-33-smb devstack@c-api.service[117248]: DEBUG cinder.api.v3.groups [None req-a9aef8fa-e323-4d41-ad00-f08892713aed tempest-GroupsTest-965966343 tempest-GroupsTest-965966343-project] show called for member 77c9d302-53d6-403d-8740-2c73aff2655c {{(pid=117248) show /opt/stack/cinder/cinder/api/v3/groups.py:58}}
Jun 17 08:39:58.210559 dv-cinder-797608-33-smb devstack@c-api.service[117248]: INFO cinder.api.openstack.wsgi [None req-a9aef8fa-e323-4d41-ad00-f08892713aed tempest-GroupsTest-965966343 tempest-GroupsTest-965966343-project] http://10.222.0.82/volume/v3/4ab6e754684e4d4c91a158fffaf1ec10/groups/77c9d302-53d6-403d-8740-2c73aff2655c returned with HTTP 404
Jun 17 08:39:58.211527 dv-cinder-797608-33-smb devstack@c-api.service[117248]: [pid: 117248|app: 0|req: 79/151] 10.222.0.82 () {60 vars in 1362 bytes} [Fri Jun 17 08:39:58 2022] GET /volume/v3/4ab6e754684e4d4c91a158fffaf1ec10/groups/77c9d302-53d6-403d-8740-2c73aff2655c => generated 108 bytes in 89 msecs (HTTP/1.1 404) 7 headers in 293 bytes (1 switches on core 0)
Jun 17 08:39:58.219391 dv-cinder-797608-33-smb devstack@c-api.service[117248]: DEBUG cinder.api.middleware.request_id [None req-33084c85-f73e-4aa9-8c91-2c9aa783a7b0 None None] RequestId filter calling following filter/app {{(pid=117248) _context_setter /opt/stack/cinder/cinder/api/middleware/request_id.py:62}}
Jun 17 08:39:58.228501 dv-cinder-797608-33-smb devstack@c-api.service[117248]: INFO cinder.api.openstack.wsgi [None req-33084c85-f73e-4aa9-8c91-2c9aa783a7b0 tempest-VolumeRetypeWithoutMigrationTest-412131863 tempest-VolumeRetypeWithoutMigrationTest-412131863-project-admin] GET http://10.222.0.82/volume/v3/1b315d3a245447c6b5f30b10df4a30c6/types/b56611ca-633e-4149-8317-b05190b696fb
Jun 17 08:39:58.234263 dv-cinder-797608-33-smb devstack@c-api.service[117249]: INFO cinder.api.openstack.wsgi [None req-3688cbfc-c3a9-49b8-866e-aa3b83cbbd4a tempest-VolumeQuotaClassesTest-854724845 tempest-VolumeQuotaClassesTest-854724845-project-admin] http://10.222.0.82/volume/v3/1587a256e2754a5a81b78608d077d67d/os-quota-class-sets/default returned with HTTP 200
Jun 17 08:39:58.234878 dv-cinder-797608-33-smb devstack@c-api.service[117248]: DEBUG cinder.api.openstack.wsgi [None req-33084c85-f73e-4aa9-8c91-2c9aa783a7b0 tempest-VolumeRetypeWithoutMigrationTest-412131863 tempest-VolumeRetypeWithoutMigrationTest-412131863-project-admin] Empty body provided in request {{(pid=117248) get_body /opt/stack/cinder/cinder/api/openstack/wsgi.py:715}}
