Jun 17 08:31:56.440953 dv-cinder-797608-33-iscsi devstack@keystone.service[87052]: DEBUG keystone.server.flask.request_processing.middleware.auth_context [None req-ac33c67b-328c-43f0-80f5-009ec1f19f10 None None] Validating token access rules against request {{(pid=87052) validate_allowed_request /usr/local/lib/python3.8/dist-packages/keystonemiddleware/auth_token/__init__.py:545}}
Jun 17 08:31:56.484418 dv-cinder-797608-33-iscsi devstack@keystone.service[87052]: DEBUG keystone.server.flask.request_processing.middleware.auth_context [None req-a25725d7-6bd7-40ae-b949-9e87fc2decd0 None admin] RBAC: auth_context: {'token': , 'domain_id': None, 'trust_id': None, 'trustor_id': None, 'trustee_id': None, 'domain_name': None, 'group_ids': [], 'user_id': '1449ff4f407540dd843ab2db406229f6', 'user_domain_id': 'default', 'system_scope': 'all', 'project_id': None, 'project_domain_id': None, 'roles': ['admin', 'member', 'reader'], 'is_admin_project': True, 'service_user_id': None, 'service_user_domain_id': None, 'service_project_id': None, 'service_project_domain_id': None, 'service_roles': []} {{(pid=87052) fill_context /opt/stack/keystone/keystone/server/flask/request_processing/middleware/auth_context.py:478}}
Jun 17 08:31:56.486736 dv-cinder-797608-33-iscsi devstack@keystone.service[87052]: DEBUG keystone.server.flask.request_processing.req_logging [None req-a25725d7-6bd7-40ae-b949-9e87fc2decd0 None admin] REQUEST_METHOD: `PUT` {{(pid=87052) log_request_info /opt/stack/keystone/keystone/server/flask/request_processing/req_logging.py:27}}
Jun 17 08:31:56.486736 dv-cinder-797608-33-iscsi devstack@keystone.service[87052]: DEBUG keystone.server.flask.request_processing.req_logging [None req-a25725d7-6bd7-40ae-b949-9e87fc2decd0 None admin] SCRIPT_NAME: `/identity` {{(pid=87052) log_request_info /opt/stack/keystone/keystone/server/flask/request_processing/req_logging.py:28}}
Jun 17 08:31:56.486736 dv-cinder-797608-33-iscsi devstack@keystone.service[87052]: DEBUG keystone.server.flask.request_processing.req_logging [None req-a25725d7-6bd7-40ae-b949-9e87fc2decd0 None admin] PATH_INFO: `/v3/domains/default/users/1449ff4f407540dd843ab2db406229f6/roles/f48ecf575a01426ba9d2a703e05dca80` {{(pid=87052) log_request_info /opt/stack/keystone/keystone/server/flask/request_processing/req_logging.py:29}}
Jun 17 08:31:56.491400 dv-cinder-797608-33-iscsi devstack@keystone.service[87052]: DEBUG keystone.common.rbac_enforcer.enforcer [None req-a25725d7-6bd7-40ae-b949-9e87fc2decd0 None admin] RBAC: Authorizing `identity:create_grant(domain_id=default, user_id=1449ff4f407540dd843ab2db406229f6, role_id=f48ecf575a01426ba9d2a703e05dca80)` {{(pid=87052) enforce_call /opt/stack/keystone/keystone/common/rbac_enforcer/enforcer.py:449}}
Jun 17 08:31:56.491400 dv-cinder-797608-33-iscsi devstack@keystone.service[87052]: DEBUG keystone.common.rbac_enforcer.enforcer [None req-a25725d7-6bd7-40ae-b949-9e87fc2decd0 None admin] RBAC: Authorization granted {{(pid=87052) enforce_call /opt/stack/keystone/keystone/common/rbac_enforcer/enforcer.py:457}}
Jun 17 08:31:56.581391 dv-cinder-797608-33-iscsi devstack@keystone.service[87052]: [pid: 87052|app: 0|req: 19/40] 10.222.0.78 () {58 vars in 1361 bytes} [Fri Jun 17 08:31:56 2022] PUT /identity/v3/domains/default/users/1449ff4f407540dd843ab2db406229f6/roles/f48ecf575a01426ba9d2a703e05dca80 => generated 0 bytes in 257 msecs (HTTP/1.1 204) 3 headers in 132 bytes (0 switches on core 0)
Jun 17 08:31:56.582908 dv-cinder-797608-33-iscsi devstack@keystone.service[87052]: DEBUG keystone.server.flask.request_processing.req_logging [None req-d9c22cab-23d8-4398-9b92-24c00a849e0f None None] REQUEST_METHOD: `POST` {{(pid=87052) log_request_info /opt/stack/keystone/keystone/server/flask/request_processing/req_logging.py:27}}
Jun 17 08:31:56.583208 dv-cinder-797608-33-iscsi devstack@keystone.service[87052]: DEBUG keystone.server.flask.request_processing.req_logging [None req-d9c22cab-23d8-4398-9b92-24c00a849e0f None None] SCRIPT_NAME: `/identity` {{(pid=87052) log_request_info /opt/stack/keystone/keystone/server/flask/request_processing/req_logging.py:28}}
Jun 17 08:31:56.583518 dv-cinder-797608-33-iscsi devstack@keystone.service[87052]: DEBUG keystone.server.flask.request_processing.req_logging [None req-d9c22cab-23d8-4398-9b92-24c00a849e0f None None] PATH_INFO: `/v3/auth/tokens` {{(pid=87052) log_request_info /opt/stack/keystone/keystone/server/flask/request_processing/req_logging.py:29}}
Jun 17 08:31:56.602140 dv-cinder-797608-33-iscsi devstack@keystone.service[87052]: DEBUG keystone.auth.core [None req-d9c22cab-23d8-4398-9b92-24c00a849e0f None None] MFA Rules not processed for user `1449ff4f407540dd843ab2db406229f6`. Rule list: `[]` (Enabled: `True`). {{(pid=87052) check_auth_methods_against_rules /opt/stack/keystone/keystone/auth/core.py:438}}
Jun 17 08:31:56.603528 dv-cinder-797608-33-iscsi devstack@keystone.service[87052]: DEBUG keystone.common.fernet_utils [None req-d9c22cab-23d8-4398-9b92-24c00a849e0f None None] Loaded 2 Fernet keys from /etc/keystone/fernet-keys/, but `[fernet_tokens] max_active_keys = 3`; perhaps there have not been enough key rotations to reach `max_active_keys` yet? {{(pid=87052) load_keys /opt/stack/keystone/keystone/common/fernet_utils.py:286}}
Jun 17 08:31:56.681712 dv-cinder-797608-33-iscsi devstack@keystone.service[87052]: DEBUG dbcounter [-] [87052] Writing DB stats keystone:SELECT=99,keystone:INSERT=1 {{(pid=87052) stat_writer /usr/local/lib/python3.8/dist-packages/dbcounter.py:114}}
Jun 17 08:31:56.684453 dv-cinder-797608-33-iscsi devstack@keystone.service[87051]: [pid: 87051|app: 0|req: 22/41] 10.222.0.78 () {60 vars in 1131 bytes} [Fri Jun 17 08:31:56 2022] POST /identity/v3/roles => generated 225 bytes in 459 msecs (HTTP/1.1 201) 5 headers in 182 bytes (1 switches on core 0)
Jun 17 08:31:56.690511 dv-cinder-797608-33-iscsi devstack@keystone.service[87052]: [pid: 87052|app: 0|req: 20/42] 10.222.0.78 () {58 vars in 1023 bytes} [Fri Jun 17 08:31:56 2022] POST /identity/v3/auth/tokens => generated 799 bytes in 108 msecs (HTTP/1.1 201) 6 headers in 363 bytes (1 switches on core 0)
Jun 17 08:31:56.702939 dv-cinder-797608-33-iscsi devstack@keystone.service[87051]: DEBUG keystone.server.flask.request_processing.req_logging [None req-79f1bec2-41ce-45f5-9182-d41f0e1592d2 None None] REQUEST_METHOD: `POST` {{(pid=87051) log_request_info /opt/stack/keystone/keystone/server/flask/request_processing/req_logging.py:27}}
Jun 17 08:31:56.702939 dv-cinder-797608-33-iscsi devstack@keystone.service[87051]: DEBUG keystone.server.flask.request_processing.req_logging [None req-79f1bec2-41ce-45f5-9182-d41f0e1592d2 None None] SCRIPT_NAME: `/identity` {{(pid=87051) log_request_info /opt/stack/keystone/keystone/server/flask/request_processing/req_logging.py:28}}
Jun 17 08:31:56.702939 dv-cinder-797608-33-iscsi devstack@keystone.service[87051]: DEBUG keystone.server.flask.request_processing.req_logging [None req-79f1bec2-41ce-45f5-9182-d41f0e1592d2 None None] PATH_INFO: `/v3/auth/tokens` {{(pid=87051) log_request_info /opt/stack/keystone/keystone/server/flask/request_processing/req_logging.py:29}}
Jun 17 08:31:56.715612 dv-cinder-797608-33-iscsi devstack@keystone.service[87052]: DEBUG keystone.server.flask.request_processing.middleware.auth_context [None req-d9c22cab-23d8-4398-9b92-24c00a849e0f None None] Authenticating user token {{(pid=87052) process_request /usr/local/lib/python3.8/dist-packages/keystonemiddleware/auth_token/__init__.py:407}}
Jun 17 08:31:56.726894 dv-cinder-797608-33-iscsi devstack@keystone.service[87051]: DEBUG keystone.auth.core [None req-79f1bec2-41ce-45f5-9182-d41f0e1592d2 None None] MFA Rules not processed for user `1449ff4f407540dd843ab2db406229f6`. Rule list: `[]` (Enabled: `True`). {{(pid=87051) check_auth_methods_against_rules /opt/stack/keystone/keystone/auth/core.py:438}}
Jun 17 08:31:56.728694 dv-cinder-797608-33-iscsi devstack@keystone.service[87051]: DEBUG keystone.common.fernet_utils [None req-79f1bec2-41ce-45f5-9182-d41f0e1592d2 None None] Loaded 2 Fernet keys from /etc/keystone/fernet-keys/, but `[fernet_tokens] max_active_keys = 3`; perhaps there have not been enough key rotations to reach `max_active_keys` yet? {{(pid=87051) load_keys /opt/stack/keystone/keystone/common/fernet_utils.py:286}}
Jun 17 08:31:56.825243 dv-cinder-797608-33-iscsi devstack@keystone.service[87051]: [pid: 87051|app: 0|req: 23/43] 10.222.0.78 () {58 vars in 1023 bytes} [Fri Jun 17 08:31:56 2022] POST /identity/v3/auth/tokens => generated 799 bytes in 140 msecs (HTTP/1.1 201) 6 headers in 363 bytes (1 switches on core 0)
Jun 17 08:31:56.854737 dv-cinder-797608-33-iscsi devstack@keystone.service[87051]: DEBUG keystone.server.flask.request_processing.middleware.auth_context [None req-79f1bec2-41ce-45f5-9182-d41f0e1592d2 None None] Authenticating user token {{(pid=87051) process_request /usr/local/lib/python3.8/dist-packages/keystonemiddleware/auth_token/__init__.py:407}}
Jun 17 08:31:56.869387 dv-cinder-797608-33-iscsi devstack@keystone.service[87052]: DEBUG keystone.server.flask.request_processing.middleware.auth_context [None req-d9c22cab-23d8-4398-9b92-24c00a849e0f None None] Validating token access rules against request {{(pid=87052) validate_allowed_request /usr/local/lib/python3.8/dist-packages/keystonemiddleware/auth_token/__init__.py:545}}
Jun 17 08:31:56.910051 dv-cinder-797608-33-iscsi devstack@keystone.service[87052]: DEBUG keystone.server.flask.request_processing.middleware.auth_context [None req-f7c4f3a3-b4d7-4042-9e7c-4a75ee72b08b None admin] RBAC: auth_context: {'token': , 'domain_id': None, 'trust_id': None, 'trustor_id': None, 'trustee_id': None, 'domain_name': None, 'group_ids': [], 'user_id': '1449ff4f407540dd843ab2db406229f6', 'user_domain_id': 'default', 'system_scope': 'all', 'project_id': None, 'project_domain_id': None, 'roles': ['admin', 'member', 'reader'], 'is_admin_project': True, 'service_user_id': None, 'service_user_domain_id': None, 'service_project_id': None, 'service_project_domain_id': None, 'service_roles': []} {{(pid=87052) fill_context /opt/stack/keystone/keystone/server/flask/request_processing/middleware/auth_context.py:478}}
Jun 17 08:31:56.910245 dv-cinder-797608-33-iscsi devstack@keystone.service[87051]: DEBUG dbcounter [-] [87051] Writing DB stats keystone:SELECT=99,keystone:INSERT=1 {{(pid=87051) stat_writer /usr/local/lib/python3.8/dist-packages/dbcounter.py:114}}
Jun 17 08:31:56.910322 dv-cinder-797608-33-iscsi devstack@keystone.service[87052]: DEBUG keystone.server.flask.request_processing.req_logging [None req-f7c4f3a3-b4d7-4042-9e7c-4a75ee72b08b None admin] REQUEST_METHOD: `GET` {{(pid=87052) log_request_info /opt/stack/keystone/keystone/server/flask/request_processing/req_logging.py:27}}
Jun 17 08:31:56.910322 dv-cinder-797608-33-iscsi devstack@keystone.service[87052]: DEBUG keystone.server.flask.request_processing.req_logging [None req-f7c4f3a3-b4d7-4042-9e7c-4a75ee72b08b None admin] SCRIPT_NAME: `/identity` {{(pid=87052) log_request_info /opt/stack/keystone/keystone/server/flask/request_processing/req_logging.py:28}}
Jun 17 08:31:56.910322 dv-cinder-797608-33-iscsi devstack@keystone.service[87052]: DEBUG keystone.server.flask.request_processing.req_logging [None req-f7c4f3a3-b4d7-4042-9e7c-4a75ee72b08b None admin] PATH_INFO: `/v3/domains/default` {{(pid=87052) log_request_info /opt/stack/keystone/keystone/server/flask/request_processing/req_logging.py:29}}
Jun 17 08:31:56.910322 dv-cinder-797608-33-iscsi devstack@keystone.service[87052]: DEBUG keystone.common.rbac_enforcer.enforcer [None req-f7c4f3a3-b4d7-4042-9e7c-4a75ee72b08b None admin] RBAC: Authorizing `identity:get_domain(domain_id=default)` {{(pid=87052) enforce_call /opt/stack/keystone/keystone/common/rbac_enforcer/enforcer.py:449}}
Jun 17 08:31:56.911523 dv-cinder-797608-33-iscsi devstack@keystone.service[87052]: DEBUG keystone.common.rbac_enforcer.enforcer [None req-f7c4f3a3-b4d7-4042-9e7c-4a75ee72b08b None admin] RBAC: Authorization granted {{(pid=87052) enforce_call /opt/stack/keystone/keystone/common/rbac_enforcer/enforcer.py:457}}
Jun 17 08:31:56.913326 dv-cinder-797608-33-iscsi devstack@keystone.service[87052]: [pid: 87052|app: 0|req: 21/44] 10.222.0.78 () {56 vars in 1108 bytes} [Fri Jun 17 08:31:56 2022] GET /identity/v3/domains/default => generated 199 bytes in 198 msecs (HTTP/1.1 200) 5 headers in 177 bytes (2 switches on core 0)
Jun 17 08:31:56.919728 dv-cinder-797608-33-iscsi devstack@keystone.service[87052]: DEBUG keystone.server.flask.request_processing.middleware.auth_context [None req-f7c4f3a3-b4d7-4042-9e7c-4a75ee72b08b None admin] Authenticating user token {{(pid=87052) process_request /usr/local/lib/python3.8/dist-packages/keystonemiddleware/auth_token/__init__.py:407}}
Jun 17 08:31:56.980783 dv-cinder-797608-33-iscsi devstack@keystone.service[87051]: DEBUG keystone.server.flask.request_processing.middleware.auth_context [None req-79f1bec2-41ce-45f5-9182-d41f0e1592d2 None None] Validating token access rules against request {{(pid=87051) validate_allowed_request /usr/local/lib/python3.8/dist-packages/keystonemiddleware/auth_token/__init__.py:545}}
Jun 17 08:31:56.994759 dv-cinder-797608-33-iscsi devstack@keystone.service[87052]: DEBUG dbcounter [-] [87052] Writing DB stats keystone:SELECT=100 {{(pid=87052) stat_writer /usr/local/lib/python3.8/dist-packages/dbcounter.py:114}}
Jun 17 08:31:57.017754 dv-cinder-797608-33-iscsi devstack@keystone.service[87051]: DEBUG keystone.server.flask.request_processing.middleware.auth_context [None req-7a5f3b78-9ed3-49d6-8d50-41ca559a2aec None admin] RBAC: auth_context: {'token': , 'domain_id': None, 'trust_id': None, 'trustor_id': None, 'trustee_id': None, 'domain_name': None, 'group_ids': [], 'user_id': '1449ff4f407540dd843ab2db406229f6', 'user_domain_id': 'default', 'system_scope': 'all', 'project_id': None, 'project_domain_id': None, 'roles': ['admin', 'member', 'reader'], 'is_admin_project': True, 'service_user_id': None, 'service_user_domain_id': None, 'service_project_id': None, 'service_project_domain_id': None, 'service_roles': []} {{(pid=87051) fill_context /opt/stack/keystone/keystone/server/flask/request_processing/middleware/auth_context.py:478}}
Jun 17 08:31:57.018426 dv-cinder-797608-33-iscsi devstack@keystone.service[87051]: DEBUG keystone.server.flask.request_processing.req_logging [None req-7a5f3b78-9ed3-49d6-8d50-41ca559a2aec None admin] REQUEST_METHOD: `POST` {{(pid=87051) log_request_info /opt/stack/keystone/keystone/server/flask/request_processing/req_logging.py:27}}
Jun 17 08:31:57.018711 dv-cinder-797608-33-iscsi devstack@keystone.service[87051]: DEBUG keystone.server.flask.request_processing.req_logging [None req-7a5f3b78-9ed3-49d6-8d50-41ca559a2aec None admin] SCRIPT_NAME: `/identity` {{(pid=87051) log_request_info /opt/stack/keystone/keystone/server/flask/request_processing/req_logging.py:28}}
Jun 17 08:31:57.018992 dv-cinder-797608-33-iscsi devstack@keystone.service[87051]: DEBUG keystone.server.flask.request_processing.req_logging [None req-7a5f3b78-9ed3-49d6-8d50-41ca559a2aec None admin] PATH_INFO: `/v3/roles` {{(pid=87051) log_request_info /opt/stack/keystone/keystone/server/flask/request_processing/req_logging.py:29}}
Jun 17 08:31:57.019814 dv-cinder-797608-33-iscsi devstack@keystone.service[87051]: DEBUG keystone.common.rbac_enforcer.enforcer [None req-7a5f3b78-9ed3-49d6-8d50-41ca559a2aec None admin] RBAC: Authorizing `identity:create_role()` {{(pid=87051) enforce_call /opt/stack/keystone/keystone/common/rbac_enforcer/enforcer.py:449}}
Jun 17 08:31:57.021490 dv-cinder-797608-33-iscsi devstack@keystone.service[87051]: DEBUG keystone.common.rbac_enforcer.enforcer [None req-7a5f3b78-9ed3-49d6-8d50-41ca559a2aec None admin] RBAC: Authorization granted {{(pid=87051) enforce_call /opt/stack/keystone/keystone/common/rbac_enforcer/enforcer.py:457}}
Jun 17 08:31:57.032329 dv-cinder-797608-33-iscsi devstack@keystone.service[87052]: DEBUG keystone.server.flask.request_processing.middleware.auth_context [None req-f7c4f3a3-b4d7-4042-9e7c-4a75ee72b08b None admin] Validating token access rules against request {{(pid=87052) validate_allowed_request /usr/local/lib/python3.8/dist-packages/keystonemiddleware/auth_token/__init__.py:545}}
Jun 17 08:31:57.067855 dv-cinder-797608-33-iscsi devstack@keystone.service[87052]: DEBUG keystone.server.flask.request_processing.middleware.auth_context [None req-4c7ae45d-989b-4b89-8d12-8b21b6da736f None admin] RBAC: auth_context: {'token': , 'domain_id': None, 'trust_id': None, 'trustor_id': None, 'trustee_id': None, 'domain_name': None, 'group_ids': [], 'user_id': '1449ff4f407540dd843ab2db406229f6', 'user_domain_id': 'default', 'system_scope': 'all', 'project_id': None, 'project_domain_id': None, 'roles': ['admin', 'member', 'reader'], 'is_admin_project': True, 'service_user_id': None, 'service_user_domain_id': None, 'service_project_id': None, 'service_project_domain_id': None, 'service_roles': []} {{(pid=87052) fill_context /opt/stack/keystone/keystone/server/flask/request_processing/middleware/auth_context.py:478}}
Jun 17 08:31:57.068520 dv-cinder-797608-33-iscsi devstack@keystone.service[87052]: DEBUG keystone.server.flask.request_processing.req_logging [None req-4c7ae45d-989b-4b89-8d12-8b21b6da736f None admin] REQUEST_METHOD: `POST` {{(pid=87052) log_request_info /opt/stack/keystone/keystone/server/flask/request_processing/req_logging.py:27}}
Jun 17 08:31:57.068817 dv-cinder-797608-33-iscsi devstack@keystone.service[87052]: DEBUG keystone.server.flask.request_processing.req_logging [None req-4c7ae45d-989b-4b89-8d12-8b21b6da736f None admin] SCRIPT_NAME: `/identity` {{(pid=87052) log_request_info /opt/stack/keystone/keystone/server/flask/request_processing/req_logging.py:28}}
Jun 17 08:31:57.069092 dv-cinder-797608-33-iscsi devstack@keystone.service[87052]: DEBUG keystone.server.flask.request_processing.req_logging [None req-4c7ae45d-989b-4b89-8d12-8b21b6da736f None admin] PATH_INFO: `/v3/projects` {{(pid=87052) log_request_info /opt/stack/keystone/keystone/server/flask/request_processing/req_logging.py:29}}
Jun 17 08:31:57.069807 dv-cinder-797608-33-iscsi devstack@keystone.service[87052]: DEBUG keystone.common.rbac_enforcer.enforcer [None req-4c7ae45d-989b-4b89-8d12-8b21b6da736f None admin] RBAC: Authorizing `identity:create_project()` {{(pid=87052) enforce_call /opt/stack/keystone/keystone/common/rbac_enforcer/enforcer.py:449}}
Jun 17 08:31:57.071248 dv-cinder-797608-33-iscsi devstack@keystone.service[87052]: DEBUG keystone.common.rbac_enforcer.enforcer [None req-4c7ae45d-989b-4b89-8d12-8b21b6da736f None admin] RBAC: Authorization granted {{(pid=87052) enforce_call /opt/stack/keystone/keystone/common/rbac_enforcer/enforcer.py:457}}
Jun 17 08:31:57.127770 dv-cinder-797608-33-iscsi devstack@keystone.service[87051]: [pid: 87051|app: 0|req: 24/45] 10.222.0.78 () {60 vars in 1131 bytes} [Fri Jun 17 08:31:56 2022] POST /identity/v3/roles => generated 223 bytes in 274 msecs (HTTP/1.1 201) 5 headers in 182 bytes (2 switches on core 0)
Jun 17 08:31:57.163382 dv-cinder-797608-33-iscsi devstack@keystone.service[87052]: [pid: 87052|app: 0|req: 22/46] 10.222.0.78 () {60 vars in 1141 bytes} [Fri Jun 17 08:31:56 2022] POST /identity/v3/projects => generated 312 bytes in 236 msecs (HTTP/1.1 201) 5 headers in 182 bytes (2 switches on core 0)
Jun 17 08:31:58.756372 dv-cinder-797608-33-iscsi devstack@keystone.service[87051]: DEBUG keystone.server.flask.request_processing.req_logging [None req-a5bc3de0-6dda-47ee-a9e4-4000f0e1e875 None None] REQUEST_METHOD: `GET` {{(pid=87051) log_request_info /opt/stack/keystone/keystone/server/flask/request_processing/req_logging.py:27}}
Jun 17 08:31:58.757049 dv-cinder-797608-33-iscsi devstack@keystone.service[87051]: DEBUG keystone.server.flask.request_processing.req_logging [None req-a5bc3de0-6dda-47ee-a9e4-4000f0e1e875 None None] SCRIPT_NAME: `/identity` {{(pid=87051) log_request_info /opt/stack/keystone/keystone/server/flask/request_processing/req_logging.py:28}}
Jun 17 08:31:58.757344 dv-cinder-797608-33-iscsi devstack@keystone.service[87051]: DEBUG keystone.server.flask.request_processing.req_logging [None req-a5bc3de0-6dda-47ee-a9e4-4000f0e1e875 None None] PATH_INFO: `/` {{(pid=87051) log_request_info /opt/stack/keystone/keystone/server/flask/request_processing/req_logging.py:29}}
Jun 17 08:31:58.758721 dv-cinder-797608-33-iscsi devstack@keystone.service[87051]: [pid: 87051|app: 0|req: 25/47] 10.222.0.78 () {54 vars in 926 bytes} [Fri Jun 17 08:31:58 2022] GET /identity => generated 270 bytes in 4 msecs (HTTP/1.1 300) 6 headers in 234 bytes (1 switches on core 0)
Jun 17 08:31:58.763917 dv-cinder-797608-33-iscsi devstack@keystone.service[87052]: DEBUG keystone.server.flask.request_processing.req_logging [None req-b69ca84f-7c15-49dd-902e-181001e74915 None None] REQUEST_METHOD: `POST` {{(pid=87052) log_request_info /opt/stack/keystone/keystone/server/flask/request_processing/req_logging.py:27}}
Jun 17 08:31:58.764353 dv-cinder-797608-33-iscsi devstack@keystone.service[87052]: DEBUG keystone.server.flask.request_processing.req_logging [None req-b69ca84f-7c15-49dd-902e-181001e74915 None None] SCRIPT_NAME: `/identity` {{(pid=87052) log_request_info /opt/stack/keystone/keystone/server/flask/request_processing/req_logging.py:28}}
Jun 17 08:31:58.764614 dv-cinder-797608-33-iscsi devstack@keystone.service[87052]: DEBUG keystone.server.flask.request_processing.req_logging [None req-b69ca84f-7c15-49dd-902e-181001e74915 None None] PATH_INFO: `/v3/auth/tokens` {{(pid=87052) log_request_info /opt/stack/keystone/keystone/server/flask/request_processing/req_logging.py:29}}
Jun 17 08:31:58.781228 dv-cinder-797608-33-iscsi devstack@keystone.service[87052]: DEBUG keystone.auth.core [None req-b69ca84f-7c15-49dd-902e-181001e74915 None None] MFA Rules not processed for user `1449ff4f407540dd843ab2db406229f6`. Rule list: `[]` (Enabled: `True`). {{(pid=87052) check_auth_methods_against_rules /opt/stack/keystone/keystone/auth/core.py:438}}
Jun 17 08:31:58.782473 dv-cinder-797608-33-iscsi devstack@keystone.service[87052]: DEBUG keystone.common.fernet_utils [None req-b69ca84f-7c15-49dd-902e-181001e74915 None None] Loaded 2 Fernet keys from /etc/keystone/fernet-keys/, but `[fernet_tokens] max_active_keys = 3`; perhaps there have not been enough key rotations to reach `max_active_keys` yet? {{(pid=87052) load_keys /opt/stack/keystone/keystone/common/fernet_utils.py:286}}
Jun 17 08:31:58.850821 dv-cinder-797608-33-iscsi devstack@keystone.service[87052]: [pid: 87052|app: 0|req: 23/48] 10.222.0.78 () {58 vars in 1023 bytes} [Fri Jun 17 08:31:58 2022] POST /identity/v3/auth/tokens => generated 799 bytes in 88 msecs (HTTP/1.1 201) 6 headers in 363 bytes (1 switches on core 0)
Jun 17 08:31:58.873428 dv-cinder-797608-33-iscsi devstack@keystone.service[87051]: DEBUG keystone.server.flask.request_processing.middleware.auth_context [None req-a5bc3de0-6dda-47ee-a9e4-4000f0e1e875 None None] Authenticating user token {{(pid=87051) process_request /usr/local/lib/python3.8/dist-packages/keystonemiddleware/auth_token/__init__.py:407}}
Jun 17 08:31:58.974110 dv-cinder-797608-33-iscsi devstack@keystone.service[87051]: DEBUG keystone.server.flask.request_processing.middleware.auth_context [None req-a5bc3de0-6dda-47ee-a9e4-4000f0e1e875 None None] Validating token access rules against request {{(pid=87051) validate_allowed_request /usr/local/lib/python3.8/dist-packages/keystonemiddleware/auth_token/__init__.py:545}}
Jun 17 08:31:58.976654 dv-cinder-797608-33-iscsi devstack@keystone.service[87051]: DEBUG dbcounter [-] [87051] Writing DB stats keystone:SELECT=99,keystone:INSERT=1 {{(pid=87051) stat_writer /usr/local/lib/python3.8/dist-packages/dbcounter.py:114}}
Jun 17 08:31:59.008476 dv-cinder-797608-33-iscsi devstack@keystone.service[87051]: DEBUG keystone.server.flask.request_processing.middleware.auth_context [None req-4bfe1abb-774b-4cff-bb7a-af747bb4c29f None admin] RBAC: auth_context: {'token': , 'domain_id': None, 'trust_id': None, 'trustor_id': None, 'trustee_id': None, 'domain_name': None, 'group_ids': [], 'user_id': '1449ff4f407540dd843ab2db406229f6', 'user_domain_id': 'default', 'system_scope': 'all', 'project_id': None, 'project_domain_id': None, 'roles': ['admin', 'member', 'reader'], 'is_admin_project': True, 'service_user_id': None, 'service_user_domain_id': None, 'service_project_id': None, 'service_project_domain_id': None, 'service_roles': []} {{(pid=87051) fill_context /opt/stack/keystone/keystone/server/flask/request_processing/middleware/auth_context.py:478}}
Jun 17 08:31:59.009188 dv-cinder-797608-33-iscsi devstack@keystone.service[87051]: DEBUG keystone.server.flask.request_processing.req_logging [None req-4bfe1abb-774b-4cff-bb7a-af747bb4c29f None admin] REQUEST_METHOD: `GET` {{(pid=87051) log_request_info /opt/stack/keystone/keystone/server/flask/request_processing/req_logging.py:27}}
Jun 17 08:31:59.009475 dv-cinder-797608-33-iscsi devstack@keystone.service[87051]: DEBUG keystone.server.flask.request_processing.req_logging [None req-4bfe1abb-774b-4cff-bb7a-af747bb4c29f None admin] SCRIPT_NAME: `/identity` {{(pid=87051) log_request_info /opt/stack/keystone/keystone/server/flask/request_processing/req_logging.py:28}}
Jun 17 08:31:59.009756 dv-cinder-797608-33-iscsi devstack@keystone.service[87051]: DEBUG keystone.server.flask.request_processing.req_logging [None req-4bfe1abb-774b-4cff-bb7a-af747bb4c29f None admin] PATH_INFO: `/v3/roles/admin` {{(pid=87051) log_request_info /opt/stack/keystone/keystone/server/flask/request_processing/req_logging.py:29}}
Jun 17 08:31:59.020757 dv-cinder-797608-33-iscsi devstack@keystone.service[87051]: DEBUG keystone.common.rbac_enforcer.enforcer [None req-4bfe1abb-774b-4cff-bb7a-af747bb4c29f None admin] Extracting inferred target data resulted in "NOT FOUND (404)". {{(pid=87051) enforce_call /opt/stack/keystone/keystone/common/rbac_enforcer/enforcer.py:409}}
Jun 17 08:31:59.028723 dv-cinder-797608-33-iscsi devstack@keystone.service[87051]: ERROR keystone.server.flask.application [None req-4bfe1abb-774b-4cff-bb7a-af747bb4c29f None admin] Could not find role: admin.: keystone.exception.RoleNotFound: Could not find role: admin.
Jun 17 08:31:59.028723 dv-cinder-797608-33-iscsi devstack@keystone.service[87051]: ERROR keystone.server.flask.application
Traceback (most recent call last):
Jun 17 08:31:59.028723 dv-cinder-797608-33-iscsi devstack@keystone.service[87051]: ERROR keystone.server.flask.application
File "/usr/local/lib/python3.8/dist-packages/flask/app.py", line 1523, in full_dispatch_request
Jun 17 08:31:59.028723 dv-cinder-797608-33-iscsi devstack@keystone.service[87051]: ERROR keystone.server.flask.application rv = self.dispatch_request()
Jun 17 08:31:59.028723 dv-cinder-797608-33-iscsi devstack@keystone.service[87051]: ERROR keystone.server.flask.application
File "/usr/local/lib/python3.8/dist-packages/flask/app.py", line 1509, in dispatch_request
Jun 17 08:31:59.028723 dv-cinder-797608-33-iscsi devstack@keystone.service[87051]: ERROR keystone.server.flask.application return self.ensure_sync(self.view_functions[rule.endpoint])(**req.view_args)
Jun 17 08:31:59.028723 dv-cinder-797608-33-iscsi devstack@keystone.service[87051]: ERROR keystone.server.flask.application
File "/usr/local/lib/python3.8/dist-packages/flask_restful/__init__.py", line 467, in wrapper
Jun 17 08:31:59.028723 dv-cinder-797608-33-iscsi devstack@keystone.service[87051]: ERROR keystone.server.flask.application resp = resource(*args, **kwargs)
Jun 17 08:31:59.028723 dv-cinder-797608-33-iscsi devstack@keystone.service[87051]: ERROR keystone.server.flask.application
File "/usr/local/lib/python3.8/dist-packages/flask/views.py", line 84, in view
Jun 17 08:31:59.028723 dv-cinder-797608-33-iscsi devstack@keystone.service[87051]: ERROR keystone.server.flask.application return current_app.ensure_sync(self.dispatch_request)(*args, **kwargs)
Jun 17 08:31:59.028723 dv-cinder-797608-33-iscsi devstack@keystone.service[87051]: ERROR keystone.server.flask.application
File "/usr/local/lib/python3.8/dist-packages/flask_restful/__init__.py", line 582, in dispatch_request
Jun 17 08:31:59.028723 dv-cinder-797608-33-iscsi devstack@keystone.service[87051]: ERROR keystone.server.flask.application resp = meth(*args, **kwargs)
Jun 17 08:31:59.028723 dv-cinder-797608-33-iscsi devstack@keystone.service[87051]: ERROR keystone.server.flask.application
File "/opt/stack/keystone/keystone/api/roles.py", line 50, in get
Jun 17 08:31:59.028723 dv-cinder-797608-33-iscsi devstack@keystone.service[87051]: ERROR keystone.server.flask.application return self._get_role(role_id)
Jun 17 08:31:59.028723 dv-cinder-797608-33-iscsi devstack@keystone.service[87051]: ERROR keystone.server.flask.application
File "/opt/stack/keystone/keystone/api/roles.py", line 70, in _get_role
Jun 17 08:31:59.028723 dv-cinder-797608-33-iscsi devstack@keystone.service[87051]: ERROR keystone.server.flask.application ENFORCER.enforce_call(action='identity:get_role')
Jun 17 08:31:59.029635 dv-cinder-797608-33-iscsi devstack@keystone.service[87051]: ERROR keystone.server.flask.application
File "/opt/stack/keystone/keystone/common/rbac_enforcer/enforcer.py", line 402, in enforce_call
Jun 17 08:31:59.029635 dv-cinder-797608-33-iscsi devstack@keystone.service[87051]: ERROR keystone.server.flask.application policy_dict.update(cls._extract_member_target_data(
Jun 17 08:31:59.029635 dv-cinder-797608-33-iscsi devstack@keystone.service[87051]: ERROR keystone.server.flask.application
File "/opt/stack/keystone/keystone/common/rbac_enforcer/enforcer.py", line 234, in _extract_member_target_data
Jun 17 08:31:59.029635 dv-cinder-797608-33-iscsi devstack@keystone.service[87051]: ERROR keystone.server.flask.application member_name: func(flask.request.view_args[key])
Jun 17 08:31:59.029635 dv-cinder-797608-33-iscsi devstack@keystone.service[87051]: ERROR keystone.server.flask.application
File "/opt/stack/keystone/keystone/common/manager.py", line 115, in wrapped
Jun 17 08:31:59.029635 dv-cinder-797608-33-iscsi devstack@keystone.service[87051]: ERROR keystone.server.flask.application __ret_val = __f(*args, **kwargs)
Jun 17 08:31:59.029635 dv-cinder-797608-33-iscsi devstack@keystone.service[87051]: ERROR keystone.server.flask.application
File "/usr/local/lib/python3.8/dist-packages/decorator.py", line 232, in fun
Jun 17 08:31:59.029635 dv-cinder-797608-33-iscsi devstack@keystone.service[87051]: ERROR keystone.server.flask.application return caller(func, *(extras + args), **kw)
Jun 17 08:31:59.029635 dv-cinder-797608-33-iscsi devstack@keystone.service[87051]: ERROR keystone.server.flask.application
File "/usr/local/lib/python3.8/dist-packages/dogpile/cache/region.py", line 1577, in get_or_create_for_user_func
Jun 17 08:31:59.029635 dv-cinder-797608-33-iscsi devstack@keystone.service[87051]: ERROR keystone.server.flask.application return self.get_or_create(
Jun 17 08:31:59.029635 dv-cinder-797608-33-iscsi devstack@keystone.service[87051]: ERROR keystone.server.flask.application
File "/usr/local/lib/python3.8/dist-packages/dogpile/cache/region.py", line 1042, in get_or_create
Jun 17 08:31:59.029635 dv-cinder-797608-33-iscsi devstack@keystone.service[87051]: ERROR keystone.server.flask.application with Lock(
Jun 17 08:31:59.029635 dv-cinder-797608-33-iscsi devstack@keystone.service[87051]: ERROR keystone.server.flask.application
File "/usr/local/lib/python3.8/dist-packages/dogpile/lock.py", line 185, in __enter__
Jun 17 08:31:59.029635 dv-cinder-797608-33-iscsi devstack@keystone.service[87051]: ERROR keystone.server.flask.application return self._enter()
Jun 17 08:31:59.029635 dv-cinder-797608-33-iscsi devstack@keystone.service[87051]: ERROR keystone.server.flask.application
File "/usr/local/lib/python3.8/dist-packages/dogpile/lock.py", line 94, in _enter
Jun 17 08:31:59.029635 dv-cinder-797608-33-iscsi devstack@keystone.service[87051]: ERROR keystone.server.flask.application generated = self._enter_create(value, createdtime)
Jun 17 08:31:59.030422 dv-cinder-797608-33-iscsi devstack@keystone.service[87051]: ERROR keystone.server.flask.application
File "/usr/local/lib/python3.8/dist-packages/dogpile/lock.py", line 178, in _enter_create
Jun 17 08:31:59.030422 dv-cinder-797608-33-iscsi devstack@keystone.service[87051]: ERROR keystone.server.flask.application return self.creator()
Jun 17 08:31:59.030422 dv-cinder-797608-33-iscsi devstack@keystone.service[87051]: ERROR keystone.server.flask.application
File "/usr/local/lib/python3.8/dist-packages/dogpile/cache/region.py", line 995, in gen_value
Jun 17 08:31:59.030422 dv-cinder-797608-33-iscsi devstack@keystone.service[87051]: ERROR keystone.server.flask.application created_value = creator(
Jun 17 08:31:59.030422 dv-cinder-797608-33-iscsi devstack@keystone.service[87051]: ERROR keystone.server.flask.application
File "/opt/stack/keystone/keystone/assignment/core.py", line 1276, in get_role
Jun 17 08:31:59.030422 dv-cinder-797608-33-iscsi devstack@keystone.service[87051]: ERROR keystone.server.flask.application return self.driver.get_role(role_id)
Jun 17 08:31:59.030422 dv-cinder-797608-33-iscsi devstack@keystone.service[87051]: ERROR keystone.server.flask.application
File "/opt/stack/keystone/keystone/assignment/role_backends/sql.py", line 70, in get_role
Jun 17 08:31:59.030422 dv-cinder-797608-33-iscsi devstack@keystone.service[87051]: ERROR keystone.server.flask.application return self._get_role(session, role_id).to_dict()
Jun 17 08:31:59.030422 dv-cinder-797608-33-iscsi devstack@keystone.service[87051]: ERROR keystone.server.flask.application
File "/opt/stack/keystone/keystone/assignment/role_backends/sql.py", line 65, in _get_role
Jun 17 08:31:59.030422 dv-cinder-797608-33-iscsi devstack@keystone.service[87051]: ERROR keystone.server.flask.application raise exception.RoleNotFound(role_id=role_id)
Jun 17 08:31:59.030422 dv-cinder-797608-33-iscsi devstack@keystone.service[87051]: ERROR keystone.server.flask.application keystone.exception.RoleNotFound: Could not find role: admin.
Jun 17 08:31:59.030422 dv-cinder-797608-33-iscsi devstack@keystone.service[87051]: ERROR keystone.server.flask.application
Jun 17 08:31:59.030422 dv-cinder-797608-33-iscsi devstack@keystone.service[87051]: [pid: 87051|app: 0|req: 26/49] 10.222.0.78 () {56 vars in 1096 bytes} [Fri Jun 17 08:31:58 2022] GET /identity/v3/roles/admin => generated 83 bytes in 157 msecs (HTTP/1.1 404) 5 headers in 183 bytes (1 switches on core 0)
Jun 17 08:31:59.035917 dv-cinder-797608-33-iscsi devstack@keystone.service[87052]: DEBUG keystone.server.flask.request_processing.middleware.auth_context [None req-b69ca84f-7c15-49dd-902e-181001e74915 None None] Authenticating user token {{(pid=87052) process_request /usr/local/lib/python3.8/dist-packages/keystonemiddleware/auth_token/__init__.py:407}}
Jun 17 08:31:59.086301 dv-cinder-797608-33-iscsi devstack@keystone.service[87052]: DEBUG dbcounter [-] [87052] Writing DB stats keystone:SELECT=99,keystone:INSERT=1 {{(pid=87052) stat_writer /usr/local/lib/python3.8/dist-packages/dbcounter.py:114}}
Jun 17 08:31:59.137071 dv-cinder-797608-33-iscsi devstack@keystone.service[87052]: DEBUG keystone.server.flask.request_processing.middleware.auth_context [None req-b69ca84f-7c15-49dd-902e-181001e74915 None None] Validating token access rules against request {{(pid=87052) validate_allowed_request /usr/local/lib/python3.8/dist-packages/keystonemiddleware/auth_token/__init__.py:545}}
Jun 17 08:31:59.174024 dv-cinder-797608-33-iscsi devstack@keystone.service[87052]: DEBUG keystone.server.flask.request_processing.middleware.auth_context [None req-984ece05-332c-469f-8f3f-2d22ace38f26 None admin] RBAC: auth_context: {'token': , 'domain_id': None, 'trust_id': None, 'trustor_id': None, 'trustee_id': None, 'domain_name': None, 'group_ids': [], 'user_id': '1449ff4f407540dd843ab2db406229f6', 'user_domain_id': 'default', 'system_scope': 'all', 'project_id': None, 'project_domain_id': None, 'roles': ['admin', 'member', 'reader'], 'is_admin_project': True, 'service_user_id': None, 'service_user_domain_id': None, 'service_project_id': None, 'service_project_domain_id': None, 'service_roles': []} {{(pid=87052) fill_context /opt/stack/keystone/keystone/server/flask/request_processing/middleware/auth_context.py:478}}
Jun 17 08:31:59.174695 dv-cinder-797608-33-iscsi devstack@keystone.service[87052]: DEBUG keystone.server.flask.request_processing.req_logging [None req-984ece05-332c-469f-8f3f-2d22ace38f26 None admin] REQUEST_METHOD: `GET` {{(pid=87052) log_request_info /opt/stack/keystone/keystone/server/flask/request_processing/req_logging.py:27}}
Jun 17 08:31:59.174999 dv-cinder-797608-33-iscsi devstack@keystone.service[87052]: DEBUG keystone.server.flask.request_processing.req_logging [None req-984ece05-332c-469f-8f3f-2d22ace38f26 None admin] SCRIPT_NAME: `/identity` {{(pid=87052) log_request_info /opt/stack/keystone/keystone/server/flask/request_processing/req_logging.py:28}}
Jun 17 08:31:59.175278 dv-cinder-797608-33-iscsi devstack@keystone.service[87052]: DEBUG keystone.server.flask.request_processing.req_logging [None req-984ece05-332c-469f-8f3f-2d22ace38f26 None admin] PATH_INFO: `/v3/roles` {{(pid=87052) log_request_info /opt/stack/keystone/keystone/server/flask/request_processing/req_logging.py:29}}
Jun 17 08:31:59.176051 dv-cinder-797608-33-iscsi devstack@keystone.service[87052]: DEBUG keystone.common.rbac_enforcer.enforcer [None req-984ece05-332c-469f-8f3f-2d22ace38f26 None admin] RBAC: Adding query filter params (name=admin) {{(pid=87052) _extract_filter_values /opt/stack/keystone/keystone/common/rbac_enforcer/enforcer.py:167}}
Jun 17 08:31:59.176362 dv-cinder-797608-33-iscsi devstack@keystone.service[87052]: DEBUG keystone.common.rbac_enforcer.enforcer [None req-984ece05-332c-469f-8f3f-2d22ace38f26 None admin] RBAC: Authorizing `identity:list_roles()` {{(pid=87052) enforce_call /opt/stack/keystone/keystone/common/rbac_enforcer/enforcer.py:449}}
Jun 17 08:31:59.177791 dv-cinder-797608-33-iscsi devstack@keystone.service[87052]: DEBUG keystone.common.rbac_enforcer.enforcer [None req-984ece05-332c-469f-8f3f-2d22ace38f26 None admin] RBAC: Authorization granted {{(pid=87052) enforce_call /opt/stack/keystone/keystone/common/rbac_enforcer/enforcer.py:457}}
Jun 17 08:31:59.189528 dv-cinder-797608-33-iscsi devstack@keystone.service[87052]: [pid: 87052|app: 0|req: 24/50] 10.222.0.78 () {56 vars in 1099 bytes} [Fri Jun 17 08:31:59 2022] GET /identity/v3/roles?name=admin => generated 339 bytes in 154 msecs (HTTP/1.1 200) 5 headers in 177 bytes (1 switches on core 0)
Jun 17 08:31:59.195048 dv-cinder-797608-33-iscsi devstack@keystone.service[87051]: DEBUG keystone.server.flask.request_processing.middleware.auth_context [None req-4bfe1abb-774b-4cff-bb7a-af747bb4c29f None admin] Authenticating user token {{(pid=87051) process_request /usr/local/lib/python3.8/dist-packages/keystonemiddleware/auth_token/__init__.py:407}}
Jun 17 08:31:59.292279 dv-cinder-797608-33-iscsi devstack@keystone.service[87052]: DEBUG keystone.server.flask.request_processing.req_logging [None req-ed69f9c0-acef-4bf9-8101-df96ef8f793c None None] REQUEST_METHOD: `GET` {{(pid=87052) log_request_info /opt/stack/keystone/keystone/server/flask/request_processing/req_logging.py:27}}
Jun 17 08:31:59.292473 dv-cinder-797608-33-iscsi devstack@keystone.service[87052]: DEBUG keystone.server.flask.request_processing.req_logging [None req-ed69f9c0-acef-4bf9-8101-df96ef8f793c None None] SCRIPT_NAME: `/identity` {{(pid=87052) log_request_info /opt/stack/keystone/keystone/server/flask/request_processing/req_logging.py:28}}
Jun 17 08:31:59.292743 dv-cinder-797608-33-iscsi devstack@keystone.service[87052]: DEBUG keystone.server.flask.request_processing.req_logging [None req-ed69f9c0-acef-4bf9-8101-df96ef8f793c None None] PATH_INFO: `/` {{(pid=87052) log_request_info /opt/stack/keystone/keystone/server/flask/request_processing/req_logging.py:29}}
Jun 17 08:31:59.294112 dv-cinder-797608-33-iscsi devstack@keystone.service[87052]: [pid: 87052|app: 0|req: 25/51] 10.222.0.78 () {54 vars in 926 bytes} [Fri Jun 17 08:31:59 2022] GET /identity => generated 270 bytes in 3 msecs (HTTP/1.1 300) 6 headers in 234 bytes (1 switches on core 0)
Jun 17 08:31:59.299594 dv-cinder-797608-33-iscsi devstack@keystone.service[87052]: DEBUG keystone.server.flask.request_processing.req_logging [None req-f38cfa50-4ea1-4c5a-9076-3fb31b9de5e4 None None] REQUEST_METHOD: `POST` {{(pid=87052) log_request_info /opt/stack/keystone/keystone/server/flask/request_processing/req_logging.py:27}}
Jun 17 08:31:59.299882 dv-cinder-797608-33-iscsi devstack@keystone.service[87052]: DEBUG keystone.server.flask.request_processing.req_logging [None req-f38cfa50-4ea1-4c5a-9076-3fb31b9de5e4 None None] SCRIPT_NAME: `/identity` {{(pid=87052) log_request_info /opt/stack/keystone/keystone/server/flask/request_processing/req_logging.py:28}}
Jun 17 08:31:59.300158 dv-cinder-797608-33-iscsi devstack@keystone.service[87052]: DEBUG keystone.server.flask.request_processing.req_logging [None req-f38cfa50-4ea1-4c5a-9076-3fb31b9de5e4 None None] PATH_INFO: `/v3/auth/tokens` {{(pid=87052) log_request_info /opt/stack/keystone/keystone/server/flask/request_processing/req_logging.py:29}}
Jun 17 08:31:59.302085 dv-cinder-797608-33-iscsi devstack@keystone.service[87051]: DEBUG keystone.server.flask.request_processing.middleware.auth_context [None req-4bfe1abb-774b-4cff-bb7a-af747bb4c29f None admin] Validating token access rules against request {{(pid=87051) validate_allowed_request /usr/local/lib/python3.8/dist-packages/keystonemiddleware/auth_token/__init__.py:545}}
Jun 17 08:31:59.316835 dv-cinder-797608-33-iscsi devstack@keystone.service[87052]: DEBUG keystone.auth.core [None req-f38cfa50-4ea1-4c5a-9076-3fb31b9de5e4 None None] MFA Rules not processed for user `1449ff4f407540dd843ab2db406229f6`. Rule list: `[]` (Enabled: `True`). {{(pid=87052) check_auth_methods_against_rules /opt/stack/keystone/keystone/auth/core.py:438}}
Jun 17 08:31:59.318018 dv-cinder-797608-33-iscsi devstack@keystone.service[87052]: DEBUG keystone.common.fernet_utils [None req-f38cfa50-4ea1-4c5a-9076-3fb31b9de5e4 None None] Loaded 2 Fernet keys from /etc/keystone/fernet-keys/, but `[fernet_tokens] max_active_keys = 3`; perhaps there have not been enough key rotations to reach `max_active_keys` yet? {{(pid=87052) load_keys /opt/stack/keystone/keystone/common/fernet_utils.py:286}}
Jun 17 08:31:59.337295 dv-cinder-797608-33-iscsi devstack@keystone.service[87051]: DEBUG keystone.server.flask.request_processing.middleware.auth_context [None req-13e6c11f-cb72-40f7-a3c5-a63b45d25f48 None admin] RBAC: auth_context: {'token': , 'domain_id': None, 'trust_id': None, 'trustor_id': None, 'trustee_id': None, 'domain_name': None, 'group_ids': [], 'user_id': '1449ff4f407540dd843ab2db406229f6', 'user_domain_id': 'default', 'system_scope': 'all', 'project_id': None, 'project_domain_id': None, 'roles': ['admin', 'member', 'reader'], 'is_admin_project': True, 'service_user_id': None, 'service_user_domain_id': None, 'service_project_id': None, 'service_project_domain_id': None, 'service_roles': []} {{(pid=87051) fill_context /opt/stack/keystone/keystone/server/flask/request_processing/middleware/auth_context.py:478}}
Jun 17 08:31:59.338172 dv-cinder-797608-33-iscsi devstack@keystone.service[87051]: DEBUG keystone.server.flask.request_processing.req_logging [None req-13e6c11f-cb72-40f7-a3c5-a63b45d25f48 None admin] REQUEST_METHOD: `GET` {{(pid=87051) log_request_info /opt/stack/keystone/keystone/server/flask/request_processing/req_logging.py:27}}
Jun 17 08:31:59.338458 dv-cinder-797608-33-iscsi devstack@keystone.service[87051]: DEBUG keystone.server.flask.request_processing.req_logging [None req-13e6c11f-cb72-40f7-a3c5-a63b45d25f48 None admin] SCRIPT_NAME: `/identity` {{(pid=87051) log_request_info /opt/stack/keystone/keystone/server/flask/request_processing/req_logging.py:28}}
Jun 17 08:31:59.338738 dv-cinder-797608-33-iscsi devstack@keystone.service[87051]: DEBUG keystone.server.flask.request_processing.req_logging [None req-13e6c11f-cb72-40f7-a3c5-a63b45d25f48 None admin] PATH_INFO: `/v3/users/1449ff4f407540dd843ab2db406229f6` {{(pid=87051) log_request_info /opt/stack/keystone/keystone/server/flask/request_processing/req_logging.py:29}}
Jun 17 08:31:59.339952 dv-cinder-797608-33-iscsi devstack@keystone.service[87051]: DEBUG keystone.common.rbac_enforcer.enforcer [None req-13e6c11f-cb72-40f7-a3c5-a63b45d25f48 None admin] RBAC: Authorizing `identity:get_user(user_id=1449ff4f407540dd843ab2db406229f6)` {{(pid=87051) enforce_call /opt/stack/keystone/keystone/common/rbac_enforcer/enforcer.py:449}}
Jun 17 08:31:59.341412 dv-cinder-797608-33-iscsi devstack@keystone.service[87051]: DEBUG keystone.common.rbac_enforcer.enforcer [None req-13e6c11f-cb72-40f7-a3c5-a63b45d25f48 None admin] RBAC: Authorization granted {{(pid=87051) enforce_call /opt/stack/keystone/keystone/common/rbac_enforcer/enforcer.py:457}}
Jun 17 08:31:59.343239 dv-cinder-797608-33-iscsi devstack@keystone.service[87051]: [pid: 87051|app: 0|req: 27/52] 10.222.0.78 () {56 vars in 1177 bytes} [Fri Jun 17 08:31:59 2022] GET /identity/v3/users/1449ff4f407540dd843ab2db406229f6 => generated 247 bytes in 148 msecs (HTTP/1.1 200) 5 headers in 177 bytes (1 switches on core 0)
Jun 17 08:31:59.349083 dv-cinder-797608-33-iscsi devstack@keystone.service[87051]: DEBUG keystone.server.flask.request_processing.middleware.auth_context [None req-13e6c11f-cb72-40f7-a3c5-a63b45d25f48 None admin] Authenticating user token {{(pid=87051) process_request /usr/local/lib/python3.8/dist-packages/keystonemiddleware/auth_token/__init__.py:407}}
Jun 17 08:31:59.380384 dv-cinder-797608-33-iscsi devstack@keystone.service[87051]: DEBUG dbcounter [-] [87051] Writing DB stats keystone:SELECT=100 {{(pid=87051) stat_writer /usr/local/lib/python3.8/dist-packages/dbcounter.py:114}}
Jun 17 08:31:59.388033 dv-cinder-797608-33-iscsi devstack@keystone.service[87052]: [pid: 87052|app: 0|req: 26/53] 10.222.0.78 () {58 vars in 1023 bytes} [Fri Jun 17 08:31:59 2022] POST /identity/v3/auth/tokens => generated 799 bytes in 89 msecs (HTTP/1.1 201) 6 headers in 363 bytes (2 switches on core 0)
Jun 17 08:31:59.411510 dv-cinder-797608-33-iscsi devstack@keystone.service[87052]: DEBUG keystone.server.flask.request_processing.middleware.auth_context [None req-f38cfa50-4ea1-4c5a-9076-3fb31b9de5e4 None None] Authenticating user token {{(pid=87052) process_request /usr/local/lib/python3.8/dist-packages/keystonemiddleware/auth_token/__init__.py:407}}
Jun 17 08:31:59.456108 dv-cinder-797608-33-iscsi devstack@keystone.service[87051]: DEBUG keystone.server.flask.request_processing.middleware.auth_context [None req-13e6c11f-cb72-40f7-a3c5-a63b45d25f48 None admin] Validating token access rules against request {{(pid=87051) validate_allowed_request /usr/local/lib/python3.8/dist-packages/keystonemiddleware/auth_token/__init__.py:545}}
Jun 17 08:31:59.459310 dv-cinder-797608-33-iscsi devstack@keystone.service[87052]: DEBUG dbcounter [-] [87052] Writing DB stats keystone:SELECT=100 {{(pid=87052) stat_writer /usr/local/lib/python3.8/dist-packages/dbcounter.py:114}}
Jun 17 08:31:59.490650 dv-cinder-797608-33-iscsi devstack@keystone.service[87051]: DEBUG keystone.server.flask.request_processing.middleware.auth_context [None req-e94f3321-5d86-42af-869a-c04e783bdd0d None admin] RBAC: auth_context: {'token': , 'domain_id': None, 'trust_id': None, 'trustor_id': None, 'trustee_id': None, 'domain_name': None, 'group_ids': [], 'user_id': '1449ff4f407540dd843ab2db406229f6', 'user_domain_id': 'default', 'system_scope': 'all', 'project_id': None, 'project_domain_id': None, 'roles': ['admin', 'member', 'reader'], 'is_admin_project': True, 'service_user_id': None, 'service_user_domain_id': None, 'service_project_id': None, 'service_project_domain_id': None, 'service_roles': []} {{(pid=87051) fill_context /opt/stack/keystone/keystone/server/flask/request_processing/middleware/auth_context.py:478}}
Jun 17 08:31:59.491481 dv-cinder-797608-33-iscsi devstack@keystone.service[87051]: DEBUG keystone.server.flask.request_processing.req_logging [None req-e94f3321-5d86-42af-869a-c04e783bdd0d None admin] REQUEST_METHOD: `GET` {{(pid=87051) log_request_info /opt/stack/keystone/keystone/server/flask/request_processing/req_logging.py:27}}
Jun 17 08:31:59.491765 dv-cinder-797608-33-iscsi devstack@keystone.service[87051]: DEBUG keystone.server.flask.request_processing.req_logging [None req-e94f3321-5d86-42af-869a-c04e783bdd0d None admin] SCRIPT_NAME: `/identity` {{(pid=87051) log_request_info /opt/stack/keystone/keystone/server/flask/request_processing/req_logging.py:28}}
Jun 17 08:31:59.492041 dv-cinder-797608-33-iscsi devstack@keystone.service[87051]: DEBUG keystone.server.flask.request_processing.req_logging [None req-e94f3321-5d86-42af-869a-c04e783bdd0d None admin] PATH_INFO: `/v3/domains/default` {{(pid=87051) log_request_info /opt/stack/keystone/keystone/server/flask/request_processing/req_logging.py:29}}
Jun 17 08:31:59.493275 dv-cinder-797608-33-iscsi devstack@keystone.service[87051]: DEBUG keystone.common.rbac_enforcer.enforcer [None req-e94f3321-5d86-42af-869a-c04e783bdd0d None admin] RBAC: Authorizing `identity:get_domain(domain_id=default)` {{(pid=87051) enforce_call /opt/stack/keystone/keystone/common/rbac_enforcer/enforcer.py:449}}
Jun 17 08:31:59.494663 dv-cinder-797608-33-iscsi devstack@keystone.service[87051]: DEBUG keystone.common.rbac_enforcer.enforcer [None req-e94f3321-5d86-42af-869a-c04e783bdd0d None admin] RBAC: Authorization granted {{(pid=87051) enforce_call /opt/stack/keystone/keystone/common/rbac_enforcer/enforcer.py:457}}
Jun 17 08:31:59.496312 dv-cinder-797608-33-iscsi devstack@keystone.service[87051]: [pid: 87051|app: 0|req: 28/54] 10.222.0.78 () {56 vars in 1108 bytes} [Fri Jun 17 08:31:59 2022] GET /identity/v3/domains/default => generated 199 bytes in 148 msecs (HTTP/1.1 200) 5 headers in 177 bytes (2 switches on core 0)
