Jun 17 08:52:49.142578 dv-cinder-797608-33-iscsi devstack@c-api.service[123000]: DEBUG cinder.api.middleware.request_id [req-2bf90b75-e44a-4bea-a06d-8bf53033fd04 req-7f841a5d-c9ae-4609-a2e7-5d6f4f099684 None None] RequestId filter calling following filter/app {{(pid=123000) _context_setter /opt/stack/cinder/cinder/api/middleware/request_id.py:62}}
Jun 17 08:52:49.146942 dv-cinder-797608-33-iscsi devstack@c-api.service[123000]: INFO cinder.api.openstack.wsgi [req-2bf90b75-e44a-4bea-a06d-8bf53033fd04 req-7f841a5d-c9ae-4609-a2e7-5d6f4f099684 tempest-DeleteServersTestJSON-603884224 tempest-DeleteServersTestJSON-603884224-project] POST http://10.222.0.78/volume/v3/63675a395d824db687bca143dc25c3b2/attachments/3a2c9625-7672-44dc-883e-a85ce880bd1b/action
Jun 17 08:52:49.147749 dv-cinder-797608-33-iscsi devstack@c-api.service[123000]: DEBUG cinder.api.openstack.wsgi [req-2bf90b75-e44a-4bea-a06d-8bf53033fd04 req-7f841a5d-c9ae-4609-a2e7-5d6f4f099684 tempest-DeleteServersTestJSON-603884224 tempest-DeleteServersTestJSON-603884224-project] Action body: b'{"os-complete": null}' {{(pid=123000) get_method /opt/stack/cinder/cinder/api/openstack/wsgi.py:983}}
Jun 17 08:52:49.148069 dv-cinder-797608-33-iscsi devstack@c-api.service[123000]: DEBUG cinder.api.openstack.wsgi [req-2bf90b75-e44a-4bea-a06d-8bf53033fd04 req-7f841a5d-c9ae-4609-a2e7-5d6f4f099684 tempest-DeleteServersTestJSON-603884224 tempest-DeleteServersTestJSON-603884224-project] Action: 'action', calling method: version_select, body: {"os-complete": null} {{(pid=123000) _process_stack /opt/stack/cinder/cinder/api/openstack/wsgi.py:866}}
Jun 17 08:52:49.183108 dv-cinder-797608-33-iscsi devstack@c-api.service[123000]: /usr/local/lib/python3.8/dist-packages/oslo_context/context.py:100: DeprecationWarning: Policy enforcement is depending on the value of is_admin. This key is deprecated. Please update your policy file to use the standard policy values.
Jun 17 08:52:49.183108 dv-cinder-797608-33-iscsi devstack@c-api.service[123000]: warnings.warn('Policy enforcement is depending on the value of '
Jun 17 08:52:49.356415 dv-cinder-797608-33-iscsi devstack@c-api.service[122999]: DEBUG cinder.api.middleware.request_id [None req-0c231189-2b8d-41e9-b7b2-d68d21769291 None None] RequestId filter calling following filter/app {{(pid=122999) _context_setter /opt/stack/cinder/cinder/api/middleware/request_id.py:62}}
Jun 17 08:52:49.360710 dv-cinder-797608-33-iscsi devstack@c-api.service[122999]: INFO cinder.api.openstack.wsgi [None req-0c231189-2b8d-41e9-b7b2-d68d21769291 tempest-SnapshotsActionsTest-2056422237 tempest-SnapshotsActionsTest-2056422237-project] GET http://10.222.0.78/volume/v3/87fc2e69ae0e4aa2a89ff5a26cba5d06/snapshots/947d5470-fc05-4470-9175-961417fa1d4e
Jun 17 08:52:49.361911 dv-cinder-797608-33-iscsi devstack@c-api.service[122999]: DEBUG cinder.api.openstack.wsgi [None req-0c231189-2b8d-41e9-b7b2-d68d21769291 tempest-SnapshotsActionsTest-2056422237 tempest-SnapshotsActionsTest-2056422237-project] Empty body provided in request {{(pid=122999) get_body /opt/stack/cinder/cinder/api/openstack/wsgi.py:715}}
Jun 17 08:52:49.361911 dv-cinder-797608-33-iscsi devstack@c-api.service[122999]: DEBUG cinder.api.openstack.wsgi [None req-0c231189-2b8d-41e9-b7b2-d68d21769291 tempest-SnapshotsActionsTest-2056422237 tempest-SnapshotsActionsTest-2056422237-project] Calling method 'show' {{(pid=122999) _process_stack /opt/stack/cinder/cinder/api/openstack/wsgi.py:868}}
Jun 17 08:52:49.371259 dv-cinder-797608-33-iscsi devstack@c-api.service[122999]: INFO cinder.api.openstack.wsgi [None req-0c231189-2b8d-41e9-b7b2-d68d21769291 tempest-SnapshotsActionsTest-2056422237 tempest-SnapshotsActionsTest-2056422237-project] http://10.222.0.78/volume/v3/87fc2e69ae0e4aa2a89ff5a26cba5d06/snapshots/947d5470-fc05-4470-9175-961417fa1d4e returned with HTTP 404
Jun 17 08:52:49.372239 dv-cinder-797608-33-iscsi devstack@c-api.service[122999]: [pid: 122999|app: 0|req: 188/370] 10.222.0.78 () {58 vars in 1330 bytes} [Fri Jun 17 08:52:49 2022] GET /volume/v3/87fc2e69ae0e4aa2a89ff5a26cba5d06/snapshots/947d5470-fc05-4470-9175-961417fa1d4e => generated 111 bytes in 18 msecs (HTTP/1.1 404) 7 headers in 292 bytes (2 switches on core 0)
Jun 17 08:52:49.381716 dv-cinder-797608-33-iscsi devstack@c-api.service[122999]: DEBUG cinder.api.middleware.request_id [None req-7ef477d6-a2f0-4278-ac91-5ce24302bb66 None None] RequestId filter calling following filter/app {{(pid=122999) _context_setter /opt/stack/cinder/cinder/api/middleware/request_id.py:62}}
Jun 17 08:52:49.386719 dv-cinder-797608-33-iscsi devstack@c-api.service[122999]: INFO cinder.api.openstack.wsgi [None req-7ef477d6-a2f0-4278-ac91-5ce24302bb66 tempest-SnapshotsActionsTest-2114267274 tempest-SnapshotsActionsTest-2114267274-project-admin] POST http://10.222.0.78/volume/v3/19e5d438c83d4778a0d03171cc0150fc/snapshots/fc4b64dc-dca1-48b7-80fd-ebd1f58e94b8/action
Jun 17 08:52:49.387671 dv-cinder-797608-33-iscsi devstack@c-api.service[122999]: DEBUG cinder.api.openstack.wsgi [None req-7ef477d6-a2f0-4278-ac91-5ce24302bb66 tempest-SnapshotsActionsTest-2114267274 tempest-SnapshotsActionsTest-2114267274-project-admin] Action body: b'{"os-reset_status": {"status": "available"}}' {{(pid=122999) get_method /opt/stack/cinder/cinder/api/openstack/wsgi.py:983}}
Jun 17 08:52:49.387671 dv-cinder-797608-33-iscsi devstack@c-api.service[122999]: DEBUG cinder.api.openstack.wsgi [None req-7ef477d6-a2f0-4278-ac91-5ce24302bb66 tempest-SnapshotsActionsTest-2114267274 tempest-SnapshotsActionsTest-2114267274-project-admin] Action: 'action', calling method: _reset_status, body: {"os-reset_status": {"status": "available"}} {{(pid=122999) _process_stack /opt/stack/cinder/cinder/api/openstack/wsgi.py:866}}
Jun 17 08:52:49.388614 dv-cinder-797608-33-iscsi devstack@c-api.service[122999]: DEBUG cinder.api.contrib.admin_actions [None req-7ef477d6-a2f0-4278-ac91-5ce24302bb66 tempest-SnapshotsActionsTest-2114267274 tempest-SnapshotsActionsTest-2114267274-project-admin] Updating snapshot 'fc4b64dc-dca1-48b7-80fd-ebd1f58e94b8' with '{'status': 'available'}' {{(pid=122999) _reset_status /opt/stack/cinder/cinder/api/contrib/admin_actions.py:100}}
Jun 17 08:52:49.407865 dv-cinder-797608-33-iscsi devstack@c-api.service[122999]: /usr/local/lib/python3.8/dist-packages/oslo_context/context.py:100: DeprecationWarning: Policy enforcement is depending on the value of is_admin. This key is deprecated. Please update your policy file to use the standard policy values.
Jun 17 08:52:49.407865 dv-cinder-797608-33-iscsi devstack@c-api.service[122999]: warnings.warn('Policy enforcement is depending on the value of '
Jun 17 08:52:49.420801 dv-cinder-797608-33-iscsi devstack@c-api.service[123000]: INFO cinder.api.openstack.wsgi [req-2bf90b75-e44a-4bea-a06d-8bf53033fd04 req-7f841a5d-c9ae-4609-a2e7-5d6f4f099684 tempest-DeleteServersTestJSON-603884224 tempest-DeleteServersTestJSON-603884224-project] http://10.222.0.78/volume/v3/63675a395d824db687bca143dc25c3b2/attachments/3a2c9625-7672-44dc-883e-a85ce880bd1b/action returned with HTTP 204
Jun 17 08:52:49.421635 dv-cinder-797608-33-iscsi devstack@c-api.service[123000]: [pid: 123000|app: 0|req: 183/371] 10.222.0.83 () {64 vars in 1498 bytes} [Fri Jun 17 08:52:49 2022] POST /volume/v3/63675a395d824db687bca143dc25c3b2/attachments/3a2c9625-7672-44dc-883e-a85ce880bd1b/action => generated 0 bytes in 280 msecs (HTTP/1.1 204) 7 headers in 292 bytes (1 switches on core 0)
Jun 17 08:52:49.577782 dv-cinder-797608-33-iscsi devstack@c-api.service[122999]: INFO cinder.api.openstack.wsgi [None req-7ef477d6-a2f0-4278-ac91-5ce24302bb66 tempest-SnapshotsActionsTest-2114267274 tempest-SnapshotsActionsTest-2114267274-project-admin] http://10.222.0.78/volume/v3/19e5d438c83d4778a0d03171cc0150fc/snapshots/fc4b64dc-dca1-48b7-80fd-ebd1f58e94b8/action returned with HTTP 202
Jun 17 08:52:49.578733 dv-cinder-797608-33-iscsi devstack@c-api.service[122999]: [pid: 122999|app: 0|req: 189/372] 10.222.0.78 () {60 vars in 1372 bytes} [Fri Jun 17 08:52:49 2022] POST /volume/v3/19e5d438c83d4778a0d03171cc0150fc/snapshots/fc4b64dc-dca1-48b7-80fd-ebd1f58e94b8/action => generated 0 bytes in 200 msecs (HTTP/1.1 202) 7 headers in 289 bytes (1 switches on core 0)
Jun 17 08:52:49.584393 dv-cinder-797608-33-iscsi devstack@c-api.service[123000]: DEBUG cinder.api.middleware.request_id [None req-2e332e7b-ff7f-4d3f-a72c-8868f8b617d9 None None] RequestId filter calling following filter/app {{(pid=123000) _context_setter /opt/stack/cinder/cinder/api/middleware/request_id.py:62}}
Jun 17 08:52:49.589242 dv-cinder-797608-33-iscsi devstack@c-api.service[123000]: INFO cinder.api.openstack.wsgi [None req-2e332e7b-ff7f-4d3f-a72c-8868f8b617d9 tempest-SnapshotsActionsTest-2056422237 tempest-SnapshotsActionsTest-2056422237-project] GET http://10.222.0.78/volume/v3/87fc2e69ae0e4aa2a89ff5a26cba5d06/snapshots/fc4b64dc-dca1-48b7-80fd-ebd1f58e94b8
Jun 17 08:52:49.589812 dv-cinder-797608-33-iscsi devstack@c-api.service[123000]: DEBUG cinder.api.openstack.wsgi [None req-2e332e7b-ff7f-4d3f-a72c-8868f8b617d9 tempest-SnapshotsActionsTest-2056422237 tempest-SnapshotsActionsTest-2056422237-project] Empty body provided in request {{(pid=123000) get_body /opt/stack/cinder/cinder/api/openstack/wsgi.py:715}}
Jun 17 08:52:49.594910 dv-cinder-797608-33-iscsi devstack@c-api.service[123000]: DEBUG cinder.api.openstack.wsgi [None req-2e332e7b-ff7f-4d3f-a72c-8868f8b617d9 tempest-SnapshotsActionsTest-2056422237 tempest-SnapshotsActionsTest-2056422237-project] Calling method 'show' {{(pid=123000) _process_stack /opt/stack/cinder/cinder/api/openstack/wsgi.py:868}}
Jun 17 08:52:49.606991 dv-cinder-797608-33-iscsi devstack@c-api.service[123000]: /usr/local/lib/python3.8/dist-packages/oslo_context/context.py:100: DeprecationWarning: Policy enforcement is depending on the value of is_admin. This key is deprecated. Please update your policy file to use the standard policy values.
Jun 17 08:52:49.606991 dv-cinder-797608-33-iscsi devstack@c-api.service[123000]: warnings.warn('Policy enforcement is depending on the value of '
Jun 17 08:52:49.608051 dv-cinder-797608-33-iscsi devstack@c-api.service[123000]: INFO cinder.volume.api [None req-2e332e7b-ff7f-4d3f-a72c-8868f8b617d9 tempest-SnapshotsActionsTest-2056422237 tempest-SnapshotsActionsTest-2056422237-project] Snapshot retrieved successfully.
Jun 17 08:52:49.619967 dv-cinder-797608-33-iscsi devstack@c-api.service[123000]: INFO cinder.api.openstack.wsgi [None req-2e332e7b-ff7f-4d3f-a72c-8868f8b617d9 tempest-SnapshotsActionsTest-2056422237 tempest-SnapshotsActionsTest-2056422237-project] http://10.222.0.78/volume/v3/87fc2e69ae0e4aa2a89ff5a26cba5d06/snapshots/fc4b64dc-dca1-48b7-80fd-ebd1f58e94b8 returned with HTTP 200
Jun 17 08:52:49.619967 dv-cinder-797608-33-iscsi devstack@c-api.service[123000]: [pid: 123000|app: 0|req: 184/373] 10.222.0.78 () {58 vars in 1330 bytes} [Fri Jun 17 08:52:49 2022] GET /volume/v3/87fc2e69ae0e4aa2a89ff5a26cba5d06/snapshots/fc4b64dc-dca1-48b7-80fd-ebd1f58e94b8 => generated 466 bytes in 28 msecs (HTTP/1.1 200) 7 headers in 285 bytes (1 switches on core 0)
Jun 17 08:52:49.625592 dv-cinder-797608-33-iscsi devstack@c-api.service[122999]: DEBUG cinder.api.middleware.request_id [None req-e0923ed1-7389-40be-803a-29b2f19e31c1 None None] RequestId filter calling following filter/app {{(pid=122999) _context_setter /opt/stack/cinder/cinder/api/middleware/request_id.py:62}}
Jun 17 08:52:49.625592 dv-cinder-797608-33-iscsi devstack@c-api.service[122999]: INFO cinder.api.openstack.wsgi [None req-e0923ed1-7389-40be-803a-29b2f19e31c1 tempest-SnapshotsActionsTest-2056422237 tempest-SnapshotsActionsTest-2056422237-project] POST http://10.222.0.78/volume/v3/87fc2e69ae0e4aa2a89ff5a26cba5d06/snapshots
Jun 17 08:52:49.626545 dv-cinder-797608-33-iscsi devstack@c-api.service[122999]: DEBUG cinder.api.openstack.wsgi [None req-e0923ed1-7389-40be-803a-29b2f19e31c1 tempest-SnapshotsActionsTest-2056422237 tempest-SnapshotsActionsTest-2056422237-project] Action: 'create', calling method: create, body: {"snapshot": {"volume_id": "d7f401c2-fb90-4e98-af96-fa178a4001ab", "name": "tempest-SnapshotsActionsTest-Snapshot-2038726650"}} {{(pid=122999) _process_stack /opt/stack/cinder/cinder/api/openstack/wsgi.py:866}}
Jun 17 08:52:49.644793 dv-cinder-797608-33-iscsi devstack@c-api.service[122999]: /usr/local/lib/python3.8/dist-packages/oslo_context/context.py:100: DeprecationWarning: Policy enforcement is depending on the value of is_admin. This key is deprecated. Please update your policy file to use the standard policy values.
Jun 17 08:52:49.644793 dv-cinder-797608-33-iscsi devstack@c-api.service[122999]: warnings.warn('Policy enforcement is depending on the value of '
Jun 17 08:52:49.647915 dv-cinder-797608-33-iscsi devstack@c-api.service[122999]: INFO cinder.volume.api [None req-e0923ed1-7389-40be-803a-29b2f19e31c1 tempest-SnapshotsActionsTest-2056422237 tempest-SnapshotsActionsTest-2056422237-project] Volume info retrieved successfully.
Jun 17 08:52:49.647915 dv-cinder-797608-33-iscsi devstack@c-api.service[122999]: INFO cinder.api.v3.snapshots [None req-e0923ed1-7389-40be-803a-29b2f19e31c1 tempest-SnapshotsActionsTest-2056422237 tempest-SnapshotsActionsTest-2056422237-project] Create snapshot from volume d7f401c2-fb90-4e98-af96-fa178a4001ab
Jun 17 08:52:49.755302 dv-cinder-797608-33-iscsi devstack@c-api.service[123000]: DEBUG cinder.api.middleware.request_id [None req-920df755-5579-447c-9199-4fe2d364cb3d None None] RequestId filter calling following filter/app {{(pid=123000) _context_setter /opt/stack/cinder/cinder/api/middleware/request_id.py:62}}
Jun 17 08:52:49.758124 dv-cinder-797608-33-iscsi devstack@c-api.service[122999]: DEBUG cinder.quota [None req-e0923ed1-7389-40be-803a-29b2f19e31c1 tempest-SnapshotsActionsTest-2056422237 tempest-SnapshotsActionsTest-2056422237-project] Created reservations ['68254d31-5139-45bd-95e9-237e0436515f', '8b212dfb-3649-4740-b5f9-397f2aeea067', '56b2a71a-482f-4d1b-85cd-c94dcbef3991', '8007940f-4c3e-44d3-aa55-b6329735efb3'] {{(pid=122999) reserve /opt/stack/cinder/cinder/quota.py:755}}
Jun 17 08:52:49.759856 dv-cinder-797608-33-iscsi devstack@c-api.service[123000]: INFO cinder.api.openstack.wsgi [None req-920df755-5579-447c-9199-4fe2d364cb3d tempest-AbsoluteLimitsTests-66802123 tempest-AbsoluteLimitsTests-66802123-project] GET http://10.222.0.78/volume/v3/2e262b4dafbe4a5a8e1d6a0433fdc75e/volumes/aae21704-2220-48f2-a5aa-7ecf427a74b3
Jun 17 08:52:49.760457 dv-cinder-797608-33-iscsi devstack@c-api.service[123000]: DEBUG cinder.api.openstack.wsgi [None req-920df755-5579-447c-9199-4fe2d364cb3d tempest-AbsoluteLimitsTests-66802123 tempest-AbsoluteLimitsTests-66802123-project] Empty body provided in request {{(pid=123000) get_body /opt/stack/cinder/cinder/api/openstack/wsgi.py:715}}
Jun 17 08:52:49.761152 dv-cinder-797608-33-iscsi devstack@c-api.service[123000]: DEBUG cinder.api.openstack.wsgi [None req-920df755-5579-447c-9199-4fe2d364cb3d tempest-AbsoluteLimitsTests-66802123 tempest-AbsoluteLimitsTests-66802123-project] Calling method 'show' {{(pid=123000) _process_stack /opt/stack/cinder/cinder/api/openstack/wsgi.py:868}}
Jun 17 08:52:49.773455 dv-cinder-797608-33-iscsi devstack@c-api.service[123000]: INFO cinder.api.openstack.wsgi [None req-920df755-5579-447c-9199-4fe2d364cb3d tempest-AbsoluteLimitsTests-66802123 tempest-AbsoluteLimitsTests-66802123-project] http://10.222.0.78/volume/v3/2e262b4dafbe4a5a8e1d6a0433fdc75e/volumes/aae21704-2220-48f2-a5aa-7ecf427a74b3 returned with HTTP 404
Jun 17 08:52:49.774494 dv-cinder-797608-33-iscsi devstack@c-api.service[123000]: [pid: 123000|app: 0|req: 185/374] 10.222.0.78 () {58 vars in 1324 bytes} [Fri Jun 17 08:52:49 2022] GET /volume/v3/2e262b4dafbe4a5a8e1d6a0433fdc75e/volumes/aae21704-2220-48f2-a5aa-7ecf427a74b3 => generated 109 bytes in 20 msecs (HTTP/1.1 404) 7 headers in 292 bytes (2 switches on core 0)
Jun 17 08:52:49.810415 dv-cinder-797608-33-iscsi devstack@c-api.service[123000]: DEBUG cinder.api.middleware.request_id [None req-809d53ff-cd15-43ff-9e16-cf542592ab73 None None] RequestId filter calling following filter/app {{(pid=123000) _context_setter /opt/stack/cinder/cinder/api/middleware/request_id.py:62}}
Jun 17 08:52:49.816132 dv-cinder-797608-33-iscsi devstack@c-api.service[123000]: INFO cinder.api.openstack.wsgi [None req-809d53ff-cd15-43ff-9e16-cf542592ab73 tempest-DeleteServersTestJSON-603884224 tempest-DeleteServersTestJSON-603884224-project] GET http://10.222.0.78/volume/v3/63675a395d824db687bca143dc25c3b2/volumes/f370b518-1ffa-452f-9db7-8731bb1071b1
Jun 17 08:52:49.816642 dv-cinder-797608-33-iscsi devstack@c-api.service[123000]: DEBUG cinder.api.openstack.wsgi [None req-809d53ff-cd15-43ff-9e16-cf542592ab73 tempest-DeleteServersTestJSON-603884224 tempest-DeleteServersTestJSON-603884224-project] Empty body provided in request {{(pid=123000) get_body /opt/stack/cinder/cinder/api/openstack/wsgi.py:715}}
Jun 17 08:52:49.817102 dv-cinder-797608-33-iscsi devstack@c-api.service[123000]: DEBUG cinder.api.openstack.wsgi [None req-809d53ff-cd15-43ff-9e16-cf542592ab73 tempest-DeleteServersTestJSON-603884224 tempest-DeleteServersTestJSON-603884224-project] Calling method 'show' {{(pid=123000) _process_stack /opt/stack/cinder/cinder/api/openstack/wsgi.py:868}}
Jun 17 08:52:49.844971 dv-cinder-797608-33-iscsi devstack@c-api.service[123000]: /usr/local/lib/python3.8/dist-packages/oslo_context/context.py:100: DeprecationWarning: Policy enforcement is depending on the value of is_admin. This key is deprecated. Please update your policy file to use the standard policy values.
Jun 17 08:52:49.844971 dv-cinder-797608-33-iscsi devstack@c-api.service[123000]: warnings.warn('Policy enforcement is depending on the value of '
Jun 17 08:52:49.852666 dv-cinder-797608-33-iscsi devstack@c-api.service[123000]: INFO cinder.volume.api [None req-809d53ff-cd15-43ff-9e16-cf542592ab73 tempest-DeleteServersTestJSON-603884224 tempest-DeleteServersTestJSON-603884224-project] Volume info retrieved successfully.
Jun 17 08:52:49.865160 dv-cinder-797608-33-iscsi devstack@c-api.service[123000]: INFO cinder.api.openstack.wsgi [None req-809d53ff-cd15-43ff-9e16-cf542592ab73 tempest-DeleteServersTestJSON-603884224 tempest-DeleteServersTestJSON-603884224-project] http://10.222.0.78/volume/v3/63675a395d824db687bca143dc25c3b2/volumes/f370b518-1ffa-452f-9db7-8731bb1071b1 returned with HTTP 200
Jun 17 08:52:49.865906 dv-cinder-797608-33-iscsi devstack@c-api.service[123000]: [pid: 123000|app: 0|req: 186/375] 10.222.0.78 () {58 vars in 1324 bytes} [Fri Jun 17 08:52:49 2022] GET /volume/v3/63675a395d824db687bca143dc25c3b2/volumes/f370b518-1ffa-452f-9db7-8731bb1071b1 => generated 1205 bytes in 63 msecs (HTTP/1.1 200) 7 headers in 286 bytes (1 switches on core 0)
Jun 17 08:52:49.867166 dv-cinder-797608-33-iscsi devstack@c-api.service[123000]: DEBUG cinder.api.middleware.request_id [None req-e4033851-bec1-4b36-900d-834993de002f None None] RequestId filter calling following filter/app {{(pid=123000) _context_setter /opt/stack/cinder/cinder/api/middleware/request_id.py:62}}
Jun 17 08:52:49.870996 dv-cinder-797608-33-iscsi devstack@c-api.service[123000]: INFO cinder.api.openstack.wsgi [None req-e4033851-bec1-4b36-900d-834993de002f tempest-VolumesServicesTestJSON-1442362997 tempest-VolumesServicesTestJSON-1442362997-project] GET http://10.222.0.78/volume/v3/8d7d0100b4e64e9780aa128ddef097f9/volumes/134cc0b2-0357-4134-b6fc-8c7c186a70ff
Jun 17 08:52:49.871888 dv-cinder-797608-33-iscsi devstack@c-api.service[123000]: DEBUG cinder.api.openstack.wsgi [None req-e4033851-bec1-4b36-900d-834993de002f tempest-VolumesServicesTestJSON-1442362997 tempest-VolumesServicesTestJSON-1442362997-project] Empty body provided in request {{(pid=123000) get_body /opt/stack/cinder/cinder/api/openstack/wsgi.py:715}}
Jun 17 08:52:49.872530 dv-cinder-797608-33-iscsi devstack@c-api.service[123000]: DEBUG cinder.api.openstack.wsgi [None req-e4033851-bec1-4b36-900d-834993de002f tempest-VolumesServicesTestJSON-1442362997 tempest-VolumesServicesTestJSON-1442362997-project] Calling method 'show' {{(pid=123000) _process_stack /opt/stack/cinder/cinder/api/openstack/wsgi.py:868}}
Jun 17 08:52:49.886615 dv-cinder-797608-33-iscsi devstack@c-api.service[123000]: INFO cinder.api.openstack.wsgi [None req-e4033851-bec1-4b36-900d-834993de002f tempest-VolumesServicesTestJSON-1442362997 tempest-VolumesServicesTestJSON-1442362997-project] http://10.222.0.78/volume/v3/8d7d0100b4e64e9780aa128ddef097f9/volumes/134cc0b2-0357-4134-b6fc-8c7c186a70ff returned with HTTP 404
Jun 17 08:52:49.887580 dv-cinder-797608-33-iscsi devstack@c-api.service[123000]: [pid: 123000|app: 0|req: 187/376] 10.222.0.78 () {58 vars in 1324 bytes} [Fri Jun 17 08:52:49 2022] GET /volume/v3/8d7d0100b4e64e9780aa128ddef097f9/volumes/134cc0b2-0357-4134-b6fc-8c7c186a70ff => generated 109 bytes in 21 msecs (HTTP/1.1 404) 7 headers in 292 bytes (1 switches on core 0)
Jun 17 08:52:49.892327 dv-cinder-797608-33-iscsi devstack@c-api.service[123000]: DEBUG cinder.api.middleware.request_id [None req-e26f831a-2467-4831-8850-ed32cd71b68f None None] RequestId filter calling following filter/app {{(pid=123000) _context_setter /opt/stack/cinder/cinder/api/middleware/request_id.py:62}}
Jun 17 08:52:49.898420 dv-cinder-797608-33-iscsi devstack@c-api.service[123000]: INFO cinder.api.openstack.wsgi [None req-e26f831a-2467-4831-8850-ed32cd71b68f tempest-DeleteServersTestJSON-603884224 tempest-DeleteServersTestJSON-603884224-project] GET http://10.222.0.78/volume/v3/63675a395d824db687bca143dc25c3b2/volumes/f370b518-1ffa-452f-9db7-8731bb1071b1
Jun 17 08:52:49.899917 dv-cinder-797608-33-iscsi devstack@c-api.service[123000]: DEBUG cinder.api.openstack.wsgi [None req-e26f831a-2467-4831-8850-ed32cd71b68f tempest-DeleteServersTestJSON-603884224 tempest-DeleteServersTestJSON-603884224-project] Empty body provided in request {{(pid=123000) get_body /opt/stack/cinder/cinder/api/openstack/wsgi.py:715}}
Jun 17 08:52:49.902631 dv-cinder-797608-33-iscsi devstack@c-api.service[123000]: DEBUG cinder.api.openstack.wsgi [None req-e26f831a-2467-4831-8850-ed32cd71b68f tempest-DeleteServersTestJSON-603884224 tempest-DeleteServersTestJSON-603884224-project] Calling method 'show' {{(pid=123000) _process_stack /opt/stack/cinder/cinder/api/openstack/wsgi.py:868}}
Jun 17 08:52:49.923994 dv-cinder-797608-33-iscsi devstack@c-api.service[123000]: /usr/local/lib/python3.8/dist-packages/oslo_context/context.py:100: DeprecationWarning: Policy enforcement is depending on the value of is_admin. This key is deprecated. Please update your policy file to use the standard policy values.
Jun 17 08:52:49.923994 dv-cinder-797608-33-iscsi devstack@c-api.service[123000]: warnings.warn('Policy enforcement is depending on the value of '
Jun 17 08:52:49.933676 dv-cinder-797608-33-iscsi devstack@c-api.service[123000]: INFO cinder.volume.api [None req-e26f831a-2467-4831-8850-ed32cd71b68f tempest-DeleteServersTestJSON-603884224 tempest-DeleteServersTestJSON-603884224-project] Volume info retrieved successfully.
Jun 17 08:52:49.941078 dv-cinder-797608-33-iscsi devstack@c-api.service[122999]: DEBUG dbcounter [-] [122999] Writing DB stats cinder:SELECT=83,cinder:UPDATE=10,cinder:INSERT=6,cinder:DELETE=1 {{(pid=122999) stat_writer /usr/local/lib/python3.8/dist-packages/dbcounter.py:114}}
Jun 17 08:52:49.949174 dv-cinder-797608-33-iscsi devstack@c-api.service[123000]: INFO cinder.api.openstack.wsgi [None req-e26f831a-2467-4831-8850-ed32cd71b68f tempest-DeleteServersTestJSON-603884224 tempest-DeleteServersTestJSON-603884224-project] http://10.222.0.78/volume/v3/63675a395d824db687bca143dc25c3b2/volumes/f370b518-1ffa-452f-9db7-8731bb1071b1 returned with HTTP 200
Jun 17 08:52:49.949919 dv-cinder-797608-33-iscsi devstack@c-api.service[123000]: [pid: 123000|app: 0|req: 188/377] 10.222.0.78 () {58 vars in 1324 bytes} [Fri Jun 17 08:52:49 2022] GET /volume/v3/63675a395d824db687bca143dc25c3b2/volumes/f370b518-1ffa-452f-9db7-8731bb1071b1 => generated 1205 bytes in 62 msecs (HTTP/1.1 200) 7 headers in 286 bytes (1 switches on core 0)
Jun 17 08:52:50.044470 dv-cinder-797608-33-iscsi devstack@c-api.service[123000]: DEBUG cinder.api.middleware.request_id [None req-2413837b-d227-4143-a500-87ab3b54075e None None] RequestId filter calling following filter/app {{(pid=123000) _context_setter /opt/stack/cinder/cinder/api/middleware/request_id.py:62}}
Jun 17 08:52:50.054476 dv-cinder-797608-33-iscsi devstack@c-api.service[123000]: INFO cinder.api.openstack.wsgi [None req-2413837b-d227-4143-a500-87ab3b54075e tempest-VolumesExtendTest-1187732977 tempest-VolumesExtendTest-1187732977-project] GET http://10.222.0.78/volume/v3/aca4ac9e773b490dbe46f1725cb5e340/volumes/d974fdec-273a-40ee-9878-5eaa415d3eef
Jun 17 08:52:50.054932 dv-cinder-797608-33-iscsi devstack@c-api.service[123000]: DEBUG cinder.api.openstack.wsgi [None req-2413837b-d227-4143-a500-87ab3b54075e tempest-VolumesExtendTest-1187732977 tempest-VolumesExtendTest-1187732977-project] Empty body provided in request {{(pid=123000) get_body /opt/stack/cinder/cinder/api/openstack/wsgi.py:715}}
Jun 17 08:52:50.055416 dv-cinder-797608-33-iscsi devstack@c-api.service[123000]: DEBUG cinder.api.openstack.wsgi [None req-2413837b-d227-4143-a500-87ab3b54075e tempest-VolumesExtendTest-1187732977 tempest-VolumesExtendTest-1187732977-project] Calling method 'show' {{(pid=123000) _process_stack /opt/stack/cinder/cinder/api/openstack/wsgi.py:868}}
Jun 17 08:52:50.058681 dv-cinder-797608-33-iscsi devstack@c-api.service[122999]: INFO cinder.volume.api [None req-e0923ed1-7389-40be-803a-29b2f19e31c1 tempest-SnapshotsActionsTest-2056422237 tempest-SnapshotsActionsTest-2056422237-project] Snapshot create request issued successfully.
Jun 17 08:52:50.059514 dv-cinder-797608-33-iscsi devstack@c-api.service[122999]: INFO cinder.api.openstack.wsgi [None req-e0923ed1-7389-40be-803a-29b2f19e31c1 tempest-SnapshotsActionsTest-2056422237 tempest-SnapshotsActionsTest-2056422237-project] http://10.222.0.78/volume/v3/87fc2e69ae0e4aa2a89ff5a26cba5d06/snapshots returned with HTTP 202
Jun 17 08:52:50.060552 dv-cinder-797608-33-iscsi devstack@c-api.service[122999]: [pid: 122999|app: 0|req: 190/378] 10.222.0.78 () {60 vars in 1241 bytes} [Fri Jun 17 08:52:49 2022] POST /volume/v3/87fc2e69ae0e4aa2a89ff5a26cba5d06/snapshots => generated 307 bytes in 441 msecs (HTTP/1.1 202) 7 headers in 291 bytes (2 switches on core 0)
Jun 17 08:52:50.067420 dv-cinder-797608-33-iscsi devstack@c-api.service[122999]: DEBUG cinder.api.middleware.request_id [None req-aeeec369-40e5-477a-a80f-014c3d516d44 None None] RequestId filter calling following filter/app {{(pid=122999) _context_setter /opt/stack/cinder/cinder/api/middleware/request_id.py:62}}
Jun 17 08:52:50.075604 dv-cinder-797608-33-iscsi devstack@c-api.service[122999]: INFO cinder.api.openstack.wsgi [None req-aeeec369-40e5-477a-a80f-014c3d516d44 tempest-SnapshotsActionsTest-2056422237 tempest-SnapshotsActionsTest-2056422237-project] GET http://10.222.0.78/volume/v3/87fc2e69ae0e4aa2a89ff5a26cba5d06/snapshots/edc9b22c-b7f2-4dc7-a30b-f52e7c7818f7
Jun 17 08:52:50.078658 dv-cinder-797608-33-iscsi devstack@c-api.service[122999]: DEBUG cinder.api.openstack.wsgi [None req-aeeec369-40e5-477a-a80f-014c3d516d44 tempest-SnapshotsActionsTest-2056422237 tempest-SnapshotsActionsTest-2056422237-project] Empty body provided in request {{(pid=122999) get_body /opt/stack/cinder/cinder/api/openstack/wsgi.py:715}}
Jun 17 08:52:50.078658 dv-cinder-797608-33-iscsi devstack@c-api.service[122999]: DEBUG cinder.api.openstack.wsgi [None req-aeeec369-40e5-477a-a80f-014c3d516d44 tempest-SnapshotsActionsTest-2056422237 tempest-SnapshotsActionsTest-2056422237-project] Calling method 'show' {{(pid=122999) _process_stack /opt/stack/cinder/cinder/api/openstack/wsgi.py:868}}
Jun 17 08:52:50.078980 dv-cinder-797608-33-iscsi devstack@c-api.service[123000]: /usr/local/lib/python3.8/dist-packages/oslo_context/context.py:100: DeprecationWarning: Policy enforcement is depending on the value of is_admin. This key is deprecated. Please update your policy file to use the standard policy values.
Jun 17 08:52:50.078980 dv-cinder-797608-33-iscsi devstack@c-api.service[123000]: warnings.warn('Policy enforcement is depending on the value of '
Jun 17 08:52:50.087121 dv-cinder-797608-33-iscsi devstack@c-api.service[123000]: INFO cinder.volume.api [None req-2413837b-d227-4143-a500-87ab3b54075e tempest-VolumesExtendTest-1187732977 tempest-VolumesExtendTest-1187732977-project] Volume info retrieved successfully.
Jun 17 08:52:50.092091 dv-cinder-797608-33-iscsi devstack@c-api.service[122999]: /usr/local/lib/python3.8/dist-packages/oslo_context/context.py:100: DeprecationWarning: Policy enforcement is depending on the value of is_admin. This key is deprecated. Please update your policy file to use the standard policy values.
Jun 17 08:52:50.092091 dv-cinder-797608-33-iscsi devstack@c-api.service[122999]: warnings.warn('Policy enforcement is depending on the value of '
Jun 17 08:52:50.093535 dv-cinder-797608-33-iscsi devstack@c-api.service[122999]: INFO cinder.volume.api [None req-aeeec369-40e5-477a-a80f-014c3d516d44 tempest-SnapshotsActionsTest-2056422237 tempest-SnapshotsActionsTest-2056422237-project] Snapshot retrieved successfully.
Jun 17 08:52:50.095874 dv-cinder-797608-33-iscsi devstack@c-api.service[122999]: INFO cinder.api.openstack.wsgi [None req-aeeec369-40e5-477a-a80f-014c3d516d44 tempest-SnapshotsActionsTest-2056422237 tempest-SnapshotsActionsTest-2056422237-project] http://10.222.0.78/volume/v3/87fc2e69ae0e4aa2a89ff5a26cba5d06/snapshots/edc9b22c-b7f2-4dc7-a30b-f52e7c7818f7 returned with HTTP 200
Jun 17 08:52:50.096873 dv-cinder-797608-33-iscsi devstack@c-api.service[122999]: [pid: 122999|app: 0|req: 191/379] 10.222.0.78 () {58 vars in 1330 bytes} [Fri Jun 17 08:52:50 2022] GET /volume/v3/87fc2e69ae0e4aa2a89ff5a26cba5d06/snapshots/edc9b22c-b7f2-4dc7-a30b-f52e7c7818f7 => generated 439 bytes in 31 msecs (HTTP/1.1 200) 7 headers in 285 bytes (1 switches on core 0)
Jun 17 08:52:50.101127 dv-cinder-797608-33-iscsi devstack@c-api.service[123000]: INFO cinder.api.openstack.wsgi [None req-2413837b-d227-4143-a500-87ab3b54075e tempest-VolumesExtendTest-1187732977 tempest-VolumesExtendTest-1187732977-project] http://10.222.0.78/volume/v3/aca4ac9e773b490dbe46f1725cb5e340/volumes/d974fdec-273a-40ee-9878-5eaa415d3eef returned with HTTP 200
Jun 17 08:52:50.101882 dv-cinder-797608-33-iscsi devstack@c-api.service[123000]: [pid: 123000|app: 0|req: 189/380] 10.222.0.78 () {58 vars in 1324 bytes} [Fri Jun 17 08:52:50 2022] GET /volume/v3/aca4ac9e773b490dbe46f1725cb5e340/volumes/d974fdec-273a-40ee-9878-5eaa415d3eef => generated 909 bytes in 58 msecs (HTTP/1.1 200) 7 headers in 285 bytes (2 switches on core 0)
Jun 17 08:52:51.287386 dv-cinder-797608-33-iscsi devstack@c-api.service[122999]: DEBUG cinder.api.middleware.request_id [None req-47b7b754-b711-44b9-acde-ddb2a0890010 None None] RequestId filter calling following filter/app {{(pid=122999) _context_setter /opt/stack/cinder/cinder/api/middleware/request_id.py:62}}
Jun 17 08:52:51.287386 dv-cinder-797608-33-iscsi devstack@c-api.service[122999]: INFO cinder.api.openstack.wsgi [None req-47b7b754-b711-44b9-acde-ddb2a0890010 tempest-SnapshotsActionsTest-2056422237 tempest-SnapshotsActionsTest-2056422237-project] GET http://10.222.0.78/volume/v3/87fc2e69ae0e4aa2a89ff5a26cba5d06/snapshots/edc9b22c-b7f2-4dc7-a30b-f52e7c7818f7
Jun 17 08:52:51.287386 dv-cinder-797608-33-iscsi devstack@c-api.service[122999]: DEBUG cinder.api.openstack.wsgi [None req-47b7b754-b711-44b9-acde-ddb2a0890010 tempest-SnapshotsActionsTest-2056422237 tempest-SnapshotsActionsTest-2056422237-project] Empty body provided in request {{(pid=122999) get_body /opt/stack/cinder/cinder/api/openstack/wsgi.py:715}}
Jun 17 08:52:51.287386 dv-cinder-797608-33-iscsi devstack@c-api.service[122999]: DEBUG cinder.api.openstack.wsgi [None req-47b7b754-b711-44b9-acde-ddb2a0890010 tempest-SnapshotsActionsTest-2056422237 tempest-SnapshotsActionsTest-2056422237-project] Calling method 'show' {{(pid=122999) _process_stack /opt/stack/cinder/cinder/api/openstack/wsgi.py:868}}
Jun 17 08:52:51.288731 dv-cinder-797608-33-iscsi devstack@c-api.service[123000]: DEBUG cinder.api.middleware.request_id [None req-635f0233-0098-48f7-8ac8-0545e1238807 None None] RequestId filter calling following filter/app {{(pid=123000) _context_setter /opt/stack/cinder/cinder/api/middleware/request_id.py:62}}
Jun 17 08:52:51.289714 dv-cinder-797608-33-iscsi devstack@c-api.service[122999]: /usr/local/lib/python3.8/dist-packages/oslo_context/context.py:100: DeprecationWarning: Policy enforcement is depending on the value of is_admin. This key is deprecated. Please update your policy file to use the standard policy values.
Jun 17 08:52:51.289714 dv-cinder-797608-33-iscsi devstack@c-api.service[122999]: warnings.warn('Policy enforcement is depending on the value of '
Jun 17 08:52:51.289714 dv-cinder-797608-33-iscsi devstack@c-api.service[122999]: INFO cinder.volume.api [None req-47b7b754-b711-44b9-acde-ddb2a0890010 tempest-SnapshotsActionsTest-2056422237 tempest-SnapshotsActionsTest-2056422237-project] Snapshot retrieved successfully.
Jun 17 08:52:51.290541 dv-cinder-797608-33-iscsi devstack@c-api.service[123000]: INFO cinder.api.openstack.wsgi [None req-635f0233-0098-48f7-8ac8-0545e1238807 tempest-VolumesExtendTest-1187732977 tempest-VolumesExtendTest-1187732977-project] GET http://10.222.0.78/volume/v3/aca4ac9e773b490dbe46f1725cb5e340/volumes/d974fdec-273a-40ee-9878-5eaa415d3eef
Jun 17 08:52:51.290541 dv-cinder-797608-33-iscsi devstack@c-api.service[123000]: DEBUG cinder.api.openstack.wsgi [None req-635f0233-0098-48f7-8ac8-0545e1238807 tempest-VolumesExtendTest-1187732977 tempest-VolumesExtendTest-1187732977-project] Empty body provided in request {{(pid=123000) get_body /opt/stack/cinder/cinder/api/openstack/wsgi.py:715}}
Jun 17 08:52:51.291552 dv-cinder-797608-33-iscsi devstack@c-api.service[122999]: INFO cinder.api.openstack.wsgi [None req-47b7b754-b711-44b9-acde-ddb2a0890010 tempest-SnapshotsActionsTest-2056422237 tempest-SnapshotsActionsTest-2056422237-project] http://10.222.0.78/volume/v3/87fc2e69ae0e4aa2a89ff5a26cba5d06/snapshots/edc9b22c-b7f2-4dc7-a30b-f52e7c7818f7 returned with HTTP 200
Jun 17 08:52:51.291641 dv-cinder-797608-33-iscsi devstack@c-api.service[123000]: DEBUG cinder.api.openstack.wsgi [None req-635f0233-0098-48f7-8ac8-0545e1238807 tempest-VolumesExtendTest-1187732977 tempest-VolumesExtendTest-1187732977-project] Calling method 'show' {{(pid=123000) _process_stack /opt/stack/cinder/cinder/api/openstack/wsgi.py:868}}
Jun 17 08:52:51.291731 dv-cinder-797608-33-iscsi devstack@c-api.service[122999]: [pid: 122999|app: 0|req: 192/381] 10.222.0.78 () {58 vars in 1330 bytes} [Fri Jun 17 08:52:51 2022] GET /volume/v3/87fc2e69ae0e4aa2a89ff5a26cba5d06/snapshots/edc9b22c-b7f2-4dc7-a30b-f52e7c7818f7 => generated 439 bytes in 21 msecs (HTTP/1.1 200) 7 headers in 285 bytes (2 switches on core 0)
Jun 17 08:52:51.291814 dv-cinder-797608-33-iscsi devstack@c-api.service[123000]: /usr/local/lib/python3.8/dist-packages/oslo_context/context.py:100: DeprecationWarning: Policy enforcement is depending on the value of is_admin. This key is deprecated. Please update your policy file to use the standard policy values.
Jun 17 08:52:51.291814 dv-cinder-797608-33-iscsi devstack@c-api.service[123000]: warnings.warn('Policy enforcement is depending on the value of '
Jun 17 08:52:51.291814 dv-cinder-797608-33-iscsi devstack@c-api.service[123000]: INFO cinder.volume.api [None req-635f0233-0098-48f7-8ac8-0545e1238807 tempest-VolumesExtendTest-1187732977 tempest-VolumesExtendTest-1187732977-project] Volume info retrieved successfully.
Jun 17 08:52:51.291814 dv-cinder-797608-33-iscsi devstack@c-api.service[123000]: INFO cinder.api.openstack.wsgi [None req-635f0233-0098-48f7-8ac8-0545e1238807 tempest-VolumesExtendTest-1187732977 tempest-VolumesExtendTest-1187732977-project] http://10.222.0.78/volume/v3/aca4ac9e773b490dbe46f1725cb5e340/volumes/d974fdec-273a-40ee-9878-5eaa415d3eef returned with HTTP 200
Jun 17 08:52:51.291814 dv-cinder-797608-33-iscsi devstack@c-api.service[123000]: [pid: 123000|app: 0|req: 190/382] 10.222.0.78 () {58 vars in 1324 bytes} [Fri Jun 17 08:52:51 2022] GET /volume/v3/aca4ac9e773b490dbe46f1725cb5e340/volumes/d974fdec-273a-40ee-9878-5eaa415d3eef => generated 909 bytes in 48 msecs (HTTP/1.1 200) 7 headers in 285 bytes (1 switches on core 0)
Jun 17 08:52:51.432671 dv-cinder-797608-33-iscsi devstack@c-api.service[122999]: DEBUG cinder.api.middleware.request_id [None req-60b61aba-25d6-4ac3-a4e6-6fcc1530a33a None None] RequestId filter calling following filter/app {{(pid=122999) _context_setter /opt/stack/cinder/cinder/api/middleware/request_id.py:62}}
Jun 17 08:52:51.590561 dv-cinder-797608-33-iscsi devstack@c-api.service[122999]: INFO cinder.api.openstack.wsgi [None req-60b61aba-25d6-4ac3-a4e6-6fcc1530a33a tempest-VolumesListAdminTestJSON-917635611 tempest-VolumesListAdminTestJSON-917635611-project] GET http://10.222.0.78/volume/v3/0fe2d59b16f44ee6b1fb1053d68c9a6a/volumes
Jun 17 08:52:51.591022 dv-cinder-797608-33-iscsi devstack@c-api.service[122999]: DEBUG cinder.api.openstack.wsgi [None req-60b61aba-25d6-4ac3-a4e6-6fcc1530a33a tempest-VolumesListAdminTestJSON-917635611 tempest-VolumesListAdminTestJSON-917635611-project] Empty body provided in request {{(pid=122999) get_body /opt/stack/cinder/cinder/api/openstack/wsgi.py:715}}
Jun 17 08:52:51.591507 dv-cinder-797608-33-iscsi devstack@c-api.service[122999]: DEBUG cinder.api.openstack.wsgi [None req-60b61aba-25d6-4ac3-a4e6-6fcc1530a33a tempest-VolumesListAdminTestJSON-917635611 tempest-VolumesListAdminTestJSON-917635611-project] Calling method 'index' {{(pid=122999) _process_stack /opt/stack/cinder/cinder/api/openstack/wsgi.py:868}}
Jun 17 08:52:51.592214 dv-cinder-797608-33-iscsi devstack@c-api.service[122999]: DEBUG cinder.api.api_utils [None req-60b61aba-25d6-4ac3-a4e6-6fcc1530a33a tempest-VolumesListAdminTestJSON-917635611 tempest-VolumesListAdminTestJSON-917635611-project] Removing options '' from query. {{(pid=122999) remove_invalid_filter_options /opt/stack/cinder/cinder/api/api_utils.py:73}}
Jun 17 08:52:51.594070 dv-cinder-797608-33-iscsi devstack@c-api.service[122999]: DEBUG cinder.volume.api [None req-60b61aba-25d6-4ac3-a4e6-6fcc1530a33a tempest-VolumesListAdminTestJSON-917635611 tempest-VolumesListAdminTestJSON-917635611-project] Searching by: MultiDict([('no_migration_targets', True)]). {{(pid=122999) get_all /opt/stack/cinder/cinder/volume/api.py:664}}
Jun 17 08:52:51.647216 dv-cinder-797608-33-iscsi devstack@c-api.service[122999]: INFO cinder.volume.api [None req-60b61aba-25d6-4ac3-a4e6-6fcc1530a33a tempest-VolumesListAdminTestJSON-917635611 tempest-VolumesListAdminTestJSON-917635611-project] Get all volumes completed successfully.
Jun 17 08:52:51.648161 dv-cinder-797608-33-iscsi devstack@c-api.service[122999]: INFO cinder.api.openstack.wsgi [None req-60b61aba-25d6-4ac3-a4e6-6fcc1530a33a tempest-VolumesListAdminTestJSON-917635611 tempest-VolumesListAdminTestJSON-917635611-project] http://10.222.0.78/volume/v3/0fe2d59b16f44ee6b1fb1053d68c9a6a/volumes returned with HTTP 200
Jun 17 08:52:51.649363 dv-cinder-797608-33-iscsi devstack@c-api.service[122999]: [pid: 122999|app: 0|req: 193/383] 10.222.0.78 () {58 vars in 1213 bytes} [Fri Jun 17 08:52:51 2022] GET /volume/v3/0fe2d59b16f44ee6b1fb1053d68c9a6a/volumes => generated 15 bytes in 218 msecs (HTTP/1.1 200) 7 headers in 284 bytes (1 switches on core 0)
Jun 17 08:52:51.657072 dv-cinder-797608-33-iscsi devstack@c-api.service[123000]: DEBUG cinder.api.middleware.request_id [None req-504a9cda-5b96-42b0-a83c-789b16a87a4c None None] RequestId filter calling following filter/app {{(pid=123000) _context_setter /opt/stack/cinder/cinder/api/middleware/request_id.py:62}}
Jun 17 08:52:51.661191 dv-cinder-797608-33-iscsi devstack@c-api.service[123000]: INFO cinder.api.openstack.wsgi [None req-504a9cda-5b96-42b0-a83c-789b16a87a4c tempest-VolumesListAdminTestJSON-917635611 tempest-VolumesListAdminTestJSON-917635611-project] POST http://10.222.0.78/volume/v3/0fe2d59b16f44ee6b1fb1053d68c9a6a/volumes
Jun 17 08:52:51.661989 dv-cinder-797608-33-iscsi devstack@c-api.service[123000]: DEBUG cinder.api.openstack.wsgi [None req-504a9cda-5b96-42b0-a83c-789b16a87a4c tempest-VolumesListAdminTestJSON-917635611 tempest-VolumesListAdminTestJSON-917635611-project] Action: 'create', calling method: create, body: {"volume": {"size": 1, "name": "tempest-VolumesListAdminTestJSON-Volume-979688513"}} {{(pid=123000) _process_stack /opt/stack/cinder/cinder/api/openstack/wsgi.py:866}}
Jun 17 08:52:51.662941 dv-cinder-797608-33-iscsi devstack@c-api.service[123000]: DEBUG cinder.api.v3.volumes [None req-504a9cda-5b96-42b0-a83c-789b16a87a4c tempest-VolumesListAdminTestJSON-917635611 tempest-VolumesListAdminTestJSON-917635611-project] Create volume request body: {'volume': {'size': 1, 'name': 'tempest-VolumesListAdminTestJSON-Volume-979688513'}} {{(pid=123000) create /opt/stack/cinder/cinder/api/v3/volumes.py:298}}
Jun 17 08:52:51.663248 dv-cinder-797608-33-iscsi devstack@c-api.service[123000]: INFO cinder.api.v3.volumes [None req-504a9cda-5b96-42b0-a83c-789b16a87a4c tempest-VolumesListAdminTestJSON-917635611 tempest-VolumesListAdminTestJSON-917635611-project] Create volume of 1 GB
Jun 17 08:52:51.674813 dv-cinder-797608-33-iscsi devstack@c-api.service[123000]: INFO cinder.volume.api [None req-504a9cda-5b96-42b0-a83c-789b16a87a4c tempest-VolumesListAdminTestJSON-917635611 tempest-VolumesListAdminTestJSON-917635611-project] Availability Zones retrieved successfully.
Jun 17 08:52:51.690343 dv-cinder-797608-33-iscsi devstack@c-api.service[123000]: DEBUG cinder.volume.api [None req-504a9cda-5b96-42b0-a83c-789b16a87a4c tempest-VolumesListAdminTestJSON-917635611 tempest-VolumesListAdminTestJSON-917635611-project] Flow 'volume_create_api' (0c306607-2218-4c4d-a77e-8a374cec8c2c) transitioned into state 'RUNNING' from state 'PENDING' {{(pid=123000) _flow_receiver /usr/local/lib/python3.8/dist-packages/taskflow/listeners/logging.py:141}}
Jun 17 08:52:51.692841 dv-cinder-797608-33-iscsi devstack@c-api.service[123000]: DEBUG cinder.volume.api [None req-504a9cda-5b96-42b0-a83c-789b16a87a4c tempest-VolumesListAdminTestJSON-917635611 tempest-VolumesListAdminTestJSON-917635611-project] Task 'cinder.volume.flows.api.create_volume.ExtractVolumeRequestTask;volume:create' (9bb4d334-31b4-48f3-840b-2555e806a201) transitioned into state 'RUNNING' from state 'PENDING' {{(pid=123000) _task_receiver /usr/local/lib/python3.8/dist-packages/taskflow/listeners/logging.py:190}}
Jun 17 08:52:51.695277 dv-cinder-797608-33-iscsi devstack@c-api.service[123000]: DEBUG cinder.volume.flows.api.create_volume [None req-504a9cda-5b96-42b0-a83c-789b16a87a4c tempest-VolumesListAdminTestJSON-917635611 tempest-VolumesListAdminTestJSON-917635611-project] Validating volume size '1' using validate_int {{(pid=123000) _extract_size /opt/stack/cinder/cinder/volume/flows/api/create_volume.py:228}}
Jun 17 08:52:51.735479 dv-cinder-797608-33-iscsi devstack@c-api.service[123000]: DEBUG cinder.volume.api [None req-504a9cda-5b96-42b0-a83c-789b16a87a4c tempest-VolumesListAdminTestJSON-917635611 tempest-VolumesListAdminTestJSON-917635611-project] Task 'cinder.volume.flows.api.create_volume.ExtractVolumeRequestTask;volume:create' (9bb4d334-31b4-48f3-840b-2555e806a201) transitioned into state 'SUCCESS' from state 'RUNNING' with result '{'size': 1, 'snapshot_id': None, 'source_volid': None, 'volume_type': VolumeType(created_at=2022-06-17T08:36:49Z,deleted=False,deleted_at=None,description='Default Volume Type',extra_specs={},id=0e23ca82-8916-4ed2-94b3-1ee851eb3aaf,is_public=True,name='__DEFAULT__',projects=[],qos_specs=,qos_specs_id=None,updated_at=2022-06-17T08:36:49Z), 'volume_type_id': '0e23ca82-8916-4ed2-94b3-1ee851eb3aaf', 'encryption_key_id': None, 'qos_specs': None, 'consistencygroup_id': None, 'cgsnapshot_id': None, 'group_id': None, 'replication_status': 'disabled', 'refresh_az': False, 'backup_id': None, 'multiattach': False, 'availability_zones': ['nova']}' {{(pid=123000) _task_receiver /usr/local/lib/python3.8/dist-packages/taskflow/listeners/logging.py:178}}
Jun 17 08:52:51.737499 dv-cinder-797608-33-iscsi devstack@c-api.service[123000]: DEBUG cinder.volume.api [None req-504a9cda-5b96-42b0-a83c-789b16a87a4c tempest-VolumesListAdminTestJSON-917635611 tempest-VolumesListAdminTestJSON-917635611-project] Task 'cinder.volume.flows.api.create_volume.QuotaReserveTask;volume:create' (860998b0-1e71-40af-ac0d-ebb1e2928e63) transitioned into state 'RUNNING' from state 'PENDING' {{(pid=123000) _task_receiver /usr/local/lib/python3.8/dist-packages/taskflow/listeners/logging.py:190}}
Jun 17 08:52:51.795645 dv-cinder-797608-33-iscsi devstack@c-api.service[123000]: DEBUG dbcounter [-] [123000] Writing DB stats cinder:SELECT=94,cinder:UPDATE=3,cinder:INSERT=3 {{(pid=123000) stat_writer /usr/local/lib/python3.8/dist-packages/dbcounter.py:114}}
Jun 17 08:52:51.998815 dv-cinder-797608-33-iscsi devstack@c-api.service[123000]: DEBUG cinder.quota [None req-504a9cda-5b96-42b0-a83c-789b16a87a4c tempest-VolumesListAdminTestJSON-917635611 tempest-VolumesListAdminTestJSON-917635611-project] Created reservations ['82db7a2e-8603-4cc0-9fad-37212d2d9ed7', 'ee436e81-832a-4943-9681-79eb3e416995', 'b5503139-94e4-401d-936d-83e9b081d170', 'd110ba54-3781-4472-b2a3-b34869ea0180'] {{(pid=123000) reserve /opt/stack/cinder/cinder/quota.py:755}}
Jun 17 08:52:52.000825 dv-cinder-797608-33-iscsi devstack@c-api.service[123000]: DEBUG cinder.volume.api [None req-504a9cda-5b96-42b0-a83c-789b16a87a4c tempest-VolumesListAdminTestJSON-917635611 tempest-VolumesListAdminTestJSON-917635611-project] Task 'cinder.volume.flows.api.create_volume.QuotaReserveTask;volume:create' (860998b0-1e71-40af-ac0d-ebb1e2928e63) transitioned into state 'SUCCESS' from state 'RUNNING' with result '{'reservations': ['82db7a2e-8603-4cc0-9fad-37212d2d9ed7', 'ee436e81-832a-4943-9681-79eb3e416995', 'b5503139-94e4-401d-936d-83e9b081d170', 'd110ba54-3781-4472-b2a3-b34869ea0180']}' {{(pid=123000) _task_receiver /usr/local/lib/python3.8/dist-packages/taskflow/listeners/logging.py:178}}
Jun 17 08:52:52.002878 dv-cinder-797608-33-iscsi devstack@c-api.service[123000]: DEBUG cinder.volume.api [None req-504a9cda-5b96-42b0-a83c-789b16a87a4c tempest-VolumesListAdminTestJSON-917635611 tempest-VolumesListAdminTestJSON-917635611-project] Task 'cinder.volume.flows.api.create_volume.EntryCreateTask;volume:create' (d3f580fb-6132-421d-a8a3-a9886166aa1b) transitioned into state 'RUNNING' from state 'PENDING' {{(pid=123000) _task_receiver /usr/local/lib/python3.8/dist-packages/taskflow/listeners/logging.py:190}}
Jun 17 08:52:52.093644 dv-cinder-797608-33-iscsi devstack@c-api.service[123000]: DEBUG cinder.volume.api [None req-504a9cda-5b96-42b0-a83c-789b16a87a4c tempest-VolumesListAdminTestJSON-917635611 tempest-VolumesListAdminTestJSON-917635611-project] Task 'cinder.volume.flows.api.create_volume.EntryCreateTask;volume:create' (d3f580fb-6132-421d-a8a3-a9886166aa1b) transitioned into state 'SUCCESS' from state 'RUNNING' with result '{'volume_id': '8804556e-230a-45b7-b69a-5b013a790f82', 'volume_properties': VolumeProperties(attach_status='detached',availability_zone='nova',cgsnapshot_id=None,consistencygroup_id=None,display_description=None,display_name='tempest-VolumesListAdminTestJSON-Volume-979688513',encryption_key_id=None,group_id=None,group_type_id=,metadata={},multiattach=False,project_id='0fe2d59b16f44ee6b1fb1053d68c9a6a',qos_specs=None,replication_status=,reservations=['82db7a2e-8603-4cc0-9fad-37212d2d9ed7','ee436e81-832a-4943-9681-79eb3e416995','b5503139-94e4-401d-936d-83e9b081d170','d110ba54-3781-4472-b2a3-b34869ea0180'],size=1,snapshot_id=None,source_replicaid=,source_volid=None,status='creating',user_id='014feddfd96a4c769c3610b458da7edc',volume_type_id=0e23ca82-8916-4ed2-94b3-1ee851eb3aaf), 'volume': Volume(_name_id=None,admin_metadata=,attach_status='detached',availability_zone='nova',bootable=False,cluster=,cluster_name=None,consistencygroup=,consistencygroup_id=None,created_at=2022-06-17T08:52:52Z,deleted=False,deleted_at=None,display_description=None,display_name='tempest-VolumesListAdminTestJSON-Volume-979688513',ec2_id=None,encryption_key_id=None,glance_metadata=,group=,group_id=None,host=None,id=8804556e-230a-45b7-b69a-5b013a790f82,launched_at=None,metadata={},migration_status=None,multiattach=False,previous_status=None,project_id='0fe2d59b16f44ee6b1fb1053d68c9a6a',provider_auth=None,provider_geometry=None,provider_id=None,provider_location=None,replication_driver_data=None,replication_extended_status=None,replication_status=None,scheduled_at=None,service_uuid=None,shared_targets=True,size=1,snapshot_id=None,snapshots=,source_volid=None,status='creating',terminated_at=None,updated_at=None,use_quota=True,user_id='014feddfd96a4c769c3610b458da7edc',volume_attachment=VolumeAttachmentList,volume_type=VolumeType(0e23ca82-8916-4ed2-94b3-1ee851eb3aaf),volume_type_id=0e23ca82-8916-4ed2-94b3-1ee851eb3aaf)}' {{(pid=123000) _task_receiver /usr/local/lib/python3.8/dist-packages/taskflow/listeners/logging.py:178}}
Jun 17 08:52:52.095479 dv-cinder-797608-33-iscsi devstack@c-api.service[123000]: DEBUG cinder.volume.api [None req-504a9cda-5b96-42b0-a83c-789b16a87a4c tempest-VolumesListAdminTestJSON-917635611 tempest-VolumesListAdminTestJSON-917635611-project] Task 'cinder.volume.flows.api.create_volume.QuotaCommitTask;volume:create' (6e642dfd-50fc-4fe4-ab24-b49196e73cf2) transitioned into state 'RUNNING' from state 'PENDING' {{(pid=123000) _task_receiver /usr/local/lib/python3.8/dist-packages/taskflow/listeners/logging.py:190}}
