Jun 29 13:41:31.142951 dv-cinder-797608-3-iscsi devstack@placement-api.service[93641]: [pid: 93641|app: 0|req: 54/108] 10.222.0.61 () {60 vars in 1378 bytes} [Tue Jun 29 13:41:31 2021] GET /placement/allocations/93042250-fa5f-4eab-a49b-c2a519792a49 => generated 259 bytes in 18 msecs (HTTP/1.1 200) 8 headers in 296 bytes (1 switches on core 0)
Jun 29 13:41:31.151544 dv-cinder-797608-3-iscsi devstack@placement-api.service[93642]: DEBUG placement.requestlog [req-2b918b8d-feb2-4fb7-9d80-9417a079d42c req-82b1a6e7-655c-4df1-8b84-5c45bc16de44 None None] Starting request: 10.222.0.61 "PUT /placement/allocations/93042250-fa5f-4eab-a49b-c2a519792a49" {{(pid=93642) __call__ /opt/stack/placement/placement/requestlog.py:55}}
Jun 29 13:41:31.204096 dv-cinder-797608-3-iscsi devstack@placement-api.service[93642]: DEBUG placement.handlers.allocation [req-2b918b8d-feb2-4fb7-9d80-9417a079d42c req-82b1a6e7-655c-4df1-8b84-5c45bc16de44 service placement] Successfully wrote allocations [, , ] {{(pid=93642) _create_allocations /opt/stack/placement/placement/handlers/allocation.py:435}}
Jun 29 13:41:31.204903 dv-cinder-797608-3-iscsi devstack@placement-api.service[93642]: INFO placement.requestlog [req-2b918b8d-feb2-4fb7-9d80-9417a079d42c req-82b1a6e7-655c-4df1-8b84-5c45bc16de44 service placement] 10.222.0.61 "PUT /placement/allocations/93042250-fa5f-4eab-a49b-c2a519792a49" status: 204 len: 0 microversion: 1.28
Jun 29 13:41:31.205300 dv-cinder-797608-3-iscsi devstack@placement-api.service[93642]: [pid: 93642|app: 0|req: 55/109] 10.222.0.61 () {64 vars in 1431 bytes} [Tue Jun 29 13:41:31 2021] PUT /placement/allocations/93042250-fa5f-4eab-a49b-c2a519792a49 => generated 0 bytes in 54 msecs (HTTP/1.1 204) 5 headers in 199 bytes (1 switches on core 0)
Jun 29 13:41:34.008060 dv-cinder-797608-3-iscsi devstack@placement-api.service[93641]: DEBUG placement.requestlog [req-cfd24fc2-6e5b-4bd9-9883-c62dcfba52a3 req-428ca319-58f3-4fa3-9bf3-577f002c7f25 None None] Starting request: 10.222.0.21 "GET /placement/allocation_candidates?limit=1000&resources=DISK_GB%3A1%2CMEMORY_MB%3A1024%2CVCPU%3A1&root_required=%21COMPUTE_STATUS_DISABLED" {{(pid=93641) __call__ /opt/stack/placement/placement/requestlog.py:55}}
Jun 29 13:41:34.074216 dv-cinder-797608-3-iscsi devstack@placement-api.service[93641]: DEBUG placement.objects.research_context [req-cfd24fc2-6e5b-4bd9-9883-c62dcfba52a3 req-428ca319-58f3-4fa3-9bf3-577f002c7f25 service placement] getting providers with 1 DISK_GB {{(pid=93641) __init__ /opt/stack/placement/placement/objects/research_context.py:126}}
Jun 29 13:41:34.085782 dv-cinder-797608-3-iscsi devstack@placement-api.service[93641]: DEBUG placement.objects.research_context [req-cfd24fc2-6e5b-4bd9-9883-c62dcfba52a3 req-428ca319-58f3-4fa3-9bf3-577f002c7f25 service placement] getting providers with 1024 MEMORY_MB {{(pid=93641) __init__ /opt/stack/placement/placement/objects/research_context.py:126}}
Jun 29 13:41:34.098338 dv-cinder-797608-3-iscsi devstack@placement-api.service[93641]: DEBUG placement.objects.research_context [req-cfd24fc2-6e5b-4bd9-9883-c62dcfba52a3 req-428ca319-58f3-4fa3-9bf3-577f002c7f25 service placement] getting providers with 1 VCPU {{(pid=93641) __init__ /opt/stack/placement/placement/objects/research_context.py:126}}
Jun 29 13:41:34.109725 dv-cinder-797608-3-iscsi devstack@placement-api.service[93641]: DEBUG placement.objects.research_context [req-cfd24fc2-6e5b-4bd9-9883-c62dcfba52a3 req-428ca319-58f3-4fa3-9bf3-577f002c7f25 service placement] found 1 providers with available 1 DISK_GB {{(pid=93641) get_provider_ids_matching /opt/stack/placement/placement/objects/research_context.py:549}}
Jun 29 13:41:34.110364 dv-cinder-797608-3-iscsi devstack@placement-api.service[93641]: DEBUG placement.objects.research_context [req-cfd24fc2-6e5b-4bd9-9883-c62dcfba52a3 req-428ca319-58f3-4fa3-9bf3-577f002c7f25 service placement] found 1 providers with available 1024 MEMORY_MB {{(pid=93641) get_provider_ids_matching /opt/stack/placement/placement/objects/research_context.py:549}}
Jun 29 13:41:34.110919 dv-cinder-797608-3-iscsi devstack@placement-api.service[93641]: DEBUG placement.objects.research_context [req-cfd24fc2-6e5b-4bd9-9883-c62dcfba52a3 req-428ca319-58f3-4fa3-9bf3-577f002c7f25 service placement] found 1 providers after filtering by previous result {{(pid=93641) get_provider_ids_matching /opt/stack/placement/placement/objects/research_context.py:580}}
Jun 29 13:41:34.111521 dv-cinder-797608-3-iscsi devstack@placement-api.service[93641]: DEBUG placement.objects.research_context [req-cfd24fc2-6e5b-4bd9-9883-c62dcfba52a3 req-428ca319-58f3-4fa3-9bf3-577f002c7f25 service placement] found 1 providers with available 1 VCPU {{(pid=93641) get_provider_ids_matching /opt/stack/placement/placement/objects/research_context.py:549}}
Jun 29 13:41:34.112284 dv-cinder-797608-3-iscsi devstack@placement-api.service[93641]: DEBUG placement.objects.research_context [req-cfd24fc2-6e5b-4bd9-9883-c62dcfba52a3 req-428ca319-58f3-4fa3-9bf3-577f002c7f25 service placement] found 1 providers after filtering by previous result {{(pid=93641) get_provider_ids_matching /opt/stack/placement/placement/objects/research_context.py:580}}
Jun 29 13:41:34.133983 dv-cinder-797608-3-iscsi devstack@placement-api.service[93641]: DEBUG placement.objects.allocation_candidate [req-cfd24fc2-6e5b-4bd9-9883-c62dcfba52a3 req-428ca319-58f3-4fa3-9bf3-577f002c7f25 service placement] RequestGroup(use_same_provider=False, resources={DISK_GB:1, MEMORY_MB:1024, VCPU:1}, traits=[], aggregates=[]) (suffix '') returned 1 matches {{(pid=93641) _get_by_requests /opt/stack/placement/placement/objects/allocation_candidate.py:145}}
Jun 29 13:41:34.134614 dv-cinder-797608-3-iscsi devstack@placement-api.service[93641]: DEBUG placement.objects.allocation_candidate [req-cfd24fc2-6e5b-4bd9-9883-c62dcfba52a3 req-428ca319-58f3-4fa3-9bf3-577f002c7f25 service placement] Merging candidates yields 1 allocation requests and 1 provider summaries {{(pid=93641) _merge_candidates /opt/stack/placement/placement/objects/allocation_candidate.py:783}}
Jun 29 13:41:34.137293 dv-cinder-797608-3-iscsi devstack@placement-api.service[93641]: INFO placement.requestlog [req-cfd24fc2-6e5b-4bd9-9883-c62dcfba52a3 req-428ca319-58f3-4fa3-9bf3-577f002c7f25 service placement] 10.222.0.21 "GET /placement/allocation_candidates?limit=1000&resources=DISK_GB%3A1%2CMEMORY_MB%3A1024%2CVCPU%3A1&root_required=%21COMPUTE_STATUS_DISABLED" status: 200 len: 767 microversion: 1.35
Jun 29 13:41:34.137658 dv-cinder-797608-3-iscsi devstack@placement-api.service[93641]: [pid: 93641|app: 0|req: 55/110] 10.222.0.21 () {60 vars in 1506 bytes} [Tue Jun 29 13:41:34 2021] GET /placement/allocation_candidates?limit=1000&resources=DISK_GB%3A1%2CMEMORY_MB%3A1024%2CVCPU%3A1&root_required=%21COMPUTE_STATUS_DISABLED => generated 767 bytes in 130 msecs (HTTP/1.1 200) 8 headers in 296 bytes (1 switches on core 0)
Jun 29 13:41:34.187000 dv-cinder-797608-3-iscsi devstack@placement-api.service[93642]: DEBUG placement.requestlog [req-d0041f7b-6943-48a6-bddb-74e5916075bf req-6f80ccaa-f3a2-4d82-b407-3caf7ffc75ed None None] Starting request: 10.222.0.61 "GET /placement/resource_providers/1c7226b6-d056-4246-9823-39a40be03cb7/allocations" {{(pid=93642) __call__ /opt/stack/placement/placement/requestlog.py:55}}
Jun 29 13:41:34.215351 dv-cinder-797608-3-iscsi devstack@placement-api.service[93641]: DEBUG placement.requestlog [req-cfd24fc2-6e5b-4bd9-9883-c62dcfba52a3 req-a23aeb7d-dbcf-42c0-8ae8-f58afbe39541 None None] Starting request: 10.222.0.21 "GET /placement/allocations/93042250-fa5f-4eab-a49b-c2a519792a49" {{(pid=93641) __call__ /opt/stack/placement/placement/requestlog.py:55}}
Jun 29 13:41:34.237391 dv-cinder-797608-3-iscsi devstack@placement-api.service[93642]: INFO placement.requestlog [req-d0041f7b-6943-48a6-bddb-74e5916075bf req-6f80ccaa-f3a2-4d82-b407-3caf7ffc75ed service placement] 10.222.0.61 "GET /placement/resource_providers/1c7226b6-d056-4246-9823-39a40be03cb7/allocations" status: 200 len: 241 microversion: 1.0
Jun 29 13:41:34.237391 dv-cinder-797608-3-iscsi devstack@placement-api.service[93642]: [pid: 93642|app: 0|req: 56/111] 10.222.0.61 () {58 vars in 1391 bytes} [Tue Jun 29 13:41:34 2021] GET /placement/resource_providers/1c7226b6-d056-4246-9823-39a40be03cb7/allocations => generated 241 bytes in 45 msecs (HTTP/1.1 200) 6 headers in 224 bytes (1 switches on core 0)
Jun 29 13:41:34.237740 dv-cinder-797608-3-iscsi devstack@placement-api.service[93641]: INFO placement.requestlog [req-cfd24fc2-6e5b-4bd9-9883-c62dcfba52a3 req-a23aeb7d-dbcf-42c0-8ae8-f58afbe39541 service placement] 10.222.0.21 "GET /placement/allocations/93042250-fa5f-4eab-a49b-c2a519792a49" status: 200 len: 19 microversion: 1.28
Jun 29 13:41:34.237740 dv-cinder-797608-3-iscsi devstack@placement-api.service[93641]: [pid: 93641|app: 0|req: 56/112] 10.222.0.21 () {60 vars in 1380 bytes} [Tue Jun 29 13:41:34 2021] GET /placement/allocations/93042250-fa5f-4eab-a49b-c2a519792a49 => generated 19 bytes in 22 msecs (HTTP/1.1 200) 8 headers in 295 bytes (2 switches on core 0)
Jun 29 13:41:34.245182 dv-cinder-797608-3-iscsi devstack@placement-api.service[93642]: DEBUG placement.requestlog [req-cfd24fc2-6e5b-4bd9-9883-c62dcfba52a3 req-d4a11477-af66-4f07-84c6-e146844d2521 None None] Starting request: 10.222.0.21 "PUT /placement/allocations/93042250-fa5f-4eab-a49b-c2a519792a49" {{(pid=93642) __call__ /opt/stack/placement/placement/requestlog.py:55}}
Jun 29 13:41:34.343209 dv-cinder-797608-3-iscsi devstack@placement-api.service[93642]: DEBUG placement.handlers.allocation [req-cfd24fc2-6e5b-4bd9-9883-c62dcfba52a3 req-d4a11477-af66-4f07-84c6-e146844d2521 service placement] Successfully wrote allocations [, , ] {{(pid=93642) _create_allocations /opt/stack/placement/placement/handlers/allocation.py:435}}
Jun 29 13:41:34.344429 dv-cinder-797608-3-iscsi devstack@placement-api.service[93642]: INFO placement.requestlog [req-cfd24fc2-6e5b-4bd9-9883-c62dcfba52a3 req-d4a11477-af66-4f07-84c6-e146844d2521 service placement] 10.222.0.21 "PUT /placement/allocations/93042250-fa5f-4eab-a49b-c2a519792a49" status: 204 len: 0 microversion: 1.35
Jun 29 13:41:34.344876 dv-cinder-797608-3-iscsi devstack@placement-api.service[93642]: [pid: 93642|app: 0|req: 57/113] 10.222.0.21 () {64 vars in 1433 bytes} [Tue Jun 29 13:41:34 2021] PUT /placement/allocations/93042250-fa5f-4eab-a49b-c2a519792a49 => generated 0 bytes in 100 msecs (HTTP/1.1 204) 5 headers in 199 bytes (2 switches on core 0)
Jun 29 13:41:34.584998 dv-cinder-797608-3-iscsi devstack@placement-api.service[93641]: DEBUG placement.requestlog [req-cfd24fc2-6e5b-4bd9-9883-c62dcfba52a3 req-ad81c5f2-abc3-4ee4-abe7-29c6e052e4b7 None None] Starting request: 10.222.0.61 "GET /placement/allocations/93042250-fa5f-4eab-a49b-c2a519792a49" {{(pid=93641) __call__ /opt/stack/placement/placement/requestlog.py:55}}
Jun 29 13:41:34.613358 dv-cinder-797608-3-iscsi devstack@placement-api.service[93641]: INFO placement.requestlog [req-cfd24fc2-6e5b-4bd9-9883-c62dcfba52a3 req-ad81c5f2-abc3-4ee4-abe7-29c6e052e4b7 service placement] 10.222.0.61 "GET /placement/allocations/93042250-fa5f-4eab-a49b-c2a519792a49" status: 200 len: 259 microversion: 1.28
Jun 29 13:41:34.613708 dv-cinder-797608-3-iscsi devstack@placement-api.service[93641]: [pid: 93641|app: 0|req: 57/114] 10.222.0.61 () {60 vars in 1378 bytes} [Tue Jun 29 13:41:34 2021] GET /placement/allocations/93042250-fa5f-4eab-a49b-c2a519792a49 => generated 259 bytes in 29 msecs (HTTP/1.1 200) 8 headers in 296 bytes (1 switches on core 0)
Jun 29 13:41:57.140308 dv-cinder-797608-3-iscsi devstack@placement-api.service[93642]: DEBUG placement.requestlog [req-8795d650-2b3e-4ca8-8386-d39c7f51097b req-d5f2d147-182d-43ed-89b6-708ed8dc64f2 None None] Starting request: 10.222.0.61 "GET /placement/allocations/8b86e23d-5950-4cab-a026-4039e2fc8d00" {{(pid=93642) __call__ /opt/stack/placement/placement/requestlog.py:55}}
Jun 29 13:41:57.167532 dv-cinder-797608-3-iscsi devstack@placement-api.service[93642]: INFO placement.requestlog [req-8795d650-2b3e-4ca8-8386-d39c7f51097b req-d5f2d147-182d-43ed-89b6-708ed8dc64f2 service placement] 10.222.0.61 "GET /placement/allocations/8b86e23d-5950-4cab-a026-4039e2fc8d00" status: 200 len: 259 microversion: 1.28
Jun 29 13:41:57.167955 dv-cinder-797608-3-iscsi devstack@placement-api.service[93642]: [pid: 93642|app: 0|req: 58/115] 10.222.0.61 () {60 vars in 1378 bytes} [Tue Jun 29 13:41:57 2021] GET /placement/allocations/8b86e23d-5950-4cab-a026-4039e2fc8d00 => generated 259 bytes in 28 msecs (HTTP/1.1 200) 8 headers in 296 bytes (2 switches on core 0)
Jun 29 13:41:57.175989 dv-cinder-797608-3-iscsi devstack@placement-api.service[93641]: DEBUG placement.requestlog [req-8795d650-2b3e-4ca8-8386-d39c7f51097b req-5599efa6-c720-4e8f-9081-ff585061d45d None None] Starting request: 10.222.0.61 "PUT /placement/allocations/8b86e23d-5950-4cab-a026-4039e2fc8d00" {{(pid=93641) __call__ /opt/stack/placement/placement/requestlog.py:55}}
Jun 29 13:41:57.248351 dv-cinder-797608-3-iscsi devstack@placement-api.service[93641]: DEBUG placement.handlers.allocation [req-8795d650-2b3e-4ca8-8386-d39c7f51097b req-5599efa6-c720-4e8f-9081-ff585061d45d service placement] Successfully wrote allocations [, , ] {{(pid=93641) _create_allocations /opt/stack/placement/placement/handlers/allocation.py:435}}
Jun 29 13:41:57.249652 dv-cinder-797608-3-iscsi devstack@placement-api.service[93641]: INFO placement.requestlog [req-8795d650-2b3e-4ca8-8386-d39c7f51097b req-5599efa6-c720-4e8f-9081-ff585061d45d service placement] 10.222.0.61 "PUT /placement/allocations/8b86e23d-5950-4cab-a026-4039e2fc8d00" status: 204 len: 0 microversion: 1.28
Jun 29 13:41:57.250095 dv-cinder-797608-3-iscsi devstack@placement-api.service[93641]: [pid: 93641|app: 0|req: 58/116] 10.222.0.61 () {64 vars in 1431 bytes} [Tue Jun 29 13:41:57 2021] PUT /placement/allocations/8b86e23d-5950-4cab-a026-4039e2fc8d00 => generated 0 bytes in 75 msecs (HTTP/1.1 204) 5 headers in 199 bytes (1 switches on core 0)
Jun 29 13:42:31.109435 dv-cinder-797608-3-iscsi devstack@placement-api.service[93642]: DEBUG placement.requestlog [req-cdccce1a-33fc-4b85-a3b3-72f61a8c4299 req-12c140bf-d023-4fb9-bb01-4976f60bb23f None None] Starting request: 10.222.0.61 "GET /placement/allocations/93042250-fa5f-4eab-a49b-c2a519792a49" {{(pid=93642) __call__ /opt/stack/placement/placement/requestlog.py:55}}
Jun 29 13:42:31.126440 dv-cinder-797608-3-iscsi devstack@placement-api.service[93642]: INFO placement.requestlog [req-cdccce1a-33fc-4b85-a3b3-72f61a8c4299 req-12c140bf-d023-4fb9-bb01-4976f60bb23f service placement] 10.222.0.61 "GET /placement/allocations/93042250-fa5f-4eab-a49b-c2a519792a49" status: 200 len: 259 microversion: 1.28
Jun 29 13:42:31.126770 dv-cinder-797608-3-iscsi devstack@placement-api.service[93642]: [pid: 93642|app: 0|req: 59/117] 10.222.0.61 () {60 vars in 1378 bytes} [Tue Jun 29 13:42:31 2021] GET /placement/allocations/93042250-fa5f-4eab-a49b-c2a519792a49 => generated 259 bytes in 18 msecs (HTTP/1.1 200) 8 headers in 296 bytes (2 switches on core 0)
Jun 29 13:42:31.134531 dv-cinder-797608-3-iscsi devstack@placement-api.service[93641]: DEBUG placement.requestlog [req-cdccce1a-33fc-4b85-a3b3-72f61a8c4299 req-6cbb4fd8-3668-4408-909c-24c123fe0318 None None] Starting request: 10.222.0.61 "PUT /placement/allocations/93042250-fa5f-4eab-a49b-c2a519792a49" {{(pid=93641) __call__ /opt/stack/placement/placement/requestlog.py:55}}
Jun 29 13:42:31.186646 dv-cinder-797608-3-iscsi devstack@placement-api.service[93641]: DEBUG placement.handlers.allocation [req-cdccce1a-33fc-4b85-a3b3-72f61a8c4299 req-6cbb4fd8-3668-4408-909c-24c123fe0318 service placement] Successfully wrote allocations [, , ] {{(pid=93641) _create_allocations /opt/stack/placement/placement/handlers/allocation.py:435}}
Jun 29 13:42:31.188834 dv-cinder-797608-3-iscsi devstack@placement-api.service[93641]: INFO placement.requestlog [req-cdccce1a-33fc-4b85-a3b3-72f61a8c4299 req-6cbb4fd8-3668-4408-909c-24c123fe0318 service placement] 10.222.0.61 "PUT /placement/allocations/93042250-fa5f-4eab-a49b-c2a519792a49" status: 204 len: 0 microversion: 1.28
Jun 29 13:42:31.189244 dv-cinder-797608-3-iscsi devstack@placement-api.service[93641]: [pid: 93641|app: 0|req: 59/118] 10.222.0.61 () {64 vars in 1431 bytes} [Tue Jun 29 13:42:31 2021] PUT /placement/allocations/93042250-fa5f-4eab-a49b-c2a519792a49 => generated 0 bytes in 55 msecs (HTTP/1.1 204) 5 headers in 199 bytes (2 switches on core 0)
Jun 29 13:42:34.129225 dv-cinder-797608-3-iscsi devstack@placement-api.service[93642]: DEBUG placement.requestlog [req-6d45a9a8-7387-47d9-9e8b-a3d112930d9d req-1b767a1c-38e4-47fd-ae75-9d8bd375934a None None] Starting request: 10.222.0.61 "GET /placement/resource_providers/1c7226b6-d056-4246-9823-39a40be03cb7/allocations" {{(pid=93642) __call__ /opt/stack/placement/placement/requestlog.py:55}}
Jun 29 13:42:34.154191 dv-cinder-797608-3-iscsi devstack@placement-api.service[93642]: INFO placement.requestlog [req-6d45a9a8-7387-47d9-9e8b-a3d112930d9d req-1b767a1c-38e4-47fd-ae75-9d8bd375934a service placement] 10.222.0.61 "GET /placement/resource_providers/1c7226b6-d056-4246-9823-39a40be03cb7/allocations" status: 200 len: 140 microversion: 1.0
Jun 29 13:42:34.154329 dv-cinder-797608-3-iscsi devstack@placement-api.service[93642]: [pid: 93642|app: 0|req: 60/119] 10.222.0.61 () {58 vars in 1391 bytes} [Tue Jun 29 13:42:34 2021] GET /placement/resource_providers/1c7226b6-d056-4246-9823-39a40be03cb7/allocations => generated 140 bytes in 26 msecs (HTTP/1.1 200) 6 headers in 224 bytes (1 switches on core 0)
Jun 29 13:42:42.595665 dv-cinder-797608-3-iscsi devstack@placement-api.service[93641]: DEBUG placement.requestlog [req-54a7202f-f9d0-4128-9038-9f1d2b0d75ca req-cd0dcaa3-b55a-46c1-8c7e-52829ad359ad None None] Starting request: 10.222.0.21 "GET /placement/allocation_candidates?limit=1000&resources=DISK_GB%3A1%2CMEMORY_MB%3A1024%2CVCPU%3A1&root_required=%21COMPUTE_STATUS_DISABLED" {{(pid=93641) __call__ /opt/stack/placement/placement/requestlog.py:55}}
Jun 29 13:42:42.632327 dv-cinder-797608-3-iscsi devstack@placement-api.service[93641]: DEBUG placement.objects.research_context [req-54a7202f-f9d0-4128-9038-9f1d2b0d75ca req-cd0dcaa3-b55a-46c1-8c7e-52829ad359ad service placement] getting providers with 1 DISK_GB {{(pid=93641) __init__ /opt/stack/placement/placement/objects/research_context.py:126}}
Jun 29 13:42:42.638876 dv-cinder-797608-3-iscsi devstack@placement-api.service[93641]: DEBUG placement.objects.research_context [req-54a7202f-f9d0-4128-9038-9f1d2b0d75ca req-cd0dcaa3-b55a-46c1-8c7e-52829ad359ad service placement] getting providers with 1024 MEMORY_MB {{(pid=93641) __init__ /opt/stack/placement/placement/objects/research_context.py:126}}
Jun 29 13:42:42.645545 dv-cinder-797608-3-iscsi devstack@placement-api.service[93641]: DEBUG placement.objects.research_context [req-54a7202f-f9d0-4128-9038-9f1d2b0d75ca req-cd0dcaa3-b55a-46c1-8c7e-52829ad359ad service placement] getting providers with 1 VCPU {{(pid=93641) __init__ /opt/stack/placement/placement/objects/research_context.py:126}}
Jun 29 13:42:42.654504 dv-cinder-797608-3-iscsi devstack@placement-api.service[93641]: DEBUG placement.objects.research_context [req-54a7202f-f9d0-4128-9038-9f1d2b0d75ca req-cd0dcaa3-b55a-46c1-8c7e-52829ad359ad service placement] found 1 providers with available 1 DISK_GB {{(pid=93641) get_provider_ids_matching /opt/stack/placement/placement/objects/research_context.py:549}}
Jun 29 13:42:42.654789 dv-cinder-797608-3-iscsi devstack@placement-api.service[93641]: DEBUG placement.objects.research_context [req-54a7202f-f9d0-4128-9038-9f1d2b0d75ca req-cd0dcaa3-b55a-46c1-8c7e-52829ad359ad service placement] found 1 providers with available 1024 MEMORY_MB {{(pid=93641) get_provider_ids_matching /opt/stack/placement/placement/objects/research_context.py:549}}
Jun 29 13:42:42.655259 dv-cinder-797608-3-iscsi devstack@placement-api.service[93641]: DEBUG placement.objects.research_context [req-54a7202f-f9d0-4128-9038-9f1d2b0d75ca req-cd0dcaa3-b55a-46c1-8c7e-52829ad359ad service placement] found 1 providers after filtering by previous result {{(pid=93641) get_provider_ids_matching /opt/stack/placement/placement/objects/research_context.py:580}}
Jun 29 13:42:42.656020 dv-cinder-797608-3-iscsi devstack@placement-api.service[93641]: DEBUG placement.objects.research_context [req-54a7202f-f9d0-4128-9038-9f1d2b0d75ca req-cd0dcaa3-b55a-46c1-8c7e-52829ad359ad service placement] found 1 providers with available 1 VCPU {{(pid=93641) get_provider_ids_matching /opt/stack/placement/placement/objects/research_context.py:549}}
Jun 29 13:42:42.656472 dv-cinder-797608-3-iscsi devstack@placement-api.service[93641]: DEBUG placement.objects.research_context [req-54a7202f-f9d0-4128-9038-9f1d2b0d75ca req-cd0dcaa3-b55a-46c1-8c7e-52829ad359ad service placement] found 1 providers after filtering by previous result {{(pid=93641) get_provider_ids_matching /opt/stack/placement/placement/objects/research_context.py:580}}
Jun 29 13:42:42.668978 dv-cinder-797608-3-iscsi devstack@placement-api.service[93641]: DEBUG placement.objects.allocation_candidate [req-54a7202f-f9d0-4128-9038-9f1d2b0d75ca req-cd0dcaa3-b55a-46c1-8c7e-52829ad359ad service placement] RequestGroup(use_same_provider=False, resources={DISK_GB:1, MEMORY_MB:1024, VCPU:1}, traits=[], aggregates=[]) (suffix '') returned 1 matches {{(pid=93641) _get_by_requests /opt/stack/placement/placement/objects/allocation_candidate.py:145}}
Jun 29 13:42:42.669433 dv-cinder-797608-3-iscsi devstack@placement-api.service[93641]: DEBUG placement.objects.allocation_candidate [req-54a7202f-f9d0-4128-9038-9f1d2b0d75ca req-cd0dcaa3-b55a-46c1-8c7e-52829ad359ad service placement] Merging candidates yields 1 allocation requests and 1 provider summaries {{(pid=93641) _merge_candidates /opt/stack/placement/placement/objects/allocation_candidate.py:783}}
Jun 29 13:42:42.672436 dv-cinder-797608-3-iscsi devstack@placement-api.service[93641]: INFO placement.requestlog [req-54a7202f-f9d0-4128-9038-9f1d2b0d75ca req-cd0dcaa3-b55a-46c1-8c7e-52829ad359ad service placement] 10.222.0.21 "GET /placement/allocation_candidates?limit=1000&resources=DISK_GB%3A1%2CMEMORY_MB%3A1024%2CVCPU%3A1&root_required=%21COMPUTE_STATUS_DISABLED" status: 200 len: 767 microversion: 1.35
Jun 29 13:42:42.673248 dv-cinder-797608-3-iscsi devstack@placement-api.service[93641]: [pid: 93641|app: 0|req: 60/120] 10.222.0.21 () {60 vars in 1506 bytes} [Tue Jun 29 13:42:42 2021] GET /placement/allocation_candidates?limit=1000&resources=DISK_GB%3A1%2CMEMORY_MB%3A1024%2CVCPU%3A1&root_required=%21COMPUTE_STATUS_DISABLED => generated 767 bytes in 78 msecs (HTTP/1.1 200) 8 headers in 296 bytes (1 switches on core 0)
Jun 29 13:42:42.716804 dv-cinder-797608-3-iscsi devstack@placement-api.service[93642]: DEBUG placement.requestlog [req-54a7202f-f9d0-4128-9038-9f1d2b0d75ca req-e2aa27d4-ab85-430d-8aca-1e1bc2277e57 None None] Starting request: 10.222.0.21 "GET /placement/allocations/b5a510ac-15a1-436b-8a3b-f1aef77e1b88" {{(pid=93642) __call__ /opt/stack/placement/placement/requestlog.py:55}}
Jun 29 13:42:42.729077 dv-cinder-797608-3-iscsi devstack@placement-api.service[93642]: INFO placement.requestlog [req-54a7202f-f9d0-4128-9038-9f1d2b0d75ca req-e2aa27d4-ab85-430d-8aca-1e1bc2277e57 service placement] 10.222.0.21 "GET /placement/allocations/b5a510ac-15a1-436b-8a3b-f1aef77e1b88" status: 200 len: 19 microversion: 1.28
Jun 29 13:42:42.729346 dv-cinder-797608-3-iscsi devstack@placement-api.service[93642]: [pid: 93642|app: 0|req: 61/121] 10.222.0.21 () {60 vars in 1380 bytes} [Tue Jun 29 13:42:42 2021] GET /placement/allocations/b5a510ac-15a1-436b-8a3b-f1aef77e1b88 => generated 19 bytes in 13 msecs (HTTP/1.1 200) 8 headers in 295 bytes (1 switches on core 0)
Jun 29 13:42:42.735674 dv-cinder-797608-3-iscsi devstack@placement-api.service[93641]: DEBUG placement.requestlog [req-54a7202f-f9d0-4128-9038-9f1d2b0d75ca req-2f58fc53-b994-4ddf-bc5d-906eabac77ab None None] Starting request: 10.222.0.21 "PUT /placement/allocations/b5a510ac-15a1-436b-8a3b-f1aef77e1b88" {{(pid=93641) __call__ /opt/stack/placement/placement/requestlog.py:55}}
Jun 29 13:42:42.817143 dv-cinder-797608-3-iscsi devstack@placement-api.service[93641]: DEBUG placement.handlers.allocation [req-54a7202f-f9d0-4128-9038-9f1d2b0d75ca req-2f58fc53-b994-4ddf-bc5d-906eabac77ab service placement] Successfully wrote allocations [, , ] {{(pid=93641) _create_allocations /opt/stack/placement/placement/handlers/allocation.py:435}}
Jun 29 13:42:42.817842 dv-cinder-797608-3-iscsi devstack@placement-api.service[93641]: INFO placement.requestlog [req-54a7202f-f9d0-4128-9038-9f1d2b0d75ca req-2f58fc53-b994-4ddf-bc5d-906eabac77ab service placement] 10.222.0.21 "PUT /placement/allocations/b5a510ac-15a1-436b-8a3b-f1aef77e1b88" status: 204 len: 0 microversion: 1.35
Jun 29 13:42:42.818311 dv-cinder-797608-3-iscsi devstack@placement-api.service[93641]: [pid: 93641|app: 0|req: 61/122] 10.222.0.21 () {64 vars in 1433 bytes} [Tue Jun 29 13:42:42 2021] PUT /placement/allocations/b5a510ac-15a1-436b-8a3b-f1aef77e1b88 => generated 0 bytes in 83 msecs (HTTP/1.1 204) 5 headers in 199 bytes (1 switches on core 0)
Jun 29 13:42:43.231093 dv-cinder-797608-3-iscsi devstack@placement-api.service[93642]: DEBUG placement.requestlog [req-54a7202f-f9d0-4128-9038-9f1d2b0d75ca req-76473341-7df6-4056-bee0-cba2f71e54db None None] Starting request: 10.222.0.61 "GET /placement/allocations/b5a510ac-15a1-436b-8a3b-f1aef77e1b88" {{(pid=93642) __call__ /opt/stack/placement/placement/requestlog.py:55}}
Jun 29 13:42:43.248537 dv-cinder-797608-3-iscsi devstack@placement-api.service[93642]: INFO placement.requestlog [req-54a7202f-f9d0-4128-9038-9f1d2b0d75ca req-76473341-7df6-4056-bee0-cba2f71e54db service placement] 10.222.0.61 "GET /placement/allocations/b5a510ac-15a1-436b-8a3b-f1aef77e1b88" status: 200 len: 259 microversion: 1.28
Jun 29 13:42:43.248942 dv-cinder-797608-3-iscsi devstack@placement-api.service[93642]: [pid: 93642|app: 0|req: 62/123] 10.222.0.61 () {60 vars in 1378 bytes} [Tue Jun 29 13:42:43 2021] GET /placement/allocations/b5a510ac-15a1-436b-8a3b-f1aef77e1b88 => generated 259 bytes in 19 msecs (HTTP/1.1 200) 8 headers in 296 bytes (1 switches on core 0)
Jun 29 13:43:04.786288 dv-cinder-797608-3-iscsi devstack@placement-api.service[93641]: DEBUG placement.requestlog [req-fd9c8bf7-1dc8-46e5-94ad-aefc87ce3644 req-2f927d41-24fb-4bf0-b3f7-2de457441ad3 None None] Starting request: 10.222.0.21 "GET /placement/allocation_candidates?limit=1000&resources=DISK_GB%3A1%2CMEMORY_MB%3A1024%2CVCPU%3A1&root_required=%21COMPUTE_STATUS_DISABLED" {{(pid=93641) __call__ /opt/stack/placement/placement/requestlog.py:55}}
Jun 29 13:43:04.847552 dv-cinder-797608-3-iscsi devstack@placement-api.service[93641]: DEBUG placement.objects.research_context [req-fd9c8bf7-1dc8-46e5-94ad-aefc87ce3644 req-2f927d41-24fb-4bf0-b3f7-2de457441ad3 service placement] getting providers with 1 DISK_GB {{(pid=93641) __init__ /opt/stack/placement/placement/objects/research_context.py:126}}
Jun 29 13:43:04.855224 dv-cinder-797608-3-iscsi devstack@placement-api.service[93641]: DEBUG placement.objects.research_context [req-fd9c8bf7-1dc8-46e5-94ad-aefc87ce3644 req-2f927d41-24fb-4bf0-b3f7-2de457441ad3 service placement] getting providers with 1024 MEMORY_MB {{(pid=93641) __init__ /opt/stack/placement/placement/objects/research_context.py:126}}
Jun 29 13:43:04.936320 dv-cinder-797608-3-iscsi devstack@placement-api.service[93641]: DEBUG placement.objects.research_context [req-fd9c8bf7-1dc8-46e5-94ad-aefc87ce3644 req-2f927d41-24fb-4bf0-b3f7-2de457441ad3 service placement] getting providers with 1 VCPU {{(pid=93641) __init__ /opt/stack/placement/placement/objects/research_context.py:126}}
Jun 29 13:43:04.943356 dv-cinder-797608-3-iscsi devstack@placement-api.service[93641]: DEBUG placement.objects.research_context [req-fd9c8bf7-1dc8-46e5-94ad-aefc87ce3644 req-2f927d41-24fb-4bf0-b3f7-2de457441ad3 service placement] found 1 providers with available 1 DISK_GB {{(pid=93641) get_provider_ids_matching /opt/stack/placement/placement/objects/research_context.py:549}}
Jun 29 13:43:04.943770 dv-cinder-797608-3-iscsi devstack@placement-api.service[93641]: DEBUG placement.objects.research_context [req-fd9c8bf7-1dc8-46e5-94ad-aefc87ce3644 req-2f927d41-24fb-4bf0-b3f7-2de457441ad3 service placement] found 1 providers with available 1024 MEMORY_MB {{(pid=93641) get_provider_ids_matching /opt/stack/placement/placement/objects/research_context.py:549}}
Jun 29 13:43:04.944151 dv-cinder-797608-3-iscsi devstack@placement-api.service[93641]: DEBUG placement.objects.research_context [req-fd9c8bf7-1dc8-46e5-94ad-aefc87ce3644 req-2f927d41-24fb-4bf0-b3f7-2de457441ad3 service placement] found 1 providers after filtering by previous result {{(pid=93641) get_provider_ids_matching /opt/stack/placement/placement/objects/research_context.py:580}}
Jun 29 13:43:04.944508 dv-cinder-797608-3-iscsi devstack@placement-api.service[93641]: DEBUG placement.objects.research_context [req-fd9c8bf7-1dc8-46e5-94ad-aefc87ce3644 req-2f927d41-24fb-4bf0-b3f7-2de457441ad3 service placement] found 1 providers with available 1 VCPU {{(pid=93641) get_provider_ids_matching /opt/stack/placement/placement/objects/research_context.py:549}}
Jun 29 13:43:04.944867 dv-cinder-797608-3-iscsi devstack@placement-api.service[93641]: DEBUG placement.objects.research_context [req-fd9c8bf7-1dc8-46e5-94ad-aefc87ce3644 req-2f927d41-24fb-4bf0-b3f7-2de457441ad3 service placement] found 1 providers after filtering by previous result {{(pid=93641) get_provider_ids_matching /opt/stack/placement/placement/objects/research_context.py:580}}
Jun 29 13:43:04.956848 dv-cinder-797608-3-iscsi devstack@placement-api.service[93641]: DEBUG placement.objects.allocation_candidate [req-fd9c8bf7-1dc8-46e5-94ad-aefc87ce3644 req-2f927d41-24fb-4bf0-b3f7-2de457441ad3 service placement] RequestGroup(use_same_provider=False, resources={DISK_GB:1, MEMORY_MB:1024, VCPU:1}, traits=[], aggregates=[]) (suffix '') returned 1 matches {{(pid=93641) _get_by_requests /opt/stack/placement/placement/objects/allocation_candidate.py:145}}
Jun 29 13:43:04.957189 dv-cinder-797608-3-iscsi devstack@placement-api.service[93641]: DEBUG placement.objects.allocation_candidate [req-fd9c8bf7-1dc8-46e5-94ad-aefc87ce3644 req-2f927d41-24fb-4bf0-b3f7-2de457441ad3 service placement] Merging candidates yields 1 allocation requests and 1 provider summaries {{(pid=93641) _merge_candidates /opt/stack/placement/placement/objects/allocation_candidate.py:783}}
Jun 29 13:43:04.959176 dv-cinder-797608-3-iscsi devstack@placement-api.service[93641]: INFO placement.requestlog [req-fd9c8bf7-1dc8-46e5-94ad-aefc87ce3644 req-2f927d41-24fb-4bf0-b3f7-2de457441ad3 service placement] 10.222.0.21 "GET /placement/allocation_candidates?limit=1000&resources=DISK_GB%3A1%2CMEMORY_MB%3A1024%2CVCPU%3A1&root_required=%21COMPUTE_STATUS_DISABLED" status: 200 len: 767 microversion: 1.35
Jun 29 13:43:04.959913 dv-cinder-797608-3-iscsi devstack@placement-api.service[93641]: [pid: 93641|app: 0|req: 62/124] 10.222.0.21 () {60 vars in 1506 bytes} [Tue Jun 29 13:43:04 2021] GET /placement/allocation_candidates?limit=1000&resources=DISK_GB%3A1%2CMEMORY_MB%3A1024%2CVCPU%3A1&root_required=%21COMPUTE_STATUS_DISABLED => generated 767 bytes in 175 msecs (HTTP/1.1 200) 8 headers in 296 bytes (1 switches on core 0)
Jun 29 13:43:05.003041 dv-cinder-797608-3-iscsi devstack@placement-api.service[93642]: DEBUG placement.requestlog [req-fd9c8bf7-1dc8-46e5-94ad-aefc87ce3644 req-cac692c3-f7b8-4eeb-b13f-b7a9ef2d5b79 None None] Starting request: 10.222.0.21 "GET /placement/allocations/744b616e-319d-48cf-b27d-58c20e434b7e" {{(pid=93642) __call__ /opt/stack/placement/placement/requestlog.py:55}}
Jun 29 13:43:05.014346 dv-cinder-797608-3-iscsi devstack@placement-api.service[93642]: INFO placement.requestlog [req-fd9c8bf7-1dc8-46e5-94ad-aefc87ce3644 req-cac692c3-f7b8-4eeb-b13f-b7a9ef2d5b79 service placement] 10.222.0.21 "GET /placement/allocations/744b616e-319d-48cf-b27d-58c20e434b7e" status: 200 len: 19 microversion: 1.28
Jun 29 13:43:05.014643 dv-cinder-797608-3-iscsi devstack@placement-api.service[93642]: [pid: 93642|app: 0|req: 63/125] 10.222.0.21 () {60 vars in 1380 bytes} [Tue Jun 29 13:43:05 2021] GET /placement/allocations/744b616e-319d-48cf-b27d-58c20e434b7e => generated 19 bytes in 12 msecs (HTTP/1.1 200) 8 headers in 295 bytes (1 switches on core 0)
Jun 29 13:43:05.021014 dv-cinder-797608-3-iscsi devstack@placement-api.service[93641]: DEBUG placement.requestlog [req-fd9c8bf7-1dc8-46e5-94ad-aefc87ce3644 req-863bb97b-4223-4986-9911-8fccacdb0ec9 None None] Starting request: 10.222.0.21 "PUT /placement/allocations/744b616e-319d-48cf-b27d-58c20e434b7e" {{(pid=93641) __call__ /opt/stack/placement/placement/requestlog.py:55}}
Jun 29 13:43:05.079103 dv-cinder-797608-3-iscsi devstack@placement-api.service[93641]: DEBUG placement.handlers.allocation [req-fd9c8bf7-1dc8-46e5-94ad-aefc87ce3644 req-863bb97b-4223-4986-9911-8fccacdb0ec9 service placement] Successfully wrote allocations [, , ] {{(pid=93641) _create_allocations /opt/stack/placement/placement/handlers/allocation.py:435}}
Jun 29 13:43:05.079715 dv-cinder-797608-3-iscsi devstack@placement-api.service[93641]: INFO placement.requestlog [req-fd9c8bf7-1dc8-46e5-94ad-aefc87ce3644 req-863bb97b-4223-4986-9911-8fccacdb0ec9 service placement] 10.222.0.21 "PUT /placement/allocations/744b616e-319d-48cf-b27d-58c20e434b7e" status: 204 len: 0 microversion: 1.35
Jun 29 13:43:05.080005 dv-cinder-797608-3-iscsi devstack@placement-api.service[93641]: [pid: 93641|app: 0|req: 63/126] 10.222.0.21 () {64 vars in 1433 bytes} [Tue Jun 29 13:43:05 2021] PUT /placement/allocations/744b616e-319d-48cf-b27d-58c20e434b7e => generated 0 bytes in 59 msecs (HTTP/1.1 204) 5 headers in 199 bytes (2 switches on core 0)
Jun 29 13:43:05.459553 dv-cinder-797608-3-iscsi devstack@placement-api.service[93642]: DEBUG placement.requestlog [req-fd9c8bf7-1dc8-46e5-94ad-aefc87ce3644 req-dc8a9eb8-7a09-4101-9189-f0cab30f7571 None None] Starting request: 10.222.0.61 "GET /placement/allocations/744b616e-319d-48cf-b27d-58c20e434b7e" {{(pid=93642) __call__ /opt/stack/placement/placement/requestlog.py:55}}
Jun 29 13:43:05.474842 dv-cinder-797608-3-iscsi devstack@placement-api.service[93642]: INFO placement.requestlog [req-fd9c8bf7-1dc8-46e5-94ad-aefc87ce3644 req-dc8a9eb8-7a09-4101-9189-f0cab30f7571 service placement] 10.222.0.61 "GET /placement/allocations/744b616e-319d-48cf-b27d-58c20e434b7e" status: 200 len: 259 microversion: 1.28
Jun 29 13:43:05.475114 dv-cinder-797608-3-iscsi devstack@placement-api.service[93642]: [pid: 93642|app: 0|req: 64/127] 10.222.0.61 () {60 vars in 1378 bytes} [Tue Jun 29 13:43:05 2021] GET /placement/allocations/744b616e-319d-48cf-b27d-58c20e434b7e => generated 259 bytes in 16 msecs (HTTP/1.1 200) 8 headers in 296 bytes (2 switches on core 0)
Jun 29 13:43:15.719640 dv-cinder-797608-3-iscsi devstack@placement-api.service[93641]: DEBUG placement.requestlog [req-83980566-4087-4cd0-9052-729fae3e125b req-e3dbd61e-774f-42ee-9392-8766a19afacb None None] Starting request: 10.222.0.61 "GET /placement/allocations/7260097b-46f8-46e2-95f9-b356fac42290" {{(pid=93641) __call__ /opt/stack/placement/placement/requestlog.py:55}}
Jun 29 13:43:15.743127 dv-cinder-797608-3-iscsi devstack@placement-api.service[93641]: INFO placement.requestlog [req-83980566-4087-4cd0-9052-729fae3e125b req-e3dbd61e-774f-42ee-9392-8766a19afacb service placement] 10.222.0.61 "GET /placement/allocations/7260097b-46f8-46e2-95f9-b356fac42290" status: 200 len: 245 microversion: 1.28
Jun 29 13:43:15.743454 dv-cinder-797608-3-iscsi devstack@placement-api.service[93641]: [pid: 93641|app: 0|req: 64/128] 10.222.0.61 () {60 vars in 1378 bytes} [Tue Jun 29 13:43:15 2021] GET /placement/allocations/7260097b-46f8-46e2-95f9-b356fac42290 => generated 245 bytes in 24 msecs (HTTP/1.1 200) 8 headers in 296 bytes (2 switches on core 0)
Jun 29 13:43:15.753125 dv-cinder-797608-3-iscsi devstack@placement-api.service[93642]: DEBUG placement.requestlog [req-83980566-4087-4cd0-9052-729fae3e125b req-9b9f269c-2858-45b7-98ff-0c1e393ceda5 None None] Starting request: 10.222.0.61 "PUT /placement/allocations/7260097b-46f8-46e2-95f9-b356fac42290" {{(pid=93642) __call__ /opt/stack/placement/placement/requestlog.py:55}}
Jun 29 13:43:15.801773 dv-cinder-797608-3-iscsi devstack@placement-api.service[93642]: DEBUG placement.handlers.allocation [req-83980566-4087-4cd0-9052-729fae3e125b req-9b9f269c-2858-45b7-98ff-0c1e393ceda5 service placement] Successfully wrote allocations [, ] {{(pid=93642) _create_allocations /opt/stack/placement/placement/handlers/allocation.py:435}}
Jun 29 13:43:15.802476 dv-cinder-797608-3-iscsi devstack@placement-api.service[93642]: INFO placement.requestlog [req-83980566-4087-4cd0-9052-729fae3e125b req-9b9f269c-2858-45b7-98ff-0c1e393ceda5 service placement] 10.222.0.61 "PUT /placement/allocations/7260097b-46f8-46e2-95f9-b356fac42290" status: 204 len: 0 microversion: 1.28
Jun 29 13:43:15.806313 dv-cinder-797608-3-iscsi devstack@placement-api.service[93642]: [pid: 93642|app: 0|req: 65/129] 10.222.0.61 () {64 vars in 1431 bytes} [Tue Jun 29 13:43:15 2021] PUT /placement/allocations/7260097b-46f8-46e2-95f9-b356fac42290 => generated 0 bytes in 50 msecs (HTTP/1.1 204) 5 headers in 199 bytes (1 switches on core 0)
Jun 29 13:43:17.932560 dv-cinder-797608-3-iscsi devstack@placement-api.service[93641]: DEBUG placement.requestlog [req-f58f8518-7c3a-4361-98d9-fabf023e0ae8 req-2bdf3a44-bf02-4796-8ed8-264acdab094b None None] Starting request: 10.222.0.21 "GET /placement/allocation_candidates?limit=1000&resources=MEMORY_MB%3A1024%2CVCPU%3A1&root_required=%21COMPUTE_STATUS_DISABLED" {{(pid=93641) __call__ /opt/stack/placement/placement/requestlog.py:55}}
Jun 29 13:43:17.963528 dv-cinder-797608-3-iscsi devstack@placement-api.service[93641]: DEBUG placement.objects.research_context [req-f58f8518-7c3a-4361-98d9-fabf023e0ae8 req-2bdf3a44-bf02-4796-8ed8-264acdab094b service placement] getting providers with 1024 MEMORY_MB {{(pid=93641) __init__ /opt/stack/placement/placement/objects/research_context.py:126}}
Jun 29 13:43:17.970287 dv-cinder-797608-3-iscsi devstack@placement-api.service[93641]: DEBUG placement.objects.research_context [req-f58f8518-7c3a-4361-98d9-fabf023e0ae8 req-2bdf3a44-bf02-4796-8ed8-264acdab094b service placement] getting providers with 1 VCPU {{(pid=93641) __init__ /opt/stack/placement/placement/objects/research_context.py:126}}
Jun 29 13:43:17.975873 dv-cinder-797608-3-iscsi devstack@placement-api.service[93641]: DEBUG placement.objects.research_context [req-f58f8518-7c3a-4361-98d9-fabf023e0ae8 req-2bdf3a44-bf02-4796-8ed8-264acdab094b service placement] found 1 providers with available 1024 MEMORY_MB {{(pid=93641) get_provider_ids_matching /opt/stack/placement/placement/objects/research_context.py:549}}
Jun 29 13:43:17.976209 dv-cinder-797608-3-iscsi devstack@placement-api.service[93641]: DEBUG placement.objects.research_context [req-f58f8518-7c3a-4361-98d9-fabf023e0ae8 req-2bdf3a44-bf02-4796-8ed8-264acdab094b service placement] found 1 providers with available 1 VCPU {{(pid=93641) get_provider_ids_matching /opt/stack/placement/placement/objects/research_context.py:549}}
Jun 29 13:43:17.976488 dv-cinder-797608-3-iscsi devstack@placement-api.service[93641]: DEBUG placement.objects.research_context [req-f58f8518-7c3a-4361-98d9-fabf023e0ae8 req-2bdf3a44-bf02-4796-8ed8-264acdab094b service placement] found 1 providers after filtering by previous result {{(pid=93641) get_provider_ids_matching /opt/stack/placement/placement/objects/research_context.py:580}}
Jun 29 13:43:17.989139 dv-cinder-797608-3-iscsi devstack@placement-api.service[93641]: DEBUG placement.objects.allocation_candidate [req-f58f8518-7c3a-4361-98d9-fabf023e0ae8 req-2bdf3a44-bf02-4796-8ed8-264acdab094b service placement] RequestGroup(use_same_provider=False, resources={MEMORY_MB:1024, VCPU:1}, traits=[], aggregates=[]) (suffix '') returned 1 matches {{(pid=93641) _get_by_requests /opt/stack/placement/placement/objects/allocation_candidate.py:145}}
Jun 29 13:43:17.989469 dv-cinder-797608-3-iscsi devstack@placement-api.service[93641]: DEBUG placement.objects.allocation_candidate [req-f58f8518-7c3a-4361-98d9-fabf023e0ae8 req-2bdf3a44-bf02-4796-8ed8-264acdab094b service placement] Merging candidates yields 1 allocation requests and 1 provider summaries {{(pid=93641) _merge_candidates /opt/stack/placement/placement/objects/allocation_candidate.py:783}}
Jun 29 13:43:17.991155 dv-cinder-797608-3-iscsi devstack@placement-api.service[93641]: INFO placement.requestlog [req-f58f8518-7c3a-4361-98d9-fabf023e0ae8 req-2bdf3a44-bf02-4796-8ed8-264acdab094b service placement] 10.222.0.21 "GET /placement/allocation_candidates?limit=1000&resources=MEMORY_MB%3A1024%2CVCPU%3A1&root_required=%21COMPUTE_STATUS_DISABLED" status: 200 len: 753 microversion: 1.35
Jun 29 13:43:17.991597 dv-cinder-797608-3-iscsi devstack@placement-api.service[93641]: [pid: 93641|app: 0|req: 65/130] 10.222.0.21 () {60 vars in 1478 bytes} [Tue Jun 29 13:43:17 2021] GET /placement/allocation_candidates?limit=1000&resources=MEMORY_MB%3A1024%2CVCPU%3A1&root_required=%21COMPUTE_STATUS_DISABLED => generated 753 bytes in 59 msecs (HTTP/1.1 200) 8 headers in 296 bytes (1 switches on core 0)
Jun 29 13:43:18.035437 dv-cinder-797608-3-iscsi devstack@placement-api.service[93642]: DEBUG placement.requestlog [req-f58f8518-7c3a-4361-98d9-fabf023e0ae8 req-9bd52328-8366-4c89-9195-ccf08788890d None None] Starting request: 10.222.0.21 "GET /placement/allocations/7260097b-46f8-46e2-95f9-b356fac42290" {{(pid=93642) __call__ /opt/stack/placement/placement/requestlog.py:55}}
Jun 29 13:43:18.046893 dv-cinder-797608-3-iscsi devstack@placement-api.service[93642]: INFO placement.requestlog [req-f58f8518-7c3a-4361-98d9-fabf023e0ae8 req-9bd52328-8366-4c89-9195-ccf08788890d service placement] 10.222.0.21 "GET /placement/allocations/7260097b-46f8-46e2-95f9-b356fac42290" status: 200 len: 19 microversion: 1.28
Jun 29 13:43:18.047176 dv-cinder-797608-3-iscsi devstack@placement-api.service[93642]: [pid: 93642|app: 0|req: 66/131] 10.222.0.21 () {60 vars in 1380 bytes} [Tue Jun 29 13:43:18 2021] GET /placement/allocations/7260097b-46f8-46e2-95f9-b356fac42290 => generated 19 bytes in 12 msecs (HTTP/1.1 200) 8 headers in 295 bytes (1 switches on core 0)
Jun 29 13:43:18.052973 dv-cinder-797608-3-iscsi devstack@placement-api.service[93641]: DEBUG placement.requestlog [req-f58f8518-7c3a-4361-98d9-fabf023e0ae8 req-8eef2e47-7901-488b-89ef-9daad5bf45fd None None] Starting request: 10.222.0.21 "PUT /placement/allocations/7260097b-46f8-46e2-95f9-b356fac42290" {{(pid=93641) __call__ /opt/stack/placement/placement/requestlog.py:55}}
Jun 29 13:43:18.107464 dv-cinder-797608-3-iscsi devstack@placement-api.service[93641]: DEBUG placement.handlers.allocation [req-f58f8518-7c3a-4361-98d9-fabf023e0ae8 req-8eef2e47-7901-488b-89ef-9daad5bf45fd service placement] Successfully wrote allocations [, ] {{(pid=93641) _create_allocations /opt/stack/placement/placement/handlers/allocation.py:435}}
Jun 29 13:43:18.108007 dv-cinder-797608-3-iscsi devstack@placement-api.service[93641]: INFO placement.requestlog [req-f58f8518-7c3a-4361-98d9-fabf023e0ae8 req-8eef2e47-7901-488b-89ef-9daad5bf45fd service placement] 10.222.0.21 "PUT /placement/allocations/7260097b-46f8-46e2-95f9-b356fac42290" status: 204 len: 0 microversion: 1.35
Jun 29 13:43:18.108254 dv-cinder-797608-3-iscsi devstack@placement-api.service[93641]: [pid: 93641|app: 0|req: 66/132] 10.222.0.21 () {64 vars in 1433 bytes} [Tue Jun 29 13:43:18 2021] PUT /placement/allocations/7260097b-46f8-46e2-95f9-b356fac42290 => generated 0 bytes in 56 msecs (HTTP/1.1 204) 5 headers in 199 bytes (1 switches on core 0)
Jun 29 13:43:19.014907 dv-cinder-797608-3-iscsi devstack@placement-api.service[93642]: DEBUG placement.requestlog [req-f58f8518-7c3a-4361-98d9-fabf023e0ae8 req-0108554e-38a4-4496-9195-57ac7d183fa9 None None] Starting request: 10.222.0.61 "GET /placement/allocations/7260097b-46f8-46e2-95f9-b356fac42290" {{(pid=93642) __call__ /opt/stack/placement/placement/requestlog.py:55}}
Jun 29 13:43:19.029689 dv-cinder-797608-3-iscsi devstack@placement-api.service[93642]: INFO placement.requestlog [req-f58f8518-7c3a-4361-98d9-fabf023e0ae8 req-0108554e-38a4-4496-9195-57ac7d183fa9 service placement] 10.222.0.61 "GET /placement/allocations/7260097b-46f8-46e2-95f9-b356fac42290" status: 200 len: 245 microversion: 1.28
Jun 29 13:43:19.029993 dv-cinder-797608-3-iscsi devstack@placement-api.service[93642]: [pid: 93642|app: 0|req: 67/133] 10.222.0.61 () {60 vars in 1378 bytes} [Tue Jun 29 13:43:19 2021] GET /placement/allocations/7260097b-46f8-46e2-95f9-b356fac42290 => generated 245 bytes in 15 msecs (HTTP/1.1 200) 8 headers in 296 bytes (1 switches on core 0)
Jun 29 13:43:19.411543 dv-cinder-797608-3-iscsi devstack@placement-api.service[93641]: DEBUG placement.requestlog [req-15b5b66f-15f2-4c6c-adf4-d858c9a94e1d req-8b60d958-0bf9-4752-9b01-21bffaf42c89 None None] Starting request: 10.222.0.21 "GET /placement/allocation_candidates?limit=1000&resources=DISK_GB%3A1%2CMEMORY_MB%3A1024%2CVCPU%3A1&root_required=%21COMPUTE_STATUS_DISABLED" {{(pid=93641) __call__ /opt/stack/placement/placement/requestlog.py:55}}
Jun 29 13:43:19.451738 dv-cinder-797608-3-iscsi devstack@placement-api.service[93641]: DEBUG placement.objects.research_context [req-15b5b66f-15f2-4c6c-adf4-d858c9a94e1d req-8b60d958-0bf9-4752-9b01-21bffaf42c89 service placement] getting providers with 1 DISK_GB {{(pid=93641) __init__ /opt/stack/placement/placement/objects/research_context.py:126}}
Jun 29 13:43:19.458543 dv-cinder-797608-3-iscsi devstack@placement-api.service[93641]: DEBUG placement.objects.research_context [req-15b5b66f-15f2-4c6c-adf4-d858c9a94e1d req-8b60d958-0bf9-4752-9b01-21bffaf42c89 service placement] getting providers with 1024 MEMORY_MB {{(pid=93641) __init__ /opt/stack/placement/placement/objects/research_context.py:126}}
Jun 29 13:43:19.464727 dv-cinder-797608-3-iscsi devstack@placement-api.service[93641]: DEBUG placement.objects.research_context [req-15b5b66f-15f2-4c6c-adf4-d858c9a94e1d req-8b60d958-0bf9-4752-9b01-21bffaf42c89 service placement] getting providers with 1 VCPU {{(pid=93641) __init__ /opt/stack/placement/placement/objects/research_context.py:126}}
Jun 29 13:43:19.472963 dv-cinder-797608-3-iscsi devstack@placement-api.service[93641]: DEBUG placement.objects.research_context [req-15b5b66f-15f2-4c6c-adf4-d858c9a94e1d req-8b60d958-0bf9-4752-9b01-21bffaf42c89 service placement] found 1 providers with available 1 DISK_GB {{(pid=93641) get_provider_ids_matching /opt/stack/placement/placement/objects/research_context.py:549}}
Jun 29 13:43:19.473307 dv-cinder-797608-3-iscsi devstack@placement-api.service[93641]: DEBUG placement.objects.research_context [req-15b5b66f-15f2-4c6c-adf4-d858c9a94e1d req-8b60d958-0bf9-4752-9b01-21bffaf42c89 service placement] found 1 providers with available 1024 MEMORY_MB {{(pid=93641) get_provider_ids_matching /opt/stack/placement/placement/objects/research_context.py:549}}
Jun 29 13:43:19.473719 dv-cinder-797608-3-iscsi devstack@placement-api.service[93641]: DEBUG placement.objects.research_context [req-15b5b66f-15f2-4c6c-adf4-d858c9a94e1d req-8b60d958-0bf9-4752-9b01-21bffaf42c89 service placement] found 1 providers after filtering by previous result {{(pid=93641) get_provider_ids_matching /opt/stack/placement/placement/objects/research_context.py:580}}
Jun 29 13:43:19.474180 dv-cinder-797608-3-iscsi devstack@placement-api.service[93641]: DEBUG placement.objects.research_context [req-15b5b66f-15f2-4c6c-adf4-d858c9a94e1d req-8b60d958-0bf9-4752-9b01-21bffaf42c89 service placement] found 1 providers with available 1 VCPU {{(pid=93641) get_provider_ids_matching /opt/stack/placement/placement/objects/research_context.py:549}}
Jun 29 13:43:19.474525 dv-cinder-797608-3-iscsi devstack@placement-api.service[93641]: DEBUG placement.objects.research_context [req-15b5b66f-15f2-4c6c-adf4-d858c9a94e1d req-8b60d958-0bf9-4752-9b01-21bffaf42c89 service placement] found 1 providers after filtering by previous result {{(pid=93641) get_provider_ids_matching /opt/stack/placement/placement/objects/research_context.py:580}}
Jun 29 13:43:19.491921 dv-cinder-797608-3-iscsi devstack@placement-api.service[93641]: DEBUG placement.objects.allocation_candidate [req-15b5b66f-15f2-4c6c-adf4-d858c9a94e1d req-8b60d958-0bf9-4752-9b01-21bffaf42c89 service placement] RequestGroup(use_same_provider=False, resources={DISK_GB:1, MEMORY_MB:1024, VCPU:1}, traits=[], aggregates=[]) (suffix '') returned 1 matches {{(pid=93641) _get_by_requests /opt/stack/placement/placement/objects/allocation_candidate.py:145}}
Jun 29 13:43:19.492709 dv-cinder-797608-3-iscsi devstack@placement-api.service[93641]: DEBUG placement.objects.allocation_candidate [req-15b5b66f-15f2-4c6c-adf4-d858c9a94e1d req-8b60d958-0bf9-4752-9b01-21bffaf42c89 service placement] Merging candidates yields 1 allocation requests and 1 provider summaries {{(pid=93641) _merge_candidates /opt/stack/placement/placement/objects/allocation_candidate.py:783}}
Jun 29 13:43:19.495397 dv-cinder-797608-3-iscsi devstack@placement-api.service[93641]: INFO placement.requestlog [req-15b5b66f-15f2-4c6c-adf4-d858c9a94e1d req-8b60d958-0bf9-4752-9b01-21bffaf42c89 service placement] 10.222.0.21 "GET /placement/allocation_candidates?limit=1000&resources=DISK_GB%3A1%2CMEMORY_MB%3A1024%2CVCPU%3A1&root_required=%21COMPUTE_STATUS_DISABLED" status: 200 len: 767 microversion: 1.35
Jun 29 13:43:19.495784 dv-cinder-797608-3-iscsi devstack@placement-api.service[93641]: [pid: 93641|app: 0|req: 67/134] 10.222.0.21 () {60 vars in 1506 bytes} [Tue Jun 29 13:43:19 2021] GET /placement/allocation_candidates?limit=1000&resources=DISK_GB%3A1%2CMEMORY_MB%3A1024%2CVCPU%3A1&root_required=%21COMPUTE_STATUS_DISABLED => generated 767 bytes in 84 msecs (HTTP/1.1 200) 8 headers in 296 bytes (1 switches on core 0)
