Jun 02 18:47:46.526038 dv-cinder-797608-28-iscsi devstack@keystone.service[80258]: DEBUG keystone.server.flask.request_processing.req_logging [None req-36881beb-7daa-4df1-b3fa-47ec9cde812c None admin] REQUEST_METHOD: `PUT` {{(pid=80258) log_request_info /opt/stack/keystone/keystone/server/flask/request_processing/req_logging.py:27}}
Jun 02 18:47:46.526540 dv-cinder-797608-28-iscsi devstack@keystone.service[80258]: DEBUG keystone.server.flask.request_processing.req_logging [None req-36881beb-7daa-4df1-b3fa-47ec9cde812c None admin] SCRIPT_NAME: `/identity` {{(pid=80258) log_request_info /opt/stack/keystone/keystone/server/flask/request_processing/req_logging.py:28}}
Jun 02 18:47:46.527075 dv-cinder-797608-28-iscsi devstack@keystone.service[80258]: DEBUG keystone.server.flask.request_processing.req_logging [None req-36881beb-7daa-4df1-b3fa-47ec9cde812c None admin] PATH_INFO: `/v3/projects/32a6d4fba36a446bb95799ce1b96d071/groups/cdb07e9a184d4da5a24c67c0975309b1/roles/3e320079a5ce471e863ad87a36be46b1` {{(pid=80258) log_request_info /opt/stack/keystone/keystone/server/flask/request_processing/req_logging.py:29}}
Jun 02 18:47:46.529475 dv-cinder-797608-28-iscsi devstack@keystone.service[80258]: DEBUG keystone.common.rbac_enforcer.enforcer [None req-36881beb-7daa-4df1-b3fa-47ec9cde812c None admin] RBAC: Authorizing `identity:create_grant(project_id=32a6d4fba36a446bb95799ce1b96d071, group_id=cdb07e9a184d4da5a24c67c0975309b1, role_id=3e320079a5ce471e863ad87a36be46b1)` {{(pid=80258) enforce_call /opt/stack/keystone/keystone/common/rbac_enforcer/enforcer.py:449}}
Jun 02 18:47:46.531290 dv-cinder-797608-28-iscsi devstack@keystone.service[80258]: DEBUG keystone.common.rbac_enforcer.enforcer [None req-36881beb-7daa-4df1-b3fa-47ec9cde812c None admin] RBAC: Authorization granted {{(pid=80258) enforce_call /opt/stack/keystone/keystone/common/rbac_enforcer/enforcer.py:457}}
Jun 02 18:47:46.552312 dv-cinder-797608-28-iscsi devstack@keystone.service[80258]: [pid: 80258|app: 0|req: 210/410] 10.222.0.15 () {58 vars in 1442 bytes} [Thu Jun 2 18:47:46 2022] PUT /identity/v3/projects/32a6d4fba36a446bb95799ce1b96d071/groups/cdb07e9a184d4da5a24c67c0975309b1/roles/3e320079a5ce471e863ad87a36be46b1 => generated 0 bytes in 185 msecs (HTTP/1.1 204) 3 headers in 132 bytes (0 switches on core 0)
Jun 02 18:47:46.553666 dv-cinder-797608-28-iscsi devstack@keystone.service[80258]: DEBUG keystone.server.flask.request_processing.middleware.auth_context [None req-36881beb-7daa-4df1-b3fa-47ec9cde812c None admin] Authenticating user token {{(pid=80258) process_request /usr/local/lib/python3.8/dist-packages/keystonemiddleware/auth_token/__init__.py:407}}
Jun 02 18:47:46.557092 dv-cinder-797608-28-iscsi devstack@keystone.service[80259]: DEBUG keystone.server.flask.request_processing.middleware.auth_context [None req-25f4d7b8-0ec1-4843-a4ec-e57504fdef8c None admin] Validating token access rules against request {{(pid=80259) validate_allowed_request /usr/local/lib/python3.8/dist-packages/keystonemiddleware/auth_token/__init__.py:545}}
Jun 02 18:47:46.606786 dv-cinder-797608-28-iscsi devstack@keystone.service[80259]: DEBUG keystone.server.flask.request_processing.middleware.auth_context [None req-62281da4-3669-4e3a-af9b-b0ff21575b5e None admin] RBAC: auth_context: {'token': , 'domain_id': None, 'trust_id': None, 'trustor_id': None, 'trustee_id': None, 'domain_name': None, 'group_ids': [], 'user_id': 'f2f2aaa398bb4bba874340ea4e3288dd', 'user_domain_id': 'default', 'system_scope': 'all', 'project_id': None, 'project_domain_id': None, 'roles': ['admin', 'member', 'reader'], 'is_admin_project': True, 'service_user_id': None, 'service_user_domain_id': None, 'service_project_id': None, 'service_project_domain_id': None, 'service_roles': []} {{(pid=80259) fill_context /opt/stack/keystone/keystone/server/flask/request_processing/middleware/auth_context.py:478}}
Jun 02 18:47:46.608206 dv-cinder-797608-28-iscsi devstack@keystone.service[80259]: DEBUG keystone.server.flask.request_processing.req_logging [None req-62281da4-3669-4e3a-af9b-b0ff21575b5e None admin] REQUEST_METHOD: `PUT` {{(pid=80259) log_request_info /opt/stack/keystone/keystone/server/flask/request_processing/req_logging.py:27}}
Jun 02 18:47:46.608678 dv-cinder-797608-28-iscsi devstack@keystone.service[80259]: DEBUG keystone.server.flask.request_processing.req_logging [None req-62281da4-3669-4e3a-af9b-b0ff21575b5e None admin] SCRIPT_NAME: `/identity` {{(pid=80259) log_request_info /opt/stack/keystone/keystone/server/flask/request_processing/req_logging.py:28}}
Jun 02 18:47:46.609132 dv-cinder-797608-28-iscsi devstack@keystone.service[80259]: DEBUG keystone.server.flask.request_processing.req_logging [None req-62281da4-3669-4e3a-af9b-b0ff21575b5e None admin] PATH_INFO: `/v3/projects/32a6d4fba36a446bb95799ce1b96d071/groups/cdb07e9a184d4da5a24c67c0975309b1/roles/1ecbde8dcaa44047899f618334033d43` {{(pid=80259) log_request_info /opt/stack/keystone/keystone/server/flask/request_processing/req_logging.py:29}}
Jun 02 18:47:46.612138 dv-cinder-797608-28-iscsi devstack@keystone.service[80259]: DEBUG keystone.common.rbac_enforcer.enforcer [None req-62281da4-3669-4e3a-af9b-b0ff21575b5e None admin] RBAC: Authorizing `identity:create_grant(project_id=32a6d4fba36a446bb95799ce1b96d071, group_id=cdb07e9a184d4da5a24c67c0975309b1, role_id=1ecbde8dcaa44047899f618334033d43)` {{(pid=80259) enforce_call /opt/stack/keystone/keystone/common/rbac_enforcer/enforcer.py:449}}
Jun 02 18:47:46.614062 dv-cinder-797608-28-iscsi devstack@keystone.service[80259]: DEBUG keystone.common.rbac_enforcer.enforcer [None req-62281da4-3669-4e3a-af9b-b0ff21575b5e None admin] RBAC: Authorization granted {{(pid=80259) enforce_call /opt/stack/keystone/keystone/common/rbac_enforcer/enforcer.py:457}}
Jun 02 18:47:46.639507 dv-cinder-797608-28-iscsi devstack@keystone.service[80259]: [pid: 80259|app: 0|req: 201/411] 10.222.0.15 () {58 vars in 1442 bytes} [Thu Jun 2 18:47:46 2022] PUT /identity/v3/projects/32a6d4fba36a446bb95799ce1b96d071/groups/cdb07e9a184d4da5a24c67c0975309b1/roles/1ecbde8dcaa44047899f618334033d43 => generated 0 bytes in 194 msecs (HTTP/1.1 204) 3 headers in 132 bytes (0 switches on core 0)
Jun 02 18:47:46.655625 dv-cinder-797608-28-iscsi devstack@keystone.service[80258]: DEBUG dbcounter [-] [80258] Writing DB stats keystone:SELECT=99,keystone:INSERT=1 {{(pid=80258) stat_writer /usr/local/lib/python3.8/dist-packages/dbcounter.py:114}}
Jun 02 18:47:46.684128 dv-cinder-797608-28-iscsi devstack@keystone.service[80258]: DEBUG keystone.server.flask.request_processing.middleware.auth_context [None req-36881beb-7daa-4df1-b3fa-47ec9cde812c None admin] Validating token access rules against request {{(pid=80258) validate_allowed_request /usr/local/lib/python3.8/dist-packages/keystonemiddleware/auth_token/__init__.py:545}}
Jun 02 18:47:46.690430 dv-cinder-797608-28-iscsi devstack@keystone.service[80259]: DEBUG keystone.server.flask.request_processing.req_logging [None req-e258a2f2-6124-4430-a397-2188f8e60d9f None None] REQUEST_METHOD: `GET` {{(pid=80259) log_request_info /opt/stack/keystone/keystone/server/flask/request_processing/req_logging.py:27}}
Jun 02 18:47:46.691050 dv-cinder-797608-28-iscsi devstack@keystone.service[80259]: DEBUG keystone.server.flask.request_processing.req_logging [None req-e258a2f2-6124-4430-a397-2188f8e60d9f None None] SCRIPT_NAME: `/identity` {{(pid=80259) log_request_info /opt/stack/keystone/keystone/server/flask/request_processing/req_logging.py:28}}
Jun 02 18:47:46.691490 dv-cinder-797608-28-iscsi devstack@keystone.service[80259]: DEBUG keystone.server.flask.request_processing.req_logging [None req-e258a2f2-6124-4430-a397-2188f8e60d9f None None] PATH_INFO: `/` {{(pid=80259) log_request_info /opt/stack/keystone/keystone/server/flask/request_processing/req_logging.py:29}}
Jun 02 18:47:46.693460 dv-cinder-797608-28-iscsi devstack@keystone.service[80259]: [pid: 80259|app: 0|req: 202/412] 10.222.0.15 () {54 vars in 926 bytes} [Thu Jun 2 18:47:46 2022] GET /identity => generated 270 bytes in 4 msecs (HTTP/1.1 300) 6 headers in 234 bytes (1 switches on core 0)
Jun 02 18:47:46.701960 dv-cinder-797608-28-iscsi devstack@keystone.service[80259]: DEBUG keystone.server.flask.request_processing.req_logging [None req-20fde702-0db6-4550-828e-880bfbe08a25 None None] REQUEST_METHOD: `POST` {{(pid=80259) log_request_info /opt/stack/keystone/keystone/server/flask/request_processing/req_logging.py:27}}
Jun 02 18:47:46.702306 dv-cinder-797608-28-iscsi devstack@keystone.service[80259]: DEBUG keystone.server.flask.request_processing.req_logging [None req-20fde702-0db6-4550-828e-880bfbe08a25 None None] SCRIPT_NAME: `/identity` {{(pid=80259) log_request_info /opt/stack/keystone/keystone/server/flask/request_processing/req_logging.py:28}}
Jun 02 18:47:46.702506 dv-cinder-797608-28-iscsi devstack@keystone.service[80259]: DEBUG keystone.server.flask.request_processing.req_logging [None req-20fde702-0db6-4550-828e-880bfbe08a25 None None] PATH_INFO: `/v3/auth/tokens` {{(pid=80259) log_request_info /opt/stack/keystone/keystone/server/flask/request_processing/req_logging.py:29}}
Jun 02 18:47:46.736422 dv-cinder-797608-28-iscsi devstack@keystone.service[80258]: DEBUG keystone.server.flask.request_processing.middleware.auth_context [None req-03be5ee2-db38-4e49-9da2-8a1b895802bb None admin] RBAC: auth_context: {'token': , 'domain_id': None, 'trust_id': None, 'trustor_id': None, 'trustee_id': None, 'domain_name': None, 'group_ids': [], 'user_id': 'f2f2aaa398bb4bba874340ea4e3288dd', 'user_domain_id': 'default', 'system_scope': 'all', 'project_id': None, 'project_domain_id': None, 'roles': ['admin', 'member', 'reader'], 'is_admin_project': True, 'service_user_id': None, 'service_user_domain_id': None, 'service_project_id': None, 'service_project_domain_id': None, 'service_roles': []} {{(pid=80258) fill_context /opt/stack/keystone/keystone/server/flask/request_processing/middleware/auth_context.py:478}}
Jun 02 18:47:46.737232 dv-cinder-797608-28-iscsi devstack@keystone.service[80258]: DEBUG keystone.server.flask.request_processing.req_logging [None req-03be5ee2-db38-4e49-9da2-8a1b895802bb None admin] REQUEST_METHOD: `GET` {{(pid=80258) log_request_info /opt/stack/keystone/keystone/server/flask/request_processing/req_logging.py:27}}
Jun 02 18:47:46.737519 dv-cinder-797608-28-iscsi devstack@keystone.service[80258]: DEBUG keystone.server.flask.request_processing.req_logging [None req-03be5ee2-db38-4e49-9da2-8a1b895802bb None admin] SCRIPT_NAME: `/identity` {{(pid=80258) log_request_info /opt/stack/keystone/keystone/server/flask/request_processing/req_logging.py:28}}
Jun 02 18:47:46.737813 dv-cinder-797608-28-iscsi devstack@keystone.service[80258]: DEBUG keystone.server.flask.request_processing.req_logging [None req-03be5ee2-db38-4e49-9da2-8a1b895802bb None admin] PATH_INFO: `/v3/roles` {{(pid=80258) log_request_info /opt/stack/keystone/keystone/server/flask/request_processing/req_logging.py:29}}
Jun 02 18:47:46.738770 dv-cinder-797608-28-iscsi devstack@keystone.service[80258]: DEBUG keystone.common.rbac_enforcer.enforcer [None req-03be5ee2-db38-4e49-9da2-8a1b895802bb None admin] RBAC: Adding query filter params (name=admin) {{(pid=80258) _extract_filter_values /opt/stack/keystone/keystone/common/rbac_enforcer/enforcer.py:167}}
Jun 02 18:47:46.739137 dv-cinder-797608-28-iscsi devstack@keystone.service[80258]: DEBUG keystone.common.rbac_enforcer.enforcer [None req-03be5ee2-db38-4e49-9da2-8a1b895802bb None admin] RBAC: Authorizing `identity:list_roles()` {{(pid=80258) enforce_call /opt/stack/keystone/keystone/common/rbac_enforcer/enforcer.py:449}}
Jun 02 18:47:46.740602 dv-cinder-797608-28-iscsi devstack@keystone.service[80258]: DEBUG keystone.common.rbac_enforcer.enforcer [None req-03be5ee2-db38-4e49-9da2-8a1b895802bb None admin] RBAC: Authorization granted {{(pid=80258) enforce_call /opt/stack/keystone/keystone/common/rbac_enforcer/enforcer.py:457}}
Jun 02 18:47:46.746947 dv-cinder-797608-28-iscsi devstack@keystone.service[80259]: DEBUG keystone.auth.core [None req-20fde702-0db6-4550-828e-880bfbe08a25 None None] MFA Rules not processed for user `f2f2aaa398bb4bba874340ea4e3288dd`. Rule list: `[]` (Enabled: `True`). {{(pid=80259) check_auth_methods_against_rules /opt/stack/keystone/keystone/auth/core.py:438}}
Jun 02 18:47:46.748444 dv-cinder-797608-28-iscsi devstack@keystone.service[80259]: DEBUG keystone.common.fernet_utils [None req-20fde702-0db6-4550-828e-880bfbe08a25 None None] Loaded 2 Fernet keys from /etc/keystone/fernet-keys/, but `[fernet_tokens] max_active_keys = 3`; perhaps there have not been enough key rotations to reach `max_active_keys` yet? {{(pid=80259) load_keys /opt/stack/keystone/keystone/common/fernet_utils.py:286}}
Jun 02 18:47:46.757529 dv-cinder-797608-28-iscsi devstack@keystone.service[80258]: [pid: 80258|app: 0|req: 211/413] 10.222.0.15 () {56 vars in 1099 bytes} [Thu Jun 2 18:47:46 2022] GET /identity/v3/roles?name=admin => generated 339 bytes in 204 msecs (HTTP/1.1 200) 5 headers in 177 bytes (1 switches on core 0)
Jun 02 18:47:46.763765 dv-cinder-797608-28-iscsi devstack@keystone.service[80258]: DEBUG keystone.server.flask.request_processing.middleware.auth_context [None req-03be5ee2-db38-4e49-9da2-8a1b895802bb None admin] Authenticating user token {{(pid=80258) process_request /usr/local/lib/python3.8/dist-packages/keystonemiddleware/auth_token/__init__.py:407}}
Jun 02 18:47:46.878577 dv-cinder-797608-28-iscsi devstack@keystone.service[80259]: [pid: 80259|app: 0|req: 203/414] 10.222.0.15 () {58 vars in 1023 bytes} [Thu Jun 2 18:47:46 2022] POST /identity/v3/auth/tokens => generated 799 bytes in 177 msecs (HTTP/1.1 201) 6 headers in 363 bytes (2 switches on core 0)
Jun 02 18:47:46.909458 dv-cinder-797608-28-iscsi devstack@keystone.service[80258]: DEBUG keystone.server.flask.request_processing.middleware.auth_context [None req-03be5ee2-db38-4e49-9da2-8a1b895802bb None admin] Validating token access rules against request {{(pid=80258) validate_allowed_request /usr/local/lib/python3.8/dist-packages/keystonemiddleware/auth_token/__init__.py:545}}
Jun 02 18:47:46.910588 dv-cinder-797608-28-iscsi devstack@keystone.service[80259]: DEBUG keystone.server.flask.request_processing.middleware.auth_context [None req-20fde702-0db6-4550-828e-880bfbe08a25 None None] Authenticating user token {{(pid=80259) process_request /usr/local/lib/python3.8/dist-packages/keystonemiddleware/auth_token/__init__.py:407}}
Jun 02 18:47:46.967193 dv-cinder-797608-28-iscsi devstack@keystone.service[80258]: DEBUG keystone.server.flask.request_processing.middleware.auth_context [None req-483f2649-b210-48c1-a9f2-ecd4f3ff48cf None admin] RBAC: auth_context: {'token': , 'domain_id': None, 'trust_id': None, 'trustor_id': None, 'trustee_id': None, 'domain_name': None, 'group_ids': [], 'user_id': 'f2f2aaa398bb4bba874340ea4e3288dd', 'user_domain_id': 'default', 'system_scope': 'all', 'project_id': None, 'project_domain_id': None, 'roles': ['admin', 'member', 'reader'], 'is_admin_project': True, 'service_user_id': None, 'service_user_domain_id': None, 'service_project_id': None, 'service_project_domain_id': None, 'service_roles': []} {{(pid=80258) fill_context /opt/stack/keystone/keystone/server/flask/request_processing/middleware/auth_context.py:478}}
Jun 02 18:47:46.968131 dv-cinder-797608-28-iscsi devstack@keystone.service[80258]: DEBUG keystone.server.flask.request_processing.req_logging [None req-483f2649-b210-48c1-a9f2-ecd4f3ff48cf None admin] REQUEST_METHOD: `GET` {{(pid=80258) log_request_info /opt/stack/keystone/keystone/server/flask/request_processing/req_logging.py:27}}
Jun 02 18:47:46.968523 dv-cinder-797608-28-iscsi devstack@keystone.service[80258]: DEBUG keystone.server.flask.request_processing.req_logging [None req-483f2649-b210-48c1-a9f2-ecd4f3ff48cf None admin] SCRIPT_NAME: `/identity` {{(pid=80258) log_request_info /opt/stack/keystone/keystone/server/flask/request_processing/req_logging.py:28}}
Jun 02 18:47:46.968800 dv-cinder-797608-28-iscsi devstack@keystone.service[80258]: DEBUG keystone.server.flask.request_processing.req_logging [None req-483f2649-b210-48c1-a9f2-ecd4f3ff48cf None admin] PATH_INFO: `/v3/groups/e5837fd1fbc5445ebfedef57815b7224` {{(pid=80258) log_request_info /opt/stack/keystone/keystone/server/flask/request_processing/req_logging.py:29}}
Jun 02 18:47:46.971030 dv-cinder-797608-28-iscsi devstack@keystone.service[80258]: DEBUG keystone.common.rbac_enforcer.enforcer [None req-483f2649-b210-48c1-a9f2-ecd4f3ff48cf None admin] RBAC: Authorizing `identity:get_group(group_id=e5837fd1fbc5445ebfedef57815b7224)` {{(pid=80258) enforce_call /opt/stack/keystone/keystone/common/rbac_enforcer/enforcer.py:449}}
Jun 02 18:47:46.971760 dv-cinder-797608-28-iscsi devstack@keystone.service[80259]: DEBUG dbcounter [-] [80259] Writing DB stats keystone:SELECT=99,keystone:INSERT=1 {{(pid=80259) stat_writer /usr/local/lib/python3.8/dist-packages/dbcounter.py:114}}
Jun 02 18:47:46.973247 dv-cinder-797608-28-iscsi devstack@keystone.service[80258]: DEBUG keystone.common.rbac_enforcer.enforcer [None req-483f2649-b210-48c1-a9f2-ecd4f3ff48cf None admin] RBAC: Authorization granted {{(pid=80258) enforce_call /opt/stack/keystone/keystone/common/rbac_enforcer/enforcer.py:457}}
Jun 02 18:47:46.975065 dv-cinder-797608-28-iscsi devstack@keystone.service[80258]: [pid: 80258|app: 0|req: 212/415] 10.222.0.15 () {56 vars in 1180 bytes} [Thu Jun 2 18:47:46 2022] GET /identity/v3/groups/e5837fd1fbc5445ebfedef57815b7224 => generated 229 bytes in 212 msecs (HTTP/1.1 200) 5 headers in 177 bytes (2 switches on core 0)
Jun 02 18:47:46.980718 dv-cinder-797608-28-iscsi devstack@keystone.service[80258]: DEBUG keystone.server.flask.request_processing.middleware.auth_context [None req-483f2649-b210-48c1-a9f2-ecd4f3ff48cf None admin] Authenticating user token {{(pid=80258) process_request /usr/local/lib/python3.8/dist-packages/keystonemiddleware/auth_token/__init__.py:407}}
Jun 02 18:47:46.995020 dv-cinder-797608-28-iscsi devstack@keystone.service[80258]: DEBUG dbcounter [-] [80258] Writing DB stats keystone:SELECT=100 {{(pid=80258) stat_writer /usr/local/lib/python3.8/dist-packages/dbcounter.py:114}}
Jun 02 18:47:47.043347 dv-cinder-797608-28-iscsi devstack@keystone.service[80259]: DEBUG keystone.server.flask.request_processing.middleware.auth_context [None req-20fde702-0db6-4550-828e-880bfbe08a25 None None] Validating token access rules against request {{(pid=80259) validate_allowed_request /usr/local/lib/python3.8/dist-packages/keystonemiddleware/auth_token/__init__.py:545}}
Jun 02 18:47:47.103895 dv-cinder-797608-28-iscsi devstack@keystone.service[80259]: DEBUG keystone.server.flask.request_processing.middleware.auth_context [None req-47cf9f33-75a9-44f6-b8da-5d7555ceb1f0 None admin] RBAC: auth_context: {'token': , 'domain_id': None, 'trust_id': None, 'trustor_id': None, 'trustee_id': None, 'domain_name': None, 'group_ids': [], 'user_id': 'f2f2aaa398bb4bba874340ea4e3288dd', 'user_domain_id': 'default', 'system_scope': 'all', 'project_id': None, 'project_domain_id': None, 'roles': ['admin', 'member', 'reader'], 'is_admin_project': True, 'service_user_id': None, 'service_user_domain_id': None, 'service_project_id': None, 'service_project_domain_id': None, 'service_roles': []} {{(pid=80259) fill_context /opt/stack/keystone/keystone/server/flask/request_processing/middleware/auth_context.py:478}}
Jun 02 18:47:47.104732 dv-cinder-797608-28-iscsi devstack@keystone.service[80259]: DEBUG keystone.server.flask.request_processing.req_logging [None req-47cf9f33-75a9-44f6-b8da-5d7555ceb1f0 None admin] REQUEST_METHOD: `GET` {{(pid=80259) log_request_info /opt/stack/keystone/keystone/server/flask/request_processing/req_logging.py:27}}
Jun 02 18:47:47.105011 dv-cinder-797608-28-iscsi devstack@keystone.service[80259]: DEBUG keystone.server.flask.request_processing.req_logging [None req-47cf9f33-75a9-44f6-b8da-5d7555ceb1f0 None admin] SCRIPT_NAME: `/identity` {{(pid=80259) log_request_info /opt/stack/keystone/keystone/server/flask/request_processing/req_logging.py:28}}
Jun 02 18:47:47.105288 dv-cinder-797608-28-iscsi devstack@keystone.service[80259]: DEBUG keystone.server.flask.request_processing.req_logging [None req-47cf9f33-75a9-44f6-b8da-5d7555ceb1f0 None admin] PATH_INFO: `/v3/roles/anotherrole` {{(pid=80259) log_request_info /opt/stack/keystone/keystone/server/flask/request_processing/req_logging.py:29}}
Jun 02 18:47:47.125299 dv-cinder-797608-28-iscsi devstack@keystone.service[80259]: DEBUG keystone.common.rbac_enforcer.enforcer [None req-47cf9f33-75a9-44f6-b8da-5d7555ceb1f0 None admin] Extracting inferred target data resulted in "NOT FOUND (404)". {{(pid=80259) enforce_call /opt/stack/keystone/keystone/common/rbac_enforcer/enforcer.py:409}}
Jun 02 18:47:47.133513 dv-cinder-797608-28-iscsi devstack@keystone.service[80259]: ERROR keystone.server.flask.application [None req-47cf9f33-75a9-44f6-b8da-5d7555ceb1f0 None admin] Could not find role: anotherrole.: keystone.exception.RoleNotFound: Could not find role: anotherrole.
Jun 02 18:47:47.133513 dv-cinder-797608-28-iscsi devstack@keystone.service[80259]: ERROR keystone.server.flask.application
Traceback (most recent call last):
Jun 02 18:47:47.133513 dv-cinder-797608-28-iscsi devstack@keystone.service[80259]: ERROR keystone.server.flask.application
File "/usr/local/lib/python3.8/dist-packages/flask/app.py", line 1523, in full_dispatch_request
Jun 02 18:47:47.133513 dv-cinder-797608-28-iscsi devstack@keystone.service[80259]: ERROR keystone.server.flask.application rv = self.dispatch_request()
Jun 02 18:47:47.133513 dv-cinder-797608-28-iscsi devstack@keystone.service[80259]: ERROR keystone.server.flask.application
File "/usr/local/lib/python3.8/dist-packages/flask/app.py", line 1509, in dispatch_request
Jun 02 18:47:47.133513 dv-cinder-797608-28-iscsi devstack@keystone.service[80259]: ERROR keystone.server.flask.application return self.ensure_sync(self.view_functions[rule.endpoint])(**req.view_args)
Jun 02 18:47:47.133513 dv-cinder-797608-28-iscsi devstack@keystone.service[80259]: ERROR keystone.server.flask.application
File "/usr/local/lib/python3.8/dist-packages/flask_restful/__init__.py", line 467, in wrapper
Jun 02 18:47:47.133513 dv-cinder-797608-28-iscsi devstack@keystone.service[80259]: ERROR keystone.server.flask.application resp = resource(*args, **kwargs)
Jun 02 18:47:47.133513 dv-cinder-797608-28-iscsi devstack@keystone.service[80259]: ERROR keystone.server.flask.application
File "/usr/local/lib/python3.8/dist-packages/flask/views.py", line 84, in view
Jun 02 18:47:47.133513 dv-cinder-797608-28-iscsi devstack@keystone.service[80259]: ERROR keystone.server.flask.application return current_app.ensure_sync(self.dispatch_request)(*args, **kwargs)
Jun 02 18:47:47.133513 dv-cinder-797608-28-iscsi devstack@keystone.service[80259]: ERROR keystone.server.flask.application
File "/usr/local/lib/python3.8/dist-packages/flask_restful/__init__.py", line 582, in dispatch_request
Jun 02 18:47:47.133513 dv-cinder-797608-28-iscsi devstack@keystone.service[80259]: ERROR keystone.server.flask.application resp = meth(*args, **kwargs)
Jun 02 18:47:47.133513 dv-cinder-797608-28-iscsi devstack@keystone.service[80259]: ERROR keystone.server.flask.application
File "/opt/stack/keystone/keystone/api/roles.py", line 50, in get
Jun 02 18:47:47.133513 dv-cinder-797608-28-iscsi devstack@keystone.service[80259]: ERROR keystone.server.flask.application return self._get_role(role_id)
Jun 02 18:47:47.133513 dv-cinder-797608-28-iscsi devstack@keystone.service[80259]: ERROR keystone.server.flask.application
File "/opt/stack/keystone/keystone/api/roles.py", line 70, in _get_role
Jun 02 18:47:47.133513 dv-cinder-797608-28-iscsi devstack@keystone.service[80259]: ERROR keystone.server.flask.application ENFORCER.enforce_call(action='identity:get_role')
Jun 02 18:47:47.134462 dv-cinder-797608-28-iscsi devstack@keystone.service[80259]: ERROR keystone.server.flask.application
File "/opt/stack/keystone/keystone/common/rbac_enforcer/enforcer.py", line 402, in enforce_call
Jun 02 18:47:47.134462 dv-cinder-797608-28-iscsi devstack@keystone.service[80259]: ERROR keystone.server.flask.application policy_dict.update(cls._extract_member_target_data(
Jun 02 18:47:47.134462 dv-cinder-797608-28-iscsi devstack@keystone.service[80259]: ERROR keystone.server.flask.application
File "/opt/stack/keystone/keystone/common/rbac_enforcer/enforcer.py", line 234, in _extract_member_target_data
Jun 02 18:47:47.134462 dv-cinder-797608-28-iscsi devstack@keystone.service[80259]: ERROR keystone.server.flask.application member_name: func(flask.request.view_args[key])
Jun 02 18:47:47.134462 dv-cinder-797608-28-iscsi devstack@keystone.service[80259]: ERROR keystone.server.flask.application
File "/opt/stack/keystone/keystone/common/manager.py", line 115, in wrapped
Jun 02 18:47:47.134462 dv-cinder-797608-28-iscsi devstack@keystone.service[80259]: ERROR keystone.server.flask.application __ret_val = __f(*args, **kwargs)
Jun 02 18:47:47.134462 dv-cinder-797608-28-iscsi devstack@keystone.service[80259]: ERROR keystone.server.flask.application
File "/usr/local/lib/python3.8/dist-packages/decorator.py", line 232, in fun
Jun 02 18:47:47.134462 dv-cinder-797608-28-iscsi devstack@keystone.service[80259]: ERROR keystone.server.flask.application return caller(func, *(extras + args), **kw)
Jun 02 18:47:47.134462 dv-cinder-797608-28-iscsi devstack@keystone.service[80259]: ERROR keystone.server.flask.application
File "/usr/local/lib/python3.8/dist-packages/dogpile/cache/region.py", line 1577, in get_or_create_for_user_func
Jun 02 18:47:47.134462 dv-cinder-797608-28-iscsi devstack@keystone.service[80259]: ERROR keystone.server.flask.application return self.get_or_create(
Jun 02 18:47:47.134462 dv-cinder-797608-28-iscsi devstack@keystone.service[80259]: ERROR keystone.server.flask.application
File "/usr/local/lib/python3.8/dist-packages/dogpile/cache/region.py", line 1042, in get_or_create
Jun 02 18:47:47.134462 dv-cinder-797608-28-iscsi devstack@keystone.service[80259]: ERROR keystone.server.flask.application with Lock(
Jun 02 18:47:47.134462 dv-cinder-797608-28-iscsi devstack@keystone.service[80259]: ERROR keystone.server.flask.application
File "/usr/local/lib/python3.8/dist-packages/dogpile/lock.py", line 185, in __enter__
Jun 02 18:47:47.134462 dv-cinder-797608-28-iscsi devstack@keystone.service[80259]: ERROR keystone.server.flask.application return self._enter()
Jun 02 18:47:47.134462 dv-cinder-797608-28-iscsi devstack@keystone.service[80259]: ERROR keystone.server.flask.application
File "/usr/local/lib/python3.8/dist-packages/dogpile/lock.py", line 94, in _enter
Jun 02 18:47:47.134462 dv-cinder-797608-28-iscsi devstack@keystone.service[80259]: ERROR keystone.server.flask.application generated = self._enter_create(value, createdtime)
Jun 02 18:47:47.135257 dv-cinder-797608-28-iscsi devstack@keystone.service[80259]: ERROR keystone.server.flask.application
File "/usr/local/lib/python3.8/dist-packages/dogpile/lock.py", line 178, in _enter_create
Jun 02 18:47:47.135257 dv-cinder-797608-28-iscsi devstack@keystone.service[80259]: ERROR keystone.server.flask.application return self.creator()
Jun 02 18:47:47.135257 dv-cinder-797608-28-iscsi devstack@keystone.service[80259]: ERROR keystone.server.flask.application
File "/usr/local/lib/python3.8/dist-packages/dogpile/cache/region.py", line 995, in gen_value
Jun 02 18:47:47.135257 dv-cinder-797608-28-iscsi devstack@keystone.service[80259]: ERROR keystone.server.flask.application created_value = creator(
Jun 02 18:47:47.135257 dv-cinder-797608-28-iscsi devstack@keystone.service[80259]: ERROR keystone.server.flask.application
File "/opt/stack/keystone/keystone/assignment/core.py", line 1276, in get_role
Jun 02 18:47:47.135257 dv-cinder-797608-28-iscsi devstack@keystone.service[80259]: ERROR keystone.server.flask.application return self.driver.get_role(role_id)
Jun 02 18:47:47.135257 dv-cinder-797608-28-iscsi devstack@keystone.service[80259]: ERROR keystone.server.flask.application
File "/opt/stack/keystone/keystone/assignment/role_backends/sql.py", line 70, in get_role
Jun 02 18:47:47.135257 dv-cinder-797608-28-iscsi devstack@keystone.service[80259]: ERROR keystone.server.flask.application return self._get_role(session, role_id).to_dict()
Jun 02 18:47:47.135257 dv-cinder-797608-28-iscsi devstack@keystone.service[80259]: ERROR keystone.server.flask.application
File "/opt/stack/keystone/keystone/assignment/role_backends/sql.py", line 65, in _get_role
Jun 02 18:47:47.135257 dv-cinder-797608-28-iscsi devstack@keystone.service[80259]: ERROR keystone.server.flask.application raise exception.RoleNotFound(role_id=role_id)
Jun 02 18:47:47.135257 dv-cinder-797608-28-iscsi devstack@keystone.service[80259]: ERROR keystone.server.flask.application keystone.exception.RoleNotFound: Could not find role: anotherrole.
Jun 02 18:47:47.135257 dv-cinder-797608-28-iscsi devstack@keystone.service[80259]: ERROR keystone.server.flask.application
Jun 02 18:47:47.136105 dv-cinder-797608-28-iscsi devstack@keystone.service[80259]: [pid: 80259|app: 0|req: 204/416] 10.222.0.15 () {56 vars in 1114 bytes} [Thu Jun 2 18:47:46 2022] GET /identity/v3/roles/anotherrole => generated 89 bytes in 226 msecs (HTTP/1.1 404) 5 headers in 183 bytes (1 switches on core 0)
Jun 02 18:47:47.139243 dv-cinder-797608-28-iscsi devstack@keystone.service[80258]: DEBUG keystone.server.flask.request_processing.middleware.auth_context [None req-483f2649-b210-48c1-a9f2-ecd4f3ff48cf None admin] Validating token access rules against request {{(pid=80258) validate_allowed_request /usr/local/lib/python3.8/dist-packages/keystonemiddleware/auth_token/__init__.py:545}}
Jun 02 18:47:47.148188 dv-cinder-797608-28-iscsi devstack@keystone.service[80259]: DEBUG keystone.server.flask.request_processing.middleware.auth_context [None req-47cf9f33-75a9-44f6-b8da-5d7555ceb1f0 None admin] Authenticating user token {{(pid=80259) process_request /usr/local/lib/python3.8/dist-packages/keystonemiddleware/auth_token/__init__.py:407}}
Jun 02 18:47:47.223982 dv-cinder-797608-28-iscsi devstack@keystone.service[80258]: DEBUG keystone.server.flask.request_processing.middleware.auth_context [None req-ce1775e8-ff97-4864-955c-9291ac025ea1 None admin] RBAC: auth_context: {'token': , 'domain_id': None, 'trust_id': None, 'trustor_id': None, 'trustee_id': None, 'domain_name': None, 'group_ids': [], 'user_id': 'f2f2aaa398bb4bba874340ea4e3288dd', 'user_domain_id': 'default', 'system_scope': 'all', 'project_id': None, 'project_domain_id': None, 'roles': ['admin', 'member', 'reader'], 'is_admin_project': True, 'service_user_id': None, 'service_user_domain_id': None, 'service_project_id': None, 'service_project_domain_id': None, 'service_roles': []} {{(pid=80258) fill_context /opt/stack/keystone/keystone/server/flask/request_processing/middleware/auth_context.py:478}}
Jun 02 18:47:47.224989 dv-cinder-797608-28-iscsi devstack@keystone.service[80258]: DEBUG keystone.server.flask.request_processing.req_logging [None req-ce1775e8-ff97-4864-955c-9291ac025ea1 None admin] REQUEST_METHOD: `GET` {{(pid=80258) log_request_info /opt/stack/keystone/keystone/server/flask/request_processing/req_logging.py:27}}
Jun 02 18:47:47.225359 dv-cinder-797608-28-iscsi devstack@keystone.service[80258]: DEBUG keystone.server.flask.request_processing.req_logging [None req-ce1775e8-ff97-4864-955c-9291ac025ea1 None admin] SCRIPT_NAME: `/identity` {{(pid=80258) log_request_info /opt/stack/keystone/keystone/server/flask/request_processing/req_logging.py:28}}
Jun 02 18:47:47.225656 dv-cinder-797608-28-iscsi devstack@keystone.service[80258]: DEBUG keystone.server.flask.request_processing.req_logging [None req-ce1775e8-ff97-4864-955c-9291ac025ea1 None admin] PATH_INFO: `/v3/projects/b970ca87a411459db54f4a7b6d487f4a` {{(pid=80258) log_request_info /opt/stack/keystone/keystone/server/flask/request_processing/req_logging.py:29}}
Jun 02 18:47:47.230747 dv-cinder-797608-28-iscsi devstack@keystone.service[80258]: DEBUG keystone.common.rbac_enforcer.enforcer [None req-ce1775e8-ff97-4864-955c-9291ac025ea1 None admin] RBAC: Authorizing `identity:get_project(project_id=b970ca87a411459db54f4a7b6d487f4a)` {{(pid=80258) enforce_call /opt/stack/keystone/keystone/common/rbac_enforcer/enforcer.py:449}}
Jun 02 18:47:47.232438 dv-cinder-797608-28-iscsi devstack@keystone.service[80258]: DEBUG keystone.common.rbac_enforcer.enforcer [None req-ce1775e8-ff97-4864-955c-9291ac025ea1 None admin] RBAC: Authorization granted {{(pid=80258) enforce_call /opt/stack/keystone/keystone/common/rbac_enforcer/enforcer.py:457}}
Jun 02 18:47:47.234276 dv-cinder-797608-28-iscsi devstack@keystone.service[80258]: [pid: 80258|app: 0|req: 213/417] 10.222.0.15 () {56 vars in 1186 bytes} [Thu Jun 2 18:47:46 2022] GET /identity/v3/projects/b970ca87a411459db54f4a7b6d487f4a => generated 344 bytes in 254 msecs (HTTP/1.1 200) 5 headers in 177 bytes (2 switches on core 0)
Jun 02 18:47:47.239882 dv-cinder-797608-28-iscsi devstack@keystone.service[80258]: DEBUG keystone.server.flask.request_processing.middleware.auth_context [None req-ce1775e8-ff97-4864-955c-9291ac025ea1 None admin] Authenticating user token {{(pid=80258) process_request /usr/local/lib/python3.8/dist-packages/keystonemiddleware/auth_token/__init__.py:407}}
Jun 02 18:47:47.261132 dv-cinder-797608-28-iscsi devstack@keystone.service[80259]: DEBUG keystone.server.flask.request_processing.middleware.auth_context [None req-47cf9f33-75a9-44f6-b8da-5d7555ceb1f0 None admin] Validating token access rules against request {{(pid=80259) validate_allowed_request /usr/local/lib/python3.8/dist-packages/keystonemiddleware/auth_token/__init__.py:545}}
Jun 02 18:47:47.264466 dv-cinder-797608-28-iscsi devstack@keystone.service[80259]: DEBUG dbcounter [-] [80259] Writing DB stats keystone:SELECT=100 {{(pid=80259) stat_writer /usr/local/lib/python3.8/dist-packages/dbcounter.py:114}}
Jun 02 18:47:47.297635 dv-cinder-797608-28-iscsi devstack@keystone.service[80259]: DEBUG keystone.server.flask.request_processing.middleware.auth_context [None req-3cb45582-4fd4-4011-bbdc-02c7d12bfb3b None admin] RBAC: auth_context: {'token': , 'domain_id': None, 'trust_id': None, 'trustor_id': None, 'trustee_id': None, 'domain_name': None, 'group_ids': [], 'user_id': 'f2f2aaa398bb4bba874340ea4e3288dd', 'user_domain_id': 'default', 'system_scope': 'all', 'project_id': None, 'project_domain_id': None, 'roles': ['admin', 'member', 'reader'], 'is_admin_project': True, 'service_user_id': None, 'service_user_domain_id': None, 'service_project_id': None, 'service_project_domain_id': None, 'service_roles': []} {{(pid=80259) fill_context /opt/stack/keystone/keystone/server/flask/request_processing/middleware/auth_context.py:478}}
Jun 02 18:47:47.298349 dv-cinder-797608-28-iscsi devstack@keystone.service[80259]: DEBUG keystone.server.flask.request_processing.req_logging [None req-3cb45582-4fd4-4011-bbdc-02c7d12bfb3b None admin] REQUEST_METHOD: `GET` {{(pid=80259) log_request_info /opt/stack/keystone/keystone/server/flask/request_processing/req_logging.py:27}}
Jun 02 18:47:47.298631 dv-cinder-797608-28-iscsi devstack@keystone.service[80259]: DEBUG keystone.server.flask.request_processing.req_logging [None req-3cb45582-4fd4-4011-bbdc-02c7d12bfb3b None admin] SCRIPT_NAME: `/identity` {{(pid=80259) log_request_info /opt/stack/keystone/keystone/server/flask/request_processing/req_logging.py:28}}
Jun 02 18:47:47.298955 dv-cinder-797608-28-iscsi devstack@keystone.service[80259]: DEBUG keystone.server.flask.request_processing.req_logging [None req-3cb45582-4fd4-4011-bbdc-02c7d12bfb3b None admin] PATH_INFO: `/v3/roles` {{(pid=80259) log_request_info /opt/stack/keystone/keystone/server/flask/request_processing/req_logging.py:29}}
Jun 02 18:47:47.299793 dv-cinder-797608-28-iscsi devstack@keystone.service[80259]: DEBUG keystone.common.rbac_enforcer.enforcer [None req-3cb45582-4fd4-4011-bbdc-02c7d12bfb3b None admin] RBAC: Adding query filter params (name=anotherrole) {{(pid=80259) _extract_filter_values /opt/stack/keystone/keystone/common/rbac_enforcer/enforcer.py:167}}
Jun 02 18:47:47.300102 dv-cinder-797608-28-iscsi devstack@keystone.service[80259]: DEBUG keystone.common.rbac_enforcer.enforcer [None req-3cb45582-4fd4-4011-bbdc-02c7d12bfb3b None admin] RBAC: Authorizing `identity:list_roles()` {{(pid=80259) enforce_call /opt/stack/keystone/keystone/common/rbac_enforcer/enforcer.py:449}}
Jun 02 18:47:47.301498 dv-cinder-797608-28-iscsi devstack@keystone.service[80259]: DEBUG keystone.common.rbac_enforcer.enforcer [None req-3cb45582-4fd4-4011-bbdc-02c7d12bfb3b None admin] RBAC: Authorization granted {{(pid=80259) enforce_call /opt/stack/keystone/keystone/common/rbac_enforcer/enforcer.py:457}}
Jun 02 18:47:47.321821 dv-cinder-797608-28-iscsi devstack@keystone.service[80259]: [pid: 80259|app: 0|req: 205/418] 10.222.0.15 () {56 vars in 1111 bytes} [Thu Jun 2 18:47:47 2022] GET /identity/v3/roles?name=anotherrole => generated 334 bytes in 164 msecs (HTTP/1.1 200) 5 headers in 177 bytes (1 switches on core 0)
Jun 02 18:47:47.323244 dv-cinder-797608-28-iscsi devstack@keystone.service[80259]: DEBUG keystone.server.flask.request_processing.middleware.auth_context [None req-3cb45582-4fd4-4011-bbdc-02c7d12bfb3b None admin] Authenticating user token {{(pid=80259) process_request /usr/local/lib/python3.8/dist-packages/keystonemiddleware/auth_token/__init__.py:407}}
Jun 02 18:47:47.394376 dv-cinder-797608-28-iscsi devstack@keystone.service[80258]: DEBUG dbcounter [-] [80258] Writing DB stats keystone:SELECT=100 {{(pid=80258) stat_writer /usr/local/lib/python3.8/dist-packages/dbcounter.py:114}}
Jun 02 18:47:47.428218 dv-cinder-797608-28-iscsi devstack@keystone.service[80258]: DEBUG keystone.server.flask.request_processing.middleware.auth_context [None req-ce1775e8-ff97-4864-955c-9291ac025ea1 None admin] Validating token access rules against request {{(pid=80258) validate_allowed_request /usr/local/lib/python3.8/dist-packages/keystonemiddleware/auth_token/__init__.py:545}}
Jun 02 18:47:47.469687 dv-cinder-797608-28-iscsi devstack@keystone.service[80258]: DEBUG keystone.server.flask.request_processing.middleware.auth_context [None req-41bd8348-3c83-4600-a7bd-6a27411fda28 None admin] RBAC: auth_context: {'token': , 'domain_id': None, 'trust_id': None, 'trustor_id': None, 'trustee_id': None, 'domain_name': None, 'group_ids': [], 'user_id': 'f2f2aaa398bb4bba874340ea4e3288dd', 'user_domain_id': 'default', 'system_scope': 'all', 'project_id': None, 'project_domain_id': None, 'roles': ['admin', 'member', 'reader'], 'is_admin_project': True, 'service_user_id': None, 'service_user_domain_id': None, 'service_project_id': None, 'service_project_domain_id': None, 'service_roles': []} {{(pid=80258) fill_context /opt/stack/keystone/keystone/server/flask/request_processing/middleware/auth_context.py:478}}
Jun 02 18:47:47.470931 dv-cinder-797608-28-iscsi devstack@keystone.service[80258]: DEBUG keystone.server.flask.request_processing.req_logging [None req-41bd8348-3c83-4600-a7bd-6a27411fda28 None admin] REQUEST_METHOD: `PUT` {{(pid=80258) log_request_info /opt/stack/keystone/keystone/server/flask/request_processing/req_logging.py:27}}
Jun 02 18:47:47.471350 dv-cinder-797608-28-iscsi devstack@keystone.service[80258]: DEBUG keystone.server.flask.request_processing.req_logging [None req-41bd8348-3c83-4600-a7bd-6a27411fda28 None admin] SCRIPT_NAME: `/identity` {{(pid=80258) log_request_info /opt/stack/keystone/keystone/server/flask/request_processing/req_logging.py:28}}
Jun 02 18:47:47.471761 dv-cinder-797608-28-iscsi devstack@keystone.service[80258]: DEBUG keystone.server.flask.request_processing.req_logging [None req-41bd8348-3c83-4600-a7bd-6a27411fda28 None admin] PATH_INFO: `/v3/projects/b970ca87a411459db54f4a7b6d487f4a/groups/e5837fd1fbc5445ebfedef57815b7224/roles/8560bac1acf74dce81ea6a76f751b641` {{(pid=80258) log_request_info /opt/stack/keystone/keystone/server/flask/request_processing/req_logging.py:29}}
Jun 02 18:47:47.474621 dv-cinder-797608-28-iscsi devstack@keystone.service[80258]: DEBUG keystone.common.rbac_enforcer.enforcer [None req-41bd8348-3c83-4600-a7bd-6a27411fda28 None admin] RBAC: Authorizing `identity:create_grant(project_id=b970ca87a411459db54f4a7b6d487f4a, group_id=e5837fd1fbc5445ebfedef57815b7224, role_id=8560bac1acf74dce81ea6a76f751b641)` {{(pid=80258) enforce_call /opt/stack/keystone/keystone/common/rbac_enforcer/enforcer.py:449}}
Jun 02 18:47:47.476227 dv-cinder-797608-28-iscsi devstack@keystone.service[80258]: DEBUG keystone.common.rbac_enforcer.enforcer [None req-41bd8348-3c83-4600-a7bd-6a27411fda28 None admin] RBAC: Authorization granted {{(pid=80258) enforce_call /opt/stack/keystone/keystone/common/rbac_enforcer/enforcer.py:457}}
Jun 02 18:47:47.502184 dv-cinder-797608-28-iscsi devstack@keystone.service[80258]: [pid: 80258|app: 0|req: 214/419] 10.222.0.15 () {58 vars in 1442 bytes} [Thu Jun 2 18:47:47 2022] PUT /identity/v3/projects/b970ca87a411459db54f4a7b6d487f4a/groups/e5837fd1fbc5445ebfedef57815b7224/roles/8560bac1acf74dce81ea6a76f751b641 => generated 0 bytes in 262 msecs (HTTP/1.1 204) 3 headers in 132 bytes (0 switches on core 0)
Jun 02 18:47:47.520857 dv-cinder-797608-28-iscsi devstack@keystone.service[80259]: DEBUG keystone.server.flask.request_processing.middleware.auth_context [None req-3cb45582-4fd4-4011-bbdc-02c7d12bfb3b None admin] Validating token access rules against request {{(pid=80259) validate_allowed_request /usr/local/lib/python3.8/dist-packages/keystonemiddleware/auth_token/__init__.py:545}}
Jun 02 18:47:47.568380 dv-cinder-797608-28-iscsi devstack@keystone.service[80259]: DEBUG keystone.server.flask.request_processing.middleware.auth_context [None req-1c1d7dd1-81ee-4900-8f42-0f94be25d4b3 None admin] RBAC: auth_context: {'token': , 'domain_id': None, 'trust_id': None, 'trustor_id': None, 'trustee_id': None, 'domain_name': None, 'group_ids': [], 'user_id': 'f2f2aaa398bb4bba874340ea4e3288dd', 'user_domain_id': 'default', 'system_scope': 'all', 'project_id': None, 'project_domain_id': None, 'roles': ['admin', 'member', 'reader'], 'is_admin_project': True, 'service_user_id': None, 'service_user_domain_id': None, 'service_project_id': None, 'service_project_domain_id': None, 'service_roles': []} {{(pid=80259) fill_context /opt/stack/keystone/keystone/server/flask/request_processing/middleware/auth_context.py:478}}
Jun 02 18:47:47.569110 dv-cinder-797608-28-iscsi devstack@keystone.service[80259]: DEBUG keystone.server.flask.request_processing.req_logging [None req-1c1d7dd1-81ee-4900-8f42-0f94be25d4b3 None admin] REQUEST_METHOD: `GET` {{(pid=80259) log_request_info /opt/stack/keystone/keystone/server/flask/request_processing/req_logging.py:27}}
Jun 02 18:47:47.569598 dv-cinder-797608-28-iscsi devstack@keystone.service[80259]: DEBUG keystone.server.flask.request_processing.req_logging [None req-1c1d7dd1-81ee-4900-8f42-0f94be25d4b3 None admin] SCRIPT_NAME: `/identity` {{(pid=80259) log_request_info /opt/stack/keystone/keystone/server/flask/request_processing/req_logging.py:28}}
Jun 02 18:47:47.569970 dv-cinder-797608-28-iscsi devstack@keystone.service[80259]: DEBUG keystone.server.flask.request_processing.req_logging [None req-1c1d7dd1-81ee-4900-8f42-0f94be25d4b3 None admin] PATH_INFO: `/v3/auth/tokens` {{(pid=80259) log_request_info /opt/stack/keystone/keystone/server/flask/request_processing/req_logging.py:29}}
Jun 02 18:47:47.626844 dv-cinder-797608-28-iscsi devstack@keystone.service[80259]: DEBUG dbcounter [-] [80259] Writing DB stats keystone:SELECT=100 {{(pid=80259) stat_writer /usr/local/lib/python3.8/dist-packages/dbcounter.py:114}}
Jun 02 18:47:47.679634 dv-cinder-797608-28-iscsi devstack@keystone.service[80259]: DEBUG keystone.common.rbac_enforcer.enforcer [None req-1c1d7dd1-81ee-4900-8f42-0f94be25d4b3 None admin] RBAC: Authorizing `identity:validate_token()` {{(pid=80259) enforce_call /opt/stack/keystone/keystone/common/rbac_enforcer/enforcer.py:449}}
Jun 02 18:47:47.681164 dv-cinder-797608-28-iscsi devstack@keystone.service[80259]: DEBUG keystone.common.rbac_enforcer.enforcer [None req-1c1d7dd1-81ee-4900-8f42-0f94be25d4b3 None admin] RBAC: Authorization granted {{(pid=80259) enforce_call /opt/stack/keystone/keystone/common/rbac_enforcer/enforcer.py:457}}
Jun 02 18:47:47.724766 dv-cinder-797608-28-iscsi devstack@keystone.service[80258]: DEBUG keystone.server.flask.request_processing.req_logging [None req-07629da5-1cd9-4a64-bcb8-df25cd963058 None None] REQUEST_METHOD: `GET` {{(pid=80258) log_request_info /opt/stack/keystone/keystone/server/flask/request_processing/req_logging.py:27}}
Jun 02 18:47:47.725283 dv-cinder-797608-28-iscsi devstack@keystone.service[80258]: DEBUG keystone.server.flask.request_processing.req_logging [None req-07629da5-1cd9-4a64-bcb8-df25cd963058 None None] SCRIPT_NAME: `/identity` {{(pid=80258) log_request_info /opt/stack/keystone/keystone/server/flask/request_processing/req_logging.py:28}}
Jun 02 18:47:47.725700 dv-cinder-797608-28-iscsi devstack@keystone.service[80258]: DEBUG keystone.server.flask.request_processing.req_logging [None req-07629da5-1cd9-4a64-bcb8-df25cd963058 None None] PATH_INFO: `/` {{(pid=80258) log_request_info /opt/stack/keystone/keystone/server/flask/request_processing/req_logging.py:29}}
Jun 02 18:47:47.727537 dv-cinder-797608-28-iscsi devstack@keystone.service[80258]: [pid: 80258|app: 0|req: 215/420] 10.222.0.15 () {54 vars in 926 bytes} [Thu Jun 2 18:47:47 2022] GET /identity => generated 270 bytes in 4 msecs (HTTP/1.1 300) 6 headers in 234 bytes (2 switches on core 0)
Jun 02 18:47:47.733480 dv-cinder-797608-28-iscsi devstack@keystone.service[80258]: DEBUG keystone.server.flask.request_processing.req_logging [None req-91ad1eba-97e6-41e5-9908-1855c5d44b33 None None] REQUEST_METHOD: `POST` {{(pid=80258) log_request_info /opt/stack/keystone/keystone/server/flask/request_processing/req_logging.py:27}}
Jun 02 18:47:47.734012 dv-cinder-797608-28-iscsi devstack@keystone.service[80258]: DEBUG keystone.server.flask.request_processing.req_logging [None req-91ad1eba-97e6-41e5-9908-1855c5d44b33 None None] SCRIPT_NAME: `/identity` {{(pid=80258) log_request_info /opt/stack/keystone/keystone/server/flask/request_processing/req_logging.py:28}}
Jun 02 18:47:47.734447 dv-cinder-797608-28-iscsi devstack@keystone.service[80258]: DEBUG keystone.server.flask.request_processing.req_logging [None req-91ad1eba-97e6-41e5-9908-1855c5d44b33 None None] PATH_INFO: `/v3/auth/tokens` {{(pid=80258) log_request_info /opt/stack/keystone/keystone/server/flask/request_processing/req_logging.py:29}}
Jun 02 18:47:47.752266 dv-cinder-797608-28-iscsi devstack@keystone.service[80258]: DEBUG keystone.auth.core [None req-91ad1eba-97e6-41e5-9908-1855c5d44b33 None None] MFA Rules not processed for user `f2f2aaa398bb4bba874340ea4e3288dd`. Rule list: `[]` (Enabled: `True`). {{(pid=80258) check_auth_methods_against_rules /opt/stack/keystone/keystone/auth/core.py:438}}
Jun 02 18:47:47.753767 dv-cinder-797608-28-iscsi devstack@keystone.service[80258]: DEBUG keystone.common.fernet_utils [None req-91ad1eba-97e6-41e5-9908-1855c5d44b33 None None] Loaded 2 Fernet keys from /etc/keystone/fernet-keys/, but `[fernet_tokens] max_active_keys = 3`; perhaps there have not been enough key rotations to reach `max_active_keys` yet? {{(pid=80258) load_keys /opt/stack/keystone/keystone/common/fernet_utils.py:286}}
Jun 02 18:47:47.817454 dv-cinder-797608-28-iscsi devstack@keystone.service[80259]: [pid: 80259|app: 0|req: 206/421] 10.222.0.15 () {58 vars in 1282 bytes} [Thu Jun 2 18:47:47 2022] GET /identity/v3/auth/tokens => generated 799 bytes in 494 msecs (HTTP/1.1 200) 6 headers in 358 bytes (2 switches on core 0)
Jun 02 18:47:47.823391 dv-cinder-797608-28-iscsi devstack@keystone.service[80259]: DEBUG keystone.server.flask.request_processing.middleware.auth_context [None req-1c1d7dd1-81ee-4900-8f42-0f94be25d4b3 None admin] Authenticating user token {{(pid=80259) process_request /usr/local/lib/python3.8/dist-packages/keystonemiddleware/auth_token/__init__.py:407}}
Jun 02 18:47:47.835099 dv-cinder-797608-28-iscsi devstack@keystone.service[80258]: [pid: 80258|app: 0|req: 216/422] 10.222.0.15 () {58 vars in 1023 bytes} [Thu Jun 2 18:47:47 2022] POST /identity/v3/auth/tokens => generated 799 bytes in 102 msecs (HTTP/1.1 201) 6 headers in 363 bytes (2 switches on core 0)
Jun 02 18:47:47.858675 dv-cinder-797608-28-iscsi devstack@keystone.service[80258]: DEBUG keystone.server.flask.request_processing.middleware.auth_context [None req-91ad1eba-97e6-41e5-9908-1855c5d44b33 None None] Authenticating user token {{(pid=80258) process_request /usr/local/lib/python3.8/dist-packages/keystonemiddleware/auth_token/__init__.py:407}}
Jun 02 18:47:47.902501 dv-cinder-797608-28-iscsi devstack@keystone.service[80259]: DEBUG dbcounter [-] [80259] Writing DB stats keystone:SELECT=100 {{(pid=80259) stat_writer /usr/local/lib/python3.8/dist-packages/dbcounter.py:114}}
Jun 02 18:47:47.928708 dv-cinder-797608-28-iscsi devstack@keystone.service[80258]: DEBUG dbcounter [-] [80258] Writing DB stats keystone:SELECT=99,keystone:INSERT=1 {{(pid=80258) stat_writer /usr/local/lib/python3.8/dist-packages/dbcounter.py:114}}
Jun 02 18:47:47.948060 dv-cinder-797608-28-iscsi devstack@keystone.service[80259]: DEBUG keystone.server.flask.request_processing.middleware.auth_context [None req-1c1d7dd1-81ee-4900-8f42-0f94be25d4b3 None admin] Validating token access rules against request {{(pid=80259) validate_allowed_request /usr/local/lib/python3.8/dist-packages/keystonemiddleware/auth_token/__init__.py:545}}
Jun 02 18:47:47.975043 dv-cinder-797608-28-iscsi devstack@keystone.service[80258]: DEBUG keystone.server.flask.request_processing.middleware.auth_context [None req-91ad1eba-97e6-41e5-9908-1855c5d44b33 None None] Validating token access rules against request {{(pid=80258) validate_allowed_request /usr/local/lib/python3.8/dist-packages/keystonemiddleware/auth_token/__init__.py:545}}
