Jun 02 18:47:01.804834 dv-cinder-797608-28-iscsi devstack@keystone.service[80259]: DEBUG keystone.server.flask.request_processing.req_logging [None req-39d9b5d1-2c29-49ec-b1d3-ba70ff6c13a7 None admin] REQUEST_METHOD: `GET` {{(pid=80259) log_request_info /opt/stack/keystone/keystone/server/flask/request_processing/req_logging.py:27}}
Jun 02 18:47:01.805122 dv-cinder-797608-28-iscsi devstack@keystone.service[80259]: DEBUG keystone.server.flask.request_processing.req_logging [None req-39d9b5d1-2c29-49ec-b1d3-ba70ff6c13a7 None admin] SCRIPT_NAME: `/identity` {{(pid=80259) log_request_info /opt/stack/keystone/keystone/server/flask/request_processing/req_logging.py:28}}
Jun 02 18:47:01.805408 dv-cinder-797608-28-iscsi devstack@keystone.service[80259]: DEBUG keystone.server.flask.request_processing.req_logging [None req-39d9b5d1-2c29-49ec-b1d3-ba70ff6c13a7 None admin] PATH_INFO: `/v3/auth/tokens` {{(pid=80259) log_request_info /opt/stack/keystone/keystone/server/flask/request_processing/req_logging.py:29}}
Jun 02 18:47:01.808676 dv-cinder-797608-28-iscsi devstack@keystone.service[80258]: DEBUG dbcounter [-] [80258] Writing DB stats keystone:SELECT=100 {{(pid=80258) stat_writer /usr/local/lib/python3.8/dist-packages/dbcounter.py:114}}
Jun 02 18:47:01.849390 dv-cinder-797608-28-iscsi devstack@keystone.service[80258]: DEBUG keystone.server.flask.request_processing.middleware.auth_context [None req-735156a9-0b1c-40ea-b1e3-540586bcc79b None admin] Validating token access rules against request {{(pid=80258) validate_allowed_request /usr/local/lib/python3.8/dist-packages/keystonemiddleware/auth_token/__init__.py:545}}
Jun 02 18:47:01.872680 dv-cinder-797608-28-iscsi devstack@keystone.service[80259]: DEBUG keystone.common.rbac_enforcer.enforcer [None req-39d9b5d1-2c29-49ec-b1d3-ba70ff6c13a7 None admin] RBAC: Authorizing `identity:validate_token()` {{(pid=80259) enforce_call /opt/stack/keystone/keystone/common/rbac_enforcer/enforcer.py:449}}
Jun 02 18:47:01.874399 dv-cinder-797608-28-iscsi devstack@keystone.service[80259]: DEBUG keystone.common.rbac_enforcer.enforcer [None req-39d9b5d1-2c29-49ec-b1d3-ba70ff6c13a7 None admin] RBAC: Authorization granted {{(pid=80259) enforce_call /opt/stack/keystone/keystone/common/rbac_enforcer/enforcer.py:457}}
Jun 02 18:47:01.881698 dv-cinder-797608-28-iscsi devstack@keystone.service[80258]: DEBUG keystone.server.flask.request_processing.middleware.auth_context [None req-58f9a23b-1e67-4991-833a-55eed5562fff None admin] RBAC: auth_context: {'token': , 'domain_id': None, 'trust_id': None, 'trustor_id': None, 'trustee_id': None, 'domain_name': None, 'group_ids': [], 'user_id': 'f2f2aaa398bb4bba874340ea4e3288dd', 'user_domain_id': 'default', 'system_scope': 'all', 'project_id': None, 'project_domain_id': None, 'roles': ['admin', 'member', 'reader'], 'is_admin_project': True, 'service_user_id': None, 'service_user_domain_id': None, 'service_project_id': None, 'service_project_domain_id': None, 'service_roles': []} {{(pid=80258) fill_context /opt/stack/keystone/keystone/server/flask/request_processing/middleware/auth_context.py:478}}
Jun 02 18:47:01.882516 dv-cinder-797608-28-iscsi devstack@keystone.service[80258]: DEBUG keystone.server.flask.request_processing.req_logging [None req-58f9a23b-1e67-4991-833a-55eed5562fff None admin] REQUEST_METHOD: `GET` {{(pid=80258) log_request_info /opt/stack/keystone/keystone/server/flask/request_processing/req_logging.py:27}}
Jun 02 18:47:01.882794 dv-cinder-797608-28-iscsi devstack@keystone.service[80258]: DEBUG keystone.server.flask.request_processing.req_logging [None req-58f9a23b-1e67-4991-833a-55eed5562fff None admin] SCRIPT_NAME: `/identity` {{(pid=80258) log_request_info /opt/stack/keystone/keystone/server/flask/request_processing/req_logging.py:28}}
Jun 02 18:47:01.883062 dv-cinder-797608-28-iscsi devstack@keystone.service[80258]: DEBUG keystone.server.flask.request_processing.req_logging [None req-58f9a23b-1e67-4991-833a-55eed5562fff None admin] PATH_INFO: `/v3/domains/default` {{(pid=80258) log_request_info /opt/stack/keystone/keystone/server/flask/request_processing/req_logging.py:29}}
Jun 02 18:47:01.884516 dv-cinder-797608-28-iscsi devstack@keystone.service[80258]: DEBUG keystone.common.rbac_enforcer.enforcer [None req-58f9a23b-1e67-4991-833a-55eed5562fff None admin] RBAC: Authorizing `identity:get_domain(domain_id=default)` {{(pid=80258) enforce_call /opt/stack/keystone/keystone/common/rbac_enforcer/enforcer.py:449}}
Jun 02 18:47:01.885989 dv-cinder-797608-28-iscsi devstack@keystone.service[80258]: DEBUG keystone.common.rbac_enforcer.enforcer [None req-58f9a23b-1e67-4991-833a-55eed5562fff None admin] RBAC: Authorization granted {{(pid=80258) enforce_call /opt/stack/keystone/keystone/common/rbac_enforcer/enforcer.py:457}}
Jun 02 18:47:01.887606 dv-cinder-797608-28-iscsi devstack@keystone.service[80258]: [pid: 80258|app: 0|req: 43/81] 10.222.0.15 () {56 vars in 1108 bytes} [Thu Jun 2 18:47:01 2022] GET /identity/v3/domains/default => generated 199 bytes in 135 msecs (HTTP/1.1 200) 5 headers in 177 bytes (1 switches on core 0)
Jun 02 18:47:01.888352 dv-cinder-797608-28-iscsi devstack@keystone.service[80258]: DEBUG keystone.server.flask.request_processing.middleware.auth_context [None req-58f9a23b-1e67-4991-833a-55eed5562fff None admin] Authenticating user token {{(pid=80258) process_request /usr/local/lib/python3.8/dist-packages/keystonemiddleware/auth_token/__init__.py:407}}
Jun 02 18:47:01.975249 dv-cinder-797608-28-iscsi devstack@keystone.service[80259]: [pid: 80259|app: 0|req: 39/82] 10.222.0.15 () {58 vars in 1282 bytes} [Thu Jun 2 18:47:01 2022] GET /identity/v3/auth/tokens => generated 799 bytes in 313 msecs (HTTP/1.1 200) 6 headers in 358 bytes (1 switches on core 0)
Jun 02 18:47:01.976102 dv-cinder-797608-28-iscsi devstack@keystone.service[80259]: DEBUG keystone.server.flask.request_processing.middleware.auth_context [None req-39d9b5d1-2c29-49ec-b1d3-ba70ff6c13a7 None admin] Authenticating user token {{(pid=80259) process_request /usr/local/lib/python3.8/dist-packages/keystonemiddleware/auth_token/__init__.py:407}}
Jun 02 18:47:01.988382 dv-cinder-797608-28-iscsi devstack@keystone.service[80258]: DEBUG keystone.server.flask.request_processing.middleware.auth_context [None req-58f9a23b-1e67-4991-833a-55eed5562fff None admin] Validating token access rules against request {{(pid=80258) validate_allowed_request /usr/local/lib/python3.8/dist-packages/keystonemiddleware/auth_token/__init__.py:545}}
Jun 02 18:47:02.007160 dv-cinder-797608-28-iscsi devstack@keystone.service[80259]: DEBUG dbcounter [-] [80259] Writing DB stats keystone:SELECT=100 {{(pid=80259) stat_writer /usr/local/lib/python3.8/dist-packages/dbcounter.py:114}}
Jun 02 18:47:02.016560 dv-cinder-797608-28-iscsi devstack@keystone.service[80258]: DEBUG dbcounter [-] [80258] Writing DB stats keystone:SELECT=100 {{(pid=80258) stat_writer /usr/local/lib/python3.8/dist-packages/dbcounter.py:114}}
Jun 02 18:47:02.026289 dv-cinder-797608-28-iscsi devstack@keystone.service[80258]: DEBUG keystone.server.flask.request_processing.middleware.auth_context [None req-2cb31085-317e-41f2-ad3e-d55800d36182 None admin] RBAC: auth_context: {'token': , 'domain_id': None, 'trust_id': None, 'trustor_id': None, 'trustee_id': None, 'domain_name': None, 'group_ids': [], 'user_id': 'f2f2aaa398bb4bba874340ea4e3288dd', 'user_domain_id': 'default', 'system_scope': 'all', 'project_id': None, 'project_domain_id': None, 'roles': ['admin', 'member', 'reader'], 'is_admin_project': True, 'service_user_id': None, 'service_user_domain_id': None, 'service_project_id': None, 'service_project_domain_id': None, 'service_roles': []} {{(pid=80258) fill_context /opt/stack/keystone/keystone/server/flask/request_processing/middleware/auth_context.py:478}}
Jun 02 18:47:02.027099 dv-cinder-797608-28-iscsi devstack@keystone.service[80258]: DEBUG keystone.server.flask.request_processing.req_logging [None req-2cb31085-317e-41f2-ad3e-d55800d36182 None admin] REQUEST_METHOD: `GET` {{(pid=80258) log_request_info /opt/stack/keystone/keystone/server/flask/request_processing/req_logging.py:27}}
Jun 02 18:47:02.027383 dv-cinder-797608-28-iscsi devstack@keystone.service[80258]: DEBUG keystone.server.flask.request_processing.req_logging [None req-2cb31085-317e-41f2-ad3e-d55800d36182 None admin] SCRIPT_NAME: `/identity` {{(pid=80258) log_request_info /opt/stack/keystone/keystone/server/flask/request_processing/req_logging.py:28}}
Jun 02 18:47:02.027652 dv-cinder-797608-28-iscsi devstack@keystone.service[80258]: DEBUG keystone.server.flask.request_processing.req_logging [None req-2cb31085-317e-41f2-ad3e-d55800d36182 None admin] PATH_INFO: `/v3/roles/member` {{(pid=80258) log_request_info /opt/stack/keystone/keystone/server/flask/request_processing/req_logging.py:29}}
Jun 02 18:47:02.038940 dv-cinder-797608-28-iscsi devstack@keystone.service[80258]: DEBUG keystone.common.rbac_enforcer.enforcer [None req-2cb31085-317e-41f2-ad3e-d55800d36182 None admin] Extracting inferred target data resulted in "NOT FOUND (404)". {{(pid=80258) enforce_call /opt/stack/keystone/keystone/common/rbac_enforcer/enforcer.py:409}}
Jun 02 18:47:02.047106 dv-cinder-797608-28-iscsi devstack@keystone.service[80258]: ERROR keystone.server.flask.application [None req-2cb31085-317e-41f2-ad3e-d55800d36182 None admin] Could not find role: member.: keystone.exception.RoleNotFound: Could not find role: member.
Jun 02 18:47:02.047106 dv-cinder-797608-28-iscsi devstack@keystone.service[80258]: ERROR keystone.server.flask.application
Traceback (most recent call last):
Jun 02 18:47:02.047106 dv-cinder-797608-28-iscsi devstack@keystone.service[80258]: ERROR keystone.server.flask.application
File "/usr/local/lib/python3.8/dist-packages/flask/app.py", line 1523, in full_dispatch_request
Jun 02 18:47:02.047106 dv-cinder-797608-28-iscsi devstack@keystone.service[80258]: ERROR keystone.server.flask.application rv = self.dispatch_request()
Jun 02 18:47:02.047106 dv-cinder-797608-28-iscsi devstack@keystone.service[80258]: ERROR keystone.server.flask.application
File "/usr/local/lib/python3.8/dist-packages/flask/app.py", line 1509, in dispatch_request
Jun 02 18:47:02.047106 dv-cinder-797608-28-iscsi devstack@keystone.service[80258]: ERROR keystone.server.flask.application return self.ensure_sync(self.view_functions[rule.endpoint])(**req.view_args)
Jun 02 18:47:02.047106 dv-cinder-797608-28-iscsi devstack@keystone.service[80258]: ERROR keystone.server.flask.application
File "/usr/local/lib/python3.8/dist-packages/flask_restful/__init__.py", line 467, in wrapper
Jun 02 18:47:02.047106 dv-cinder-797608-28-iscsi devstack@keystone.service[80258]: ERROR keystone.server.flask.application resp = resource(*args, **kwargs)
Jun 02 18:47:02.047106 dv-cinder-797608-28-iscsi devstack@keystone.service[80258]: ERROR keystone.server.flask.application
File "/usr/local/lib/python3.8/dist-packages/flask/views.py", line 84, in view
Jun 02 18:47:02.047106 dv-cinder-797608-28-iscsi devstack@keystone.service[80258]: ERROR keystone.server.flask.application return current_app.ensure_sync(self.dispatch_request)(*args, **kwargs)
Jun 02 18:47:02.047106 dv-cinder-797608-28-iscsi devstack@keystone.service[80258]: ERROR keystone.server.flask.application
File "/usr/local/lib/python3.8/dist-packages/flask_restful/__init__.py", line 582, in dispatch_request
Jun 02 18:47:02.047106 dv-cinder-797608-28-iscsi devstack@keystone.service[80258]: ERROR keystone.server.flask.application resp = meth(*args, **kwargs)
Jun 02 18:47:02.047106 dv-cinder-797608-28-iscsi devstack@keystone.service[80258]: ERROR keystone.server.flask.application
File "/opt/stack/keystone/keystone/api/roles.py", line 50, in get
Jun 02 18:47:02.047106 dv-cinder-797608-28-iscsi devstack@keystone.service[80258]: ERROR keystone.server.flask.application return self._get_role(role_id)
Jun 02 18:47:02.047106 dv-cinder-797608-28-iscsi devstack@keystone.service[80258]: ERROR keystone.server.flask.application
File "/opt/stack/keystone/keystone/api/roles.py", line 70, in _get_role
Jun 02 18:47:02.047106 dv-cinder-797608-28-iscsi devstack@keystone.service[80258]: ERROR keystone.server.flask.application ENFORCER.enforce_call(action='identity:get_role')
Jun 02 18:47:02.048102 dv-cinder-797608-28-iscsi devstack@keystone.service[80258]: ERROR keystone.server.flask.application
File "/opt/stack/keystone/keystone/common/rbac_enforcer/enforcer.py", line 402, in enforce_call
Jun 02 18:47:02.048102 dv-cinder-797608-28-iscsi devstack@keystone.service[80258]: ERROR keystone.server.flask.application policy_dict.update(cls._extract_member_target_data(
Jun 02 18:47:02.048102 dv-cinder-797608-28-iscsi devstack@keystone.service[80258]: ERROR keystone.server.flask.application
File "/opt/stack/keystone/keystone/common/rbac_enforcer/enforcer.py", line 234, in _extract_member_target_data
Jun 02 18:47:02.048102 dv-cinder-797608-28-iscsi devstack@keystone.service[80258]: ERROR keystone.server.flask.application member_name: func(flask.request.view_args[key])
Jun 02 18:47:02.048102 dv-cinder-797608-28-iscsi devstack@keystone.service[80258]: ERROR keystone.server.flask.application
File "/opt/stack/keystone/keystone/common/manager.py", line 115, in wrapped
Jun 02 18:47:02.048102 dv-cinder-797608-28-iscsi devstack@keystone.service[80258]: ERROR keystone.server.flask.application __ret_val = __f(*args, **kwargs)
Jun 02 18:47:02.048102 dv-cinder-797608-28-iscsi devstack@keystone.service[80258]: ERROR keystone.server.flask.application
File "/usr/local/lib/python3.8/dist-packages/decorator.py", line 232, in fun
Jun 02 18:47:02.048102 dv-cinder-797608-28-iscsi devstack@keystone.service[80258]: ERROR keystone.server.flask.application return caller(func, *(extras + args), **kw)
Jun 02 18:47:02.048102 dv-cinder-797608-28-iscsi devstack@keystone.service[80258]: ERROR keystone.server.flask.application
File "/usr/local/lib/python3.8/dist-packages/dogpile/cache/region.py", line 1577, in get_or_create_for_user_func
Jun 02 18:47:02.048102 dv-cinder-797608-28-iscsi devstack@keystone.service[80258]: ERROR keystone.server.flask.application return self.get_or_create(
Jun 02 18:47:02.048102 dv-cinder-797608-28-iscsi devstack@keystone.service[80258]: ERROR keystone.server.flask.application
File "/usr/local/lib/python3.8/dist-packages/dogpile/cache/region.py", line 1042, in get_or_create
Jun 02 18:47:02.048102 dv-cinder-797608-28-iscsi devstack@keystone.service[80258]: ERROR keystone.server.flask.application with Lock(
Jun 02 18:47:02.048102 dv-cinder-797608-28-iscsi devstack@keystone.service[80258]: ERROR keystone.server.flask.application
File "/usr/local/lib/python3.8/dist-packages/dogpile/lock.py", line 185, in __enter__
Jun 02 18:47:02.048102 dv-cinder-797608-28-iscsi devstack@keystone.service[80258]: ERROR keystone.server.flask.application return self._enter()
Jun 02 18:47:02.048102 dv-cinder-797608-28-iscsi devstack@keystone.service[80258]: ERROR keystone.server.flask.application
File "/usr/local/lib/python3.8/dist-packages/dogpile/lock.py", line 94, in _enter
Jun 02 18:47:02.048102 dv-cinder-797608-28-iscsi devstack@keystone.service[80258]: ERROR keystone.server.flask.application generated = self._enter_create(value, createdtime)
Jun 02 18:47:02.048852 dv-cinder-797608-28-iscsi devstack@keystone.service[80258]: ERROR keystone.server.flask.application
File "/usr/local/lib/python3.8/dist-packages/dogpile/lock.py", line 178, in _enter_create
Jun 02 18:47:02.048852 dv-cinder-797608-28-iscsi devstack@keystone.service[80258]: ERROR keystone.server.flask.application return self.creator()
Jun 02 18:47:02.048852 dv-cinder-797608-28-iscsi devstack@keystone.service[80258]: ERROR keystone.server.flask.application
File "/usr/local/lib/python3.8/dist-packages/dogpile/cache/region.py", line 995, in gen_value
Jun 02 18:47:02.048852 dv-cinder-797608-28-iscsi devstack@keystone.service[80258]: ERROR keystone.server.flask.application created_value = creator(
Jun 02 18:47:02.048852 dv-cinder-797608-28-iscsi devstack@keystone.service[80258]: ERROR keystone.server.flask.application
File "/opt/stack/keystone/keystone/assignment/core.py", line 1276, in get_role
Jun 02 18:47:02.048852 dv-cinder-797608-28-iscsi devstack@keystone.service[80258]: ERROR keystone.server.flask.application return self.driver.get_role(role_id)
Jun 02 18:47:02.048852 dv-cinder-797608-28-iscsi devstack@keystone.service[80258]: ERROR keystone.server.flask.application
File "/opt/stack/keystone/keystone/assignment/role_backends/sql.py", line 70, in get_role
Jun 02 18:47:02.048852 dv-cinder-797608-28-iscsi devstack@keystone.service[80258]: ERROR keystone.server.flask.application return self._get_role(session, role_id).to_dict()
Jun 02 18:47:02.048852 dv-cinder-797608-28-iscsi devstack@keystone.service[80258]: ERROR keystone.server.flask.application
File "/opt/stack/keystone/keystone/assignment/role_backends/sql.py", line 65, in _get_role
Jun 02 18:47:02.048852 dv-cinder-797608-28-iscsi devstack@keystone.service[80258]: ERROR keystone.server.flask.application raise exception.RoleNotFound(role_id=role_id)
Jun 02 18:47:02.048852 dv-cinder-797608-28-iscsi devstack@keystone.service[80258]: ERROR keystone.server.flask.application keystone.exception.RoleNotFound: Could not find role: member.
Jun 02 18:47:02.048852 dv-cinder-797608-28-iscsi devstack@keystone.service[80258]: ERROR keystone.server.flask.application
Jun 02 18:47:02.048852 dv-cinder-797608-28-iscsi devstack@keystone.service[80258]: [pid: 80258|app: 0|req: 44/83] 10.222.0.15 () {56 vars in 1099 bytes} [Thu Jun 2 18:47:01 2022] GET /identity/v3/roles/member => generated 84 bytes in 160 msecs (HTTP/1.1 404) 5 headers in 183 bytes (1 switches on core 0)
Jun 02 18:47:02.049481 dv-cinder-797608-28-iscsi devstack@keystone.service[80258]: DEBUG keystone.server.flask.request_processing.middleware.auth_context [None req-2cb31085-317e-41f2-ad3e-d55800d36182 None admin] Authenticating user token {{(pid=80258) process_request /usr/local/lib/python3.8/dist-packages/keystonemiddleware/auth_token/__init__.py:407}}
Jun 02 18:47:02.079422 dv-cinder-797608-28-iscsi devstack@keystone.service[80259]: DEBUG keystone.server.flask.request_processing.middleware.auth_context [None req-39d9b5d1-2c29-49ec-b1d3-ba70ff6c13a7 None admin] Validating token access rules against request {{(pid=80259) validate_allowed_request /usr/local/lib/python3.8/dist-packages/keystonemiddleware/auth_token/__init__.py:545}}
Jun 02 18:47:02.112867 dv-cinder-797608-28-iscsi devstack@keystone.service[80259]: DEBUG keystone.server.flask.request_processing.middleware.auth_context [None req-04c4b83d-0bfb-419f-9255-23ac27e7997d None admin] RBAC: auth_context: {'token': , 'domain_id': None, 'trust_id': None, 'trustor_id': None, 'trustee_id': None, 'domain_name': None, 'group_ids': [], 'user_id': 'f2f2aaa398bb4bba874340ea4e3288dd', 'user_domain_id': 'default', 'system_scope': 'all', 'project_id': None, 'project_domain_id': None, 'roles': ['admin', 'member', 'reader'], 'is_admin_project': True, 'service_user_id': None, 'service_user_domain_id': None, 'service_project_id': None, 'service_project_domain_id': None, 'service_roles': []} {{(pid=80259) fill_context /opt/stack/keystone/keystone/server/flask/request_processing/middleware/auth_context.py:478}}
Jun 02 18:47:02.113456 dv-cinder-797608-28-iscsi devstack@keystone.service[80259]: DEBUG keystone.server.flask.request_processing.req_logging [None req-04c4b83d-0bfb-419f-9255-23ac27e7997d None admin] REQUEST_METHOD: `GET` {{(pid=80259) log_request_info /opt/stack/keystone/keystone/server/flask/request_processing/req_logging.py:27}}
Jun 02 18:47:02.113744 dv-cinder-797608-28-iscsi devstack@keystone.service[80259]: DEBUG keystone.server.flask.request_processing.req_logging [None req-04c4b83d-0bfb-419f-9255-23ac27e7997d None admin] SCRIPT_NAME: `/identity` {{(pid=80259) log_request_info /opt/stack/keystone/keystone/server/flask/request_processing/req_logging.py:28}}
Jun 02 18:47:02.114044 dv-cinder-797608-28-iscsi devstack@keystone.service[80259]: DEBUG keystone.server.flask.request_processing.req_logging [None req-04c4b83d-0bfb-419f-9255-23ac27e7997d None admin] PATH_INFO: `/v3/auth/tokens` {{(pid=80259) log_request_info /opt/stack/keystone/keystone/server/flask/request_processing/req_logging.py:29}}
Jun 02 18:47:02.149102 dv-cinder-797608-28-iscsi devstack@keystone.service[80258]: DEBUG keystone.server.flask.request_processing.middleware.auth_context [None req-2cb31085-317e-41f2-ad3e-d55800d36182 None admin] Validating token access rules against request {{(pid=80258) validate_allowed_request /usr/local/lib/python3.8/dist-packages/keystonemiddleware/auth_token/__init__.py:545}}
Jun 02 18:47:02.181002 dv-cinder-797608-28-iscsi devstack@keystone.service[80259]: DEBUG keystone.common.rbac_enforcer.enforcer [None req-04c4b83d-0bfb-419f-9255-23ac27e7997d None admin] RBAC: Authorizing `identity:validate_token()` {{(pid=80259) enforce_call /opt/stack/keystone/keystone/common/rbac_enforcer/enforcer.py:449}}
Jun 02 18:47:02.181160 dv-cinder-797608-28-iscsi devstack@keystone.service[80258]: DEBUG keystone.server.flask.request_processing.middleware.auth_context [None req-eecbdadc-af07-46a2-a8ba-dd7bbfe19a80 None admin] RBAC: auth_context: {'token': , 'domain_id': None, 'trust_id': None, 'trustor_id': None, 'trustee_id': None, 'domain_name': None, 'group_ids': [], 'user_id': 'f2f2aaa398bb4bba874340ea4e3288dd', 'user_domain_id': 'default', 'system_scope': 'all', 'project_id': None, 'project_domain_id': None, 'roles': ['admin', 'member', 'reader'], 'is_admin_project': True, 'service_user_id': None, 'service_user_domain_id': None, 'service_project_id': None, 'service_project_domain_id': None, 'service_roles': []} {{(pid=80258) fill_context /opt/stack/keystone/keystone/server/flask/request_processing/middleware/auth_context.py:478}}
Jun 02 18:47:02.181718 dv-cinder-797608-28-iscsi devstack@keystone.service[80258]: DEBUG keystone.server.flask.request_processing.req_logging [None req-eecbdadc-af07-46a2-a8ba-dd7bbfe19a80 None admin] REQUEST_METHOD: `GET` {{(pid=80258) log_request_info /opt/stack/keystone/keystone/server/flask/request_processing/req_logging.py:27}}
Jun 02 18:47:02.182032 dv-cinder-797608-28-iscsi devstack@keystone.service[80258]: DEBUG keystone.server.flask.request_processing.req_logging [None req-eecbdadc-af07-46a2-a8ba-dd7bbfe19a80 None admin] SCRIPT_NAME: `/identity` {{(pid=80258) log_request_info /opt/stack/keystone/keystone/server/flask/request_processing/req_logging.py:28}}
Jun 02 18:47:02.182310 dv-cinder-797608-28-iscsi devstack@keystone.service[80258]: DEBUG keystone.server.flask.request_processing.req_logging [None req-eecbdadc-af07-46a2-a8ba-dd7bbfe19a80 None admin] PATH_INFO: `/v3/auth/tokens` {{(pid=80258) log_request_info /opt/stack/keystone/keystone/server/flask/request_processing/req_logging.py:29}}
Jun 02 18:47:02.182524 dv-cinder-797608-28-iscsi devstack@keystone.service[80259]: DEBUG keystone.common.rbac_enforcer.enforcer [None req-04c4b83d-0bfb-419f-9255-23ac27e7997d None admin] RBAC: Authorization granted {{(pid=80259) enforce_call /opt/stack/keystone/keystone/common/rbac_enforcer/enforcer.py:457}}
Jun 02 18:47:02.212899 dv-cinder-797608-28-iscsi devstack@keystone.service[80259]: DEBUG dbcounter [-] [80259] Writing DB stats keystone:SELECT=100 {{(pid=80259) stat_writer /usr/local/lib/python3.8/dist-packages/dbcounter.py:114}}
Jun 02 18:47:02.236102 dv-cinder-797608-28-iscsi devstack@keystone.service[80258]: DEBUG dbcounter [-] [80258] Writing DB stats keystone:SELECT=100 {{(pid=80258) stat_writer /usr/local/lib/python3.8/dist-packages/dbcounter.py:114}}
Jun 02 18:47:02.251136 dv-cinder-797608-28-iscsi devstack@keystone.service[80258]: DEBUG keystone.common.rbac_enforcer.enforcer [None req-eecbdadc-af07-46a2-a8ba-dd7bbfe19a80 None admin] RBAC: Authorizing `identity:validate_token()` {{(pid=80258) enforce_call /opt/stack/keystone/keystone/common/rbac_enforcer/enforcer.py:449}}
Jun 02 18:47:02.252731 dv-cinder-797608-28-iscsi devstack@keystone.service[80258]: DEBUG keystone.common.rbac_enforcer.enforcer [None req-eecbdadc-af07-46a2-a8ba-dd7bbfe19a80 None admin] RBAC: Authorization granted {{(pid=80258) enforce_call /opt/stack/keystone/keystone/common/rbac_enforcer/enforcer.py:457}}
Jun 02 18:47:02.281430 dv-cinder-797608-28-iscsi devstack@keystone.service[80259]: [pid: 80259|app: 0|req: 40/84] 10.222.0.15 () {58 vars in 1282 bytes} [Thu Jun 2 18:47:01 2022] GET /identity/v3/auth/tokens => generated 799 bytes in 306 msecs (HTTP/1.1 200) 6 headers in 358 bytes (1 switches on core 0)
Jun 02 18:47:02.282494 dv-cinder-797608-28-iscsi devstack@keystone.service[80259]: DEBUG keystone.server.flask.request_processing.middleware.auth_context [None req-04c4b83d-0bfb-419f-9255-23ac27e7997d None admin] Authenticating user token {{(pid=80259) process_request /usr/local/lib/python3.8/dist-packages/keystonemiddleware/auth_token/__init__.py:407}}
Jun 02 18:47:02.351388 dv-cinder-797608-28-iscsi devstack@keystone.service[80258]: [pid: 80258|app: 0|req: 45/85] 10.222.0.15 () {58 vars in 1282 bytes} [Thu Jun 2 18:47:02 2022] GET /identity/v3/auth/tokens => generated 799 bytes in 303 msecs (HTTP/1.1 200) 6 headers in 358 bytes (1 switches on core 0)
Jun 02 18:47:02.352350 dv-cinder-797608-28-iscsi devstack@keystone.service[80258]: DEBUG keystone.server.flask.request_processing.middleware.auth_context [None req-eecbdadc-af07-46a2-a8ba-dd7bbfe19a80 None admin] Authenticating user token {{(pid=80258) process_request /usr/local/lib/python3.8/dist-packages/keystonemiddleware/auth_token/__init__.py:407}}
Jun 02 18:47:02.384665 dv-cinder-797608-28-iscsi devstack@keystone.service[80259]: DEBUG keystone.server.flask.request_processing.middleware.auth_context [None req-04c4b83d-0bfb-419f-9255-23ac27e7997d None admin] Validating token access rules against request {{(pid=80259) validate_allowed_request /usr/local/lib/python3.8/dist-packages/keystonemiddleware/auth_token/__init__.py:545}}
Jun 02 18:47:02.417547 dv-cinder-797608-28-iscsi devstack@keystone.service[80259]: DEBUG dbcounter [-] [80259] Writing DB stats keystone:SELECT=100 {{(pid=80259) stat_writer /usr/local/lib/python3.8/dist-packages/dbcounter.py:114}}
Jun 02 18:47:02.425735 dv-cinder-797608-28-iscsi devstack@keystone.service[80259]: DEBUG keystone.server.flask.request_processing.middleware.auth_context [None req-7890c789-659f-41be-917c-fdcbdbc33658 None admin] RBAC: auth_context: {'token': , 'domain_id': None, 'trust_id': None, 'trustor_id': None, 'trustee_id': None, 'domain_name': None, 'group_ids': [], 'user_id': 'f2f2aaa398bb4bba874340ea4e3288dd', 'user_domain_id': 'default', 'system_scope': 'all', 'project_id': None, 'project_domain_id': None, 'roles': ['admin', 'member', 'reader'], 'is_admin_project': True, 'service_user_id': None, 'service_user_domain_id': None, 'service_project_id': None, 'service_project_domain_id': None, 'service_roles': []} {{(pid=80259) fill_context /opt/stack/keystone/keystone/server/flask/request_processing/middleware/auth_context.py:478}}
Jun 02 18:47:02.426457 dv-cinder-797608-28-iscsi devstack@keystone.service[80259]: DEBUG keystone.server.flask.request_processing.req_logging [None req-7890c789-659f-41be-917c-fdcbdbc33658 None admin] REQUEST_METHOD: `POST` {{(pid=80259) log_request_info /opt/stack/keystone/keystone/server/flask/request_processing/req_logging.py:27}}
Jun 02 18:47:02.426736 dv-cinder-797608-28-iscsi devstack@keystone.service[80259]: DEBUG keystone.server.flask.request_processing.req_logging [None req-7890c789-659f-41be-917c-fdcbdbc33658 None admin] SCRIPT_NAME: `/identity` {{(pid=80259) log_request_info /opt/stack/keystone/keystone/server/flask/request_processing/req_logging.py:28}}
Jun 02 18:47:02.427678 dv-cinder-797608-28-iscsi devstack@keystone.service[80259]: DEBUG keystone.server.flask.request_processing.req_logging [None req-7890c789-659f-41be-917c-fdcbdbc33658 None admin] PATH_INFO: `/v3/users` {{(pid=80259) log_request_info /opt/stack/keystone/keystone/server/flask/request_processing/req_logging.py:29}}
Jun 02 18:47:02.427678 dv-cinder-797608-28-iscsi devstack@keystone.service[80259]: DEBUG keystone.common.rbac_enforcer.enforcer [None req-7890c789-659f-41be-917c-fdcbdbc33658 None admin] RBAC: Authorizing `identity:create_user()` {{(pid=80259) enforce_call /opt/stack/keystone/keystone/common/rbac_enforcer/enforcer.py:449}}
Jun 02 18:47:02.429157 dv-cinder-797608-28-iscsi devstack@keystone.service[80259]: DEBUG keystone.common.rbac_enforcer.enforcer [None req-7890c789-659f-41be-917c-fdcbdbc33658 None admin] RBAC: Authorization granted {{(pid=80259) enforce_call /opt/stack/keystone/keystone/common/rbac_enforcer/enforcer.py:457}}
Jun 02 18:47:02.442701 dv-cinder-797608-28-iscsi devstack@keystone.service[80258]: DEBUG dbcounter [-] [80258] Writing DB stats keystone:SELECT=100 {{(pid=80258) stat_writer /usr/local/lib/python3.8/dist-packages/dbcounter.py:114}}
Jun 02 18:47:02.450968 dv-cinder-797608-28-iscsi devstack@keystone.service[80259]: [pid: 80259|app: 0|req: 41/86] 10.222.0.15 () {60 vars in 1132 bytes} [Thu Jun 2 18:47:02 2022] POST /identity/v3/users => generated 289 bytes in 169 msecs (HTTP/1.1 201) 5 headers in 182 bytes (1 switches on core 0)
Jun 02 18:47:02.452041 dv-cinder-797608-28-iscsi devstack@keystone.service[80259]: DEBUG keystone.server.flask.request_processing.middleware.auth_context [None req-7890c789-659f-41be-917c-fdcbdbc33658 None admin] Authenticating user token {{(pid=80259) process_request /usr/local/lib/python3.8/dist-packages/keystonemiddleware/auth_token/__init__.py:407}}
Jun 02 18:47:02.459009 dv-cinder-797608-28-iscsi devstack@keystone.service[80258]: DEBUG keystone.server.flask.request_processing.middleware.auth_context [None req-eecbdadc-af07-46a2-a8ba-dd7bbfe19a80 None admin] Validating token access rules against request {{(pid=80258) validate_allowed_request /usr/local/lib/python3.8/dist-packages/keystonemiddleware/auth_token/__init__.py:545}}
Jun 02 18:47:02.495961 dv-cinder-797608-28-iscsi devstack@keystone.service[80258]: DEBUG keystone.server.flask.request_processing.middleware.auth_context [None req-92a80df4-5e8d-4922-b378-9a3b3f68ea02 None admin] RBAC: auth_context: {'token': , 'domain_id': None, 'trust_id': None, 'trustor_id': None, 'trustee_id': None, 'domain_name': None, 'group_ids': [], 'user_id': 'f2f2aaa398bb4bba874340ea4e3288dd', 'user_domain_id': 'default', 'system_scope': 'all', 'project_id': None, 'project_domain_id': None, 'roles': ['admin', 'member', 'reader'], 'is_admin_project': True, 'service_user_id': None, 'service_user_domain_id': None, 'service_project_id': None, 'service_project_domain_id': None, 'service_roles': []} {{(pid=80258) fill_context /opt/stack/keystone/keystone/server/flask/request_processing/middleware/auth_context.py:478}}
Jun 02 18:47:02.496851 dv-cinder-797608-28-iscsi devstack@keystone.service[80258]: DEBUG keystone.server.flask.request_processing.req_logging [None req-92a80df4-5e8d-4922-b378-9a3b3f68ea02 None admin] REQUEST_METHOD: `GET` {{(pid=80258) log_request_info /opt/stack/keystone/keystone/server/flask/request_processing/req_logging.py:27}}
Jun 02 18:47:02.497129 dv-cinder-797608-28-iscsi devstack@keystone.service[80258]: DEBUG keystone.server.flask.request_processing.req_logging [None req-92a80df4-5e8d-4922-b378-9a3b3f68ea02 None admin] SCRIPT_NAME: `/identity` {{(pid=80258) log_request_info /opt/stack/keystone/keystone/server/flask/request_processing/req_logging.py:28}}
Jun 02 18:47:02.497403 dv-cinder-797608-28-iscsi devstack@keystone.service[80258]: DEBUG keystone.server.flask.request_processing.req_logging [None req-92a80df4-5e8d-4922-b378-9a3b3f68ea02 None admin] PATH_INFO: `/v3/projects/cb94aac4115444f781367f00674d4de8` {{(pid=80258) log_request_info /opt/stack/keystone/keystone/server/flask/request_processing/req_logging.py:29}}
Jun 02 18:47:02.499048 dv-cinder-797608-28-iscsi devstack@keystone.service[80258]: DEBUG keystone.common.rbac_enforcer.enforcer [None req-92a80df4-5e8d-4922-b378-9a3b3f68ea02 None admin] RBAC: Authorizing `identity:get_project(project_id=cb94aac4115444f781367f00674d4de8)` {{(pid=80258) enforce_call /opt/stack/keystone/keystone/common/rbac_enforcer/enforcer.py:449}}
Jun 02 18:47:02.500529 dv-cinder-797608-28-iscsi devstack@keystone.service[80258]: DEBUG keystone.common.rbac_enforcer.enforcer [None req-92a80df4-5e8d-4922-b378-9a3b3f68ea02 None admin] RBAC: Authorization granted {{(pid=80258) enforce_call /opt/stack/keystone/keystone/common/rbac_enforcer/enforcer.py:457}}
Jun 02 18:47:02.505365 dv-cinder-797608-28-iscsi devstack@keystone.service[80258]: [pid: 80258|app: 0|req: 46/87] 10.222.0.15 () {56 vars in 1186 bytes} [Thu Jun 2 18:47:02 2022] GET /identity/v3/projects/cb94aac4115444f781367f00674d4de8 => generated 298 bytes in 150 msecs (HTTP/1.1 200) 5 headers in 177 bytes (1 switches on core 0)
Jun 02 18:47:02.505365 dv-cinder-797608-28-iscsi devstack@keystone.service[80258]: DEBUG keystone.server.flask.request_processing.middleware.auth_context [None req-92a80df4-5e8d-4922-b378-9a3b3f68ea02 None admin] Authenticating user token {{(pid=80258) process_request /usr/local/lib/python3.8/dist-packages/keystonemiddleware/auth_token/__init__.py:407}}
Jun 02 18:47:02.592215 dv-cinder-797608-28-iscsi devstack@keystone.service[80259]: DEBUG keystone.server.flask.request_processing.middleware.auth_context [None req-7890c789-659f-41be-917c-fdcbdbc33658 None admin] Validating token access rules against request {{(pid=80259) validate_allowed_request /usr/local/lib/python3.8/dist-packages/keystonemiddleware/auth_token/__init__.py:545}}
Jun 02 18:47:02.622889 dv-cinder-797608-28-iscsi devstack@keystone.service[80258]: DEBUG keystone.server.flask.request_processing.middleware.auth_context [None req-92a80df4-5e8d-4922-b378-9a3b3f68ea02 None admin] Validating token access rules against request {{(pid=80258) validate_allowed_request /usr/local/lib/python3.8/dist-packages/keystonemiddleware/auth_token/__init__.py:545}}
Jun 02 18:47:02.627472 dv-cinder-797608-28-iscsi devstack@keystone.service[80259]: DEBUG keystone.server.flask.request_processing.middleware.auth_context [None req-28b13993-49c3-41c4-b9ba-2f7a0aad0316 None admin] RBAC: auth_context: {'token': , 'domain_id': None, 'trust_id': None, 'trustor_id': None, 'trustee_id': None, 'domain_name': None, 'group_ids': [], 'user_id': 'f2f2aaa398bb4bba874340ea4e3288dd', 'user_domain_id': 'default', 'system_scope': 'all', 'project_id': None, 'project_domain_id': None, 'roles': ['admin', 'member', 'reader'], 'is_admin_project': True, 'service_user_id': None, 'service_user_domain_id': None, 'service_project_id': None, 'service_project_domain_id': None, 'service_roles': []} {{(pid=80259) fill_context /opt/stack/keystone/keystone/server/flask/request_processing/middleware/auth_context.py:478}}
Jun 02 18:47:02.628178 dv-cinder-797608-28-iscsi devstack@keystone.service[80259]: DEBUG keystone.server.flask.request_processing.req_logging [None req-28b13993-49c3-41c4-b9ba-2f7a0aad0316 None admin] REQUEST_METHOD: `GET` {{(pid=80259) log_request_info /opt/stack/keystone/keystone/server/flask/request_processing/req_logging.py:27}}
Jun 02 18:47:02.628459 dv-cinder-797608-28-iscsi devstack@keystone.service[80259]: DEBUG keystone.server.flask.request_processing.req_logging [None req-28b13993-49c3-41c4-b9ba-2f7a0aad0316 None admin] SCRIPT_NAME: `/identity` {{(pid=80259) log_request_info /opt/stack/keystone/keystone/server/flask/request_processing/req_logging.py:28}}
Jun 02 18:47:02.628732 dv-cinder-797608-28-iscsi devstack@keystone.service[80259]: DEBUG keystone.server.flask.request_processing.req_logging [None req-28b13993-49c3-41c4-b9ba-2f7a0aad0316 None admin] PATH_INFO: `/v3/roles` {{(pid=80259) log_request_info /opt/stack/keystone/keystone/server/flask/request_processing/req_logging.py:29}}
Jun 02 18:47:02.629495 dv-cinder-797608-28-iscsi devstack@keystone.service[80259]: DEBUG keystone.common.rbac_enforcer.enforcer [None req-28b13993-49c3-41c4-b9ba-2f7a0aad0316 None admin] RBAC: Adding query filter params (name=member) {{(pid=80259) _extract_filter_values /opt/stack/keystone/keystone/common/rbac_enforcer/enforcer.py:167}}
Jun 02 18:47:02.629825 dv-cinder-797608-28-iscsi devstack@keystone.service[80259]: DEBUG keystone.common.rbac_enforcer.enforcer [None req-28b13993-49c3-41c4-b9ba-2f7a0aad0316 None admin] RBAC: Authorizing `identity:list_roles()` {{(pid=80259) enforce_call /opt/stack/keystone/keystone/common/rbac_enforcer/enforcer.py:449}}
Jun 02 18:47:02.631297 dv-cinder-797608-28-iscsi devstack@keystone.service[80259]: DEBUG keystone.common.rbac_enforcer.enforcer [None req-28b13993-49c3-41c4-b9ba-2f7a0aad0316 None admin] RBAC: Authorization granted {{(pid=80259) enforce_call /opt/stack/keystone/keystone/common/rbac_enforcer/enforcer.py:457}}
Jun 02 18:47:02.642899 dv-cinder-797608-28-iscsi devstack@keystone.service[80259]: [pid: 80259|app: 0|req: 42/88] 10.222.0.15 () {56 vars in 1101 bytes} [Thu Jun 2 18:47:02 2022] GET /identity/v3/roles?name=member => generated 341 bytes in 191 msecs (HTTP/1.1 200) 5 headers in 177 bytes (1 switches on core 0)
Jun 02 18:47:02.646835 dv-cinder-797608-28-iscsi devstack@keystone.service[80259]: DEBUG keystone.server.flask.request_processing.middleware.auth_context [None req-28b13993-49c3-41c4-b9ba-2f7a0aad0316 None admin] Authenticating user token {{(pid=80259) process_request /usr/local/lib/python3.8/dist-packages/keystonemiddleware/auth_token/__init__.py:407}}
Jun 02 18:47:02.664727 dv-cinder-797608-28-iscsi devstack@keystone.service[80258]: DEBUG keystone.server.flask.request_processing.middleware.auth_context [None req-14c124fe-388b-43dc-a384-9aeca3f9baff None admin] RBAC: auth_context: {'token': , 'domain_id': None, 'trust_id': None, 'trustor_id': None, 'trustee_id': None, 'domain_name': None, 'group_ids': [], 'user_id': 'f2f2aaa398bb4bba874340ea4e3288dd', 'user_domain_id': 'default', 'system_scope': 'all', 'project_id': None, 'project_domain_id': None, 'roles': ['admin', 'member', 'reader'], 'is_admin_project': True, 'service_user_id': None, 'service_user_domain_id': None, 'service_project_id': None, 'service_project_domain_id': None, 'service_roles': []} {{(pid=80258) fill_context /opt/stack/keystone/keystone/server/flask/request_processing/middleware/auth_context.py:478}}
Jun 02 18:47:02.665723 dv-cinder-797608-28-iscsi devstack@keystone.service[80258]: DEBUG keystone.server.flask.request_processing.req_logging [None req-14c124fe-388b-43dc-a384-9aeca3f9baff None admin] REQUEST_METHOD: `GET` {{(pid=80258) log_request_info /opt/stack/keystone/keystone/server/flask/request_processing/req_logging.py:27}}
Jun 02 18:47:02.666031 dv-cinder-797608-28-iscsi devstack@keystone.service[80258]: DEBUG keystone.server.flask.request_processing.req_logging [None req-14c124fe-388b-43dc-a384-9aeca3f9baff None admin] SCRIPT_NAME: `/identity` {{(pid=80258) log_request_info /opt/stack/keystone/keystone/server/flask/request_processing/req_logging.py:28}}
Jun 02 18:47:02.666309 dv-cinder-797608-28-iscsi devstack@keystone.service[80258]: DEBUG keystone.server.flask.request_processing.req_logging [None req-14c124fe-388b-43dc-a384-9aeca3f9baff None admin] PATH_INFO: `/v3/projects/cb94aac4115444f781367f00674d4de8` {{(pid=80258) log_request_info /opt/stack/keystone/keystone/server/flask/request_processing/req_logging.py:29}}
Jun 02 18:47:02.667522 dv-cinder-797608-28-iscsi devstack@keystone.service[80258]: DEBUG keystone.common.rbac_enforcer.enforcer [None req-14c124fe-388b-43dc-a384-9aeca3f9baff None admin] RBAC: Authorizing `identity:get_project(project_id=cb94aac4115444f781367f00674d4de8)` {{(pid=80258) enforce_call /opt/stack/keystone/keystone/common/rbac_enforcer/enforcer.py:449}}
Jun 02 18:47:02.669278 dv-cinder-797608-28-iscsi devstack@keystone.service[80258]: DEBUG keystone.common.rbac_enforcer.enforcer [None req-14c124fe-388b-43dc-a384-9aeca3f9baff None admin] RBAC: Authorization granted {{(pid=80258) enforce_call /opt/stack/keystone/keystone/common/rbac_enforcer/enforcer.py:457}}
Jun 02 18:47:02.675941 dv-cinder-797608-28-iscsi devstack@keystone.service[80258]: [pid: 80258|app: 0|req: 47/89] 10.222.0.15 () {56 vars in 1186 bytes} [Thu Jun 2 18:47:02 2022] GET /identity/v3/projects/cb94aac4115444f781367f00674d4de8 => generated 298 bytes in 168 msecs (HTTP/1.1 200) 5 headers in 177 bytes (1 switches on core 0)
Jun 02 18:47:02.675941 dv-cinder-797608-28-iscsi devstack@keystone.service[80258]: DEBUG keystone.server.flask.request_processing.middleware.auth_context [None req-14c124fe-388b-43dc-a384-9aeca3f9baff None admin] Authenticating user token {{(pid=80258) process_request /usr/local/lib/python3.8/dist-packages/keystonemiddleware/auth_token/__init__.py:407}}
Jun 02 18:47:02.709307 dv-cinder-797608-28-iscsi devstack@keystone.service[80258]: DEBUG dbcounter [-] [80258] Writing DB stats keystone:SELECT=100 {{(pid=80258) stat_writer /usr/local/lib/python3.8/dist-packages/dbcounter.py:114}}
Jun 02 18:47:02.716237 dv-cinder-797608-28-iscsi devstack@keystone.service[80259]: DEBUG dbcounter [-] [80259] Writing DB stats keystone:SELECT=97,keystone:INSERT=3 {{(pid=80259) stat_writer /usr/local/lib/python3.8/dist-packages/dbcounter.py:114}}
Jun 02 18:47:02.784785 dv-cinder-797608-28-iscsi devstack@keystone.service[80259]: DEBUG keystone.server.flask.request_processing.middleware.auth_context [None req-28b13993-49c3-41c4-b9ba-2f7a0aad0316 None admin] Validating token access rules against request {{(pid=80259) validate_allowed_request /usr/local/lib/python3.8/dist-packages/keystonemiddleware/auth_token/__init__.py:545}}
Jun 02 18:47:02.814704 dv-cinder-797608-28-iscsi devstack@keystone.service[80258]: DEBUG keystone.server.flask.request_processing.middleware.auth_context [None req-14c124fe-388b-43dc-a384-9aeca3f9baff None admin] Validating token access rules against request {{(pid=80258) validate_allowed_request /usr/local/lib/python3.8/dist-packages/keystonemiddleware/auth_token/__init__.py:545}}
Jun 02 18:47:02.832658 dv-cinder-797608-28-iscsi devstack@keystone.service[80259]: DEBUG keystone.server.flask.request_processing.middleware.auth_context [None req-efb9c1eb-ca6b-4252-9ae0-35fc734aff0a None admin] RBAC: auth_context: {'token': , 'domain_id': None, 'trust_id': None, 'trustor_id': None, 'trustee_id': None, 'domain_name': None, 'group_ids': [], 'user_id': 'f2f2aaa398bb4bba874340ea4e3288dd', 'user_domain_id': 'default', 'system_scope': 'all', 'project_id': None, 'project_domain_id': None, 'roles': ['admin', 'member', 'reader'], 'is_admin_project': True, 'service_user_id': None, 'service_user_domain_id': None, 'service_project_id': None, 'service_project_domain_id': None, 'service_roles': []} {{(pid=80259) fill_context /opt/stack/keystone/keystone/server/flask/request_processing/middleware/auth_context.py:478}}
Jun 02 18:47:02.835688 dv-cinder-797608-28-iscsi devstack@keystone.service[80259]: DEBUG keystone.server.flask.request_processing.req_logging [None req-efb9c1eb-ca6b-4252-9ae0-35fc734aff0a None admin] REQUEST_METHOD: `GET` {{(pid=80259) log_request_info /opt/stack/keystone/keystone/server/flask/request_processing/req_logging.py:27}}
Jun 02 18:47:02.835688 dv-cinder-797608-28-iscsi devstack@keystone.service[80259]: DEBUG keystone.server.flask.request_processing.req_logging [None req-efb9c1eb-ca6b-4252-9ae0-35fc734aff0a None admin] SCRIPT_NAME: `/identity` {{(pid=80259) log_request_info /opt/stack/keystone/keystone/server/flask/request_processing/req_logging.py:28}}
Jun 02 18:47:02.835688 dv-cinder-797608-28-iscsi devstack@keystone.service[80259]: DEBUG keystone.server.flask.request_processing.req_logging [None req-efb9c1eb-ca6b-4252-9ae0-35fc734aff0a None admin] PATH_INFO: `/v3/projects/cb94aac4115444f781367f00674d4de8` {{(pid=80259) log_request_info /opt/stack/keystone/keystone/server/flask/request_processing/req_logging.py:29}}
Jun 02 18:47:02.837200 dv-cinder-797608-28-iscsi devstack@keystone.service[80259]: DEBUG keystone.common.rbac_enforcer.enforcer [None req-efb9c1eb-ca6b-4252-9ae0-35fc734aff0a None admin] RBAC: Authorizing `identity:get_project(project_id=cb94aac4115444f781367f00674d4de8)` {{(pid=80259) enforce_call /opt/stack/keystone/keystone/common/rbac_enforcer/enforcer.py:449}}
Jun 02 18:47:02.838665 dv-cinder-797608-28-iscsi devstack@keystone.service[80259]: DEBUG keystone.common.rbac_enforcer.enforcer [None req-efb9c1eb-ca6b-4252-9ae0-35fc734aff0a None admin] RBAC: Authorization granted {{(pid=80259) enforce_call /opt/stack/keystone/keystone/common/rbac_enforcer/enforcer.py:457}}
Jun 02 18:47:02.840344 dv-cinder-797608-28-iscsi devstack@keystone.service[80259]: [pid: 80259|app: 0|req: 43/90] 10.222.0.15 () {56 vars in 1186 bytes} [Thu Jun 2 18:47:02 2022] GET /identity/v3/projects/cb94aac4115444f781367f00674d4de8 => generated 298 bytes in 194 msecs (HTTP/1.1 200) 5 headers in 177 bytes (1 switches on core 0)
Jun 02 18:47:02.841120 dv-cinder-797608-28-iscsi devstack@keystone.service[80259]: DEBUG keystone.server.flask.request_processing.middleware.auth_context [None req-efb9c1eb-ca6b-4252-9ae0-35fc734aff0a None admin] Authenticating user token {{(pid=80259) process_request /usr/local/lib/python3.8/dist-packages/keystonemiddleware/auth_token/__init__.py:407}}
Jun 02 18:47:02.855226 dv-cinder-797608-28-iscsi devstack@keystone.service[80258]: DEBUG keystone.server.flask.request_processing.middleware.auth_context [None req-808f361a-7066-4627-b285-82972d7f7257 None admin] RBAC: auth_context: {'token': , 'domain_id': None, 'trust_id': None, 'trustor_id': None, 'trustee_id': None, 'domain_name': None, 'group_ids': [], 'user_id': 'f2f2aaa398bb4bba874340ea4e3288dd', 'user_domain_id': 'default', 'system_scope': 'all', 'project_id': None, 'project_domain_id': None, 'roles': ['admin', 'member', 'reader'], 'is_admin_project': True, 'service_user_id': None, 'service_user_domain_id': None, 'service_project_id': None, 'service_project_domain_id': None, 'service_roles': []} {{(pid=80258) fill_context /opt/stack/keystone/keystone/server/flask/request_processing/middleware/auth_context.py:478}}
Jun 02 18:47:02.855904 dv-cinder-797608-28-iscsi devstack@keystone.service[80258]: DEBUG keystone.server.flask.request_processing.req_logging [None req-808f361a-7066-4627-b285-82972d7f7257 None admin] REQUEST_METHOD: `GET` {{(pid=80258) log_request_info /opt/stack/keystone/keystone/server/flask/request_processing/req_logging.py:27}}
Jun 02 18:47:02.856273 dv-cinder-797608-28-iscsi devstack@keystone.service[80258]: DEBUG keystone.server.flask.request_processing.req_logging [None req-808f361a-7066-4627-b285-82972d7f7257 None admin] SCRIPT_NAME: `/identity` {{(pid=80258) log_request_info /opt/stack/keystone/keystone/server/flask/request_processing/req_logging.py:28}}
Jun 02 18:47:02.856511 dv-cinder-797608-28-iscsi devstack@keystone.service[80258]: DEBUG keystone.server.flask.request_processing.req_logging [None req-808f361a-7066-4627-b285-82972d7f7257 None admin] PATH_INFO: `/v3/role_assignments` {{(pid=80258) log_request_info /opt/stack/keystone/keystone/server/flask/request_processing/req_logging.py:29}}
Jun 02 18:47:02.857349 dv-cinder-797608-28-iscsi devstack@keystone.service[80258]: DEBUG keystone.common.rbac_enforcer.enforcer [None req-808f361a-7066-4627-b285-82972d7f7257 None admin] RBAC: Adding query filter params (role.id=1ecbde8dcaa44047899f618334033d43, scope.project.id=cb94aac4115444f781367f00674d4de8, user.id=3356491ab76f4af58ad2cc7077ba8a43) {{(pid=80258) _extract_filter_values /opt/stack/keystone/keystone/common/rbac_enforcer/enforcer.py:167}}
Jun 02 18:47:02.857733 dv-cinder-797608-28-iscsi devstack@keystone.service[80258]: DEBUG keystone.common.rbac_enforcer.enforcer [None req-808f361a-7066-4627-b285-82972d7f7257 None admin] RBAC: Authorizing `identity:list_role_assignments()` {{(pid=80258) enforce_call /opt/stack/keystone/keystone/common/rbac_enforcer/enforcer.py:449}}
Jun 02 18:47:02.859232 dv-cinder-797608-28-iscsi devstack@keystone.service[80258]: DEBUG keystone.common.rbac_enforcer.enforcer [None req-808f361a-7066-4627-b285-82972d7f7257 None admin] RBAC: Authorization granted {{(pid=80258) enforce_call /opt/stack/keystone/keystone/common/rbac_enforcer/enforcer.py:457}}
Jun 02 18:47:02.868606 dv-cinder-797608-28-iscsi devstack@keystone.service[80258]: [pid: 80258|app: 0|req: 48/91] 10.222.0.15 () {56 vars in 1374 bytes} [Thu Jun 2 18:47:02 2022] GET /identity/v3/role_assignments?user.id=3356491ab76f4af58ad2cc7077ba8a43&scope.project.id=cb94aac4115444f781367f00674d4de8&role.id=1ecbde8dcaa44047899f618334033d43 => generated 259 bytes in 197 msecs (HTTP/1.1 200) 5 headers in 177 bytes (1 switches on core 0)
Jun 02 18:47:02.869956 dv-cinder-797608-28-iscsi devstack@keystone.service[80258]: DEBUG keystone.server.flask.request_processing.middleware.auth_context [None req-808f361a-7066-4627-b285-82972d7f7257 None admin] Authenticating user token {{(pid=80258) process_request /usr/local/lib/python3.8/dist-packages/keystonemiddleware/auth_token/__init__.py:407}}
Jun 02 18:47:02.979567 dv-cinder-797608-28-iscsi devstack@keystone.service[80258]: DEBUG dbcounter [-] [80258] Writing DB stats keystone:SELECT=100 {{(pid=80258) stat_writer /usr/local/lib/python3.8/dist-packages/dbcounter.py:114}}
Jun 02 18:47:02.990325 dv-cinder-797608-28-iscsi devstack@keystone.service[80259]: DEBUG keystone.server.flask.request_processing.middleware.auth_context [None req-efb9c1eb-ca6b-4252-9ae0-35fc734aff0a None admin] Validating token access rules against request {{(pid=80259) validate_allowed_request /usr/local/lib/python3.8/dist-packages/keystonemiddleware/auth_token/__init__.py:545}}
Jun 02 18:47:02.993868 dv-cinder-797608-28-iscsi devstack@keystone.service[80258]: DEBUG keystone.server.flask.request_processing.middleware.auth_context [None req-808f361a-7066-4627-b285-82972d7f7257 None admin] Validating token access rules against request {{(pid=80258) validate_allowed_request /usr/local/lib/python3.8/dist-packages/keystonemiddleware/auth_token/__init__.py:545}}
