May 27 09:37:43.970983 dv-cinder-797608-21-smb devstack@c-api.service[110765]: INFO cinder.volume.api [None req-9597b924-0b1c-40e7-a52b-b9c489990497 tempest-VolumesDeleteCascade-121424970 tempest-VolumesDeleteCascade-121424970-project] Volume info retrieved successfully.
May 27 09:37:43.982244 dv-cinder-797608-21-smb devstack@c-api.service[110765]: INFO cinder.api.openstack.wsgi [None req-9597b924-0b1c-40e7-a52b-b9c489990497 tempest-VolumesDeleteCascade-121424970 tempest-VolumesDeleteCascade-121424970-project] http://10.222.0.79/volume/v3/3cfdd3078cce48ec9b297f2741945d3d/volumes/b9dd6620-ee42-4706-b85d-9cc8e3dc8b3b returned with HTTP 200
May 27 09:37:43.983071 dv-cinder-797608-21-smb devstack@c-api.service[110765]: [pid: 110765|app: 0|req: 206/377] 10.222.0.79 () {58 vars in 1324 bytes} [Fri May 27 09:37:43 2022] GET /volume/v3/3cfdd3078cce48ec9b297f2741945d3d/volumes/b9dd6620-ee42-4706-b85d-9cc8e3dc8b3b => generated 887 bytes in 49 msecs (HTTP/1.1 200) 7 headers in 285 bytes (1 switches on core 0)
May 27 09:37:44.330635 dv-cinder-797608-21-smb devstack@c-api.service[110766]: DEBUG cinder.api.middleware.request_id [None req-e6ee2f2a-1e0b-47a8-bc4c-11814b17c2ac None None] RequestId filter calling following filter/app {{(pid=110766) _context_setter /opt/stack/cinder/cinder/api/middleware/request_id.py:62}}
May 27 09:37:44.335676 dv-cinder-797608-21-smb devstack@c-api.service[110766]: INFO cinder.api.openstack.wsgi [None req-e6ee2f2a-1e0b-47a8-bc4c-11814b17c2ac tempest-VolumesExtendTest-122214222 tempest-VolumesExtendTest-122214222-project] GET http://10.222.0.79/volume/v3/1c4696d3a0b7476aaece25e0a151d4f6/volumes/92cffe6a-30c6-4739-a158-d990cae6e11c
May 27 09:37:44.336246 dv-cinder-797608-21-smb devstack@c-api.service[110766]: DEBUG cinder.api.openstack.wsgi [None req-e6ee2f2a-1e0b-47a8-bc4c-11814b17c2ac tempest-VolumesExtendTest-122214222 tempest-VolumesExtendTest-122214222-project] Empty body provided in request {{(pid=110766) get_body /opt/stack/cinder/cinder/api/openstack/wsgi.py:715}}
May 27 09:37:44.336629 dv-cinder-797608-21-smb devstack@c-api.service[110766]: DEBUG cinder.api.openstack.wsgi [None req-e6ee2f2a-1e0b-47a8-bc4c-11814b17c2ac tempest-VolumesExtendTest-122214222 tempest-VolumesExtendTest-122214222-project] Calling method 'show' {{(pid=110766) _process_stack /opt/stack/cinder/cinder/api/openstack/wsgi.py:868}}
May 27 09:37:44.355552 dv-cinder-797608-21-smb devstack@c-api.service[110766]: /usr/local/lib/python3.8/dist-packages/oslo_context/context.py:100: DeprecationWarning: Policy enforcement is depending on the value of is_admin. This key is deprecated. Please update your policy file to use the standard policy values.
May 27 09:37:44.355552 dv-cinder-797608-21-smb devstack@c-api.service[110766]: warnings.warn('Policy enforcement is depending on the value of '
May 27 09:37:44.364096 dv-cinder-797608-21-smb devstack@c-api.service[110766]: INFO cinder.volume.api [None req-e6ee2f2a-1e0b-47a8-bc4c-11814b17c2ac tempest-VolumesExtendTest-122214222 tempest-VolumesExtendTest-122214222-project] Volume info retrieved successfully.
May 27 09:37:44.375845 dv-cinder-797608-21-smb devstack@c-api.service[110766]: INFO cinder.api.openstack.wsgi [None req-e6ee2f2a-1e0b-47a8-bc4c-11814b17c2ac tempest-VolumesExtendTest-122214222 tempest-VolumesExtendTest-122214222-project] http://10.222.0.79/volume/v3/1c4696d3a0b7476aaece25e0a151d4f6/volumes/92cffe6a-30c6-4739-a158-d990cae6e11c returned with HTTP 200
May 27 09:37:44.376762 dv-cinder-797608-21-smb devstack@c-api.service[110766]: [pid: 110766|app: 0|req: 172/378] 10.222.0.79 () {58 vars in 1324 bytes} [Fri May 27 09:37:44 2022] GET /volume/v3/1c4696d3a0b7476aaece25e0a151d4f6/volumes/92cffe6a-30c6-4739-a158-d990cae6e11c => generated 909 bytes in 48 msecs (HTTP/1.1 200) 7 headers in 285 bytes (2 switches on core 0)
May 27 09:37:44.831978 dv-cinder-797608-21-smb devstack@c-api.service[110765]: DEBUG cinder.api.middleware.request_id [None req-70b89534-db02-4498-8982-5234d661fd0d None None] RequestId filter calling following filter/app {{(pid=110765) _context_setter /opt/stack/cinder/cinder/api/middleware/request_id.py:62}}
May 27 09:37:44.837938 dv-cinder-797608-21-smb devstack@c-api.service[110765]: INFO cinder.api.openstack.wsgi [None req-70b89534-db02-4498-8982-5234d661fd0d tempest-VolumesTestJSON-1915422078 tempest-VolumesTestJSON-1915422078-project] GET http://10.222.0.79/volume/v3/d4b751ef3b044bfc9ab52e639f5e431a/volumes/065039aa-1ad5-47ae-af1a-30144454fdbe
May 27 09:37:44.838480 dv-cinder-797608-21-smb devstack@c-api.service[110765]: DEBUG cinder.api.openstack.wsgi [None req-70b89534-db02-4498-8982-5234d661fd0d tempest-VolumesTestJSON-1915422078 tempest-VolumesTestJSON-1915422078-project] Empty body provided in request {{(pid=110765) get_body /opt/stack/cinder/cinder/api/openstack/wsgi.py:715}}
May 27 09:37:44.839162 dv-cinder-797608-21-smb devstack@c-api.service[110765]: DEBUG cinder.api.openstack.wsgi [None req-70b89534-db02-4498-8982-5234d661fd0d tempest-VolumesTestJSON-1915422078 tempest-VolumesTestJSON-1915422078-project] Calling method 'show' {{(pid=110765) _process_stack /opt/stack/cinder/cinder/api/openstack/wsgi.py:868}}
May 27 09:37:44.860765 dv-cinder-797608-21-smb devstack@c-api.service[110765]: /usr/local/lib/python3.8/dist-packages/oslo_context/context.py:100: DeprecationWarning: Policy enforcement is depending on the value of is_admin. This key is deprecated. Please update your policy file to use the standard policy values.
May 27 09:37:44.860765 dv-cinder-797608-21-smb devstack@c-api.service[110765]: warnings.warn('Policy enforcement is depending on the value of '
May 27 09:37:44.893064 dv-cinder-797608-21-smb devstack@c-api.service[110766]: DEBUG cinder.api.middleware.request_id [None req-16f5664b-3fe8-49a7-93d6-30506d4f73a5 None None] RequestId filter calling following filter/app {{(pid=110766) _context_setter /opt/stack/cinder/cinder/api/middleware/request_id.py:62}}
May 27 09:37:44.894588 dv-cinder-797608-21-smb devstack@c-api.service[110765]: INFO cinder.volume.api [None req-70b89534-db02-4498-8982-5234d661fd0d tempest-VolumesTestJSON-1915422078 tempest-VolumesTestJSON-1915422078-project] Volume info retrieved successfully.
May 27 09:37:44.912880 dv-cinder-797608-21-smb devstack@c-api.service[110765]: INFO cinder.api.openstack.wsgi [None req-70b89534-db02-4498-8982-5234d661fd0d tempest-VolumesTestJSON-1915422078 tempest-VolumesTestJSON-1915422078-project] http://10.222.0.79/volume/v3/d4b751ef3b044bfc9ab52e639f5e431a/volumes/065039aa-1ad5-47ae-af1a-30144454fdbe returned with HTTP 200
May 27 09:37:44.923384 dv-cinder-797608-21-smb devstack@c-api.service[110765]: [pid: 110765|app: 0|req: 207/379] 10.222.0.79 () {58 vars in 1324 bytes} [Fri May 27 09:37:44 2022] GET /volume/v3/d4b751ef3b044bfc9ab52e639f5e431a/volumes/065039aa-1ad5-47ae-af1a-30144454fdbe => generated 922 bytes in 84 msecs (HTTP/1.1 200) 7 headers in 285 bytes (2 switches on core 0)
May 27 09:37:44.996964 dv-cinder-797608-21-smb devstack@c-api.service[110765]: DEBUG cinder.api.middleware.request_id [None req-e6d69de3-f655-46bd-bc99-284254660127 None None] RequestId filter calling following filter/app {{(pid=110765) _context_setter /opt/stack/cinder/cinder/api/middleware/request_id.py:62}}
May 27 09:37:45.002580 dv-cinder-797608-21-smb devstack@c-api.service[110765]: INFO cinder.api.openstack.wsgi [None req-e6d69de3-f655-46bd-bc99-284254660127 tempest-VolumesDeleteCascade-121424970 tempest-VolumesDeleteCascade-121424970-project] GET http://10.222.0.79/volume/v3/3cfdd3078cce48ec9b297f2741945d3d/volumes/b9dd6620-ee42-4706-b85d-9cc8e3dc8b3b
May 27 09:37:45.003450 dv-cinder-797608-21-smb devstack@c-api.service[110765]: DEBUG cinder.api.openstack.wsgi [None req-e6d69de3-f655-46bd-bc99-284254660127 tempest-VolumesDeleteCascade-121424970 tempest-VolumesDeleteCascade-121424970-project] Empty body provided in request {{(pid=110765) get_body /opt/stack/cinder/cinder/api/openstack/wsgi.py:715}}
May 27 09:37:45.004142 dv-cinder-797608-21-smb devstack@c-api.service[110765]: DEBUG cinder.api.openstack.wsgi [None req-e6d69de3-f655-46bd-bc99-284254660127 tempest-VolumesDeleteCascade-121424970 tempest-VolumesDeleteCascade-121424970-project] Calling method 'show' {{(pid=110765) _process_stack /opt/stack/cinder/cinder/api/openstack/wsgi.py:868}}
May 27 09:37:45.023873 dv-cinder-797608-21-smb devstack@c-api.service[110765]: /usr/local/lib/python3.8/dist-packages/oslo_context/context.py:100: DeprecationWarning: Policy enforcement is depending on the value of is_admin. This key is deprecated. Please update your policy file to use the standard policy values.
May 27 09:37:45.023873 dv-cinder-797608-21-smb devstack@c-api.service[110765]: warnings.warn('Policy enforcement is depending on the value of '
May 27 09:37:45.033380 dv-cinder-797608-21-smb devstack@c-api.service[110766]: INFO cinder.api.openstack.wsgi [None req-16f5664b-3fe8-49a7-93d6-30506d4f73a5 tempest-VolumesMetadataTest-1603140272 tempest-VolumesMetadataTest-1603140272-project] POST http://10.222.0.79/volume/v3/d2c13f8824db4efea211e4b3a143ec0b/volumes
May 27 09:37:45.034325 dv-cinder-797608-21-smb devstack@c-api.service[110766]: DEBUG cinder.api.openstack.wsgi [None req-16f5664b-3fe8-49a7-93d6-30506d4f73a5 tempest-VolumesMetadataTest-1603140272 tempest-VolumesMetadataTest-1603140272-project] Action: 'create', calling method: create, body: {"volume": {"size": 1, "name": "tempest-VolumesMetadataTest-Volume-952531360"}} {{(pid=110766) _process_stack /opt/stack/cinder/cinder/api/openstack/wsgi.py:866}}
May 27 09:37:45.035479 dv-cinder-797608-21-smb devstack@c-api.service[110766]: DEBUG cinder.api.v3.volumes [None req-16f5664b-3fe8-49a7-93d6-30506d4f73a5 tempest-VolumesMetadataTest-1603140272 tempest-VolumesMetadataTest-1603140272-project] Create volume request body: {'volume': {'size': 1, 'name': 'tempest-VolumesMetadataTest-Volume-952531360'}} {{(pid=110766) create /opt/stack/cinder/cinder/api/v3/volumes.py:298}}
May 27 09:37:45.035783 dv-cinder-797608-21-smb devstack@c-api.service[110766]: INFO cinder.api.v3.volumes [None req-16f5664b-3fe8-49a7-93d6-30506d4f73a5 tempest-VolumesMetadataTest-1603140272 tempest-VolumesMetadataTest-1603140272-project] Create volume of 1 GB
May 27 09:37:45.040278 dv-cinder-797608-21-smb devstack@c-api.service[110765]: INFO cinder.volume.api [None req-e6d69de3-f655-46bd-bc99-284254660127 tempest-VolumesDeleteCascade-121424970 tempest-VolumesDeleteCascade-121424970-project] Volume info retrieved successfully.
May 27 09:37:45.044044 dv-cinder-797608-21-smb devstack@c-api.service[110766]: INFO cinder.volume.api [None req-16f5664b-3fe8-49a7-93d6-30506d4f73a5 tempest-VolumesMetadataTest-1603140272 tempest-VolumesMetadataTest-1603140272-project] Availability Zones retrieved successfully.
May 27 09:37:45.058573 dv-cinder-797608-21-smb devstack@c-api.service[110765]: INFO cinder.api.openstack.wsgi [None req-e6d69de3-f655-46bd-bc99-284254660127 tempest-VolumesDeleteCascade-121424970 tempest-VolumesDeleteCascade-121424970-project] http://10.222.0.79/volume/v3/3cfdd3078cce48ec9b297f2741945d3d/volumes/b9dd6620-ee42-4706-b85d-9cc8e3dc8b3b returned with HTTP 200
May 27 09:37:45.059316 dv-cinder-797608-21-smb devstack@c-api.service[110765]: [pid: 110765|app: 0|req: 208/380] 10.222.0.79 () {58 vars in 1324 bytes} [Fri May 27 09:37:44 2022] GET /volume/v3/3cfdd3078cce48ec9b297f2741945d3d/volumes/b9dd6620-ee42-4706-b85d-9cc8e3dc8b3b => generated 912 bytes in 65 msecs (HTTP/1.1 200) 7 headers in 285 bytes (2 switches on core 0)
May 27 09:37:45.073295 dv-cinder-797608-21-smb devstack@c-api.service[110765]: DEBUG cinder.api.middleware.request_id [None req-59dac6a8-3f4f-42cc-9466-d6327408d5df None None] RequestId filter calling following filter/app {{(pid=110765) _context_setter /opt/stack/cinder/cinder/api/middleware/request_id.py:62}}
May 27 09:37:45.078041 dv-cinder-797608-21-smb devstack@c-api.service[110765]: INFO cinder.api.openstack.wsgi [None req-59dac6a8-3f4f-42cc-9466-d6327408d5df tempest-VolumesDeleteCascade-121424970 tempest-VolumesDeleteCascade-121424970-project] POST http://10.222.0.79/volume/v3/3cfdd3078cce48ec9b297f2741945d3d/snapshots
May 27 09:37:45.078185 dv-cinder-797608-21-smb devstack@c-api.service[110766]: DEBUG cinder.volume.api [None req-16f5664b-3fe8-49a7-93d6-30506d4f73a5 tempest-VolumesMetadataTest-1603140272 tempest-VolumesMetadataTest-1603140272-project] Flow 'volume_create_api' (4bc2b43e-0822-4825-a3e5-bf0926a01f0e) transitioned into state 'RUNNING' from state 'PENDING' {{(pid=110766) _flow_receiver /usr/local/lib/python3.8/dist-packages/taskflow/listeners/logging.py:141}}
May 27 09:37:45.079494 dv-cinder-797608-21-smb devstack@c-api.service[110765]: DEBUG cinder.api.openstack.wsgi [None req-59dac6a8-3f4f-42cc-9466-d6327408d5df tempest-VolumesDeleteCascade-121424970 tempest-VolumesDeleteCascade-121424970-project] Action: 'create', calling method: create, body: {"snapshot": {"volume_id": "b9dd6620-ee42-4706-b85d-9cc8e3dc8b3b", "name": "tempest-VolumesDeleteCascade-Snapshot-200621678"}} {{(pid=110765) _process_stack /opt/stack/cinder/cinder/api/openstack/wsgi.py:866}}
May 27 09:37:45.080616 dv-cinder-797608-21-smb devstack@c-api.service[110766]: DEBUG cinder.volume.api [None req-16f5664b-3fe8-49a7-93d6-30506d4f73a5 tempest-VolumesMetadataTest-1603140272 tempest-VolumesMetadataTest-1603140272-project] Task 'cinder.volume.flows.api.create_volume.ExtractVolumeRequestTask;volume:create' (ada36ad5-869f-4cfd-9aa7-fa96a16c4448) transitioned into state 'RUNNING' from state 'PENDING' {{(pid=110766) _task_receiver /usr/local/lib/python3.8/dist-packages/taskflow/listeners/logging.py:190}}
May 27 09:37:45.083819 dv-cinder-797608-21-smb devstack@c-api.service[110766]: DEBUG cinder.volume.flows.api.create_volume [None req-16f5664b-3fe8-49a7-93d6-30506d4f73a5 tempest-VolumesMetadataTest-1603140272 tempest-VolumesMetadataTest-1603140272-project] Validating volume size '1' using validate_int {{(pid=110766) _extract_size /opt/stack/cinder/cinder/volume/flows/api/create_volume.py:228}}
May 27 09:37:45.103737 dv-cinder-797608-21-smb devstack@c-api.service[110765]: /usr/local/lib/python3.8/dist-packages/oslo_context/context.py:100: DeprecationWarning: Policy enforcement is depending on the value of is_admin. This key is deprecated. Please update your policy file to use the standard policy values.
May 27 09:37:45.103737 dv-cinder-797608-21-smb devstack@c-api.service[110765]: warnings.warn('Policy enforcement is depending on the value of '
May 27 09:37:45.112060 dv-cinder-797608-21-smb devstack@c-api.service[110765]: INFO cinder.volume.api [None req-59dac6a8-3f4f-42cc-9466-d6327408d5df tempest-VolumesDeleteCascade-121424970 tempest-VolumesDeleteCascade-121424970-project] Volume info retrieved successfully.
May 27 09:37:45.113614 dv-cinder-797608-21-smb devstack@c-api.service[110766]: DEBUG dbcounter [-] [110766] Writing DB stats cinder:SELECT=73,cinder:UPDATE=20,cinder:INSERT=7 {{(pid=110766) stat_writer /usr/local/lib/python3.8/dist-packages/dbcounter.py:114}}
May 27 09:37:45.114811 dv-cinder-797608-21-smb devstack@c-api.service[110765]: INFO cinder.api.v3.snapshots [None req-59dac6a8-3f4f-42cc-9466-d6327408d5df tempest-VolumesDeleteCascade-121424970 tempest-VolumesDeleteCascade-121424970-project] Create snapshot from volume b9dd6620-ee42-4706-b85d-9cc8e3dc8b3b
May 27 09:37:45.127830 dv-cinder-797608-21-smb devstack@c-api.service[110766]: DEBUG cinder.volume.api [None req-16f5664b-3fe8-49a7-93d6-30506d4f73a5 tempest-VolumesMetadataTest-1603140272 tempest-VolumesMetadataTest-1603140272-project] Task 'cinder.volume.flows.api.create_volume.ExtractVolumeRequestTask;volume:create' (ada36ad5-869f-4cfd-9aa7-fa96a16c4448) transitioned into state 'SUCCESS' from state 'RUNNING' with result '{'size': 1, 'snapshot_id': None, 'source_volid': None, 'volume_type': VolumeType(created_at=2022-05-27T09:26:14Z,deleted=False,deleted_at=None,description='Default Volume Type',extra_specs={},id=c1b57c41-05d9-487e-b526-d98ef3994b5c,is_public=True,name='__DEFAULT__',projects=[],qos_specs=,qos_specs_id=None,updated_at=2022-05-27T09:26:14Z), 'volume_type_id': 'c1b57c41-05d9-487e-b526-d98ef3994b5c', 'encryption_key_id': None, 'qos_specs': None, 'consistencygroup_id': None, 'cgsnapshot_id': None, 'group_id': None, 'replication_status': 'disabled', 'refresh_az': False, 'backup_id': None, 'multiattach': False, 'availability_zones': ['nova']}' {{(pid=110766) _task_receiver /usr/local/lib/python3.8/dist-packages/taskflow/listeners/logging.py:178}}
May 27 09:37:45.130470 dv-cinder-797608-21-smb devstack@c-api.service[110766]: DEBUG cinder.volume.api [None req-16f5664b-3fe8-49a7-93d6-30506d4f73a5 tempest-VolumesMetadataTest-1603140272 tempest-VolumesMetadataTest-1603140272-project] Task 'cinder.volume.flows.api.create_volume.QuotaReserveTask;volume:create' (bf5cb51e-0be8-49ce-9629-504174572912) transitioned into state 'RUNNING' from state 'PENDING' {{(pid=110766) _task_receiver /usr/local/lib/python3.8/dist-packages/taskflow/listeners/logging.py:190}}
May 27 09:37:45.253725 dv-cinder-797608-21-smb devstack@c-api.service[110765]: DEBUG cinder.quota [None req-59dac6a8-3f4f-42cc-9466-d6327408d5df tempest-VolumesDeleteCascade-121424970 tempest-VolumesDeleteCascade-121424970-project] Created reservations ['12747de4-ae1b-4fa1-b973-d99c9a6ac0bc', 'bede5a18-f2de-4b2e-a972-a0f0495fa7e3', '16550f6d-214b-4087-bed6-dacbf29e1131', '042039d3-bc03-48ca-a2e0-fbfd430b2a71'] {{(pid=110765) reserve /opt/stack/cinder/cinder/quota.py:755}}
May 27 09:37:45.307552 dv-cinder-797608-21-smb devstack@c-api.service[110766]: DEBUG cinder.quota [None req-16f5664b-3fe8-49a7-93d6-30506d4f73a5 tempest-VolumesMetadataTest-1603140272 tempest-VolumesMetadataTest-1603140272-project] Created reservations ['fd30cd30-c57a-4725-a2cf-355a6a3894b3', '12d46635-3766-4398-8df5-b7716887d19a', 'cd7f5257-7045-4ef6-a5a5-815c6947be59', 'f038c3af-e71b-4fc6-807e-aeaa3a3f8b6e'] {{(pid=110766) reserve /opt/stack/cinder/cinder/quota.py:755}}
May 27 09:37:45.309705 dv-cinder-797608-21-smb devstack@c-api.service[110766]: DEBUG cinder.volume.api [None req-16f5664b-3fe8-49a7-93d6-30506d4f73a5 tempest-VolumesMetadataTest-1603140272 tempest-VolumesMetadataTest-1603140272-project] Task 'cinder.volume.flows.api.create_volume.QuotaReserveTask;volume:create' (bf5cb51e-0be8-49ce-9629-504174572912) transitioned into state 'SUCCESS' from state 'RUNNING' with result '{'reservations': ['fd30cd30-c57a-4725-a2cf-355a6a3894b3', '12d46635-3766-4398-8df5-b7716887d19a', 'cd7f5257-7045-4ef6-a5a5-815c6947be59', 'f038c3af-e71b-4fc6-807e-aeaa3a3f8b6e']}' {{(pid=110766) _task_receiver /usr/local/lib/python3.8/dist-packages/taskflow/listeners/logging.py:178}}
May 27 09:37:45.311928 dv-cinder-797608-21-smb devstack@c-api.service[110766]: DEBUG cinder.volume.api [None req-16f5664b-3fe8-49a7-93d6-30506d4f73a5 tempest-VolumesMetadataTest-1603140272 tempest-VolumesMetadataTest-1603140272-project] Task 'cinder.volume.flows.api.create_volume.EntryCreateTask;volume:create' (4b1c8281-5fb5-4eda-b03c-7fdf5c07d920) transitioned into state 'RUNNING' from state 'PENDING' {{(pid=110766) _task_receiver /usr/local/lib/python3.8/dist-packages/taskflow/listeners/logging.py:190}}
May 27 09:37:45.333984 dv-cinder-797608-21-smb devstack@c-api.service[110765]: INFO cinder.volume.api [None req-59dac6a8-3f4f-42cc-9466-d6327408d5df tempest-VolumesDeleteCascade-121424970 tempest-VolumesDeleteCascade-121424970-project] Snapshot create request issued successfully.
May 27 09:37:45.334835 dv-cinder-797608-21-smb devstack@c-api.service[110765]: INFO cinder.api.openstack.wsgi [None req-59dac6a8-3f4f-42cc-9466-d6327408d5df tempest-VolumesDeleteCascade-121424970 tempest-VolumesDeleteCascade-121424970-project] http://10.222.0.79/volume/v3/3cfdd3078cce48ec9b297f2741945d3d/snapshots returned with HTTP 202
May 27 09:37:45.336169 dv-cinder-797608-21-smb devstack@c-api.service[110765]: [pid: 110765|app: 0|req: 209/381] 10.222.0.79 () {60 vars in 1241 bytes} [Fri May 27 09:37:45 2022] POST /volume/v3/3cfdd3078cce48ec9b297f2741945d3d/snapshots => generated 306 bytes in 264 msecs (HTTP/1.1 202) 7 headers in 291 bytes (2 switches on core 0)
May 27 09:37:45.337885 dv-cinder-797608-21-smb devstack@c-api.service[110765]: DEBUG cinder.api.middleware.request_id [req-146a96f8-d9dd-4026-a648-8f8acfbc269e req-c4f8771f-7a82-40c6-914b-69707508d7f5 None None] RequestId filter calling following filter/app {{(pid=110765) _context_setter /opt/stack/cinder/cinder/api/middleware/request_id.py:62}}
May 27 09:37:45.345616 dv-cinder-797608-21-smb devstack@c-api.service[110765]: INFO cinder.api.openstack.wsgi [req-146a96f8-d9dd-4026-a648-8f8acfbc269e req-c4f8771f-7a82-40c6-914b-69707508d7f5 tempest-VolumesTestJSON-1915422078 tempest-VolumesTestJSON-1915422078-project] GET http://10.222.0.79/volume/v3/d4b751ef3b044bfc9ab52e639f5e431a/volumes/065039aa-1ad5-47ae-af1a-30144454fdbe
May 27 09:37:45.346448 dv-cinder-797608-21-smb devstack@c-api.service[110765]: DEBUG cinder.api.openstack.wsgi [req-146a96f8-d9dd-4026-a648-8f8acfbc269e req-c4f8771f-7a82-40c6-914b-69707508d7f5 tempest-VolumesTestJSON-1915422078 tempest-VolumesTestJSON-1915422078-project] Empty body provided in request {{(pid=110765) get_body /opt/stack/cinder/cinder/api/openstack/wsgi.py:715}}
May 27 09:37:45.347086 dv-cinder-797608-21-smb devstack@c-api.service[110765]: DEBUG cinder.api.openstack.wsgi [req-146a96f8-d9dd-4026-a648-8f8acfbc269e req-c4f8771f-7a82-40c6-914b-69707508d7f5 tempest-VolumesTestJSON-1915422078 tempest-VolumesTestJSON-1915422078-project] Calling method 'show' {{(pid=110765) _process_stack /opt/stack/cinder/cinder/api/openstack/wsgi.py:868}}
May 27 09:37:45.349881 dv-cinder-797608-21-smb devstack@c-api.service[110766]: DEBUG cinder.volume.api [None req-16f5664b-3fe8-49a7-93d6-30506d4f73a5 tempest-VolumesMetadataTest-1603140272 tempest-VolumesMetadataTest-1603140272-project] Task 'cinder.volume.flows.api.create_volume.EntryCreateTask;volume:create' (4b1c8281-5fb5-4eda-b03c-7fdf5c07d920) transitioned into state 'SUCCESS' from state 'RUNNING' with result '{'volume_id': '349db711-95f0-40fe-99d0-bf5710dac315', 'volume_properties': VolumeProperties(attach_status='detached',availability_zone='nova',cgsnapshot_id=None,consistencygroup_id=None,display_description=None,display_name='tempest-VolumesMetadataTest-Volume-952531360',encryption_key_id=None,group_id=None,group_type_id=,metadata={},multiattach=False,project_id='d2c13f8824db4efea211e4b3a143ec0b',qos_specs=None,replication_status=,reservations=['fd30cd30-c57a-4725-a2cf-355a6a3894b3','12d46635-3766-4398-8df5-b7716887d19a','cd7f5257-7045-4ef6-a5a5-815c6947be59','f038c3af-e71b-4fc6-807e-aeaa3a3f8b6e'],size=1,snapshot_id=None,source_replicaid=,source_volid=None,status='creating',user_id='d3a21291e1c04cdbaf1cb2cb1e7bf2ab',volume_type_id=c1b57c41-05d9-487e-b526-d98ef3994b5c), 'volume': Volume(_name_id=None,admin_metadata=,attach_status='detached',availability_zone='nova',bootable=False,cluster=,cluster_name=None,consistencygroup=,consistencygroup_id=None,created_at=2022-05-27T09:37:45Z,deleted=False,deleted_at=None,display_description=None,display_name='tempest-VolumesMetadataTest-Volume-952531360',ec2_id=None,encryption_key_id=None,glance_metadata=,group=,group_id=None,host=None,id=349db711-95f0-40fe-99d0-bf5710dac315,launched_at=None,metadata={},migration_status=None,multiattach=False,previous_status=None,project_id='d2c13f8824db4efea211e4b3a143ec0b',provider_auth=None,provider_geometry=None,provider_id=None,provider_location=None,replication_driver_data=None,replication_extended_status=None,replication_status=None,scheduled_at=None,service_uuid=None,shared_targets=True,size=1,snapshot_id=None,snapshots=,source_volid=None,status='creating',terminated_at=None,updated_at=None,use_quota=True,user_id='d3a21291e1c04cdbaf1cb2cb1e7bf2ab',volume_attachment=VolumeAttachmentList,volume_type=VolumeType(c1b57c41-05d9-487e-b526-d98ef3994b5c),volume_type_id=c1b57c41-05d9-487e-b526-d98ef3994b5c)}' {{(pid=110766) _task_receiver /usr/local/lib/python3.8/dist-packages/taskflow/listeners/logging.py:178}}
May 27 09:37:45.351819 dv-cinder-797608-21-smb devstack@c-api.service[110766]: DEBUG cinder.volume.api [None req-16f5664b-3fe8-49a7-93d6-30506d4f73a5 tempest-VolumesMetadataTest-1603140272 tempest-VolumesMetadataTest-1603140272-project] Task 'cinder.volume.flows.api.create_volume.QuotaCommitTask;volume:create' (308bfbc9-bf35-418d-aadc-035fc003655f) transitioned into state 'RUNNING' from state 'PENDING' {{(pid=110766) _task_receiver /usr/local/lib/python3.8/dist-packages/taskflow/listeners/logging.py:190}}
May 27 09:37:45.370780 dv-cinder-797608-21-smb devstack@c-api.service[110765]: /usr/local/lib/python3.8/dist-packages/oslo_context/context.py:100: DeprecationWarning: Policy enforcement is depending on the value of is_admin. This key is deprecated. Please update your policy file to use the standard policy values.
May 27 09:37:45.370780 dv-cinder-797608-21-smb devstack@c-api.service[110765]: warnings.warn('Policy enforcement is depending on the value of '
May 27 09:37:45.379676 dv-cinder-797608-21-smb devstack@c-api.service[110765]: INFO cinder.volume.api [req-146a96f8-d9dd-4026-a648-8f8acfbc269e req-c4f8771f-7a82-40c6-914b-69707508d7f5 tempest-VolumesTestJSON-1915422078 tempest-VolumesTestJSON-1915422078-project] Volume info retrieved successfully.
May 27 09:37:45.387772 dv-cinder-797608-21-smb devstack@c-api.service[110766]: DEBUG cinder.volume.api [None req-16f5664b-3fe8-49a7-93d6-30506d4f73a5 tempest-VolumesMetadataTest-1603140272 tempest-VolumesMetadataTest-1603140272-project] Task 'cinder.volume.flows.api.create_volume.QuotaCommitTask;volume:create' (308bfbc9-bf35-418d-aadc-035fc003655f) transitioned into state 'SUCCESS' from state 'RUNNING' with result '{'volume_properties': VolumeProperties(attach_status='detached',availability_zone='nova',cgsnapshot_id=None,consistencygroup_id=None,display_description=None,display_name='tempest-VolumesMetadataTest-Volume-952531360',encryption_key_id=None,group_id=None,group_type_id=,metadata={},multiattach=False,project_id='d2c13f8824db4efea211e4b3a143ec0b',qos_specs=None,replication_status=,reservations=['fd30cd30-c57a-4725-a2cf-355a6a3894b3','12d46635-3766-4398-8df5-b7716887d19a','cd7f5257-7045-4ef6-a5a5-815c6947be59','f038c3af-e71b-4fc6-807e-aeaa3a3f8b6e'],size=1,snapshot_id=None,source_replicaid=,source_volid=None,status='creating',user_id='d3a21291e1c04cdbaf1cb2cb1e7bf2ab',volume_type_id=c1b57c41-05d9-487e-b526-d98ef3994b5c)}' {{(pid=110766) _task_receiver /usr/local/lib/python3.8/dist-packages/taskflow/listeners/logging.py:178}}
May 27 09:37:45.390716 dv-cinder-797608-21-smb devstack@c-api.service[110766]: DEBUG cinder.volume.api [None req-16f5664b-3fe8-49a7-93d6-30506d4f73a5 tempest-VolumesMetadataTest-1603140272 tempest-VolumesMetadataTest-1603140272-project] Task 'cinder.volume.flows.api.create_volume.VolumeCastTask;volume:create' (5a8bf0f5-c954-49c6-96e3-f35f7755e0ae) transitioned into state 'RUNNING' from state 'PENDING' {{(pid=110766) _task_receiver /usr/local/lib/python3.8/dist-packages/taskflow/listeners/logging.py:190}}
May 27 09:37:45.391112 dv-cinder-797608-21-smb devstack@c-api.service[110765]: INFO cinder.api.openstack.wsgi [req-146a96f8-d9dd-4026-a648-8f8acfbc269e req-c4f8771f-7a82-40c6-914b-69707508d7f5 tempest-VolumesTestJSON-1915422078 tempest-VolumesTestJSON-1915422078-project] http://10.222.0.79/volume/v3/d4b751ef3b044bfc9ab52e639f5e431a/volumes/065039aa-1ad5-47ae-af1a-30144454fdbe returned with HTTP 200
May 27 09:37:45.392006 dv-cinder-797608-21-smb devstack@c-api.service[110765]: [pid: 110765|app: 0|req: 210/382] 10.222.0.79 () {60 vars in 1578 bytes} [Fri May 27 09:37:45 2022] GET /volume/v3/d4b751ef3b044bfc9ab52e639f5e431a/volumes/065039aa-1ad5-47ae-af1a-30144454fdbe => generated 922 bytes in 55 msecs (HTTP/1.1 200) 7 headers in 285 bytes (1 switches on core 0)
May 27 09:37:45.393175 dv-cinder-797608-21-smb devstack@c-api.service[110765]: DEBUG cinder.api.middleware.request_id [None req-3164dbb7-4258-4e0e-b93d-0777ee84d28a None None] RequestId filter calling following filter/app {{(pid=110765) _context_setter /opt/stack/cinder/cinder/api/middleware/request_id.py:62}}
May 27 09:37:45.401354 dv-cinder-797608-21-smb devstack@c-api.service[110765]: INFO cinder.api.openstack.wsgi [None req-3164dbb7-4258-4e0e-b93d-0777ee84d28a tempest-VolumesDeleteCascade-121424970 tempest-VolumesDeleteCascade-121424970-project] GET http://10.222.0.79/volume/v3/3cfdd3078cce48ec9b297f2741945d3d/snapshots/7a7d84b7-8977-4bd8-a183-b4ffc74c9f48
May 27 09:37:45.401354 dv-cinder-797608-21-smb devstack@c-api.service[110765]: DEBUG cinder.api.openstack.wsgi [None req-3164dbb7-4258-4e0e-b93d-0777ee84d28a tempest-VolumesDeleteCascade-121424970 tempest-VolumesDeleteCascade-121424970-project] Empty body provided in request {{(pid=110765) get_body /opt/stack/cinder/cinder/api/openstack/wsgi.py:715}}
May 27 09:37:45.401354 dv-cinder-797608-21-smb devstack@c-api.service[110765]: DEBUG cinder.api.openstack.wsgi [None req-3164dbb7-4258-4e0e-b93d-0777ee84d28a tempest-VolumesDeleteCascade-121424970 tempest-VolumesDeleteCascade-121424970-project] Calling method 'show' {{(pid=110765) _process_stack /opt/stack/cinder/cinder/api/openstack/wsgi.py:868}}
May 27 09:37:45.409396 dv-cinder-797608-21-smb devstack@c-api.service[110765]: /usr/local/lib/python3.8/dist-packages/oslo_context/context.py:100: DeprecationWarning: Policy enforcement is depending on the value of is_admin. This key is deprecated. Please update your policy file to use the standard policy values.
May 27 09:37:45.409396 dv-cinder-797608-21-smb devstack@c-api.service[110765]: warnings.warn('Policy enforcement is depending on the value of '
May 27 09:37:45.410382 dv-cinder-797608-21-smb devstack@c-api.service[110765]: INFO cinder.volume.api [None req-3164dbb7-4258-4e0e-b93d-0777ee84d28a tempest-VolumesDeleteCascade-121424970 tempest-VolumesDeleteCascade-121424970-project] Snapshot retrieved successfully.
May 27 09:37:45.412214 dv-cinder-797608-21-smb devstack@c-api.service[110765]: INFO cinder.api.openstack.wsgi [None req-3164dbb7-4258-4e0e-b93d-0777ee84d28a tempest-VolumesDeleteCascade-121424970 tempest-VolumesDeleteCascade-121424970-project] http://10.222.0.79/volume/v3/3cfdd3078cce48ec9b297f2741945d3d/snapshots/7a7d84b7-8977-4bd8-a183-b4ffc74c9f48 returned with HTTP 200
May 27 09:37:45.417379 dv-cinder-797608-21-smb devstack@c-api.service[110765]: [pid: 110765|app: 0|req: 211/383] 10.222.0.79 () {58 vars in 1330 bytes} [Fri May 27 09:37:45 2022] GET /volume/v3/3cfdd3078cce48ec9b297f2741945d3d/snapshots/7a7d84b7-8977-4bd8-a183-b4ffc74c9f48 => generated 438 bytes in 25 msecs (HTTP/1.1 200) 7 headers in 285 bytes (1 switches on core 0)
May 27 09:37:45.419000 dv-cinder-797608-21-smb devstack@c-api.service[110765]: DEBUG cinder.api.middleware.request_id [None req-ec98a721-98c2-4ef8-9f7a-8bd43fe5b72b None None] RequestId filter calling following filter/app {{(pid=110765) _context_setter /opt/stack/cinder/cinder/api/middleware/request_id.py:62}}
May 27 09:37:45.423958 dv-cinder-797608-21-smb devstack@c-api.service[110765]: INFO cinder.api.openstack.wsgi [None req-ec98a721-98c2-4ef8-9f7a-8bd43fe5b72b tempest-VolumesExtendTest-122214222 tempest-VolumesExtendTest-122214222-project] GET http://10.222.0.79/volume/v3/1c4696d3a0b7476aaece25e0a151d4f6/volumes/92cffe6a-30c6-4739-a158-d990cae6e11c
May 27 09:37:45.424279 dv-cinder-797608-21-smb devstack@c-api.service[110766]: DEBUG cinder.volume.api [None req-16f5664b-3fe8-49a7-93d6-30506d4f73a5 tempest-VolumesMetadataTest-1603140272 tempest-VolumesMetadataTest-1603140272-project] Task 'cinder.volume.flows.api.create_volume.VolumeCastTask;volume:create' (5a8bf0f5-c954-49c6-96e3-f35f7755e0ae) transitioned into state 'SUCCESS' from state 'RUNNING' with result 'None' {{(pid=110766) _task_receiver /usr/local/lib/python3.8/dist-packages/taskflow/listeners/logging.py:178}}
May 27 09:37:45.424424 dv-cinder-797608-21-smb devstack@c-api.service[110765]: DEBUG cinder.api.openstack.wsgi [None req-ec98a721-98c2-4ef8-9f7a-8bd43fe5b72b tempest-VolumesExtendTest-122214222 tempest-VolumesExtendTest-122214222-project] Empty body provided in request {{(pid=110765) get_body /opt/stack/cinder/cinder/api/openstack/wsgi.py:715}}
May 27 09:37:45.424757 dv-cinder-797608-21-smb devstack@c-api.service[110765]: DEBUG cinder.api.openstack.wsgi [None req-ec98a721-98c2-4ef8-9f7a-8bd43fe5b72b tempest-VolumesExtendTest-122214222 tempest-VolumesExtendTest-122214222-project] Calling method 'show' {{(pid=110765) _process_stack /opt/stack/cinder/cinder/api/openstack/wsgi.py:868}}
May 27 09:37:45.426678 dv-cinder-797608-21-smb devstack@c-api.service[110766]: DEBUG cinder.volume.api [None req-16f5664b-3fe8-49a7-93d6-30506d4f73a5 tempest-VolumesMetadataTest-1603140272 tempest-VolumesMetadataTest-1603140272-project] Flow 'volume_create_api' (4bc2b43e-0822-4825-a3e5-bf0926a01f0e) transitioned into state 'SUCCESS' from state 'RUNNING' {{(pid=110766) _flow_receiver /usr/local/lib/python3.8/dist-packages/taskflow/listeners/logging.py:141}}
May 27 09:37:45.432929 dv-cinder-797608-21-smb devstack@c-api.service[110766]: INFO cinder.volume.api [None req-16f5664b-3fe8-49a7-93d6-30506d4f73a5 tempest-VolumesMetadataTest-1603140272 tempest-VolumesMetadataTest-1603140272-project] Create volume request issued successfully.
May 27 09:37:45.434697 dv-cinder-797608-21-smb devstack@c-api.service[110766]: INFO cinder.api.openstack.wsgi [None req-16f5664b-3fe8-49a7-93d6-30506d4f73a5 tempest-VolumesMetadataTest-1603140272 tempest-VolumesMetadataTest-1603140272-project] http://10.222.0.79/volume/v3/d2c13f8824db4efea211e4b3a143ec0b/volumes returned with HTTP 202
May 27 09:37:45.435476 dv-cinder-797608-21-smb devstack@c-api.service[110766]: [pid: 110766|app: 0|req: 173/384] 10.222.0.79 () {60 vars in 1234 bytes} [Fri May 27 09:37:44 2022] POST /volume/v3/d2c13f8824db4efea211e4b3a143ec0b/volumes => generated 818 bytes in 544 msecs (HTTP/1.1 202) 7 headers in 291 bytes (2 switches on core 0)
May 27 09:37:45.446062 dv-cinder-797608-21-smb devstack@c-api.service[110766]: DEBUG cinder.api.middleware.request_id [req-d6a560d5-3b6e-42e6-970e-82bbd1b117bf req-090d4b2a-efa9-4a89-9298-06b7bb2903b8 None None] RequestId filter calling following filter/app {{(pid=110766) _context_setter /opt/stack/cinder/cinder/api/middleware/request_id.py:62}}
May 27 09:37:45.446145 dv-cinder-797608-21-smb devstack@c-api.service[110765]: /usr/local/lib/python3.8/dist-packages/oslo_context/context.py:100: DeprecationWarning: Policy enforcement is depending on the value of is_admin. This key is deprecated. Please update your policy file to use the standard policy values.
May 27 09:37:45.446145 dv-cinder-797608-21-smb devstack@c-api.service[110765]: warnings.warn('Policy enforcement is depending on the value of '
May 27 09:37:45.446276 dv-cinder-797608-21-smb devstack@c-api.service[110766]: INFO cinder.api.openstack.wsgi [req-d6a560d5-3b6e-42e6-970e-82bbd1b117bf req-090d4b2a-efa9-4a89-9298-06b7bb2903b8 tempest-VolumesTestJSON-1915422078 tempest-VolumesTestJSON-1915422078-project] GET http://10.222.0.79/volume/v3/d4b751ef3b044bfc9ab52e639f5e431a/volumes/detail
May 27 09:37:45.446276 dv-cinder-797608-21-smb devstack@c-api.service[110766]: DEBUG cinder.api.openstack.wsgi [req-d6a560d5-3b6e-42e6-970e-82bbd1b117bf req-090d4b2a-efa9-4a89-9298-06b7bb2903b8 tempest-VolumesTestJSON-1915422078 tempest-VolumesTestJSON-1915422078-project] Empty body provided in request {{(pid=110766) get_body /opt/stack/cinder/cinder/api/openstack/wsgi.py:715}}
May 27 09:37:45.446276 dv-cinder-797608-21-smb devstack@c-api.service[110766]: DEBUG cinder.api.openstack.wsgi [req-d6a560d5-3b6e-42e6-970e-82bbd1b117bf req-090d4b2a-efa9-4a89-9298-06b7bb2903b8 tempest-VolumesTestJSON-1915422078 tempest-VolumesTestJSON-1915422078-project] Calling method 'detail' {{(pid=110766) _process_stack /opt/stack/cinder/cinder/api/openstack/wsgi.py:868}}
May 27 09:37:45.446276 dv-cinder-797608-21-smb devstack@c-api.service[110766]: DEBUG cinder.api.api_utils [req-d6a560d5-3b6e-42e6-970e-82bbd1b117bf req-090d4b2a-efa9-4a89-9298-06b7bb2903b8 tempest-VolumesTestJSON-1915422078 tempest-VolumesTestJSON-1915422078-project] Removing options '' from query. {{(pid=110766) remove_invalid_filter_options /opt/stack/cinder/cinder/api/api_utils.py:73}}
May 27 09:37:45.446276 dv-cinder-797608-21-smb devstack@c-api.service[110766]: /usr/local/lib/python3.8/dist-packages/oslo_context/context.py:100: DeprecationWarning: Policy enforcement is depending on the value of is_admin. This key is deprecated. Please update your policy file to use the standard policy values.
May 27 09:37:45.446276 dv-cinder-797608-21-smb devstack@c-api.service[110766]: warnings.warn('Policy enforcement is depending on the value of '
May 27 09:37:45.446276 dv-cinder-797608-21-smb devstack@c-api.service[110766]: DEBUG cinder.volume.api [req-d6a560d5-3b6e-42e6-970e-82bbd1b117bf req-090d4b2a-efa9-4a89-9298-06b7bb2903b8 tempest-VolumesTestJSON-1915422078 tempest-VolumesTestJSON-1915422078-project] Searching by: MultiDict([('no_migration_targets', True)]). {{(pid=110766) get_all /opt/stack/cinder/cinder/volume/api.py:664}}
May 27 09:37:45.450916 dv-cinder-797608-21-smb devstack@c-api.service[110765]: INFO cinder.volume.api [None req-ec98a721-98c2-4ef8-9f7a-8bd43fe5b72b tempest-VolumesExtendTest-122214222 tempest-VolumesExtendTest-122214222-project] Volume info retrieved successfully.
May 27 09:37:45.460473 dv-cinder-797608-21-smb devstack@c-api.service[110765]: INFO cinder.api.openstack.wsgi [None req-ec98a721-98c2-4ef8-9f7a-8bd43fe5b72b tempest-VolumesExtendTest-122214222 tempest-VolumesExtendTest-122214222-project] http://10.222.0.79/volume/v3/1c4696d3a0b7476aaece25e0a151d4f6/volumes/92cffe6a-30c6-4739-a158-d990cae6e11c returned with HTTP 200
May 27 09:37:45.470029 dv-cinder-797608-21-smb devstack@c-api.service[110765]: [pid: 110765|app: 0|req: 212/385] 10.222.0.79 () {58 vars in 1324 bytes} [Fri May 27 09:37:45 2022] GET /volume/v3/1c4696d3a0b7476aaece25e0a151d4f6/volumes/92cffe6a-30c6-4739-a158-d990cae6e11c => generated 909 bytes in 52 msecs (HTTP/1.1 200) 7 headers in 285 bytes (1 switches on core 0)
May 27 09:37:45.471559 dv-cinder-797608-21-smb devstack@c-api.service[110765]: DEBUG cinder.api.middleware.request_id [None req-d52c5a74-24b8-457c-8949-31fa21fa249b None None] RequestId filter calling following filter/app {{(pid=110765) _context_setter /opt/stack/cinder/cinder/api/middleware/request_id.py:62}}
May 27 09:37:45.476176 dv-cinder-797608-21-smb devstack@c-api.service[110765]: INFO cinder.api.openstack.wsgi [None req-d52c5a74-24b8-457c-8949-31fa21fa249b tempest-VolumesMetadataTest-1603140272 tempest-VolumesMetadataTest-1603140272-project] GET http://10.222.0.79/volume/v3/d2c13f8824db4efea211e4b3a143ec0b/volumes/349db711-95f0-40fe-99d0-bf5710dac315
May 27 09:37:45.476599 dv-cinder-797608-21-smb devstack@c-api.service[110765]: DEBUG cinder.api.openstack.wsgi [None req-d52c5a74-24b8-457c-8949-31fa21fa249b tempest-VolumesMetadataTest-1603140272 tempest-VolumesMetadataTest-1603140272-project] Empty body provided in request {{(pid=110765) get_body /opt/stack/cinder/cinder/api/openstack/wsgi.py:715}}
May 27 09:37:45.477146 dv-cinder-797608-21-smb devstack@c-api.service[110765]: DEBUG cinder.api.openstack.wsgi [None req-d52c5a74-24b8-457c-8949-31fa21fa249b tempest-VolumesMetadataTest-1603140272 tempest-VolumesMetadataTest-1603140272-project] Calling method 'show' {{(pid=110765) _process_stack /opt/stack/cinder/cinder/api/openstack/wsgi.py:868}}
May 27 09:37:45.498534 dv-cinder-797608-21-smb devstack@c-api.service[110765]: /usr/local/lib/python3.8/dist-packages/oslo_context/context.py:100: DeprecationWarning: Policy enforcement is depending on the value of is_admin. This key is deprecated. Please update your policy file to use the standard policy values.
May 27 09:37:45.498534 dv-cinder-797608-21-smb devstack@c-api.service[110765]: warnings.warn('Policy enforcement is depending on the value of '
May 27 09:37:45.506732 dv-cinder-797608-21-smb devstack@c-api.service[110765]: INFO cinder.volume.api [None req-d52c5a74-24b8-457c-8949-31fa21fa249b tempest-VolumesMetadataTest-1603140272 tempest-VolumesMetadataTest-1603140272-project] Volume info retrieved successfully.
May 27 09:37:45.511110 dv-cinder-797608-21-smb devstack@c-api.service[110765]: DEBUG dbcounter [-] [110765] Writing DB stats cinder:UPDATE=14,cinder:SELECT=80,cinder:INSERT=6 {{(pid=110765) stat_writer /usr/local/lib/python3.8/dist-packages/dbcounter.py:114}}
May 27 09:37:45.512724 dv-cinder-797608-21-smb devstack@c-api.service[110766]: INFO cinder.volume.api [req-d6a560d5-3b6e-42e6-970e-82bbd1b117bf req-090d4b2a-efa9-4a89-9298-06b7bb2903b8 tempest-VolumesTestJSON-1915422078 tempest-VolumesTestJSON-1915422078-project] Get all volumes completed successfully.
May 27 09:37:45.515913 dv-cinder-797608-21-smb devstack@c-api.service[110766]: /usr/local/lib/python3.8/dist-packages/oslo_context/context.py:100: DeprecationWarning: Policy enforcement is depending on the value of is_admin. This key is deprecated. Please update your policy file to use the standard policy values.
May 27 09:37:45.515913 dv-cinder-797608-21-smb devstack@c-api.service[110766]: warnings.warn('Policy enforcement is depending on the value of '
May 27 09:37:45.520003 dv-cinder-797608-21-smb devstack@c-api.service[110765]: INFO cinder.api.openstack.wsgi [None req-d52c5a74-24b8-457c-8949-31fa21fa249b tempest-VolumesMetadataTest-1603140272 tempest-VolumesMetadataTest-1603140272-project] http://10.222.0.79/volume/v3/d2c13f8824db4efea211e4b3a143ec0b/volumes/349db711-95f0-40fe-99d0-bf5710dac315 returned with HTTP 200
May 27 09:37:45.521441 dv-cinder-797608-21-smb devstack@c-api.service[110765]: [pid: 110765|app: 0|req: 213/386] 10.222.0.79 () {58 vars in 1324 bytes} [Fri May 27 09:37:45 2022] GET /volume/v3/d2c13f8824db4efea211e4b3a143ec0b/volumes/349db711-95f0-40fe-99d0-bf5710dac315 => generated 886 bytes in 51 msecs (HTTP/1.1 200) 7 headers in 285 bytes (1 switches on core 0)
May 27 09:37:45.534405 dv-cinder-797608-21-smb devstack@c-api.service[110766]: INFO cinder.api.openstack.wsgi [req-d6a560d5-3b6e-42e6-970e-82bbd1b117bf req-090d4b2a-efa9-4a89-9298-06b7bb2903b8 tempest-VolumesTestJSON-1915422078 tempest-VolumesTestJSON-1915422078-project] http://10.222.0.79/volume/v3/d4b751ef3b044bfc9ab52e639f5e431a/volumes/detail returned with HTTP 200
May 27 09:37:45.535156 dv-cinder-797608-21-smb devstack@c-api.service[110766]: [pid: 110766|app: 0|req: 174/387] 10.222.0.79 () {60 vars in 1488 bytes} [Fri May 27 09:37:45 2022] GET /volume/v3/d4b751ef3b044bfc9ab52e639f5e431a/volumes/detail => generated 2749 bytes in 99 msecs (HTTP/1.1 200) 7 headers in 286 bytes (1 switches on core 0)
May 27 09:37:45.561767 dv-cinder-797608-21-smb devstack@c-api.service[110765]: DEBUG cinder.api.middleware.request_id [req-4839e31e-ac39-4a01-a956-0346b5c1dbf6 req-bf385644-0f61-4163-8612-1376210eaf12 None None] RequestId filter calling following filter/app {{(pid=110765) _context_setter /opt/stack/cinder/cinder/api/middleware/request_id.py:62}}
May 27 09:37:45.566149 dv-cinder-797608-21-smb devstack@c-api.service[110765]: INFO cinder.api.openstack.wsgi [req-4839e31e-ac39-4a01-a956-0346b5c1dbf6 req-bf385644-0f61-4163-8612-1376210eaf12 tempest-VolumesTestJSON-1915422078 tempest-VolumesTestJSON-1915422078-project] GET http://10.222.0.79/volume/v3/d4b751ef3b044bfc9ab52e639f5e431a/volumes/detail
May 27 09:37:45.566590 dv-cinder-797608-21-smb devstack@c-api.service[110765]: DEBUG cinder.api.openstack.wsgi [req-4839e31e-ac39-4a01-a956-0346b5c1dbf6 req-bf385644-0f61-4163-8612-1376210eaf12 tempest-VolumesTestJSON-1915422078 tempest-VolumesTestJSON-1915422078-project] Empty body provided in request {{(pid=110765) get_body /opt/stack/cinder/cinder/api/openstack/wsgi.py:715}}
May 27 09:37:45.567073 dv-cinder-797608-21-smb devstack@c-api.service[110765]: DEBUG cinder.api.openstack.wsgi [req-4839e31e-ac39-4a01-a956-0346b5c1dbf6 req-bf385644-0f61-4163-8612-1376210eaf12 tempest-VolumesTestJSON-1915422078 tempest-VolumesTestJSON-1915422078-project] Calling method 'detail' {{(pid=110765) _process_stack /opt/stack/cinder/cinder/api/openstack/wsgi.py:868}}
May 27 09:37:45.567740 dv-cinder-797608-21-smb devstack@c-api.service[110765]: DEBUG cinder.api.api_utils [req-4839e31e-ac39-4a01-a956-0346b5c1dbf6 req-bf385644-0f61-4163-8612-1376210eaf12 tempest-VolumesTestJSON-1915422078 tempest-VolumesTestJSON-1915422078-project] Removing options '' from query. {{(pid=110765) remove_invalid_filter_options /opt/stack/cinder/cinder/api/api_utils.py:73}}
May 27 09:37:45.569488 dv-cinder-797608-21-smb devstack@c-api.service[110765]: DEBUG cinder.volume.api [req-4839e31e-ac39-4a01-a956-0346b5c1dbf6 req-bf385644-0f61-4163-8612-1376210eaf12 tempest-VolumesTestJSON-1915422078 tempest-VolumesTestJSON-1915422078-project] Searching by: MultiDict([('no_migration_targets', True)]). {{(pid=110765) get_all /opt/stack/cinder/cinder/volume/api.py:664}}
May 27 09:37:45.622805 dv-cinder-797608-21-smb devstack@c-api.service[110765]: INFO cinder.volume.api [req-4839e31e-ac39-4a01-a956-0346b5c1dbf6 req-bf385644-0f61-4163-8612-1376210eaf12 tempest-VolumesTestJSON-1915422078 tempest-VolumesTestJSON-1915422078-project] Get all volumes completed successfully.
May 27 09:37:45.625365 dv-cinder-797608-21-smb devstack@c-api.service[110765]: /usr/local/lib/python3.8/dist-packages/oslo_context/context.py:100: DeprecationWarning: Policy enforcement is depending on the value of is_admin. This key is deprecated. Please update your policy file to use the standard policy values.
May 27 09:37:45.625365 dv-cinder-797608-21-smb devstack@c-api.service[110765]: warnings.warn('Policy enforcement is depending on the value of '
May 27 09:37:45.633335 dv-cinder-797608-21-smb devstack@c-api.service[110765]: INFO cinder.api.openstack.wsgi [req-4839e31e-ac39-4a01-a956-0346b5c1dbf6 req-bf385644-0f61-4163-8612-1376210eaf12 tempest-VolumesTestJSON-1915422078 tempest-VolumesTestJSON-1915422078-project] http://10.222.0.79/volume/v3/d4b751ef3b044bfc9ab52e639f5e431a/volumes/detail returned with HTTP 200
May 27 09:37:45.634141 dv-cinder-797608-21-smb devstack@c-api.service[110765]: [pid: 110765|app: 0|req: 214/388] 10.222.0.79 () {60 vars in 1488 bytes} [Fri May 27 09:37:45 2022] GET /volume/v3/d4b751ef3b044bfc9ab52e639f5e431a/volumes/detail => generated 2749 bytes in 74 msecs (HTTP/1.1 200) 7 headers in 286 bytes (1 switches on core 0)
May 27 09:37:45.655493 dv-cinder-797608-21-smb devstack@c-api.service[110766]: DEBUG cinder.api.middleware.request_id [None req-50693321-c0e1-481d-bf3b-184ac6e54ae2 None None] RequestId filter calling following filter/app {{(pid=110766) _context_setter /opt/stack/cinder/cinder/api/middleware/request_id.py:62}}
May 27 09:37:45.657662 dv-cinder-797608-21-smb devstack@c-api.service[110765]: DEBUG cinder.api.middleware.request_id [req-ce8be39f-fcfd-478b-8e98-13f363c4ca05 req-2c6b9469-bc85-4c25-8bad-a02f1dbdab55 None None] RequestId filter calling following filter/app {{(pid=110765) _context_setter /opt/stack/cinder/cinder/api/middleware/request_id.py:62}}
May 27 09:37:45.661648 dv-cinder-797608-21-smb devstack@c-api.service[110765]: INFO cinder.api.openstack.wsgi [req-ce8be39f-fcfd-478b-8e98-13f363c4ca05 req-2c6b9469-bc85-4c25-8bad-a02f1dbdab55 tempest-VolumesTestJSON-1915422078 tempest-VolumesTestJSON-1915422078-project] GET http://10.222.0.79/volume/v3/d4b751ef3b044bfc9ab52e639f5e431a/volumes/detail
May 27 09:37:45.662927 dv-cinder-797608-21-smb devstack@c-api.service[110765]: DEBUG cinder.api.openstack.wsgi [req-ce8be39f-fcfd-478b-8e98-13f363c4ca05 req-2c6b9469-bc85-4c25-8bad-a02f1dbdab55 tempest-VolumesTestJSON-1915422078 tempest-VolumesTestJSON-1915422078-project] Empty body provided in request {{(pid=110765) get_body /opt/stack/cinder/cinder/api/openstack/wsgi.py:715}}
May 27 09:37:45.663390 dv-cinder-797608-21-smb devstack@c-api.service[110765]: DEBUG cinder.api.openstack.wsgi [req-ce8be39f-fcfd-478b-8e98-13f363c4ca05 req-2c6b9469-bc85-4c25-8bad-a02f1dbdab55 tempest-VolumesTestJSON-1915422078 tempest-VolumesTestJSON-1915422078-project] Calling method 'detail' {{(pid=110765) _process_stack /opt/stack/cinder/cinder/api/openstack/wsgi.py:868}}
May 27 09:37:45.664115 dv-cinder-797608-21-smb devstack@c-api.service[110765]: DEBUG cinder.api.api_utils [req-ce8be39f-fcfd-478b-8e98-13f363c4ca05 req-2c6b9469-bc85-4c25-8bad-a02f1dbdab55 tempest-VolumesTestJSON-1915422078 tempest-VolumesTestJSON-1915422078-project] Removing options '' from query. {{(pid=110765) remove_invalid_filter_options /opt/stack/cinder/cinder/api/api_utils.py:73}}
May 27 09:37:45.665789 dv-cinder-797608-21-smb devstack@c-api.service[110765]: DEBUG cinder.volume.api [req-ce8be39f-fcfd-478b-8e98-13f363c4ca05 req-2c6b9469-bc85-4c25-8bad-a02f1dbdab55 tempest-VolumesTestJSON-1915422078 tempest-VolumesTestJSON-1915422078-project] Searching by: MultiDict([('no_migration_targets', True)]). {{(pid=110765) get_all /opt/stack/cinder/cinder/volume/api.py:664}}
May 27 09:37:45.719566 dv-cinder-797608-21-smb devstack@c-api.service[110765]: INFO cinder.volume.api [req-ce8be39f-fcfd-478b-8e98-13f363c4ca05 req-2c6b9469-bc85-4c25-8bad-a02f1dbdab55 tempest-VolumesTestJSON-1915422078 tempest-VolumesTestJSON-1915422078-project] Get all volumes completed successfully.
May 27 09:37:45.721940 dv-cinder-797608-21-smb devstack@c-api.service[110765]: /usr/local/lib/python3.8/dist-packages/oslo_context/context.py:100: DeprecationWarning: Policy enforcement is depending on the value of is_admin. This key is deprecated. Please update your policy file to use the standard policy values.
May 27 09:37:45.721940 dv-cinder-797608-21-smb devstack@c-api.service[110765]: warnings.warn('Policy enforcement is depending on the value of '
