May 27 09:37:43.192568 dv-cinder-797608-21-smb devstack@c-api.service[110766]: DEBUG cinder.volume.api [None req-63b6f064-8668-452d-9d76-9269df882930 tempest-VolumesExtendTest-122214222 tempest-VolumesExtendTest-122214222-project] Flow 'volume_create_api' (7b1b2e58-d39b-4627-b268-f2ad54ee78d4) transitioned into state 'SUCCESS' from state 'RUNNING' {{(pid=110766) _flow_receiver /usr/local/lib/python3.8/dist-packages/taskflow/listeners/logging.py:141}}
May 27 09:37:43.195347 dv-cinder-797608-21-smb devstack@c-api.service[110766]: INFO cinder.volume.api [None req-63b6f064-8668-452d-9d76-9269df882930 tempest-VolumesExtendTest-122214222 tempest-VolumesExtendTest-122214222-project] Create volume request issued successfully.
May 27 09:37:43.196966 dv-cinder-797608-21-smb devstack@c-api.service[110766]: INFO cinder.api.openstack.wsgi [None req-63b6f064-8668-452d-9d76-9269df882930 tempest-VolumesExtendTest-122214222 tempest-VolumesExtendTest-122214222-project] http://10.222.0.79/volume/v3/1c4696d3a0b7476aaece25e0a151d4f6/volumes returned with HTTP 202
May 27 09:37:43.198675 dv-cinder-797608-21-smb devstack@c-api.service[110766]: [pid: 110766|app: 0|req: 167/367] 10.222.0.79 () {60 vars in 1235 bytes} [Fri May 27 09:37:42 2022] POST /volume/v3/1c4696d3a0b7476aaece25e0a151d4f6/volumes => generated 817 bytes in 464 msecs (HTTP/1.1 202) 7 headers in 291 bytes (1 switches on core 0)
May 27 09:37:43.211074 dv-cinder-797608-21-smb devstack@c-api.service[110765]: DEBUG cinder.api.middleware.request_id [None req-f572c808-6d04-49a4-9067-506d2ea887bf None None] RequestId filter calling following filter/app {{(pid=110765) _context_setter /opt/stack/cinder/cinder/api/middleware/request_id.py:62}}
May 27 09:37:43.215577 dv-cinder-797608-21-smb devstack@c-api.service[110765]: INFO cinder.api.openstack.wsgi [None req-f572c808-6d04-49a4-9067-506d2ea887bf tempest-VolumesTestJSON-1915422078 tempest-VolumesTestJSON-1915422078-project] GET http://10.222.0.79/volume/v3/d4b751ef3b044bfc9ab52e639f5e431a/volumes/f3e166a0-d822-423a-9c56-021e18d84a7c
May 27 09:37:43.216147 dv-cinder-797608-21-smb devstack@c-api.service[110765]: DEBUG cinder.api.openstack.wsgi [None req-f572c808-6d04-49a4-9067-506d2ea887bf tempest-VolumesTestJSON-1915422078 tempest-VolumesTestJSON-1915422078-project] Empty body provided in request {{(pid=110765) get_body /opt/stack/cinder/cinder/api/openstack/wsgi.py:715}}
May 27 09:37:43.216774 dv-cinder-797608-21-smb devstack@c-api.service[110765]: DEBUG cinder.api.openstack.wsgi [None req-f572c808-6d04-49a4-9067-506d2ea887bf tempest-VolumesTestJSON-1915422078 tempest-VolumesTestJSON-1915422078-project] Calling method 'show' {{(pid=110765) _process_stack /opt/stack/cinder/cinder/api/openstack/wsgi.py:868}}
May 27 09:37:43.224317 dv-cinder-797608-21-smb devstack@c-api.service[110766]: DEBUG cinder.api.middleware.request_id [None req-03527a2b-fbbf-4005-b471-5eafb721e66a None None] RequestId filter calling following filter/app {{(pid=110766) _context_setter /opt/stack/cinder/cinder/api/middleware/request_id.py:62}}
May 27 09:37:43.229741 dv-cinder-797608-21-smb devstack@c-api.service[110766]: INFO cinder.api.openstack.wsgi [None req-03527a2b-fbbf-4005-b471-5eafb721e66a tempest-VolumesExtendTest-122214222 tempest-VolumesExtendTest-122214222-project] GET http://10.222.0.79/volume/v3/1c4696d3a0b7476aaece25e0a151d4f6/volumes/92cffe6a-30c6-4739-a158-d990cae6e11c
May 27 09:37:43.230183 dv-cinder-797608-21-smb devstack@c-api.service[110766]: DEBUG cinder.api.openstack.wsgi [None req-03527a2b-fbbf-4005-b471-5eafb721e66a tempest-VolumesExtendTest-122214222 tempest-VolumesExtendTest-122214222-project] Empty body provided in request {{(pid=110766) get_body /opt/stack/cinder/cinder/api/openstack/wsgi.py:715}}
May 27 09:37:43.230637 dv-cinder-797608-21-smb devstack@c-api.service[110766]: DEBUG cinder.api.openstack.wsgi [None req-03527a2b-fbbf-4005-b471-5eafb721e66a tempest-VolumesExtendTest-122214222 tempest-VolumesExtendTest-122214222-project] Calling method 'show' {{(pid=110766) _process_stack /opt/stack/cinder/cinder/api/openstack/wsgi.py:868}}
May 27 09:37:43.234293 dv-cinder-797608-21-smb devstack@c-api.service[110765]: /usr/local/lib/python3.8/dist-packages/oslo_context/context.py:100: DeprecationWarning: Policy enforcement is depending on the value of is_admin. This key is deprecated. Please update your policy file to use the standard policy values.
May 27 09:37:43.234293 dv-cinder-797608-21-smb devstack@c-api.service[110765]: warnings.warn('Policy enforcement is depending on the value of '
May 27 09:37:43.244907 dv-cinder-797608-21-smb devstack@c-api.service[110765]: INFO cinder.volume.api [None req-f572c808-6d04-49a4-9067-506d2ea887bf tempest-VolumesTestJSON-1915422078 tempest-VolumesTestJSON-1915422078-project] Volume info retrieved successfully.
May 27 09:37:43.257824 dv-cinder-797608-21-smb devstack@c-api.service[110765]: INFO cinder.api.openstack.wsgi [None req-f572c808-6d04-49a4-9067-506d2ea887bf tempest-VolumesTestJSON-1915422078 tempest-VolumesTestJSON-1915422078-project] http://10.222.0.79/volume/v3/d4b751ef3b044bfc9ab52e639f5e431a/volumes/f3e166a0-d822-423a-9c56-021e18d84a7c returned with HTTP 200
May 27 09:37:43.259132 dv-cinder-797608-21-smb devstack@c-api.service[110765]: [pid: 110765|app: 0|req: 201/368] 10.222.0.79 () {58 vars in 1324 bytes} [Fri May 27 09:37:43 2022] GET /volume/v3/d4b751ef3b044bfc9ab52e639f5e431a/volumes/f3e166a0-d822-423a-9c56-021e18d84a7c => generated 922 bytes in 50 msecs (HTTP/1.1 200) 7 headers in 285 bytes (1 switches on core 0)
May 27 09:37:43.263864 dv-cinder-797608-21-smb devstack@c-api.service[110766]: /usr/local/lib/python3.8/dist-packages/oslo_context/context.py:100: DeprecationWarning: Policy enforcement is depending on the value of is_admin. This key is deprecated. Please update your policy file to use the standard policy values.
May 27 09:37:43.263864 dv-cinder-797608-21-smb devstack@c-api.service[110766]: warnings.warn('Policy enforcement is depending on the value of '
May 27 09:37:43.267233 dv-cinder-797608-21-smb devstack@c-api.service[110765]: DEBUG cinder.api.middleware.request_id [None req-433bd622-a5ce-4726-b261-25530be062c9 None None] RequestId filter calling following filter/app {{(pid=110765) _context_setter /opt/stack/cinder/cinder/api/middleware/request_id.py:62}}
May 27 09:37:43.278335 dv-cinder-797608-21-smb devstack@c-api.service[110765]: INFO cinder.api.openstack.wsgi [None req-433bd622-a5ce-4726-b261-25530be062c9 tempest-VolumesDeleteCascade-121424970 tempest-VolumesDeleteCascade-121424970-project] GET http://10.222.0.79/volume/v3/3cfdd3078cce48ec9b297f2741945d3d/volumes/b5b1194b-6212-4431-873e-5f80502a7f92
May 27 09:37:43.278900 dv-cinder-797608-21-smb devstack@c-api.service[110765]: DEBUG cinder.api.openstack.wsgi [None req-433bd622-a5ce-4726-b261-25530be062c9 tempest-VolumesDeleteCascade-121424970 tempest-VolumesDeleteCascade-121424970-project] Empty body provided in request {{(pid=110765) get_body /opt/stack/cinder/cinder/api/openstack/wsgi.py:715}}
May 27 09:37:43.279362 dv-cinder-797608-21-smb devstack@c-api.service[110765]: DEBUG cinder.api.openstack.wsgi [None req-433bd622-a5ce-4726-b261-25530be062c9 tempest-VolumesDeleteCascade-121424970 tempest-VolumesDeleteCascade-121424970-project] Calling method 'show' {{(pid=110765) _process_stack /opt/stack/cinder/cinder/api/openstack/wsgi.py:868}}
May 27 09:37:43.284662 dv-cinder-797608-21-smb devstack@c-api.service[110766]: INFO cinder.volume.api [None req-03527a2b-fbbf-4005-b471-5eafb721e66a tempest-VolumesExtendTest-122214222 tempest-VolumesExtendTest-122214222-project] Volume info retrieved successfully.
May 27 09:37:43.298141 dv-cinder-797608-21-smb devstack@c-api.service[110765]: INFO cinder.api.openstack.wsgi [None req-433bd622-a5ce-4726-b261-25530be062c9 tempest-VolumesDeleteCascade-121424970 tempest-VolumesDeleteCascade-121424970-project] http://10.222.0.79/volume/v3/3cfdd3078cce48ec9b297f2741945d3d/volumes/b5b1194b-6212-4431-873e-5f80502a7f92 returned with HTTP 404
May 27 09:37:43.302733 dv-cinder-797608-21-smb devstack@c-api.service[110765]: [pid: 110765|app: 0|req: 202/369] 10.222.0.79 () {58 vars in 1324 bytes} [Fri May 27 09:37:43 2022] GET /volume/v3/3cfdd3078cce48ec9b297f2741945d3d/volumes/b5b1194b-6212-4431-873e-5f80502a7f92 => generated 109 bytes in 38 msecs (HTTP/1.1 404) 7 headers in 292 bytes (1 switches on core 0)
May 27 09:37:43.305507 dv-cinder-797608-21-smb devstack@c-api.service[110765]: DEBUG cinder.api.middleware.request_id [req-1a428c3d-5156-4639-943e-e44b083499f0 req-73a88cbc-4016-4b73-b16a-52c1df98db57 None None] RequestId filter calling following filter/app {{(pid=110765) _context_setter /opt/stack/cinder/cinder/api/middleware/request_id.py:62}}
May 27 09:37:43.309923 dv-cinder-797608-21-smb devstack@c-api.service[110765]: INFO cinder.api.openstack.wsgi [req-1a428c3d-5156-4639-943e-e44b083499f0 req-73a88cbc-4016-4b73-b16a-52c1df98db57 tempest-VolumesTestJSON-1915422078 tempest-VolumesTestJSON-1915422078-project] GET http://10.222.0.79/volume/v3/d4b751ef3b044bfc9ab52e639f5e431a/volumes/f3e166a0-d822-423a-9c56-021e18d84a7c
May 27 09:37:43.310364 dv-cinder-797608-21-smb devstack@c-api.service[110765]: DEBUG cinder.api.openstack.wsgi [req-1a428c3d-5156-4639-943e-e44b083499f0 req-73a88cbc-4016-4b73-b16a-52c1df98db57 tempest-VolumesTestJSON-1915422078 tempest-VolumesTestJSON-1915422078-project] Empty body provided in request {{(pid=110765) get_body /opt/stack/cinder/cinder/api/openstack/wsgi.py:715}}
May 27 09:37:43.310871 dv-cinder-797608-21-smb devstack@c-api.service[110765]: DEBUG cinder.api.openstack.wsgi [req-1a428c3d-5156-4639-943e-e44b083499f0 req-73a88cbc-4016-4b73-b16a-52c1df98db57 tempest-VolumesTestJSON-1915422078 tempest-VolumesTestJSON-1915422078-project] Calling method 'show' {{(pid=110765) _process_stack /opt/stack/cinder/cinder/api/openstack/wsgi.py:868}}
May 27 09:37:43.316693 dv-cinder-797608-21-smb devstack@c-api.service[110766]: INFO cinder.api.openstack.wsgi [None req-03527a2b-fbbf-4005-b471-5eafb721e66a tempest-VolumesExtendTest-122214222 tempest-VolumesExtendTest-122214222-project] http://10.222.0.79/volume/v3/1c4696d3a0b7476aaece25e0a151d4f6/volumes/92cffe6a-30c6-4739-a158-d990cae6e11c returned with HTTP 200
May 27 09:37:43.326307 dv-cinder-797608-21-smb devstack@c-api.service[110765]: /usr/local/lib/python3.8/dist-packages/oslo_context/context.py:100: DeprecationWarning: Policy enforcement is depending on the value of is_admin. This key is deprecated. Please update your policy file to use the standard policy values.
May 27 09:37:43.326307 dv-cinder-797608-21-smb devstack@c-api.service[110765]: warnings.warn('Policy enforcement is depending on the value of '
May 27 09:37:43.327067 dv-cinder-797608-21-smb devstack@c-api.service[110766]: [pid: 110766|app: 0|req: 168/370] 10.222.0.79 () {58 vars in 1324 bytes} [Fri May 27 09:37:43 2022] GET /volume/v3/1c4696d3a0b7476aaece25e0a151d4f6/volumes/92cffe6a-30c6-4739-a158-d990cae6e11c => generated 885 bytes in 106 msecs (HTTP/1.1 200) 7 headers in 285 bytes (1 switches on core 0)
May 27 09:37:43.329611 dv-cinder-797608-21-smb devstack@c-api.service[110766]: DEBUG cinder.api.middleware.request_id [None req-c350e66d-38f8-44e1-9f59-eb7ca1d7e399 None None] RequestId filter calling following filter/app {{(pid=110766) _context_setter /opt/stack/cinder/cinder/api/middleware/request_id.py:62}}
May 27 09:37:43.334296 dv-cinder-797608-21-smb devstack@c-api.service[110766]: INFO cinder.api.openstack.wsgi [None req-c350e66d-38f8-44e1-9f59-eb7ca1d7e399 tempest-VolumesDeleteCascade-121424970 tempest-VolumesDeleteCascade-121424970-project] GET http://10.222.0.79/volume/v3/3cfdd3078cce48ec9b297f2741945d3d/volumes
May 27 09:37:43.334947 dv-cinder-797608-21-smb devstack@c-api.service[110766]: DEBUG cinder.api.openstack.wsgi [None req-c350e66d-38f8-44e1-9f59-eb7ca1d7e399 tempest-VolumesDeleteCascade-121424970 tempest-VolumesDeleteCascade-121424970-project] Empty body provided in request {{(pid=110766) get_body /opt/stack/cinder/cinder/api/openstack/wsgi.py:715}}
May 27 09:37:43.335607 dv-cinder-797608-21-smb devstack@c-api.service[110766]: DEBUG cinder.api.openstack.wsgi [None req-c350e66d-38f8-44e1-9f59-eb7ca1d7e399 tempest-VolumesDeleteCascade-121424970 tempest-VolumesDeleteCascade-121424970-project] Calling method 'index' {{(pid=110766) _process_stack /opt/stack/cinder/cinder/api/openstack/wsgi.py:868}}
May 27 09:37:43.337234 dv-cinder-797608-21-smb devstack@c-api.service[110766]: DEBUG cinder.api.api_utils [None req-c350e66d-38f8-44e1-9f59-eb7ca1d7e399 tempest-VolumesDeleteCascade-121424970 tempest-VolumesDeleteCascade-121424970-project] Removing options '' from query. {{(pid=110766) remove_invalid_filter_options /opt/stack/cinder/cinder/api/api_utils.py:73}}
May 27 09:37:43.338364 dv-cinder-797608-21-smb devstack@c-api.service[110765]: INFO cinder.volume.api [req-1a428c3d-5156-4639-943e-e44b083499f0 req-73a88cbc-4016-4b73-b16a-52c1df98db57 tempest-VolumesTestJSON-1915422078 tempest-VolumesTestJSON-1915422078-project] Volume info retrieved successfully.
May 27 09:37:43.339256 dv-cinder-797608-21-smb devstack@c-api.service[110766]: DEBUG cinder.volume.api [None req-c350e66d-38f8-44e1-9f59-eb7ca1d7e399 tempest-VolumesDeleteCascade-121424970 tempest-VolumesDeleteCascade-121424970-project] Searching by: MultiDict([('no_migration_targets', True)]). {{(pid=110766) get_all /opt/stack/cinder/cinder/volume/api.py:664}}
May 27 09:37:43.348644 dv-cinder-797608-21-smb devstack@c-api.service[110765]: INFO cinder.api.openstack.wsgi [req-1a428c3d-5156-4639-943e-e44b083499f0 req-73a88cbc-4016-4b73-b16a-52c1df98db57 tempest-VolumesTestJSON-1915422078 tempest-VolumesTestJSON-1915422078-project] http://10.222.0.79/volume/v3/d4b751ef3b044bfc9ab52e639f5e431a/volumes/f3e166a0-d822-423a-9c56-021e18d84a7c returned with HTTP 200
May 27 09:37:43.350139 dv-cinder-797608-21-smb devstack@c-api.service[110765]: [pid: 110765|app: 0|req: 203/371] 10.222.0.79 () {60 vars in 1578 bytes} [Fri May 27 09:37:43 2022] GET /volume/v3/d4b751ef3b044bfc9ab52e639f5e431a/volumes/f3e166a0-d822-423a-9c56-021e18d84a7c => generated 922 bytes in 45 msecs (HTTP/1.1 200) 7 headers in 285 bytes (1 switches on core 0)
May 27 09:37:43.361894 dv-cinder-797608-21-smb devstack@c-api.service[110765]: DEBUG cinder.api.middleware.request_id [None req-f089da54-12aa-4a98-858e-2e7929324ad2 None None] RequestId filter calling following filter/app {{(pid=110765) _context_setter /opt/stack/cinder/cinder/api/middleware/request_id.py:62}}
May 27 09:37:43.366153 dv-cinder-797608-21-smb devstack@c-api.service[110765]: INFO cinder.api.openstack.wsgi [None req-f089da54-12aa-4a98-858e-2e7929324ad2 tempest-VolumesTestJSON-1915422078 tempest-VolumesTestJSON-1915422078-project] POST http://10.222.0.79/volume/v3/d4b751ef3b044bfc9ab52e639f5e431a/volumes
May 27 09:37:43.366854 dv-cinder-797608-21-smb devstack@c-api.service[110765]: DEBUG cinder.api.openstack.wsgi [None req-f089da54-12aa-4a98-858e-2e7929324ad2 tempest-VolumesTestJSON-1915422078 tempest-VolumesTestJSON-1915422078-project] Action: 'create', calling method: create, body: {"volume": {"metadata": {"Type": "work"}, "size": 1, "display_name": "tempest-VolumesTestJSON-volume-1576999780"}} {{(pid=110765) _process_stack /opt/stack/cinder/cinder/api/openstack/wsgi.py:866}}
May 27 09:37:43.368170 dv-cinder-797608-21-smb devstack@c-api.service[110765]: DEBUG cinder.api.v3.volumes [None req-f089da54-12aa-4a98-858e-2e7929324ad2 tempest-VolumesTestJSON-1915422078 tempest-VolumesTestJSON-1915422078-project] Create volume request body: {'volume': {'metadata': {'Type': 'work'}, 'size': 1, 'display_name': 'tempest-VolumesTestJSON-volume-1576999780'}} {{(pid=110765) create /opt/stack/cinder/cinder/api/v3/volumes.py:298}}
May 27 09:37:43.368483 dv-cinder-797608-21-smb devstack@c-api.service[110765]: INFO cinder.api.v3.volumes [None req-f089da54-12aa-4a98-858e-2e7929324ad2 tempest-VolumesTestJSON-1915422078 tempest-VolumesTestJSON-1915422078-project] Create volume of 1 GB
May 27 09:37:43.375211 dv-cinder-797608-21-smb devstack@c-api.service[110765]: INFO cinder.volume.api [None req-f089da54-12aa-4a98-858e-2e7929324ad2 tempest-VolumesTestJSON-1915422078 tempest-VolumesTestJSON-1915422078-project] Availability Zones retrieved successfully.
May 27 09:37:43.390457 dv-cinder-797608-21-smb devstack@c-api.service[110765]: DEBUG cinder.volume.api [None req-f089da54-12aa-4a98-858e-2e7929324ad2 tempest-VolumesTestJSON-1915422078 tempest-VolumesTestJSON-1915422078-project] Flow 'volume_create_api' (5f112803-a083-4e12-8eac-af191d5f6773) transitioned into state 'RUNNING' from state 'PENDING' {{(pid=110765) _flow_receiver /usr/local/lib/python3.8/dist-packages/taskflow/listeners/logging.py:141}}
May 27 09:37:43.392984 dv-cinder-797608-21-smb devstack@c-api.service[110765]: DEBUG cinder.volume.api [None req-f089da54-12aa-4a98-858e-2e7929324ad2 tempest-VolumesTestJSON-1915422078 tempest-VolumesTestJSON-1915422078-project] Task 'cinder.volume.flows.api.create_volume.ExtractVolumeRequestTask;volume:create' (6181b56e-4614-4a9d-8b0f-f706b31fc220) transitioned into state 'RUNNING' from state 'PENDING' {{(pid=110765) _task_receiver /usr/local/lib/python3.8/dist-packages/taskflow/listeners/logging.py:190}}
May 27 09:37:43.395612 dv-cinder-797608-21-smb devstack@c-api.service[110765]: DEBUG cinder.volume.flows.api.create_volume [None req-f089da54-12aa-4a98-858e-2e7929324ad2 tempest-VolumesTestJSON-1915422078 tempest-VolumesTestJSON-1915422078-project] Validating volume size '1' using validate_int {{(pid=110765) _extract_size /opt/stack/cinder/cinder/volume/flows/api/create_volume.py:228}}
May 27 09:37:43.412739 dv-cinder-797608-21-smb devstack@c-api.service[110766]: INFO cinder.volume.api [None req-c350e66d-38f8-44e1-9f59-eb7ca1d7e399 tempest-VolumesDeleteCascade-121424970 tempest-VolumesDeleteCascade-121424970-project] Get all volumes completed successfully.
May 27 09:37:43.413538 dv-cinder-797608-21-smb devstack@c-api.service[110766]: INFO cinder.api.openstack.wsgi [None req-c350e66d-38f8-44e1-9f59-eb7ca1d7e399 tempest-VolumesDeleteCascade-121424970 tempest-VolumesDeleteCascade-121424970-project] http://10.222.0.79/volume/v3/3cfdd3078cce48ec9b297f2741945d3d/volumes returned with HTTP 200
May 27 09:37:43.414830 dv-cinder-797608-21-smb devstack@c-api.service[110766]: [pid: 110766|app: 0|req: 169/372] 10.222.0.79 () {58 vars in 1213 bytes} [Fri May 27 09:37:43 2022] GET /volume/v3/3cfdd3078cce48ec9b297f2741945d3d/volumes => generated 15 bytes in 87 msecs (HTTP/1.1 200) 7 headers in 284 bytes (1 switches on core 0)
May 27 09:37:43.421497 dv-cinder-797608-21-smb devstack@c-api.service[110766]: DEBUG cinder.api.middleware.request_id [None req-69953847-aea8-46bd-8a31-b8c04b511493 None None] RequestId filter calling following filter/app {{(pid=110766) _context_setter /opt/stack/cinder/cinder/api/middleware/request_id.py:62}}
May 27 09:37:43.426236 dv-cinder-797608-21-smb devstack@c-api.service[110766]: INFO cinder.api.openstack.wsgi [None req-69953847-aea8-46bd-8a31-b8c04b511493 tempest-VolumesDeleteCascade-121424970 tempest-VolumesDeleteCascade-121424970-project] GET http://10.222.0.79/volume/v3/3cfdd3078cce48ec9b297f2741945d3d/snapshots
May 27 09:37:43.426928 dv-cinder-797608-21-smb devstack@c-api.service[110766]: DEBUG cinder.api.openstack.wsgi [None req-69953847-aea8-46bd-8a31-b8c04b511493 tempest-VolumesDeleteCascade-121424970 tempest-VolumesDeleteCascade-121424970-project] Empty body provided in request {{(pid=110766) get_body /opt/stack/cinder/cinder/api/openstack/wsgi.py:715}}
May 27 09:37:43.427471 dv-cinder-797608-21-smb devstack@c-api.service[110766]: DEBUG cinder.api.openstack.wsgi [None req-69953847-aea8-46bd-8a31-b8c04b511493 tempest-VolumesDeleteCascade-121424970 tempest-VolumesDeleteCascade-121424970-project] Calling method 'index' {{(pid=110766) _process_stack /opt/stack/cinder/cinder/api/openstack/wsgi.py:868}}
May 27 09:37:43.428624 dv-cinder-797608-21-smb devstack@c-api.service[110766]: DEBUG cinder.api.api_utils [None req-69953847-aea8-46bd-8a31-b8c04b511493 tempest-VolumesDeleteCascade-121424970 tempest-VolumesDeleteCascade-121424970-project] Removing options '' from query. {{(pid=110766) remove_invalid_filter_options /opt/stack/cinder/cinder/api/api_utils.py:73}}
May 27 09:37:43.431298 dv-cinder-797608-21-smb devstack@c-api.service[110766]: DEBUG cinder.db.sqlalchemy.api [None req-69953847-aea8-46bd-8a31-b8c04b511493 tempest-VolumesDeleteCascade-121424970 tempest-VolumesDeleteCascade-121424970-project] Building query based on filter {{(pid=110766) _process_snaps_filters /opt/stack/cinder/cinder/db/sqlalchemy/api.py:3846}}
May 27 09:37:43.435432 dv-cinder-797608-21-smb devstack@c-api.service[110765]: DEBUG cinder.volume.api [None req-f089da54-12aa-4a98-858e-2e7929324ad2 tempest-VolumesTestJSON-1915422078 tempest-VolumesTestJSON-1915422078-project] Task 'cinder.volume.flows.api.create_volume.ExtractVolumeRequestTask;volume:create' (6181b56e-4614-4a9d-8b0f-f706b31fc220) transitioned into state 'SUCCESS' from state 'RUNNING' with result '{'size': 1, 'snapshot_id': None, 'source_volid': None, 'volume_type': VolumeType(created_at=2022-05-27T09:26:14Z,deleted=False,deleted_at=None,description='Default Volume Type',extra_specs={},id=c1b57c41-05d9-487e-b526-d98ef3994b5c,is_public=True,name='__DEFAULT__',projects=[],qos_specs=,qos_specs_id=None,updated_at=2022-05-27T09:26:14Z), 'volume_type_id': 'c1b57c41-05d9-487e-b526-d98ef3994b5c', 'encryption_key_id': None, 'qos_specs': None, 'consistencygroup_id': None, 'cgsnapshot_id': None, 'group_id': None, 'replication_status': 'disabled', 'refresh_az': False, 'backup_id': None, 'multiattach': False, 'availability_zones': ['nova']}' {{(pid=110765) _task_receiver /usr/local/lib/python3.8/dist-packages/taskflow/listeners/logging.py:178}}
May 27 09:37:43.437938 dv-cinder-797608-21-smb devstack@c-api.service[110765]: DEBUG cinder.volume.api [None req-f089da54-12aa-4a98-858e-2e7929324ad2 tempest-VolumesTestJSON-1915422078 tempest-VolumesTestJSON-1915422078-project] Task 'cinder.volume.flows.api.create_volume.QuotaReserveTask;volume:create' (3b3c42d6-8760-4733-8a9f-48c2a790a0d9) transitioned into state 'RUNNING' from state 'PENDING' {{(pid=110765) _task_receiver /usr/local/lib/python3.8/dist-packages/taskflow/listeners/logging.py:190}}
May 27 09:37:43.451709 dv-cinder-797608-21-smb devstack@c-api.service[110766]: INFO cinder.volume.api [None req-69953847-aea8-46bd-8a31-b8c04b511493 tempest-VolumesDeleteCascade-121424970 tempest-VolumesDeleteCascade-121424970-project] Get all snapshots completed successfully.
May 27 09:37:43.452426 dv-cinder-797608-21-smb devstack@c-api.service[110766]: INFO cinder.api.openstack.wsgi [None req-69953847-aea8-46bd-8a31-b8c04b511493 tempest-VolumesDeleteCascade-121424970 tempest-VolumesDeleteCascade-121424970-project] http://10.222.0.79/volume/v3/3cfdd3078cce48ec9b297f2741945d3d/snapshots returned with HTTP 200
May 27 09:37:43.453382 dv-cinder-797608-21-smb devstack@c-api.service[110766]: [pid: 110766|app: 0|req: 170/373] 10.222.0.79 () {58 vars in 1219 bytes} [Fri May 27 09:37:43 2022] GET /volume/v3/3cfdd3078cce48ec9b297f2741945d3d/snapshots => generated 17 bytes in 33 msecs (HTTP/1.1 200) 7 headers in 284 bytes (1 switches on core 0)
May 27 09:37:43.468012 dv-cinder-797608-21-smb devstack@c-api.service[110766]: DEBUG cinder.api.middleware.request_id [None req-7d9c3f65-84ef-4516-809d-217285ac8da7 None None] RequestId filter calling following filter/app {{(pid=110766) _context_setter /opt/stack/cinder/cinder/api/middleware/request_id.py:62}}
May 27 09:37:43.484018 dv-cinder-797608-21-smb devstack@c-api.service[110766]: INFO cinder.api.openstack.wsgi [None req-7d9c3f65-84ef-4516-809d-217285ac8da7 tempest-VolumesDeleteCascade-121424970 tempest-VolumesDeleteCascade-121424970-project] POST http://10.222.0.79/volume/v3/3cfdd3078cce48ec9b297f2741945d3d/volumes
May 27 09:37:43.484739 dv-cinder-797608-21-smb devstack@c-api.service[110766]: DEBUG cinder.api.openstack.wsgi [None req-7d9c3f65-84ef-4516-809d-217285ac8da7 tempest-VolumesDeleteCascade-121424970 tempest-VolumesDeleteCascade-121424970-project] Action: 'create', calling method: create, body: {"volume": {"size": 1, "name": "tempest-VolumesDeleteCascade-Volume-130752254"}} {{(pid=110766) _process_stack /opt/stack/cinder/cinder/api/openstack/wsgi.py:866}}
May 27 09:37:43.485783 dv-cinder-797608-21-smb devstack@c-api.service[110766]: DEBUG cinder.api.v3.volumes [None req-7d9c3f65-84ef-4516-809d-217285ac8da7 tempest-VolumesDeleteCascade-121424970 tempest-VolumesDeleteCascade-121424970-project] Create volume request body: {'volume': {'size': 1, 'name': 'tempest-VolumesDeleteCascade-Volume-130752254'}} {{(pid=110766) create /opt/stack/cinder/cinder/api/v3/volumes.py:298}}
May 27 09:37:43.486094 dv-cinder-797608-21-smb devstack@c-api.service[110766]: INFO cinder.api.v3.volumes [None req-7d9c3f65-84ef-4516-809d-217285ac8da7 tempest-VolumesDeleteCascade-121424970 tempest-VolumesDeleteCascade-121424970-project] Create volume of 1 GB
May 27 09:37:43.513957 dv-cinder-797608-21-smb devstack@c-api.service[110766]: INFO cinder.volume.api [None req-7d9c3f65-84ef-4516-809d-217285ac8da7 tempest-VolumesDeleteCascade-121424970 tempest-VolumesDeleteCascade-121424970-project] Availability Zones retrieved successfully.
May 27 09:37:43.540263 dv-cinder-797608-21-smb devstack@c-api.service[110765]: DEBUG cinder.quota [None req-f089da54-12aa-4a98-858e-2e7929324ad2 tempest-VolumesTestJSON-1915422078 tempest-VolumesTestJSON-1915422078-project] Created reservations ['f5536344-9de4-4f9a-8742-14f438a1128b', 'e654850f-3f5b-4577-bace-cddba3d153f2', '894291d0-6696-4b49-8544-09d8c8b378f8', 'df04e74b-24dd-4cda-a71c-b5fdf07f117f'] {{(pid=110765) reserve /opt/stack/cinder/cinder/quota.py:755}}
May 27 09:37:43.544427 dv-cinder-797608-21-smb devstack@c-api.service[110765]: DEBUG cinder.volume.api [None req-f089da54-12aa-4a98-858e-2e7929324ad2 tempest-VolumesTestJSON-1915422078 tempest-VolumesTestJSON-1915422078-project] Task 'cinder.volume.flows.api.create_volume.QuotaReserveTask;volume:create' (3b3c42d6-8760-4733-8a9f-48c2a790a0d9) transitioned into state 'SUCCESS' from state 'RUNNING' with result '{'reservations': ['f5536344-9de4-4f9a-8742-14f438a1128b', 'e654850f-3f5b-4577-bace-cddba3d153f2', '894291d0-6696-4b49-8544-09d8c8b378f8', 'df04e74b-24dd-4cda-a71c-b5fdf07f117f']}' {{(pid=110765) _task_receiver /usr/local/lib/python3.8/dist-packages/taskflow/listeners/logging.py:178}}
May 27 09:37:43.548650 dv-cinder-797608-21-smb devstack@c-api.service[110766]: DEBUG cinder.volume.api [None req-7d9c3f65-84ef-4516-809d-217285ac8da7 tempest-VolumesDeleteCascade-121424970 tempest-VolumesDeleteCascade-121424970-project] Flow 'volume_create_api' (6a4faae9-9488-4629-b813-bb344af90d13) transitioned into state 'RUNNING' from state 'PENDING' {{(pid=110766) _flow_receiver /usr/local/lib/python3.8/dist-packages/taskflow/listeners/logging.py:141}}
May 27 09:37:43.551250 dv-cinder-797608-21-smb devstack@c-api.service[110766]: DEBUG cinder.volume.api [None req-7d9c3f65-84ef-4516-809d-217285ac8da7 tempest-VolumesDeleteCascade-121424970 tempest-VolumesDeleteCascade-121424970-project] Task 'cinder.volume.flows.api.create_volume.ExtractVolumeRequestTask;volume:create' (79621c7d-8496-43ff-beb0-d2e52a7addb9) transitioned into state 'RUNNING' from state 'PENDING' {{(pid=110766) _task_receiver /usr/local/lib/python3.8/dist-packages/taskflow/listeners/logging.py:190}}
May 27 09:37:43.551507 dv-cinder-797608-21-smb devstack@c-api.service[110765]: DEBUG cinder.volume.api [None req-f089da54-12aa-4a98-858e-2e7929324ad2 tempest-VolumesTestJSON-1915422078 tempest-VolumesTestJSON-1915422078-project] Task 'cinder.volume.flows.api.create_volume.EntryCreateTask;volume:create' (0546988b-6c4d-4c01-a5ec-1960bf702506) transitioned into state 'RUNNING' from state 'PENDING' {{(pid=110765) _task_receiver /usr/local/lib/python3.8/dist-packages/taskflow/listeners/logging.py:190}}
May 27 09:37:43.555121 dv-cinder-797608-21-smb devstack@c-api.service[110766]: DEBUG cinder.volume.flows.api.create_volume [None req-7d9c3f65-84ef-4516-809d-217285ac8da7 tempest-VolumesDeleteCascade-121424970 tempest-VolumesDeleteCascade-121424970-project] Validating volume size '1' using validate_int {{(pid=110766) _extract_size /opt/stack/cinder/cinder/volume/flows/api/create_volume.py:228}}
May 27 09:37:43.589985 dv-cinder-797608-21-smb devstack@c-api.service[110765]: DEBUG cinder.volume.api [None req-f089da54-12aa-4a98-858e-2e7929324ad2 tempest-VolumesTestJSON-1915422078 tempest-VolumesTestJSON-1915422078-project] Task 'cinder.volume.flows.api.create_volume.EntryCreateTask;volume:create' (0546988b-6c4d-4c01-a5ec-1960bf702506) transitioned into state 'SUCCESS' from state 'RUNNING' with result '{'volume_id': '065039aa-1ad5-47ae-af1a-30144454fdbe', 'volume_properties': VolumeProperties(attach_status='detached',availability_zone='nova',cgsnapshot_id=None,consistencygroup_id=None,display_description=None,display_name='tempest-VolumesTestJSON-volume-1576999780',encryption_key_id=None,group_id=None,group_type_id=,metadata={Type='work'},multiattach=False,project_id='d4b751ef3b044bfc9ab52e639f5e431a',qos_specs=None,replication_status=,reservations=['f5536344-9de4-4f9a-8742-14f438a1128b','e654850f-3f5b-4577-bace-cddba3d153f2','894291d0-6696-4b49-8544-09d8c8b378f8','df04e74b-24dd-4cda-a71c-b5fdf07f117f'],size=1,snapshot_id=None,source_replicaid=,source_volid=None,status='creating',user_id='5e9a958ca70b43c6b547fcb7def37d86',volume_type_id=c1b57c41-05d9-487e-b526-d98ef3994b5c), 'volume': Volume(_name_id=None,admin_metadata=,attach_status='detached',availability_zone='nova',bootable=False,cluster=,cluster_name=None,consistencygroup=,consistencygroup_id=None,created_at=2022-05-27T09:37:43Z,deleted=False,deleted_at=None,display_description=None,display_name='tempest-VolumesTestJSON-volume-1576999780',ec2_id=None,encryption_key_id=None,glance_metadata=,group=,group_id=None,host=None,id=065039aa-1ad5-47ae-af1a-30144454fdbe,launched_at=None,metadata={Type='work'},migration_status=None,multiattach=False,previous_status=None,project_id='d4b751ef3b044bfc9ab52e639f5e431a',provider_auth=None,provider_geometry=None,provider_id=None,provider_location=None,replication_driver_data=None,replication_extended_status=None,replication_status=None,scheduled_at=None,service_uuid=None,shared_targets=True,size=1,snapshot_id=None,snapshots=,source_volid=None,status='creating',terminated_at=None,updated_at=None,use_quota=True,user_id='5e9a958ca70b43c6b547fcb7def37d86',volume_attachment=VolumeAttachmentList,volume_type=VolumeType(c1b57c41-05d9-487e-b526-d98ef3994b5c),volume_type_id=c1b57c41-05d9-487e-b526-d98ef3994b5c)}' {{(pid=110765) _task_receiver /usr/local/lib/python3.8/dist-packages/taskflow/listeners/logging.py:178}}
May 27 09:37:43.591956 dv-cinder-797608-21-smb devstack@c-api.service[110765]: DEBUG cinder.volume.api [None req-f089da54-12aa-4a98-858e-2e7929324ad2 tempest-VolumesTestJSON-1915422078 tempest-VolumesTestJSON-1915422078-project] Task 'cinder.volume.flows.api.create_volume.QuotaCommitTask;volume:create' (6b6f8bac-9c8a-48ca-b45d-d855825575ea) transitioned into state 'RUNNING' from state 'PENDING' {{(pid=110765) _task_receiver /usr/local/lib/python3.8/dist-packages/taskflow/listeners/logging.py:190}}
May 27 09:37:43.616963 dv-cinder-797608-21-smb devstack@c-api.service[110765]: DEBUG dbcounter [-] [110765] Writing DB stats cinder:SELECT=84,cinder:INSERT=6,cinder:UPDATE=10 {{(pid=110765) stat_writer /usr/local/lib/python3.8/dist-packages/dbcounter.py:114}}
May 27 09:37:43.617930 dv-cinder-797608-21-smb devstack@c-api.service[110766]: DEBUG cinder.volume.api [None req-7d9c3f65-84ef-4516-809d-217285ac8da7 tempest-VolumesDeleteCascade-121424970 tempest-VolumesDeleteCascade-121424970-project] Task 'cinder.volume.flows.api.create_volume.ExtractVolumeRequestTask;volume:create' (79621c7d-8496-43ff-beb0-d2e52a7addb9) transitioned into state 'SUCCESS' from state 'RUNNING' with result '{'size': 1, 'snapshot_id': None, 'source_volid': None, 'volume_type': VolumeType(created_at=2022-05-27T09:26:14Z,deleted=False,deleted_at=None,description='Default Volume Type',extra_specs={},id=c1b57c41-05d9-487e-b526-d98ef3994b5c,is_public=True,name='__DEFAULT__',projects=[],qos_specs=,qos_specs_id=None,updated_at=2022-05-27T09:26:14Z), 'volume_type_id': 'c1b57c41-05d9-487e-b526-d98ef3994b5c', 'encryption_key_id': None, 'qos_specs': None, 'consistencygroup_id': None, 'cgsnapshot_id': None, 'group_id': None, 'replication_status': 'disabled', 'refresh_az': False, 'backup_id': None, 'multiattach': False, 'availability_zones': ['nova']}' {{(pid=110766) _task_receiver /usr/local/lib/python3.8/dist-packages/taskflow/listeners/logging.py:178}}
May 27 09:37:43.621043 dv-cinder-797608-21-smb devstack@c-api.service[110766]: DEBUG cinder.volume.api [None req-7d9c3f65-84ef-4516-809d-217285ac8da7 tempest-VolumesDeleteCascade-121424970 tempest-VolumesDeleteCascade-121424970-project] Task 'cinder.volume.flows.api.create_volume.QuotaReserveTask;volume:create' (2516ec3b-8cab-413a-8948-477f90eb8d32) transitioned into state 'RUNNING' from state 'PENDING' {{(pid=110766) _task_receiver /usr/local/lib/python3.8/dist-packages/taskflow/listeners/logging.py:190}}
May 27 09:37:43.637899 dv-cinder-797608-21-smb devstack@c-api.service[110765]: DEBUG cinder.volume.api [None req-f089da54-12aa-4a98-858e-2e7929324ad2 tempest-VolumesTestJSON-1915422078 tempest-VolumesTestJSON-1915422078-project] Task 'cinder.volume.flows.api.create_volume.QuotaCommitTask;volume:create' (6b6f8bac-9c8a-48ca-b45d-d855825575ea) transitioned into state 'SUCCESS' from state 'RUNNING' with result '{'volume_properties': VolumeProperties(attach_status='detached',availability_zone='nova',cgsnapshot_id=None,consistencygroup_id=None,display_description=None,display_name='tempest-VolumesTestJSON-volume-1576999780',encryption_key_id=None,group_id=None,group_type_id=,metadata={Type='work'},multiattach=False,project_id='d4b751ef3b044bfc9ab52e639f5e431a',qos_specs=None,replication_status=,reservations=['f5536344-9de4-4f9a-8742-14f438a1128b','e654850f-3f5b-4577-bace-cddba3d153f2','894291d0-6696-4b49-8544-09d8c8b378f8','df04e74b-24dd-4cda-a71c-b5fdf07f117f'],size=1,snapshot_id=None,source_replicaid=,source_volid=None,status='creating',user_id='5e9a958ca70b43c6b547fcb7def37d86',volume_type_id=c1b57c41-05d9-487e-b526-d98ef3994b5c)}' {{(pid=110765) _task_receiver /usr/local/lib/python3.8/dist-packages/taskflow/listeners/logging.py:178}}
May 27 09:37:43.641882 dv-cinder-797608-21-smb devstack@c-api.service[110765]: DEBUG cinder.volume.api [None req-f089da54-12aa-4a98-858e-2e7929324ad2 tempest-VolumesTestJSON-1915422078 tempest-VolumesTestJSON-1915422078-project] Task 'cinder.volume.flows.api.create_volume.VolumeCastTask;volume:create' (9983516f-186a-4370-9bd0-67206f2e1fe8) transitioned into state 'RUNNING' from state 'PENDING' {{(pid=110765) _task_receiver /usr/local/lib/python3.8/dist-packages/taskflow/listeners/logging.py:190}}
May 27 09:37:43.679913 dv-cinder-797608-21-smb devstack@c-api.service[110765]: DEBUG cinder.volume.api [None req-f089da54-12aa-4a98-858e-2e7929324ad2 tempest-VolumesTestJSON-1915422078 tempest-VolumesTestJSON-1915422078-project] Task 'cinder.volume.flows.api.create_volume.VolumeCastTask;volume:create' (9983516f-186a-4370-9bd0-67206f2e1fe8) transitioned into state 'SUCCESS' from state 'RUNNING' with result 'None' {{(pid=110765) _task_receiver /usr/local/lib/python3.8/dist-packages/taskflow/listeners/logging.py:178}}
May 27 09:37:43.686064 dv-cinder-797608-21-smb devstack@c-api.service[110765]: DEBUG cinder.volume.api [None req-f089da54-12aa-4a98-858e-2e7929324ad2 tempest-VolumesTestJSON-1915422078 tempest-VolumesTestJSON-1915422078-project] Flow 'volume_create_api' (5f112803-a083-4e12-8eac-af191d5f6773) transitioned into state 'SUCCESS' from state 'RUNNING' {{(pid=110765) _flow_receiver /usr/local/lib/python3.8/dist-packages/taskflow/listeners/logging.py:141}}
May 27 09:37:43.687950 dv-cinder-797608-21-smb devstack@c-api.service[110765]: INFO cinder.volume.api [None req-f089da54-12aa-4a98-858e-2e7929324ad2 tempest-VolumesTestJSON-1915422078 tempest-VolumesTestJSON-1915422078-project] Create volume request issued successfully.
May 27 09:37:43.689490 dv-cinder-797608-21-smb devstack@c-api.service[110765]: INFO cinder.api.openstack.wsgi [None req-f089da54-12aa-4a98-858e-2e7929324ad2 tempest-VolumesTestJSON-1915422078 tempest-VolumesTestJSON-1915422078-project] http://10.222.0.79/volume/v3/d4b751ef3b044bfc9ab52e639f5e431a/volumes returned with HTTP 202
May 27 09:37:43.690946 dv-cinder-797608-21-smb devstack@c-api.service[110765]: [pid: 110765|app: 0|req: 204/374] 10.222.0.79 () {60 vars in 1235 bytes} [Fri May 27 09:37:43 2022] POST /volume/v3/d4b751ef3b044bfc9ab52e639f5e431a/volumes => generated 829 bytes in 331 msecs (HTTP/1.1 202) 7 headers in 291 bytes (2 switches on core 0)
May 27 09:37:43.705938 dv-cinder-797608-21-smb devstack@c-api.service[110765]: DEBUG cinder.api.middleware.request_id [None req-a5bcca9e-b8ae-41fd-8d7c-a6f0728444a1 None None] RequestId filter calling following filter/app {{(pid=110765) _context_setter /opt/stack/cinder/cinder/api/middleware/request_id.py:62}}
May 27 09:37:43.720520 dv-cinder-797608-21-smb devstack@c-api.service[110765]: INFO cinder.api.openstack.wsgi [None req-a5bcca9e-b8ae-41fd-8d7c-a6f0728444a1 tempest-VolumesTestJSON-1915422078 tempest-VolumesTestJSON-1915422078-project] GET http://10.222.0.79/volume/v3/d4b751ef3b044bfc9ab52e639f5e431a/volumes/065039aa-1ad5-47ae-af1a-30144454fdbe
May 27 09:37:43.721083 dv-cinder-797608-21-smb devstack@c-api.service[110765]: DEBUG cinder.api.openstack.wsgi [None req-a5bcca9e-b8ae-41fd-8d7c-a6f0728444a1 tempest-VolumesTestJSON-1915422078 tempest-VolumesTestJSON-1915422078-project] Empty body provided in request {{(pid=110765) get_body /opt/stack/cinder/cinder/api/openstack/wsgi.py:715}}
May 27 09:37:43.721557 dv-cinder-797608-21-smb devstack@c-api.service[110765]: DEBUG cinder.api.openstack.wsgi [None req-a5bcca9e-b8ae-41fd-8d7c-a6f0728444a1 tempest-VolumesTestJSON-1915422078 tempest-VolumesTestJSON-1915422078-project] Calling method 'show' {{(pid=110765) _process_stack /opt/stack/cinder/cinder/api/openstack/wsgi.py:868}}
May 27 09:37:43.754501 dv-cinder-797608-21-smb devstack@c-api.service[110766]: DEBUG cinder.quota [None req-7d9c3f65-84ef-4516-809d-217285ac8da7 tempest-VolumesDeleteCascade-121424970 tempest-VolumesDeleteCascade-121424970-project] Created reservations ['c7b97070-fd8c-4979-baf8-dc22f024d138', 'de371102-01fd-4789-a6a1-070c3b8f24ec', '1334e9fd-fd8e-41a1-bbab-a25066215218', '5c392100-3b68-4bf2-a137-6b745b90bb91'] {{(pid=110766) reserve /opt/stack/cinder/cinder/quota.py:755}}
May 27 09:37:43.758819 dv-cinder-797608-21-smb devstack@c-api.service[110766]: DEBUG cinder.volume.api [None req-7d9c3f65-84ef-4516-809d-217285ac8da7 tempest-VolumesDeleteCascade-121424970 tempest-VolumesDeleteCascade-121424970-project] Task 'cinder.volume.flows.api.create_volume.QuotaReserveTask;volume:create' (2516ec3b-8cab-413a-8948-477f90eb8d32) transitioned into state 'SUCCESS' from state 'RUNNING' with result '{'reservations': ['c7b97070-fd8c-4979-baf8-dc22f024d138', 'de371102-01fd-4789-a6a1-070c3b8f24ec', '1334e9fd-fd8e-41a1-bbab-a25066215218', '5c392100-3b68-4bf2-a137-6b745b90bb91']}' {{(pid=110766) _task_receiver /usr/local/lib/python3.8/dist-packages/taskflow/listeners/logging.py:178}}
May 27 09:37:43.761745 dv-cinder-797608-21-smb devstack@c-api.service[110765]: /usr/local/lib/python3.8/dist-packages/oslo_context/context.py:100: DeprecationWarning: Policy enforcement is depending on the value of is_admin. This key is deprecated. Please update your policy file to use the standard policy values.
May 27 09:37:43.761745 dv-cinder-797608-21-smb devstack@c-api.service[110765]: warnings.warn('Policy enforcement is depending on the value of '
May 27 09:37:43.763218 dv-cinder-797608-21-smb devstack@c-api.service[110766]: DEBUG cinder.volume.api [None req-7d9c3f65-84ef-4516-809d-217285ac8da7 tempest-VolumesDeleteCascade-121424970 tempest-VolumesDeleteCascade-121424970-project] Task 'cinder.volume.flows.api.create_volume.EntryCreateTask;volume:create' (be971452-a9c5-45f2-ae33-97da2b80f094) transitioned into state 'RUNNING' from state 'PENDING' {{(pid=110766) _task_receiver /usr/local/lib/python3.8/dist-packages/taskflow/listeners/logging.py:190}}
May 27 09:37:43.789044 dv-cinder-797608-21-smb devstack@c-api.service[110765]: INFO cinder.volume.api [None req-a5bcca9e-b8ae-41fd-8d7c-a6f0728444a1 tempest-VolumesTestJSON-1915422078 tempest-VolumesTestJSON-1915422078-project] Volume info retrieved successfully.
May 27 09:37:43.813420 dv-cinder-797608-21-smb devstack@c-api.service[110765]: INFO cinder.api.openstack.wsgi [None req-a5bcca9e-b8ae-41fd-8d7c-a6f0728444a1 tempest-VolumesTestJSON-1915422078 tempest-VolumesTestJSON-1915422078-project] http://10.222.0.79/volume/v3/d4b751ef3b044bfc9ab52e639f5e431a/volumes/065039aa-1ad5-47ae-af1a-30144454fdbe returned with HTTP 200
May 27 09:37:43.817285 dv-cinder-797608-21-smb devstack@c-api.service[110766]: DEBUG cinder.volume.api [None req-7d9c3f65-84ef-4516-809d-217285ac8da7 tempest-VolumesDeleteCascade-121424970 tempest-VolumesDeleteCascade-121424970-project] Task 'cinder.volume.flows.api.create_volume.EntryCreateTask;volume:create' (be971452-a9c5-45f2-ae33-97da2b80f094) transitioned into state 'SUCCESS' from state 'RUNNING' with result '{'volume_id': 'b9dd6620-ee42-4706-b85d-9cc8e3dc8b3b', 'volume_properties': VolumeProperties(attach_status='detached',availability_zone='nova',cgsnapshot_id=None,consistencygroup_id=None,display_description=None,display_name='tempest-VolumesDeleteCascade-Volume-130752254',encryption_key_id=None,group_id=None,group_type_id=,metadata={},multiattach=False,project_id='3cfdd3078cce48ec9b297f2741945d3d',qos_specs=None,replication_status=,reservations=['c7b97070-fd8c-4979-baf8-dc22f024d138','de371102-01fd-4789-a6a1-070c3b8f24ec','1334e9fd-fd8e-41a1-bbab-a25066215218','5c392100-3b68-4bf2-a137-6b745b90bb91'],size=1,snapshot_id=None,source_replicaid=,source_volid=None,status='creating',user_id='8c2e24af7c07437db4a8b33d34190a0f',volume_type_id=c1b57c41-05d9-487e-b526-d98ef3994b5c), 'volume': Volume(_name_id=None,admin_metadata=,attach_status='detached',availability_zone='nova',bootable=False,cluster=,cluster_name=None,consistencygroup=,consistencygroup_id=None,created_at=2022-05-27T09:37:43Z,deleted=False,deleted_at=None,display_description=None,display_name='tempest-VolumesDeleteCascade-Volume-130752254',ec2_id=None,encryption_key_id=None,glance_metadata=,group=,group_id=None,host=None,id=b9dd6620-ee42-4706-b85d-9cc8e3dc8b3b,launched_at=None,metadata={},migration_status=None,multiattach=False,previous_status=None,project_id='3cfdd3078cce48ec9b297f2741945d3d',provider_auth=None,provider_geometry=None,provider_id=None,provider_location=None,replication_driver_data=None,replication_extended_status=None,replication_status=None,scheduled_at=None,service_uuid=None,shared_targets=True,size=1,snapshot_id=None,snapshots=,source_volid=None,status='creating',terminated_at=None,updated_at=None,use_quota=True,user_id='8c2e24af7c07437db4a8b33d34190a0f',volume_attachment=VolumeAttachmentList,volume_type=VolumeType(c1b57c41-05d9-487e-b526-d98ef3994b5c),volume_type_id=c1b57c41-05d9-487e-b526-d98ef3994b5c)}' {{(pid=110766) _task_receiver /usr/local/lib/python3.8/dist-packages/taskflow/listeners/logging.py:178}}
May 27 09:37:43.818051 dv-cinder-797608-21-smb devstack@c-api.service[110765]: [pid: 110765|app: 0|req: 205/375] 10.222.0.79 () {58 vars in 1324 bytes} [Fri May 27 09:37:43 2022] GET /volume/v3/d4b751ef3b044bfc9ab52e639f5e431a/volumes/065039aa-1ad5-47ae-af1a-30144454fdbe => generated 897 bytes in 116 msecs (HTTP/1.1 200) 7 headers in 285 bytes (1 switches on core 0)
May 27 09:37:43.820976 dv-cinder-797608-21-smb devstack@c-api.service[110766]: DEBUG cinder.volume.api [None req-7d9c3f65-84ef-4516-809d-217285ac8da7 tempest-VolumesDeleteCascade-121424970 tempest-VolumesDeleteCascade-121424970-project] Task 'cinder.volume.flows.api.create_volume.QuotaCommitTask;volume:create' (2e200200-4296-44b5-8b40-c3190c815aaf) transitioned into state 'RUNNING' from state 'PENDING' {{(pid=110766) _task_receiver /usr/local/lib/python3.8/dist-packages/taskflow/listeners/logging.py:190}}
May 27 09:37:43.884096 dv-cinder-797608-21-smb devstack@c-api.service[110766]: DEBUG cinder.volume.api [None req-7d9c3f65-84ef-4516-809d-217285ac8da7 tempest-VolumesDeleteCascade-121424970 tempest-VolumesDeleteCascade-121424970-project] Task 'cinder.volume.flows.api.create_volume.QuotaCommitTask;volume:create' (2e200200-4296-44b5-8b40-c3190c815aaf) transitioned into state 'SUCCESS' from state 'RUNNING' with result '{'volume_properties': VolumeProperties(attach_status='detached',availability_zone='nova',cgsnapshot_id=None,consistencygroup_id=None,display_description=None,display_name='tempest-VolumesDeleteCascade-Volume-130752254',encryption_key_id=None,group_id=None,group_type_id=,metadata={},multiattach=False,project_id='3cfdd3078cce48ec9b297f2741945d3d',qos_specs=None,replication_status=,reservations=['c7b97070-fd8c-4979-baf8-dc22f024d138','de371102-01fd-4789-a6a1-070c3b8f24ec','1334e9fd-fd8e-41a1-bbab-a25066215218','5c392100-3b68-4bf2-a137-6b745b90bb91'],size=1,snapshot_id=None,source_replicaid=,source_volid=None,status='creating',user_id='8c2e24af7c07437db4a8b33d34190a0f',volume_type_id=c1b57c41-05d9-487e-b526-d98ef3994b5c)}' {{(pid=110766) _task_receiver /usr/local/lib/python3.8/dist-packages/taskflow/listeners/logging.py:178}}
May 27 09:37:43.886318 dv-cinder-797608-21-smb devstack@c-api.service[110766]: DEBUG cinder.volume.api [None req-7d9c3f65-84ef-4516-809d-217285ac8da7 tempest-VolumesDeleteCascade-121424970 tempest-VolumesDeleteCascade-121424970-project] Task 'cinder.volume.flows.api.create_volume.VolumeCastTask;volume:create' (6f8ae8fb-c05e-41d2-8d39-dac7bb39c9ac) transitioned into state 'RUNNING' from state 'PENDING' {{(pid=110766) _task_receiver /usr/local/lib/python3.8/dist-packages/taskflow/listeners/logging.py:190}}
May 27 09:37:43.917738 dv-cinder-797608-21-smb devstack@c-api.service[110766]: DEBUG cinder.volume.api [None req-7d9c3f65-84ef-4516-809d-217285ac8da7 tempest-VolumesDeleteCascade-121424970 tempest-VolumesDeleteCascade-121424970-project] Task 'cinder.volume.flows.api.create_volume.VolumeCastTask;volume:create' (6f8ae8fb-c05e-41d2-8d39-dac7bb39c9ac) transitioned into state 'SUCCESS' from state 'RUNNING' with result 'None' {{(pid=110766) _task_receiver /usr/local/lib/python3.8/dist-packages/taskflow/listeners/logging.py:178}}
May 27 09:37:43.920469 dv-cinder-797608-21-smb devstack@c-api.service[110766]: DEBUG cinder.volume.api [None req-7d9c3f65-84ef-4516-809d-217285ac8da7 tempest-VolumesDeleteCascade-121424970 tempest-VolumesDeleteCascade-121424970-project] Flow 'volume_create_api' (6a4faae9-9488-4629-b813-bb344af90d13) transitioned into state 'SUCCESS' from state 'RUNNING' {{(pid=110766) _flow_receiver /usr/local/lib/python3.8/dist-packages/taskflow/listeners/logging.py:141}}
May 27 09:37:43.921647 dv-cinder-797608-21-smb devstack@c-api.service[110766]: INFO cinder.volume.api [None req-7d9c3f65-84ef-4516-809d-217285ac8da7 tempest-VolumesDeleteCascade-121424970 tempest-VolumesDeleteCascade-121424970-project] Create volume request issued successfully.
May 27 09:37:43.923860 dv-cinder-797608-21-smb devstack@c-api.service[110766]: INFO cinder.api.openstack.wsgi [None req-7d9c3f65-84ef-4516-809d-217285ac8da7 tempest-VolumesDeleteCascade-121424970 tempest-VolumesDeleteCascade-121424970-project] http://10.222.0.79/volume/v3/3cfdd3078cce48ec9b297f2741945d3d/volumes returned with HTTP 202
May 27 09:37:43.928875 dv-cinder-797608-21-smb devstack@c-api.service[110766]: [pid: 110766|app: 0|req: 171/376] 10.222.0.79 () {60 vars in 1234 bytes} [Fri May 27 09:37:43 2022] POST /volume/v3/3cfdd3078cce48ec9b297f2741945d3d/volumes => generated 819 bytes in 458 msecs (HTTP/1.1 202) 7 headers in 291 bytes (1 switches on core 0)
May 27 09:37:43.935568 dv-cinder-797608-21-smb devstack@c-api.service[110765]: DEBUG cinder.api.middleware.request_id [None req-9597b924-0b1c-40e7-a52b-b9c489990497 None None] RequestId filter calling following filter/app {{(pid=110765) _context_setter /opt/stack/cinder/cinder/api/middleware/request_id.py:62}}
May 27 09:37:43.940312 dv-cinder-797608-21-smb devstack@c-api.service[110765]: INFO cinder.api.openstack.wsgi [None req-9597b924-0b1c-40e7-a52b-b9c489990497 tempest-VolumesDeleteCascade-121424970 tempest-VolumesDeleteCascade-121424970-project] GET http://10.222.0.79/volume/v3/3cfdd3078cce48ec9b297f2741945d3d/volumes/b9dd6620-ee42-4706-b85d-9cc8e3dc8b3b
May 27 09:37:43.940809 dv-cinder-797608-21-smb devstack@c-api.service[110765]: DEBUG cinder.api.openstack.wsgi [None req-9597b924-0b1c-40e7-a52b-b9c489990497 tempest-VolumesDeleteCascade-121424970 tempest-VolumesDeleteCascade-121424970-project] Empty body provided in request {{(pid=110765) get_body /opt/stack/cinder/cinder/api/openstack/wsgi.py:715}}
May 27 09:37:43.941314 dv-cinder-797608-21-smb devstack@c-api.service[110765]: DEBUG cinder.api.openstack.wsgi [None req-9597b924-0b1c-40e7-a52b-b9c489990497 tempest-VolumesDeleteCascade-121424970 tempest-VolumesDeleteCascade-121424970-project] Calling method 'show' {{(pid=110765) _process_stack /opt/stack/cinder/cinder/api/openstack/wsgi.py:868}}
May 27 09:37:43.958946 dv-cinder-797608-21-smb devstack@c-api.service[110765]: /usr/local/lib/python3.8/dist-packages/oslo_context/context.py:100: DeprecationWarning: Policy enforcement is depending on the value of is_admin. This key is deprecated. Please update your policy file to use the standard policy values.
May 27 09:37:43.958946 dv-cinder-797608-21-smb devstack@c-api.service[110765]: warnings.warn('Policy enforcement is depending on the value of '
