May 27 09:37:28.790505 dv-cinder-797608-21-smb devstack@c-api.service[110765]: DEBUG cinder.api.middleware.request_id [req-41334566-b873-4781-b17f-8427fa081750 req-04a95ae0-5136-4bd7-ac2f-ae44dd306f27 None None] RequestId filter calling following filter/app {{(pid=110765) _context_setter /opt/stack/cinder/cinder/api/middleware/request_id.py:62}}
May 27 09:37:28.791515 dv-cinder-797608-21-smb devstack@c-api.service[110766]: [pid: 110766|app: 0|req: 119/256] 10.222.0.79 () {58 vars in 1354 bytes} [Fri May 27 09:37:28 2022] GET /volume/v3/abe18f696c64460f8efe2ba6c239c05a/types/4650427f-b8bd-44e3-b1f4-4b365c7701ab/extra_specs => generated 114 bytes in 24 msecs (HTTP/1.1 404) 7 headers in 292 bytes (2 switches on core 0)
May 27 09:37:28.793199 dv-cinder-797608-21-smb devstack@c-api.service[110766]: DEBUG cinder.api.middleware.request_id [None req-6fd192e0-68dd-4efd-a8cf-bb695a31b99e None None] RequestId filter calling following filter/app {{(pid=110766) _context_setter /opt/stack/cinder/cinder/api/middleware/request_id.py:62}}
May 27 09:37:28.795311 dv-cinder-797608-21-smb devstack@c-api.service[110765]: INFO cinder.api.openstack.wsgi [req-41334566-b873-4781-b17f-8427fa081750 req-04a95ae0-5136-4bd7-ac2f-ae44dd306f27 tempest-DeleteServersTestJSON-1979918368 tempest-DeleteServersTestJSON-1979918368-project] POST http://10.222.0.79/volume/v3/2adee140c52d4f3989c70924948a17e1/attachments/c5c10bb3-9ce1-44ba-a196-abdfbb4ab94f/action
May 27 09:37:28.796073 dv-cinder-797608-21-smb devstack@c-api.service[110765]: DEBUG cinder.api.openstack.wsgi [req-41334566-b873-4781-b17f-8427fa081750 req-04a95ae0-5136-4bd7-ac2f-ae44dd306f27 tempest-DeleteServersTestJSON-1979918368 tempest-DeleteServersTestJSON-1979918368-project] Action body: b'{"os-complete": null}' {{(pid=110765) get_method /opt/stack/cinder/cinder/api/openstack/wsgi.py:983}}
May 27 09:37:28.796401 dv-cinder-797608-21-smb devstack@c-api.service[110765]: DEBUG cinder.api.openstack.wsgi [req-41334566-b873-4781-b17f-8427fa081750 req-04a95ae0-5136-4bd7-ac2f-ae44dd306f27 tempest-DeleteServersTestJSON-1979918368 tempest-DeleteServersTestJSON-1979918368-project] Action: 'action', calling method: version_select, body: {"os-complete": null} {{(pid=110765) _process_stack /opt/stack/cinder/cinder/api/openstack/wsgi.py:866}}
May 27 09:37:28.798009 dv-cinder-797608-21-smb devstack@c-api.service[110766]: INFO cinder.api.openstack.wsgi [None req-6fd192e0-68dd-4efd-a8cf-bb695a31b99e tempest-VolumeSnapshotQuotasNegativeTestJSON-135735136 tempest-VolumeSnapshotQuotasNegativeTestJSON-135735136-project] POST http://10.222.0.79/volume/v3/2150f2220f224f3fa4a6813631096b10/snapshots
May 27 09:37:28.798976 dv-cinder-797608-21-smb devstack@c-api.service[110766]: DEBUG cinder.api.openstack.wsgi [None req-6fd192e0-68dd-4efd-a8cf-bb695a31b99e tempest-VolumeSnapshotQuotasNegativeTestJSON-135735136 tempest-VolumeSnapshotQuotasNegativeTestJSON-135735136-project] Action: 'create', calling method: create, body: {"snapshot": {"volume_id": "1eec1fb7-f327-43bc-a3f0-47db25032b06"}} {{(pid=110766) _process_stack /opt/stack/cinder/cinder/api/openstack/wsgi.py:866}}
May 27 09:37:28.808966 dv-cinder-797608-21-smb devstack@c-api.service[110765]: DEBUG dbcounter [-] [110765] Writing DB stats cinder:SELECT=76,cinder:INSERT=10,cinder:UPDATE=14 {{(pid=110765) stat_writer /usr/local/lib/python3.8/dist-packages/dbcounter.py:114}}
May 27 09:37:28.826224 dv-cinder-797608-21-smb devstack@c-api.service[110766]: /usr/local/lib/python3.8/dist-packages/oslo_context/context.py:100: DeprecationWarning: Policy enforcement is depending on the value of is_admin. This key is deprecated. Please update your policy file to use the standard policy values.
May 27 09:37:28.826224 dv-cinder-797608-21-smb devstack@c-api.service[110766]: warnings.warn('Policy enforcement is depending on the value of '
May 27 09:37:28.832490 dv-cinder-797608-21-smb devstack@c-api.service[110766]: INFO cinder.volume.api [None req-6fd192e0-68dd-4efd-a8cf-bb695a31b99e tempest-VolumeSnapshotQuotasNegativeTestJSON-135735136 tempest-VolumeSnapshotQuotasNegativeTestJSON-135735136-project] Volume info retrieved successfully.
May 27 09:37:28.832932 dv-cinder-797608-21-smb devstack@c-api.service[110766]: INFO cinder.api.v3.snapshots [None req-6fd192e0-68dd-4efd-a8cf-bb695a31b99e tempest-VolumeSnapshotQuotasNegativeTestJSON-135735136 tempest-VolumeSnapshotQuotasNegativeTestJSON-135735136-project] Create snapshot from volume 1eec1fb7-f327-43bc-a3f0-47db25032b06
May 27 09:37:28.844543 dv-cinder-797608-21-smb devstack@c-api.service[110765]: /usr/local/lib/python3.8/dist-packages/oslo_context/context.py:100: DeprecationWarning: Policy enforcement is depending on the value of is_admin. This key is deprecated. Please update your policy file to use the standard policy values.
May 27 09:37:28.844543 dv-cinder-797608-21-smb devstack@c-api.service[110765]: warnings.warn('Policy enforcement is depending on the value of '
May 27 09:37:28.870783 dv-cinder-797608-21-smb devstack@c-api.service[110765]: INFO cinder.api.openstack.wsgi [req-41334566-b873-4781-b17f-8427fa081750 req-04a95ae0-5136-4bd7-ac2f-ae44dd306f27 tempest-DeleteServersTestJSON-1979918368 tempest-DeleteServersTestJSON-1979918368-project] http://10.222.0.79/volume/v3/2adee140c52d4f3989c70924948a17e1/attachments/c5c10bb3-9ce1-44ba-a196-abdfbb4ab94f/action returned with HTTP 204
May 27 09:37:28.871687 dv-cinder-797608-21-smb devstack@c-api.service[110765]: [pid: 110765|app: 0|req: 138/257] 10.222.0.76 () {64 vars in 1498 bytes} [Fri May 27 09:37:28 2022] POST /volume/v3/2adee140c52d4f3989c70924948a17e1/attachments/c5c10bb3-9ce1-44ba-a196-abdfbb4ab94f/action => generated 0 bytes in 83 msecs (HTTP/1.1 204) 7 headers in 292 bytes (1 switches on core 0)
May 27 09:37:28.873023 dv-cinder-797608-21-smb devstack@c-api.service[110765]: DEBUG cinder.api.middleware.request_id [None req-db78bcc4-f149-492b-b650-e6088a8ec93a None None] RequestId filter calling following filter/app {{(pid=110765) _context_setter /opt/stack/cinder/cinder/api/middleware/request_id.py:62}}
May 27 09:37:28.881244 dv-cinder-797608-21-smb devstack@c-api.service[110765]: INFO cinder.api.openstack.wsgi [None req-db78bcc4-f149-492b-b650-e6088a8ec93a tempest-ExtraSpecsNegativeTest-1349998861 tempest-ExtraSpecsNegativeTest-1349998861-project-admin] PUT http://10.222.0.79/volume/v3/abe18f696c64460f8efe2ba6c239c05a/types/f4121dbd-653f-46bd-a382-d3ff9af645c4/extra_specs/spec1
May 27 09:37:28.882534 dv-cinder-797608-21-smb devstack@c-api.service[110765]: DEBUG cinder.api.openstack.wsgi [None req-db78bcc4-f149-492b-b650-e6088a8ec93a tempest-ExtraSpecsNegativeTest-1349998861 tempest-ExtraSpecsNegativeTest-1349998861-project-admin] Action: 'update', calling method: update, body: {"spec1": "val2", "spec2": "val1"} {{(pid=110765) _process_stack /opt/stack/cinder/cinder/api/openstack/wsgi.py:866}}
May 27 09:37:28.883519 dv-cinder-797608-21-smb devstack@c-api.service[110765]: INFO cinder.api.openstack.wsgi [None req-db78bcc4-f149-492b-b650-e6088a8ec93a tempest-ExtraSpecsNegativeTest-1349998861 tempest-ExtraSpecsNegativeTest-1349998861-project-admin] http://10.222.0.79/volume/v3/abe18f696c64460f8efe2ba6c239c05a/types/f4121dbd-653f-46bd-a382-d3ff9af645c4/extra_specs/spec1 returned with HTTP 400
May 27 09:37:28.884423 dv-cinder-797608-21-smb devstack@c-api.service[110765]: [pid: 110765|app: 0|req: 139/258] 10.222.0.79 () {60 vars in 1392 bytes} [Fri May 27 09:37:28 2022] PUT /volume/v3/abe18f696c64460f8efe2ba6c239c05a/types/f4121dbd-653f-46bd-a382-d3ff9af645c4/extra_specs/spec1 => generated 102 bytes in 12 msecs (HTTP/1.1 400) 7 headers in 294 bytes (1 switches on core 0)
May 27 09:37:28.890701 dv-cinder-797608-21-smb devstack@c-api.service[110765]: DEBUG cinder.api.middleware.request_id [None req-9076608e-aa75-407e-bb57-5acf54fbd094 None None] RequestId filter calling following filter/app {{(pid=110765) _context_setter /opt/stack/cinder/cinder/api/middleware/request_id.py:62}}
May 27 09:37:28.895660 dv-cinder-797608-21-smb devstack@c-api.service[110765]: INFO cinder.api.openstack.wsgi [None req-9076608e-aa75-407e-bb57-5acf54fbd094 tempest-ExtraSpecsNegativeTest-1349998861 tempest-ExtraSpecsNegativeTest-1349998861-project-admin] PUT http://10.222.0.79/volume/v3/abe18f696c64460f8efe2ba6c239c05a/types/f4121dbd-653f-46bd-a382-d3ff9af645c4/extra_specs/spec1
May 27 09:37:28.896117 dv-cinder-797608-21-smb devstack@c-api.service[110765]: DEBUG cinder.api.openstack.wsgi [None req-9076608e-aa75-407e-bb57-5acf54fbd094 tempest-ExtraSpecsNegativeTest-1349998861 tempest-ExtraSpecsNegativeTest-1349998861-project-admin] Action: 'update', calling method: update, body: null {{(pid=110765) _process_stack /opt/stack/cinder/cinder/api/openstack/wsgi.py:866}}
May 27 09:37:28.897180 dv-cinder-797608-21-smb devstack@c-api.service[110765]: INFO cinder.api.openstack.wsgi [None req-9076608e-aa75-407e-bb57-5acf54fbd094 tempest-ExtraSpecsNegativeTest-1349998861 tempest-ExtraSpecsNegativeTest-1349998861-project-admin] http://10.222.0.79/volume/v3/abe18f696c64460f8efe2ba6c239c05a/types/f4121dbd-653f-46bd-a382-d3ff9af645c4/extra_specs/spec1 returned with HTTP 400
May 27 09:37:28.902350 dv-cinder-797608-21-smb devstack@c-api.service[110765]: [pid: 110765|app: 0|req: 140/259] 10.222.0.79 () {60 vars in 1391 bytes} [Fri May 27 09:37:28 2022] PUT /volume/v3/abe18f696c64460f8efe2ba6c239c05a/types/f4121dbd-653f-46bd-a382-d3ff9af645c4/extra_specs/spec1 => generated 72 bytes in 13 msecs (HTTP/1.1 400) 7 headers in 293 bytes (2 switches on core 0)
May 27 09:37:28.903746 dv-cinder-797608-21-smb devstack@c-api.service[110765]: DEBUG cinder.api.middleware.request_id [None req-8621bc61-1d1f-4bd4-9880-e22984c9c063 None None] RequestId filter calling following filter/app {{(pid=110765) _context_setter /opt/stack/cinder/cinder/api/middleware/request_id.py:62}}
May 27 09:37:28.909570 dv-cinder-797608-21-smb devstack@c-api.service[110765]: INFO cinder.api.openstack.wsgi [None req-8621bc61-1d1f-4bd4-9880-e22984c9c063 tempest-ExtraSpecsNegativeTest-1349998861 tempest-ExtraSpecsNegativeTest-1349998861-project-admin] PUT http://10.222.0.79/volume/v3/abe18f696c64460f8efe2ba6c239c05a/types/f4121dbd-653f-46bd-a382-d3ff9af645c4/extra_specs/None
May 27 09:37:28.909902 dv-cinder-797608-21-smb devstack@c-api.service[110765]: DEBUG cinder.api.openstack.wsgi [None req-8621bc61-1d1f-4bd4-9880-e22984c9c063 tempest-ExtraSpecsNegativeTest-1349998861 tempest-ExtraSpecsNegativeTest-1349998861-project-admin] Action: 'update', calling method: update, body: {"spec1": "val2"} {{(pid=110765) _process_stack /opt/stack/cinder/cinder/api/openstack/wsgi.py:866}}
May 27 09:37:28.921700 dv-cinder-797608-21-smb devstack@c-api.service[110766]: WARNING cinder.quota_utils [None req-6fd192e0-68dd-4efd-a8cf-bb695a31b99e tempest-VolumeSnapshotQuotasNegativeTestJSON-135735136 tempest-VolumeSnapshotQuotasNegativeTestJSON-135735136-project] Quota exceeded for 2150f2220f224f3fa4a6813631096b10, tried to create 1G snapshot (2G of 2G already consumed).: cinder.exception.OverQuota: Quota exceeded for resources: ['gigabytes']
May 27 09:37:28.922209 dv-cinder-797608-21-smb devstack@c-api.service[110766]: INFO cinder.api.middleware.fault [None req-6fd192e0-68dd-4efd-a8cf-bb695a31b99e tempest-VolumeSnapshotQuotasNegativeTestJSON-135735136 tempest-VolumeSnapshotQuotasNegativeTestJSON-135735136-project] http://10.222.0.79/volume/v3/2150f2220f224f3fa4a6813631096b10/snapshots returned with HTTP 413
May 27 09:37:28.927045 dv-cinder-797608-21-smb devstack@c-api.service[110766]: [pid: 110766|app: 0|req: 120/260] 10.222.0.79 () {60 vars in 1240 bytes} [Fri May 27 09:37:28 2022] POST /volume/v3/2150f2220f224f3fa4a6813631096b10/snapshots => generated 208 bytes in 135 msecs (HTTP/1.1 413) 8 headers in 323 bytes (1 switches on core 0)
May 27 09:37:28.932652 dv-cinder-797608-21-smb devstack@c-api.service[110766]: DEBUG cinder.api.middleware.request_id [None req-000ed172-e579-42fa-a655-9093ddbd4c06 None None] RequestId filter calling following filter/app {{(pid=110766) _context_setter /opt/stack/cinder/cinder/api/middleware/request_id.py:62}}
May 27 09:37:28.937209 dv-cinder-797608-21-smb devstack@c-api.service[110765]: INFO cinder.api.openstack.wsgi [None req-8621bc61-1d1f-4bd4-9880-e22984c9c063 tempest-ExtraSpecsNegativeTest-1349998861 tempest-ExtraSpecsNegativeTest-1349998861-project-admin] HTTP exception thrown: Request body and URI mismatch
May 27 09:37:28.937637 dv-cinder-797608-21-smb devstack@c-api.service[110765]: INFO cinder.api.openstack.wsgi [None req-8621bc61-1d1f-4bd4-9880-e22984c9c063 tempest-ExtraSpecsNegativeTest-1349998861 tempest-ExtraSpecsNegativeTest-1349998861-project-admin] http://10.222.0.79/volume/v3/abe18f696c64460f8efe2ba6c239c05a/types/f4121dbd-653f-46bd-a382-d3ff9af645c4/extra_specs/None returned with HTTP 400
May 27 09:37:28.938651 dv-cinder-797608-21-smb devstack@c-api.service[110765]: [pid: 110765|app: 0|req: 141/261] 10.222.0.79 () {60 vars in 1389 bytes} [Fri May 27 09:37:28 2022] PUT /volume/v3/abe18f696c64460f8efe2ba6c239c05a/types/f4121dbd-653f-46bd-a382-d3ff9af645c4/extra_specs/None => generated 73 bytes in 36 msecs (HTTP/1.1 400) 7 headers in 293 bytes (1 switches on core 0)
May 27 09:37:28.939496 dv-cinder-797608-21-smb devstack@c-api.service[110766]: INFO cinder.api.openstack.wsgi [None req-000ed172-e579-42fa-a655-9093ddbd4c06 tempest-VolumeSnapshotQuotasNegativeTestJSON-1534851704 tempest-VolumeSnapshotQuotasNegativeTestJSON-1534851704-project-admin] PUT http://10.222.0.79/volume/v3/9213ae86381747e49093834430d15167/os-quota-sets/2150f2220f224f3fa4a6813631096b10
May 27 09:37:28.940342 dv-cinder-797608-21-smb devstack@c-api.service[110766]: DEBUG cinder.api.openstack.wsgi [None req-000ed172-e579-42fa-a655-9093ddbd4c06 tempest-VolumeSnapshotQuotasNegativeTestJSON-1534851704 tempest-VolumeSnapshotQuotasNegativeTestJSON-1534851704-project-admin] Action: 'update', calling method: update, body: {"quota_set": {"gigabytes": 3, "volumes": 1, "snapshots": 1}} {{(pid=110766) _process_stack /opt/stack/cinder/cinder/api/openstack/wsgi.py:866}}
May 27 09:37:28.945405 dv-cinder-797608-21-smb devstack@c-api.service[110765]: DEBUG cinder.api.middleware.request_id [None req-5bc541b2-aae1-48d2-a20e-d0707ce1b6e2 None None] RequestId filter calling following filter/app {{(pid=110765) _context_setter /opt/stack/cinder/cinder/api/middleware/request_id.py:62}}
May 27 09:37:28.950705 dv-cinder-797608-21-smb devstack@c-api.service[110765]: INFO cinder.api.openstack.wsgi [None req-5bc541b2-aae1-48d2-a20e-d0707ce1b6e2 tempest-ExtraSpecsNegativeTest-1349998861 tempest-ExtraSpecsNegativeTest-1349998861-project-admin] PUT http://10.222.0.79/volume/v3/abe18f696c64460f8efe2ba6c239c05a/types/f4121dbd-653f-46bd-a382-d3ff9af645c4/extra_specs/037400cc-80f1-4dcc-babd-1d443c420245
May 27 09:37:28.951468 dv-cinder-797608-21-smb devstack@c-api.service[110765]: DEBUG cinder.api.openstack.wsgi [None req-5bc541b2-aae1-48d2-a20e-d0707ce1b6e2 tempest-ExtraSpecsNegativeTest-1349998861 tempest-ExtraSpecsNegativeTest-1349998861-project-admin] Action: 'update', calling method: update, body: {"spec1": "val2"} {{(pid=110765) _process_stack /opt/stack/cinder/cinder/api/openstack/wsgi.py:866}}
May 27 09:37:28.974500 dv-cinder-797608-21-smb devstack@c-api.service[110765]: INFO cinder.api.openstack.wsgi [None req-5bc541b2-aae1-48d2-a20e-d0707ce1b6e2 tempest-ExtraSpecsNegativeTest-1349998861 tempest-ExtraSpecsNegativeTest-1349998861-project-admin] HTTP exception thrown: Request body and URI mismatch
May 27 09:37:28.977020 dv-cinder-797608-21-smb devstack@c-api.service[110765]: INFO cinder.api.openstack.wsgi [None req-5bc541b2-aae1-48d2-a20e-d0707ce1b6e2 tempest-ExtraSpecsNegativeTest-1349998861 tempest-ExtraSpecsNegativeTest-1349998861-project-admin] http://10.222.0.79/volume/v3/abe18f696c64460f8efe2ba6c239c05a/types/f4121dbd-653f-46bd-a382-d3ff9af645c4/extra_specs/037400cc-80f1-4dcc-babd-1d443c420245 returned with HTTP 400
May 27 09:37:28.978923 dv-cinder-797608-21-smb devstack@c-api.service[110765]: [pid: 110765|app: 0|req: 142/262] 10.222.0.79 () {60 vars in 1485 bytes} [Fri May 27 09:37:28 2022] PUT /volume/v3/abe18f696c64460f8efe2ba6c239c05a/types/f4121dbd-653f-46bd-a382-d3ff9af645c4/extra_specs/037400cc-80f1-4dcc-babd-1d443c420245 => generated 73 bytes in 35 msecs (HTTP/1.1 400) 7 headers in 293 bytes (2 switches on core 0)
May 27 09:37:28.984530 dv-cinder-797608-21-smb devstack@c-api.service[110765]: DEBUG cinder.api.middleware.request_id [None req-31c5f14d-4ef7-4b3e-8d45-ac3004e6bbb9 None None] RequestId filter calling following filter/app {{(pid=110765) _context_setter /opt/stack/cinder/cinder/api/middleware/request_id.py:62}}
May 27 09:37:28.994534 dv-cinder-797608-21-smb devstack@c-api.service[110765]: INFO cinder.api.openstack.wsgi [None req-31c5f14d-4ef7-4b3e-8d45-ac3004e6bbb9 tempest-ExtraSpecsNegativeTest-1349998861 tempest-ExtraSpecsNegativeTest-1349998861-project-admin] PUT http://10.222.0.79/volume/v3/abe18f696c64460f8efe2ba6c239c05a/types/0b37bbb3-36c8-4630-8784-39bd5e48d816/extra_specs/spec1
May 27 09:37:28.995268 dv-cinder-797608-21-smb devstack@c-api.service[110765]: DEBUG cinder.api.openstack.wsgi [None req-31c5f14d-4ef7-4b3e-8d45-ac3004e6bbb9 tempest-ExtraSpecsNegativeTest-1349998861 tempest-ExtraSpecsNegativeTest-1349998861-project-admin] Action: 'update', calling method: update, body: {"spec1": "val5"} {{(pid=110765) _process_stack /opt/stack/cinder/cinder/api/openstack/wsgi.py:866}}
May 27 09:37:29.024906 dv-cinder-797608-21-smb devstack@c-api.service[110765]: INFO cinder.api.openstack.wsgi [None req-31c5f14d-4ef7-4b3e-8d45-ac3004e6bbb9 tempest-ExtraSpecsNegativeTest-1349998861 tempest-ExtraSpecsNegativeTest-1349998861-project-admin] http://10.222.0.79/volume/v3/abe18f696c64460f8efe2ba6c239c05a/types/0b37bbb3-36c8-4630-8784-39bd5e48d816/extra_specs/spec1 returned with HTTP 404
May 27 09:37:29.030946 dv-cinder-797608-21-smb devstack@c-api.service[110765]: [pid: 110765|app: 0|req: 143/263] 10.222.0.79 () {60 vars in 1392 bytes} [Fri May 27 09:37:28 2022] PUT /volume/v3/abe18f696c64460f8efe2ba6c239c05a/types/0b37bbb3-36c8-4630-8784-39bd5e48d816/extra_specs/spec1 => generated 114 bytes in 43 msecs (HTTP/1.1 404) 7 headers in 292 bytes (2 switches on core 0)
May 27 09:37:29.034378 dv-cinder-797608-21-smb devstack@c-api.service[110765]: DEBUG cinder.api.middleware.request_id [None req-dd2bc47a-d853-486f-b8c3-1289908ea0cf None None] RequestId filter calling following filter/app {{(pid=110765) _context_setter /opt/stack/cinder/cinder/api/middleware/request_id.py:62}}
May 27 09:37:29.043926 dv-cinder-797608-21-smb devstack@c-api.service[110765]: INFO cinder.api.openstack.wsgi [None req-dd2bc47a-d853-486f-b8c3-1289908ea0cf tempest-ExtraSpecsNegativeTest-1349998861 tempest-ExtraSpecsNegativeTest-1349998861-project-admin] DELETE http://10.222.0.79/volume/v3/abe18f696c64460f8efe2ba6c239c05a/types/f4121dbd-653f-46bd-a382-d3ff9af645c4
May 27 09:37:29.044383 dv-cinder-797608-21-smb devstack@c-api.service[110765]: DEBUG cinder.api.openstack.wsgi [None req-dd2bc47a-d853-486f-b8c3-1289908ea0cf tempest-ExtraSpecsNegativeTest-1349998861 tempest-ExtraSpecsNegativeTest-1349998861-project-admin] Empty body provided in request {{(pid=110765) get_body /opt/stack/cinder/cinder/api/openstack/wsgi.py:715}}
May 27 09:37:29.044899 dv-cinder-797608-21-smb devstack@c-api.service[110765]: DEBUG cinder.api.openstack.wsgi [None req-dd2bc47a-d853-486f-b8c3-1289908ea0cf tempest-ExtraSpecsNegativeTest-1349998861 tempest-ExtraSpecsNegativeTest-1349998861-project-admin] Calling method '_delete' {{(pid=110765) _process_stack /opt/stack/cinder/cinder/api/openstack/wsgi.py:868}}
May 27 09:37:29.084481 dv-cinder-797608-21-smb devstack@c-api.service[110766]: WARNING cinder.quota [None req-000ed172-e579-42fa-a655-9093ddbd4c06 tempest-VolumeSnapshotQuotasNegativeTestJSON-1534851704 tempest-VolumeSnapshotQuotasNegativeTestJSON-1534851704-project-admin] Deprecated: Default quota for resource: volumes_tempest-ExtraSpecsNegativeTest-volume-type-384616668 is set by the default quota flag: quota_volumes_tempest-ExtraSpecsNegativeTest-volume-type-384616668, it is now deprecated. Please use the default quota class for default quota.
May 27 09:37:29.085765 dv-cinder-797608-21-smb devstack@c-api.service[110766]: WARNING cinder.quota [None req-000ed172-e579-42fa-a655-9093ddbd4c06 tempest-VolumeSnapshotQuotasNegativeTestJSON-1534851704 tempest-VolumeSnapshotQuotasNegativeTestJSON-1534851704-project-admin] Deprecated: Default quota for resource: gigabytes_tempest-ExtraSpecsNegativeTest-volume-type-384616668 is set by the default quota flag: quota_gigabytes_tempest-ExtraSpecsNegativeTest-volume-type-384616668, it is now deprecated. Please use the default quota class for default quota.
May 27 09:37:29.086810 dv-cinder-797608-21-smb devstack@c-api.service[110766]: WARNING cinder.quota [None req-000ed172-e579-42fa-a655-9093ddbd4c06 tempest-VolumeSnapshotQuotasNegativeTestJSON-1534851704 tempest-VolumeSnapshotQuotasNegativeTestJSON-1534851704-project-admin] Deprecated: Default quota for resource: snapshots_tempest-ExtraSpecsNegativeTest-volume-type-384616668 is set by the default quota flag: quota_snapshots_tempest-ExtraSpecsNegativeTest-volume-type-384616668, it is now deprecated. Please use the default quota class for default quota.
May 27 09:37:29.087785 dv-cinder-797608-21-smb devstack@c-api.service[110766]: WARNING cinder.quota [None req-000ed172-e579-42fa-a655-9093ddbd4c06 tempest-VolumeSnapshotQuotasNegativeTestJSON-1534851704 tempest-VolumeSnapshotQuotasNegativeTestJSON-1534851704-project-admin] Deprecated: Default quota for resource: volumes_volume-type-2 is set by the default quota flag: quota_volumes_volume-type-2, it is now deprecated. Please use the default quota class for default quota.
May 27 09:37:29.089816 dv-cinder-797608-21-smb devstack@c-api.service[110766]: WARNING cinder.quota [None req-000ed172-e579-42fa-a655-9093ddbd4c06 tempest-VolumeSnapshotQuotasNegativeTestJSON-1534851704 tempest-VolumeSnapshotQuotasNegativeTestJSON-1534851704-project-admin] Deprecated: Default quota for resource: gigabytes_volume-type-2 is set by the default quota flag: quota_gigabytes_volume-type-2, it is now deprecated. Please use the default quota class for default quota.
May 27 09:37:29.090953 dv-cinder-797608-21-smb devstack@c-api.service[110766]: WARNING cinder.quota [None req-000ed172-e579-42fa-a655-9093ddbd4c06 tempest-VolumeSnapshotQuotasNegativeTestJSON-1534851704 tempest-VolumeSnapshotQuotasNegativeTestJSON-1534851704-project-admin] Deprecated: Default quota for resource: snapshots_volume-type-2 is set by the default quota flag: quota_snapshots_volume-type-2, it is now deprecated. Please use the default quota class for default quota.
May 27 09:37:29.094353 dv-cinder-797608-21-smb devstack@c-api.service[110766]: WARNING cinder.quota [None req-000ed172-e579-42fa-a655-9093ddbd4c06 tempest-VolumeSnapshotQuotasNegativeTestJSON-1534851704 tempest-VolumeSnapshotQuotasNegativeTestJSON-1534851704-project-admin] Deprecated: Default quota for resource: snapshots_volume-type-1 is set by the default quota flag: quota_snapshots_volume-type-1, it is now deprecated. Please use the default quota class for default quota.
May 27 09:37:29.108156 dv-cinder-797608-21-smb devstack@c-api.service[110766]: INFO cinder.api.openstack.wsgi [None req-000ed172-e579-42fa-a655-9093ddbd4c06 tempest-VolumeSnapshotQuotasNegativeTestJSON-1534851704 tempest-VolumeSnapshotQuotasNegativeTestJSON-1534851704-project-admin] http://10.222.0.79/volume/v3/9213ae86381747e49093834430d15167/os-quota-sets/2150f2220f224f3fa4a6813631096b10 returned with HTTP 200
May 27 09:37:29.109339 dv-cinder-797608-21-smb devstack@c-api.service[110766]: [pid: 110766|app: 0|req: 121/264] 10.222.0.79 () {60 vars in 1350 bytes} [Fri May 27 09:37:28 2022] PUT /volume/v3/9213ae86381747e49093834430d15167/os-quota-sets/2150f2220f224f3fa4a6813631096b10 => generated 704 bytes in 178 msecs (HTTP/1.1 200) 7 headers in 285 bytes (2 switches on core 0)
May 27 09:37:29.118366 dv-cinder-797608-21-smb devstack@c-api.service[110766]: DEBUG cinder.api.middleware.request_id [None req-158aff6d-0c86-4d14-80a9-27b7d98c2a2c None None] RequestId filter calling following filter/app {{(pid=110766) _context_setter /opt/stack/cinder/cinder/api/middleware/request_id.py:62}}
May 27 09:37:29.123557 dv-cinder-797608-21-smb devstack@c-api.service[110766]: INFO cinder.api.openstack.wsgi [None req-158aff6d-0c86-4d14-80a9-27b7d98c2a2c tempest-VolumeSnapshotQuotasNegativeTestJSON-135735136 tempest-VolumeSnapshotQuotasNegativeTestJSON-135735136-project] POST http://10.222.0.79/volume/v3/2150f2220f224f3fa4a6813631096b10/snapshots
May 27 09:37:29.124804 dv-cinder-797608-21-smb devstack@c-api.service[110766]: DEBUG cinder.api.openstack.wsgi [None req-158aff6d-0c86-4d14-80a9-27b7d98c2a2c tempest-VolumeSnapshotQuotasNegativeTestJSON-135735136 tempest-VolumeSnapshotQuotasNegativeTestJSON-135735136-project] Action: 'create', calling method: create, body: {"snapshot": {"volume_id": "1eec1fb7-f327-43bc-a3f0-47db25032b06"}} {{(pid=110766) _process_stack /opt/stack/cinder/cinder/api/openstack/wsgi.py:866}}
May 27 09:37:29.143847 dv-cinder-797608-21-smb devstack@c-api.service[110766]: /usr/local/lib/python3.8/dist-packages/oslo_context/context.py:100: DeprecationWarning: Policy enforcement is depending on the value of is_admin. This key is deprecated. Please update your policy file to use the standard policy values.
May 27 09:37:29.143847 dv-cinder-797608-21-smb devstack@c-api.service[110766]: warnings.warn('Policy enforcement is depending on the value of '
May 27 09:37:29.146702 dv-cinder-797608-21-smb devstack@c-api.service[110766]: INFO cinder.volume.api [None req-158aff6d-0c86-4d14-80a9-27b7d98c2a2c tempest-VolumeSnapshotQuotasNegativeTestJSON-135735136 tempest-VolumeSnapshotQuotasNegativeTestJSON-135735136-project] Volume info retrieved successfully.
May 27 09:37:29.147163 dv-cinder-797608-21-smb devstack@c-api.service[110766]: INFO cinder.api.v3.snapshots [None req-158aff6d-0c86-4d14-80a9-27b7d98c2a2c tempest-VolumeSnapshotQuotasNegativeTestJSON-135735136 tempest-VolumeSnapshotQuotasNegativeTestJSON-135735136-project] Create snapshot from volume 1eec1fb7-f327-43bc-a3f0-47db25032b06
May 27 09:37:29.184928 dv-cinder-797608-21-smb devstack@c-api.service[110766]: DEBUG dbcounter [-] [110766] Writing DB stats cinder:UPDATE=9,cinder:SELECT=90,cinder:INSERT=1 {{(pid=110766) stat_writer /usr/local/lib/python3.8/dist-packages/dbcounter.py:114}}
May 27 09:37:29.194787 dv-cinder-797608-21-smb devstack@c-api.service[110766]: WARNING cinder.quota_utils [None req-158aff6d-0c86-4d14-80a9-27b7d98c2a2c tempest-VolumeSnapshotQuotasNegativeTestJSON-135735136 tempest-VolumeSnapshotQuotasNegativeTestJSON-135735136-project] Quota exceeded for 2150f2220f224f3fa4a6813631096b10, tried to create snapshot (1 snapshots already consumed).: cinder.exception.OverQuota: Quota exceeded for resources: ['snapshots']
May 27 09:37:29.196130 dv-cinder-797608-21-smb devstack@c-api.service[110766]: INFO cinder.api.middleware.fault [None req-158aff6d-0c86-4d14-80a9-27b7d98c2a2c tempest-VolumeSnapshotQuotasNegativeTestJSON-135735136 tempest-VolumeSnapshotQuotasNegativeTestJSON-135735136-project] http://10.222.0.79/volume/v3/2150f2220f224f3fa4a6813631096b10/snapshots returned with HTTP 413
May 27 09:37:29.197914 dv-cinder-797608-21-smb devstack@c-api.service[110766]: [pid: 110766|app: 0|req: 122/265] 10.222.0.79 () {60 vars in 1240 bytes} [Fri May 27 09:37:29 2022] POST /volume/v3/2150f2220f224f3fa4a6813631096b10/snapshots => generated 133 bytes in 81 msecs (HTTP/1.1 413) 8 headers in 323 bytes (1 switches on core 0)
May 27 09:37:29.205260 dv-cinder-797608-21-smb devstack@c-api.service[110766]: DEBUG cinder.api.middleware.request_id [None req-ff18f293-d8ac-4be5-8816-2bee0778d688 None None] RequestId filter calling following filter/app {{(pid=110766) _context_setter /opt/stack/cinder/cinder/api/middleware/request_id.py:62}}
May 27 09:37:29.218601 dv-cinder-797608-21-smb devstack@c-api.service[110766]: INFO cinder.api.openstack.wsgi [None req-ff18f293-d8ac-4be5-8816-2bee0778d688 tempest-VolumeSnapshotQuotasNegativeTestJSON-135735136 tempest-VolumeSnapshotQuotasNegativeTestJSON-135735136-project] DELETE http://10.222.0.79/volume/v3/2150f2220f224f3fa4a6813631096b10/snapshots/ffd11bdd-7a98-43e5-ae11-23711d76ce8e
May 27 09:37:29.219207 dv-cinder-797608-21-smb devstack@c-api.service[110766]: DEBUG cinder.api.openstack.wsgi [None req-ff18f293-d8ac-4be5-8816-2bee0778d688 tempest-VolumeSnapshotQuotasNegativeTestJSON-135735136 tempest-VolumeSnapshotQuotasNegativeTestJSON-135735136-project] Empty body provided in request {{(pid=110766) get_body /opt/stack/cinder/cinder/api/openstack/wsgi.py:715}}
May 27 09:37:29.219721 dv-cinder-797608-21-smb devstack@c-api.service[110766]: DEBUG cinder.api.openstack.wsgi [None req-ff18f293-d8ac-4be5-8816-2bee0778d688 tempest-VolumeSnapshotQuotasNegativeTestJSON-135735136 tempest-VolumeSnapshotQuotasNegativeTestJSON-135735136-project] Calling method 'delete' {{(pid=110766) _process_stack /opt/stack/cinder/cinder/api/openstack/wsgi.py:868}}
May 27 09:37:29.220156 dv-cinder-797608-21-smb devstack@c-api.service[110766]: INFO cinder.api.v2.snapshots [None req-ff18f293-d8ac-4be5-8816-2bee0778d688 tempest-VolumeSnapshotQuotasNegativeTestJSON-135735136 tempest-VolumeSnapshotQuotasNegativeTestJSON-135735136-project] Delete snapshot with id: ffd11bdd-7a98-43e5-ae11-23711d76ce8e
May 27 09:37:29.232887 dv-cinder-797608-21-smb devstack@c-api.service[110766]: /usr/local/lib/python3.8/dist-packages/oslo_context/context.py:100: DeprecationWarning: Policy enforcement is depending on the value of is_admin. This key is deprecated. Please update your policy file to use the standard policy values.
May 27 09:37:29.232887 dv-cinder-797608-21-smb devstack@c-api.service[110766]: warnings.warn('Policy enforcement is depending on the value of '
May 27 09:37:29.234050 dv-cinder-797608-21-smb devstack@c-api.service[110766]: INFO cinder.volume.api [None req-ff18f293-d8ac-4be5-8816-2bee0778d688 tempest-VolumeSnapshotQuotasNegativeTestJSON-135735136 tempest-VolumeSnapshotQuotasNegativeTestJSON-135735136-project] Snapshot retrieved successfully.
May 27 09:37:29.239829 dv-cinder-797608-21-smb devstack@c-api.service[110765]: INFO cinder.api.openstack.wsgi [None req-dd2bc47a-d853-486f-b8c3-1289908ea0cf tempest-ExtraSpecsNegativeTest-1349998861 tempest-ExtraSpecsNegativeTest-1349998861-project-admin] http://10.222.0.79/volume/v3/abe18f696c64460f8efe2ba6c239c05a/types/f4121dbd-653f-46bd-a382-d3ff9af645c4 returned with HTTP 202
May 27 09:37:29.246423 dv-cinder-797608-21-smb devstack@c-api.service[110765]: [pid: 110765|app: 0|req: 144/266] 10.222.0.79 () {58 vars in 1321 bytes} [Fri May 27 09:37:29 2022] DELETE /volume/v3/abe18f696c64460f8efe2ba6c239c05a/types/f4121dbd-653f-46bd-a382-d3ff9af645c4 => generated 0 bytes in 211 msecs (HTTP/1.1 202) 6 headers in 233 bytes (1 switches on core 0)
May 27 09:37:29.247211 dv-cinder-797608-21-smb devstack@c-api.service[110765]: DEBUG cinder.api.middleware.request_id [None req-dda88e54-f94c-43e5-ae78-caa7b79bd0a5 None None] RequestId filter calling following filter/app {{(pid=110765) _context_setter /opt/stack/cinder/cinder/api/middleware/request_id.py:62}}
May 27 09:37:29.251890 dv-cinder-797608-21-smb devstack@c-api.service[110765]: INFO cinder.api.openstack.wsgi [None req-dda88e54-f94c-43e5-ae78-caa7b79bd0a5 tempest-ExtraSpecsNegativeTest-1349998861 tempest-ExtraSpecsNegativeTest-1349998861-project-admin] GET http://10.222.0.79/volume/v3/abe18f696c64460f8efe2ba6c239c05a/types/f4121dbd-653f-46bd-a382-d3ff9af645c4
May 27 09:37:29.252339 dv-cinder-797608-21-smb devstack@c-api.service[110765]: DEBUG cinder.api.openstack.wsgi [None req-dda88e54-f94c-43e5-ae78-caa7b79bd0a5 tempest-ExtraSpecsNegativeTest-1349998861 tempest-ExtraSpecsNegativeTest-1349998861-project-admin] Empty body provided in request {{(pid=110765) get_body /opt/stack/cinder/cinder/api/openstack/wsgi.py:715}}
May 27 09:37:29.252796 dv-cinder-797608-21-smb devstack@c-api.service[110765]: DEBUG cinder.api.openstack.wsgi [None req-dda88e54-f94c-43e5-ae78-caa7b79bd0a5 tempest-ExtraSpecsNegativeTest-1349998861 tempest-ExtraSpecsNegativeTest-1349998861-project-admin] Calling method 'show' {{(pid=110765) _process_stack /opt/stack/cinder/cinder/api/openstack/wsgi.py:868}}
May 27 09:37:29.273738 dv-cinder-797608-21-smb devstack@c-api.service[110765]: INFO cinder.api.openstack.wsgi [None req-dda88e54-f94c-43e5-ae78-caa7b79bd0a5 tempest-ExtraSpecsNegativeTest-1349998861 tempest-ExtraSpecsNegativeTest-1349998861-project-admin] http://10.222.0.79/volume/v3/abe18f696c64460f8efe2ba6c239c05a/types/f4121dbd-653f-46bd-a382-d3ff9af645c4 returned with HTTP 404
May 27 09:37:29.274721 dv-cinder-797608-21-smb devstack@c-api.service[110765]: [pid: 110765|app: 0|req: 145/267] 10.222.0.79 () {58 vars in 1318 bytes} [Fri May 27 09:37:29 2022] GET /volume/v3/abe18f696c64460f8efe2ba6c239c05a/types/f4121dbd-653f-46bd-a382-d3ff9af645c4 => generated 114 bytes in 29 msecs (HTTP/1.1 404) 7 headers in 292 bytes (1 switches on core 0)
May 27 09:37:29.283716 dv-cinder-797608-21-smb devstack@c-api.service[110766]: INFO cinder.volume.api [None req-ff18f293-d8ac-4be5-8816-2bee0778d688 tempest-VolumeSnapshotQuotasNegativeTestJSON-135735136 tempest-VolumeSnapshotQuotasNegativeTestJSON-135735136-project] Snapshot delete request issued successfully.
May 27 09:37:29.284445 dv-cinder-797608-21-smb devstack@c-api.service[110766]: INFO cinder.api.openstack.wsgi [None req-ff18f293-d8ac-4be5-8816-2bee0778d688 tempest-VolumeSnapshotQuotasNegativeTestJSON-135735136 tempest-VolumeSnapshotQuotasNegativeTestJSON-135735136-project] http://10.222.0.79/volume/v3/2150f2220f224f3fa4a6813631096b10/snapshots/ffd11bdd-7a98-43e5-ae11-23711d76ce8e returned with HTTP 202
May 27 09:37:29.286434 dv-cinder-797608-21-smb devstack@c-api.service[110766]: [pid: 110766|app: 0|req: 123/268] 10.222.0.79 () {58 vars in 1333 bytes} [Fri May 27 09:37:29 2022] DELETE /volume/v3/2150f2220f224f3fa4a6813631096b10/snapshots/ffd11bdd-7a98-43e5-ae11-23711d76ce8e => generated 0 bytes in 82 msecs (HTTP/1.1 202) 6 headers in 233 bytes (1 switches on core 0)
May 27 09:37:29.291124 dv-cinder-797608-21-smb devstack@c-api.service[110765]: DEBUG cinder.api.middleware.request_id [None req-b9324fc5-19cb-4579-9aed-755e20ff1183 None None] RequestId filter calling following filter/app {{(pid=110765) _context_setter /opt/stack/cinder/cinder/api/middleware/request_id.py:62}}
May 27 09:37:29.298707 dv-cinder-797608-21-smb devstack@c-api.service[110765]: INFO cinder.api.openstack.wsgi [None req-b9324fc5-19cb-4579-9aed-755e20ff1183 tempest-VolumeSnapshotQuotasNegativeTestJSON-135735136 tempest-VolumeSnapshotQuotasNegativeTestJSON-135735136-project] GET http://10.222.0.79/volume/v3/2150f2220f224f3fa4a6813631096b10/snapshots/ffd11bdd-7a98-43e5-ae11-23711d76ce8e
May 27 09:37:29.298707 dv-cinder-797608-21-smb devstack@c-api.service[110765]: DEBUG cinder.api.openstack.wsgi [None req-b9324fc5-19cb-4579-9aed-755e20ff1183 tempest-VolumeSnapshotQuotasNegativeTestJSON-135735136 tempest-VolumeSnapshotQuotasNegativeTestJSON-135735136-project] Empty body provided in request {{(pid=110765) get_body /opt/stack/cinder/cinder/api/openstack/wsgi.py:715}}
May 27 09:37:29.298707 dv-cinder-797608-21-smb devstack@c-api.service[110765]: DEBUG cinder.api.openstack.wsgi [None req-b9324fc5-19cb-4579-9aed-755e20ff1183 tempest-VolumeSnapshotQuotasNegativeTestJSON-135735136 tempest-VolumeSnapshotQuotasNegativeTestJSON-135735136-project] Calling method 'show' {{(pid=110765) _process_stack /opt/stack/cinder/cinder/api/openstack/wsgi.py:868}}
May 27 09:37:29.320509 dv-cinder-797608-21-smb devstack@c-api.service[110765]: /usr/local/lib/python3.8/dist-packages/oslo_context/context.py:100: DeprecationWarning: Policy enforcement is depending on the value of is_admin. This key is deprecated. Please update your policy file to use the standard policy values.
May 27 09:37:29.320509 dv-cinder-797608-21-smb devstack@c-api.service[110765]: warnings.warn('Policy enforcement is depending on the value of '
May 27 09:37:29.321592 dv-cinder-797608-21-smb devstack@c-api.service[110765]: INFO cinder.volume.api [None req-b9324fc5-19cb-4579-9aed-755e20ff1183 tempest-VolumeSnapshotQuotasNegativeTestJSON-135735136 tempest-VolumeSnapshotQuotasNegativeTestJSON-135735136-project] Snapshot retrieved successfully.
May 27 09:37:29.329110 dv-cinder-797608-21-smb devstack@c-api.service[110765]: INFO cinder.api.openstack.wsgi [None req-b9324fc5-19cb-4579-9aed-755e20ff1183 tempest-VolumeSnapshotQuotasNegativeTestJSON-135735136 tempest-VolumeSnapshotQuotasNegativeTestJSON-135735136-project] http://10.222.0.79/volume/v3/2150f2220f224f3fa4a6813631096b10/snapshots/ffd11bdd-7a98-43e5-ae11-23711d76ce8e returned with HTTP 200
May 27 09:37:29.330040 dv-cinder-797608-21-smb devstack@c-api.service[110765]: [pid: 110765|app: 0|req: 146/269] 10.222.0.79 () {58 vars in 1330 bytes} [Fri May 27 09:37:29 2022] GET /volume/v3/2150f2220f224f3fa4a6813631096b10/snapshots/ffd11bdd-7a98-43e5-ae11-23711d76ce8e => generated 546 bytes in 40 msecs (HTTP/1.1 200) 7 headers in 285 bytes (1 switches on core 0)
May 27 09:37:29.614806 dv-cinder-797608-21-smb devstack@c-api.service[110766]: DEBUG cinder.api.middleware.request_id [None req-9696a7c9-2e30-4743-a862-2d922b62d123 None None] RequestId filter calling following filter/app {{(pid=110766) _context_setter /opt/stack/cinder/cinder/api/middleware/request_id.py:62}}
May 27 09:37:29.619262 dv-cinder-797608-21-smb devstack@c-api.service[110766]: INFO cinder.api.openstack.wsgi [None req-9696a7c9-2e30-4743-a862-2d922b62d123 tempest-DeleteServersTestJSON-1979918368 tempest-DeleteServersTestJSON-1979918368-project] GET http://10.222.0.79/volume/v3/2adee140c52d4f3989c70924948a17e1/volumes/e31f08e3-f8b7-483d-b7ba-07844af921e0
May 27 09:37:29.619570 dv-cinder-797608-21-smb devstack@c-api.service[110766]: DEBUG cinder.api.openstack.wsgi [None req-9696a7c9-2e30-4743-a862-2d922b62d123 tempest-DeleteServersTestJSON-1979918368 tempest-DeleteServersTestJSON-1979918368-project] Empty body provided in request {{(pid=110766) get_body /opt/stack/cinder/cinder/api/openstack/wsgi.py:715}}
May 27 09:37:29.620042 dv-cinder-797608-21-smb devstack@c-api.service[110766]: DEBUG cinder.api.openstack.wsgi [None req-9696a7c9-2e30-4743-a862-2d922b62d123 tempest-DeleteServersTestJSON-1979918368 tempest-DeleteServersTestJSON-1979918368-project] Calling method 'show' {{(pid=110766) _process_stack /opt/stack/cinder/cinder/api/openstack/wsgi.py:868}}
May 27 09:37:29.644370 dv-cinder-797608-21-smb devstack@c-api.service[110766]: /usr/local/lib/python3.8/dist-packages/oslo_context/context.py:100: DeprecationWarning: Policy enforcement is depending on the value of is_admin. This key is deprecated. Please update your policy file to use the standard policy values.
May 27 09:37:29.644370 dv-cinder-797608-21-smb devstack@c-api.service[110766]: warnings.warn('Policy enforcement is depending on the value of '
May 27 09:37:29.654352 dv-cinder-797608-21-smb devstack@c-api.service[110765]: DEBUG cinder.api.middleware.request_id [None req-18a19621-6f26-4fd1-af99-2deff4a6b719 None None] RequestId filter calling following filter/app {{(pid=110765) _context_setter /opt/stack/cinder/cinder/api/middleware/request_id.py:62}}
May 27 09:37:29.657439 dv-cinder-797608-21-smb devstack@c-api.service[110766]: INFO cinder.volume.api [None req-9696a7c9-2e30-4743-a862-2d922b62d123 tempest-DeleteServersTestJSON-1979918368 tempest-DeleteServersTestJSON-1979918368-project] Volume info retrieved successfully.
May 27 09:37:29.657988 dv-cinder-797608-21-smb devstack@c-api.service[110765]: INFO cinder.api.openstack.wsgi [None req-18a19621-6f26-4fd1-af99-2deff4a6b719 tempest-VolumeRetypeWithoutMigrationTest-304256265 tempest-VolumeRetypeWithoutMigrationTest-304256265-project] GET http://10.222.0.79/volume/v3/bbbe638f36b94399875aaf0fca59e12a/volumes/6c04c884-b448-402d-ade1-af4013e524cf
May 27 09:37:29.658611 dv-cinder-797608-21-smb devstack@c-api.service[110765]: DEBUG cinder.api.openstack.wsgi [None req-18a19621-6f26-4fd1-af99-2deff4a6b719 tempest-VolumeRetypeWithoutMigrationTest-304256265 tempest-VolumeRetypeWithoutMigrationTest-304256265-project] Empty body provided in request {{(pid=110765) get_body /opt/stack/cinder/cinder/api/openstack/wsgi.py:715}}
May 27 09:37:29.659438 dv-cinder-797608-21-smb devstack@c-api.service[110765]: DEBUG cinder.api.openstack.wsgi [None req-18a19621-6f26-4fd1-af99-2deff4a6b719 tempest-VolumeRetypeWithoutMigrationTest-304256265 tempest-VolumeRetypeWithoutMigrationTest-304256265-project] Calling method 'show' {{(pid=110765) _process_stack /opt/stack/cinder/cinder/api/openstack/wsgi.py:868}}
May 27 09:37:29.675601 dv-cinder-797608-21-smb devstack@c-api.service[110766]: INFO cinder.api.openstack.wsgi [None req-9696a7c9-2e30-4743-a862-2d922b62d123 tempest-DeleteServersTestJSON-1979918368 tempest-DeleteServersTestJSON-1979918368-project] http://10.222.0.79/volume/v3/2adee140c52d4f3989c70924948a17e1/volumes/e31f08e3-f8b7-483d-b7ba-07844af921e0 returned with HTTP 200
May 27 09:37:29.676323 dv-cinder-797608-21-smb devstack@c-api.service[110766]: [pid: 110766|app: 0|req: 124/270] 10.222.0.79 () {58 vars in 1324 bytes} [Fri May 27 09:37:29 2022] GET /volume/v3/2adee140c52d4f3989c70924948a17e1/volumes/e31f08e3-f8b7-483d-b7ba-07844af921e0 => generated 1205 bytes in 63 msecs (HTTP/1.1 200) 7 headers in 286 bytes (1 switches on core 0)
May 27 09:37:29.688927 dv-cinder-797608-21-smb devstack@c-api.service[110766]: DEBUG cinder.api.middleware.request_id [None req-6cfb4823-8a0e-4d08-bea8-fe29ca007264 None None] RequestId filter calling following filter/app {{(pid=110766) _context_setter /opt/stack/cinder/cinder/api/middleware/request_id.py:62}}
May 27 09:37:29.692821 dv-cinder-797608-21-smb devstack@c-api.service[110765]: /usr/local/lib/python3.8/dist-packages/oslo_context/context.py:100: DeprecationWarning: Policy enforcement is depending on the value of is_admin. This key is deprecated. Please update your policy file to use the standard policy values.
May 27 09:37:29.692821 dv-cinder-797608-21-smb devstack@c-api.service[110765]: warnings.warn('Policy enforcement is depending on the value of '
May 27 09:37:29.693048 dv-cinder-797608-21-smb devstack@c-api.service[110766]: INFO cinder.api.openstack.wsgi [None req-6cfb4823-8a0e-4d08-bea8-fe29ca007264 tempest-DeleteServersTestJSON-1979918368 tempest-DeleteServersTestJSON-1979918368-project] GET http://10.222.0.79/volume/v3/2adee140c52d4f3989c70924948a17e1/volumes/e31f08e3-f8b7-483d-b7ba-07844af921e0
May 27 09:37:29.693474 dv-cinder-797608-21-smb devstack@c-api.service[110766]: DEBUG cinder.api.openstack.wsgi [None req-6cfb4823-8a0e-4d08-bea8-fe29ca007264 tempest-DeleteServersTestJSON-1979918368 tempest-DeleteServersTestJSON-1979918368-project] Empty body provided in request {{(pid=110766) get_body /opt/stack/cinder/cinder/api/openstack/wsgi.py:715}}
May 27 09:37:29.694055 dv-cinder-797608-21-smb devstack@c-api.service[110766]: DEBUG cinder.api.openstack.wsgi [None req-6cfb4823-8a0e-4d08-bea8-fe29ca007264 tempest-DeleteServersTestJSON-1979918368 tempest-DeleteServersTestJSON-1979918368-project] Calling method 'show' {{(pid=110766) _process_stack /opt/stack/cinder/cinder/api/openstack/wsgi.py:868}}
May 27 09:37:29.716035 dv-cinder-797608-21-smb devstack@c-api.service[110766]: /usr/local/lib/python3.8/dist-packages/oslo_context/context.py:100: DeprecationWarning: Policy enforcement is depending on the value of is_admin. This key is deprecated. Please update your policy file to use the standard policy values.
May 27 09:37:29.716035 dv-cinder-797608-21-smb devstack@c-api.service[110766]: warnings.warn('Policy enforcement is depending on the value of '
May 27 09:37:29.718644 dv-cinder-797608-21-smb devstack@c-api.service[110765]: INFO cinder.volume.api [None req-18a19621-6f26-4fd1-af99-2deff4a6b719 tempest-VolumeRetypeWithoutMigrationTest-304256265 tempest-VolumeRetypeWithoutMigrationTest-304256265-project] Volume info retrieved successfully.
May 27 09:37:29.728021 dv-cinder-797608-21-smb devstack@c-api.service[110766]: INFO cinder.volume.api [None req-6cfb4823-8a0e-4d08-bea8-fe29ca007264 tempest-DeleteServersTestJSON-1979918368 tempest-DeleteServersTestJSON-1979918368-project] Volume info retrieved successfully.
May 27 09:37:29.742415 dv-cinder-797608-21-smb devstack@c-api.service[110765]: INFO cinder.api.openstack.wsgi [None req-18a19621-6f26-4fd1-af99-2deff4a6b719 tempest-VolumeRetypeWithoutMigrationTest-304256265 tempest-VolumeRetypeWithoutMigrationTest-304256265-project] http://10.222.0.79/volume/v3/bbbe638f36b94399875aaf0fca59e12a/volumes/6c04c884-b448-402d-ade1-af4013e524cf returned with HTTP 200
May 27 09:37:29.743055 dv-cinder-797608-21-smb devstack@c-api.service[110766]: INFO cinder.api.openstack.wsgi [None req-6cfb4823-8a0e-4d08-bea8-fe29ca007264 tempest-DeleteServersTestJSON-1979918368 tempest-DeleteServersTestJSON-1979918368-project] http://10.222.0.79/volume/v3/2adee140c52d4f3989c70924948a17e1/volumes/e31f08e3-f8b7-483d-b7ba-07844af921e0 returned with HTTP 200
May 27 09:37:29.743165 dv-cinder-797608-21-smb devstack@c-api.service[110765]: [pid: 110765|app: 0|req: 147/271] 10.222.0.79 () {58 vars in 1324 bytes} [Fri May 27 09:37:29 2022] GET /volume/v3/bbbe638f36b94399875aaf0fca59e12a/volumes/6c04c884-b448-402d-ade1-af4013e524cf => generated 926 bytes in 90 msecs (HTTP/1.1 200) 7 headers in 285 bytes (1 switches on core 0)
May 27 09:37:29.744564 dv-cinder-797608-21-smb devstack@c-api.service[110766]: [pid: 110766|app: 0|req: 125/272] 10.222.0.79 () {58 vars in 1324 bytes} [Fri May 27 09:37:29 2022] GET /volume/v3/2adee140c52d4f3989c70924948a17e1/volumes/e31f08e3-f8b7-483d-b7ba-07844af921e0 => generated 1205 bytes in 56 msecs (HTTP/1.1 200) 7 headers in 286 bytes (1 switches on core 0)
May 27 09:37:29.758521 dv-cinder-797608-21-smb devstack@c-api.service[110765]: DEBUG cinder.api.middleware.request_id [None req-d662a3fb-6fba-4ad7-9a71-bb6f24ce4d2d None None] RequestId filter calling following filter/app {{(pid=110765) _context_setter /opt/stack/cinder/cinder/api/middleware/request_id.py:62}}
May 27 09:37:29.759001 dv-cinder-797608-21-smb devstack@c-api.service[110766]: DEBUG cinder.api.middleware.request_id [None req-30af420d-5bcc-473a-9155-b93e07d19344 None None] RequestId filter calling following filter/app {{(pid=110766) _context_setter /opt/stack/cinder/cinder/api/middleware/request_id.py:62}}
May 27 09:37:29.762172 dv-cinder-797608-21-smb devstack@c-api.service[110765]: INFO cinder.api.openstack.wsgi [None req-d662a3fb-6fba-4ad7-9a71-bb6f24ce4d2d tempest-VolumeRetypeWithoutMigrationTest-243443399 tempest-VolumeRetypeWithoutMigrationTest-243443399-project-admin] GET http://10.222.0.79/volume/v3/09813b28696d4f908b57d61cec6a3f11/volumes/6c04c884-b448-402d-ade1-af4013e524cf
May 27 09:37:29.762609 dv-cinder-797608-21-smb devstack@c-api.service[110765]: DEBUG cinder.api.openstack.wsgi [None req-d662a3fb-6fba-4ad7-9a71-bb6f24ce4d2d tempest-VolumeRetypeWithoutMigrationTest-243443399 tempest-VolumeRetypeWithoutMigrationTest-243443399-project-admin] Empty body provided in request {{(pid=110765) get_body /opt/stack/cinder/cinder/api/openstack/wsgi.py:715}}
May 27 09:37:29.763055 dv-cinder-797608-21-smb devstack@c-api.service[110765]: DEBUG cinder.api.openstack.wsgi [None req-d662a3fb-6fba-4ad7-9a71-bb6f24ce4d2d tempest-VolumeRetypeWithoutMigrationTest-243443399 tempest-VolumeRetypeWithoutMigrationTest-243443399-project-admin] Calling method 'show' {{(pid=110765) _process_stack /opt/stack/cinder/cinder/api/openstack/wsgi.py:868}}
May 27 09:37:29.763855 dv-cinder-797608-21-smb devstack@c-api.service[110766]: INFO cinder.api.openstack.wsgi [None req-30af420d-5bcc-473a-9155-b93e07d19344 tempest-SnapshotMetadataTestJSON-1187470362 tempest-SnapshotMetadataTestJSON-1187470362-project] GET http://10.222.0.79/volume/v3/8a22e0eb930a4a72a622bc17f21dc7dc/volumes/02f368f3-7163-44c9-ab93-f7db521cae33
May 27 09:37:29.767180 dv-cinder-797608-21-smb devstack@c-api.service[110766]: DEBUG cinder.api.openstack.wsgi [None req-30af420d-5bcc-473a-9155-b93e07d19344 tempest-SnapshotMetadataTestJSON-1187470362 tempest-SnapshotMetadataTestJSON-1187470362-project] Empty body provided in request {{(pid=110766) get_body /opt/stack/cinder/cinder/api/openstack/wsgi.py:715}}
May 27 09:37:29.767653 dv-cinder-797608-21-smb devstack@c-api.service[110766]: DEBUG cinder.api.openstack.wsgi [None req-30af420d-5bcc-473a-9155-b93e07d19344 tempest-SnapshotMetadataTestJSON-1187470362 tempest-SnapshotMetadataTestJSON-1187470362-project] Calling method 'show' {{(pid=110766) _process_stack /opt/stack/cinder/cinder/api/openstack/wsgi.py:868}}
May 27 09:37:29.784812 dv-cinder-797608-21-smb devstack@c-api.service[110765]: /usr/local/lib/python3.8/dist-packages/oslo_context/context.py:100: DeprecationWarning: Policy enforcement is depending on the value of is_admin. This key is deprecated. Please update your policy file to use the standard policy values.
May 27 09:37:29.784812 dv-cinder-797608-21-smb devstack@c-api.service[110765]: warnings.warn('Policy enforcement is depending on the value of '
May 27 09:37:29.795298 dv-cinder-797608-21-smb devstack@c-api.service[110766]: /usr/local/lib/python3.8/dist-packages/oslo_context/context.py:100: DeprecationWarning: Policy enforcement is depending on the value of is_admin. This key is deprecated. Please update your policy file to use the standard policy values.
May 27 09:37:29.795298 dv-cinder-797608-21-smb devstack@c-api.service[110766]: warnings.warn('Policy enforcement is depending on the value of '
