Jul 26 16:01:30.241007 dv-cinder-797608-11-smb devstack@c-api.service[99888]: /opt/stack/cinder/cinder/db/sqlalchemy/api.py:2715: SADeprecationWarning: The SelectBase.as_scalar() method is deprecated and will be removed in a future release. Please refer to SelectBase.scalar_subquery(). (deprecated since: 1.4)
Jul 26 16:01:30.241007 dv-cinder-797608-11-smb devstack@c-api.service[99888]: models.VolumeType.qos_specs_id == q.as_scalar())),
Jul 26 16:01:30.244372 dv-cinder-797608-11-smb devstack@c-api.service[99887]: INFO cinder.api.openstack.wsgi [None req-ce9bc6e6-cd19-4088-82cf-60066eb3fde8 tempest-VolumesListTestJSON-1272268302 tempest-VolumesListTestJSON-1272268302-project] http://10.222.0.44/volume/v3/031b46a718614fa58c9c4438e8e6c14c/volumes/detail?limit=1 returned with HTTP 200
Jul 26 16:01:30.245269 dv-cinder-797608-11-smb devstack@c-api.service[99887]: [pid: 99887|app: 0|req: 227/450] 10.222.0.44 () {58 vars in 1250 bytes} [Mon Jul 26 16:01:30 2021] GET /volume/v3/031b46a718614fa58c9c4438e8e6c14c/volumes/detail?limit=1 => generated 1104 bytes in 89 msecs (HTTP/1.1 200) 7 headers in 286 bytes (1 switches on core 0)
Jul 26 16:01:30.249490 dv-cinder-797608-11-smb devstack@c-api.service[99887]: INFO cinder.api.openstack.wsgi [None req-5f3b6d25-9dbc-4706-ae90-9ce6ff62916d tempest-VolumesListAdminTestJSON-468672225 tempest-VolumesListAdminTestJSON-468672225-project] GET http://10.222.0.44/volume/v3/0801301f482b4522ae485650f46a3f67/volumes/c4a651bb-7373-427a-bbc1-838775035a25
Jul 26 16:01:30.250363 dv-cinder-797608-11-smb devstack@c-api.service[99887]: DEBUG cinder.api.openstack.wsgi [None req-5f3b6d25-9dbc-4706-ae90-9ce6ff62916d tempest-VolumesListAdminTestJSON-468672225 tempest-VolumesListAdminTestJSON-468672225-project] Empty body provided in request {{(pid=99887) get_body /opt/stack/cinder/cinder/api/openstack/wsgi.py:703}}
Jul 26 16:01:30.250692 dv-cinder-797608-11-smb devstack@c-api.service[99887]: /usr/local/lib/python3.8/dist-packages/webob/acceptparse.py:1047: DeprecationWarning: The behavior of AcceptValidHeader.best_match is currently being maintained for backward compatibility, but it will be deprecated in the future, as it does not conform to the RFC.
Jul 26 16:01:30.250692 dv-cinder-797608-11-smb devstack@c-api.service[99887]: warnings.warn(
Jul 26 16:01:30.251340 dv-cinder-797608-11-smb devstack@c-api.service[99887]: DEBUG cinder.api.openstack.wsgi [None req-5f3b6d25-9dbc-4706-ae90-9ce6ff62916d tempest-VolumesListAdminTestJSON-468672225 tempest-VolumesListAdminTestJSON-468672225-project] Calling method 'show' {{(pid=99887) _process_stack /opt/stack/cinder/cinder/api/openstack/wsgi.py:856}}
Jul 26 16:01:30.267867 dv-cinder-797608-11-smb devstack@c-api.service[99887]: INFO cinder.api.openstack.wsgi [None req-5f3b6d25-9dbc-4706-ae90-9ce6ff62916d tempest-VolumesListAdminTestJSON-468672225 tempest-VolumesListAdminTestJSON-468672225-project] http://10.222.0.44/volume/v3/0801301f482b4522ae485650f46a3f67/volumes/c4a651bb-7373-427a-bbc1-838775035a25 returned with HTTP 404
Jul 26 16:01:30.269466 dv-cinder-797608-11-smb devstack@c-api.service[99887]: [pid: 99887|app: 0|req: 228/451] 10.222.0.44 () {58 vars in 1325 bytes} [Mon Jul 26 16:01:30 2021] GET /volume/v3/0801301f482b4522ae485650f46a3f67/volumes/c4a651bb-7373-427a-bbc1-838775035a25 => generated 109 bytes in 24 msecs (HTTP/1.1 404) 7 headers in 292 bytes (1 switches on core 0)
Jul 26 16:01:30.273086 dv-cinder-797608-11-smb devstack@c-api.service[99887]: INFO cinder.api.openstack.wsgi [None req-74f6966f-f8d9-43d0-b297-8c5dfffa1539 tempest-VolumesListTestJSON-1272268302 tempest-VolumesListTestJSON-1272268302-project] GET http://10.222.0.44/volume/v3/031b46a718614fa58c9c4438e8e6c14c/volumes/detail?limit=1&marker=c3320b3b-6731-466f-bbe0-90e96b84e4b7
Jul 26 16:01:30.273732 dv-cinder-797608-11-smb devstack@c-api.service[99887]: DEBUG cinder.api.openstack.wsgi [None req-74f6966f-f8d9-43d0-b297-8c5dfffa1539 tempest-VolumesListTestJSON-1272268302 tempest-VolumesListTestJSON-1272268302-project] Empty body provided in request {{(pid=99887) get_body /opt/stack/cinder/cinder/api/openstack/wsgi.py:703}}
Jul 26 16:01:30.274332 dv-cinder-797608-11-smb devstack@c-api.service[99887]: DEBUG cinder.api.openstack.wsgi [None req-74f6966f-f8d9-43d0-b297-8c5dfffa1539 tempest-VolumesListTestJSON-1272268302 tempest-VolumesListTestJSON-1272268302-project] Calling method 'detail' {{(pid=99887) _process_stack /opt/stack/cinder/cinder/api/openstack/wsgi.py:856}}
Jul 26 16:01:30.275216 dv-cinder-797608-11-smb devstack@c-api.service[99887]: DEBUG cinder.api.api_utils [None req-74f6966f-f8d9-43d0-b297-8c5dfffa1539 tempest-VolumesListTestJSON-1272268302 tempest-VolumesListTestJSON-1272268302-project] Removing options '' from query. {{(pid=99887) remove_invalid_filter_options /opt/stack/cinder/cinder/api/api_utils.py:73}}
Jul 26 16:01:30.276997 dv-cinder-797608-11-smb devstack@c-api.service[99887]: DEBUG cinder.volume.api [None req-74f6966f-f8d9-43d0-b297-8c5dfffa1539 tempest-VolumesListTestJSON-1272268302 tempest-VolumesListTestJSON-1272268302-project] Searching by: MultiDict([('no_migration_targets', True)]). {{(pid=99887) get_all /opt/stack/cinder/cinder/volume/api.py:617}}
Jul 26 16:01:30.297487 dv-cinder-797608-11-smb devstack@c-api.service[99888]: INFO cinder.volume.api [None req-1c256ee1-2908-47c2-b76f-d83bc1d9f416 tempest-VolumeRetypeWithoutMigrationTest-383035859 tempest-VolumeRetypeWithoutMigrationTest-383035859-project] Retype volume request issued successfully.
Jul 26 16:01:30.297964 dv-cinder-797608-11-smb devstack@c-api.service[99888]: INFO cinder.api.openstack.wsgi [None req-1c256ee1-2908-47c2-b76f-d83bc1d9f416 tempest-VolumeRetypeWithoutMigrationTest-383035859 tempest-VolumeRetypeWithoutMigrationTest-383035859-project] http://10.222.0.44/volume/v3/a3e38862e3cc4de2bdc234f5acaf6ae0/volumes/192d89a7-4ad8-4cf5-b53f-063995e0a6d3/action returned with HTTP 202
Jul 26 16:01:30.299364 dv-cinder-797608-11-smb devstack@c-api.service[99888]: [pid: 99888|app: 0|req: 224/452] 10.222.0.44 () {60 vars in 1367 bytes} [Mon Jul 26 16:01:29 2021] POST /volume/v3/a3e38862e3cc4de2bdc234f5acaf6ae0/volumes/192d89a7-4ad8-4cf5-b53f-063995e0a6d3/action => generated 0 bytes in 328 msecs (HTTP/1.1 202) 7 headers in 289 bytes (1 switches on core 0)
Jul 26 16:01:30.309368 dv-cinder-797608-11-smb devstack@c-api.service[99888]: INFO cinder.api.openstack.wsgi [None req-7c266663-48a8-4044-ad58-c4402952ea56 tempest-VolumesListAdminTestJSON-468672225 tempest-VolumesListAdminTestJSON-468672225-project] DELETE http://10.222.0.44/volume/v3/0801301f482b4522ae485650f46a3f67/volumes/a4125a3a-89c8-49b7-a437-3e274dcdba58
Jul 26 16:01:30.310377 dv-cinder-797608-11-smb devstack@c-api.service[99888]: DEBUG cinder.api.openstack.wsgi [None req-7c266663-48a8-4044-ad58-c4402952ea56 tempest-VolumesListAdminTestJSON-468672225 tempest-VolumesListAdminTestJSON-468672225-project] Empty body provided in request {{(pid=99888) get_body /opt/stack/cinder/cinder/api/openstack/wsgi.py:703}}
Jul 26 16:01:30.310697 dv-cinder-797608-11-smb devstack@c-api.service[99888]: /usr/local/lib/python3.8/dist-packages/webob/acceptparse.py:1047: DeprecationWarning: The behavior of AcceptValidHeader.best_match is currently being maintained for backward compatibility, but it will be deprecated in the future, as it does not conform to the RFC.
Jul 26 16:01:30.310697 dv-cinder-797608-11-smb devstack@c-api.service[99888]: warnings.warn(
Jul 26 16:01:30.312123 dv-cinder-797608-11-smb devstack@c-api.service[99888]: DEBUG cinder.api.openstack.wsgi [None req-7c266663-48a8-4044-ad58-c4402952ea56 tempest-VolumesListAdminTestJSON-468672225 tempest-VolumesListAdminTestJSON-468672225-project] Calling method 'delete' {{(pid=99888) _process_stack /opt/stack/cinder/cinder/api/openstack/wsgi.py:856}}
Jul 26 16:01:30.313421 dv-cinder-797608-11-smb devstack@c-api.service[99888]: INFO cinder.api.v3.volumes [None req-7c266663-48a8-4044-ad58-c4402952ea56 tempest-VolumesListAdminTestJSON-468672225 tempest-VolumesListAdminTestJSON-468672225-project] Delete volume with id: a4125a3a-89c8-49b7-a437-3e274dcdba58
Jul 26 16:01:30.329685 dv-cinder-797608-11-smb devstack@c-api.service[99888]: /usr/local/lib/python3.8/dist-packages/oslo_context/context.py:105: DeprecationWarning: Policy enforcement is depending on the value of is_admin. This key is deprecated. Please update your policy file to use the standard policy values.
Jul 26 16:01:30.329685 dv-cinder-797608-11-smb devstack@c-api.service[99888]: warnings.warn('Policy enforcement is depending on the value of '
Jul 26 16:01:30.331222 dv-cinder-797608-11-smb devstack@c-api.service[99888]: INFO cinder.volume.api [None req-7c266663-48a8-4044-ad58-c4402952ea56 tempest-VolumesListAdminTestJSON-468672225 tempest-VolumesListAdminTestJSON-468672225-project] Volume info retrieved successfully.
Jul 26 16:01:30.349949 dv-cinder-797608-11-smb devstack@c-api.service[99887]: INFO cinder.volume.api [None req-74f6966f-f8d9-43d0-b297-8c5dfffa1539 tempest-VolumesListTestJSON-1272268302 tempest-VolumesListTestJSON-1272268302-project] Get all volumes completed successfully.
Jul 26 16:01:30.351835 dv-cinder-797608-11-smb devstack@c-api.service[99887]: /usr/local/lib/python3.8/dist-packages/oslo_context/context.py:105: DeprecationWarning: Policy enforcement is depending on the value of is_admin. This key is deprecated. Please update your policy file to use the standard policy values.
Jul 26 16:01:30.351835 dv-cinder-797608-11-smb devstack@c-api.service[99887]: warnings.warn('Policy enforcement is depending on the value of '
Jul 26 16:01:30.359502 dv-cinder-797608-11-smb devstack@c-api.service[99888]: INFO cinder.volume.api [None req-7c266663-48a8-4044-ad58-c4402952ea56 tempest-VolumesListAdminTestJSON-468672225 tempest-VolumesListAdminTestJSON-468672225-project] Delete volume request issued successfully.
Jul 26 16:01:30.360272 dv-cinder-797608-11-smb devstack@c-api.service[99888]: INFO cinder.api.openstack.wsgi [None req-7c266663-48a8-4044-ad58-c4402952ea56 tempest-VolumesListAdminTestJSON-468672225 tempest-VolumesListAdminTestJSON-468672225-project] http://10.222.0.44/volume/v3/0801301f482b4522ae485650f46a3f67/volumes/a4125a3a-89c8-49b7-a437-3e274dcdba58 returned with HTTP 202
Jul 26 16:01:30.361207 dv-cinder-797608-11-smb devstack@c-api.service[99887]: INFO cinder.api.openstack.wsgi [None req-74f6966f-f8d9-43d0-b297-8c5dfffa1539 tempest-VolumesListTestJSON-1272268302 tempest-VolumesListTestJSON-1272268302-project] http://10.222.0.44/volume/v3/031b46a718614fa58c9c4438e8e6c14c/volumes/detail?limit=1&marker=c3320b3b-6731-466f-bbe0-90e96b84e4b7 returned with HTTP 200
Jul 26 16:01:30.361726 dv-cinder-797608-11-smb devstack@c-api.service[99888]: [pid: 99888|app: 0|req: 225/453] 10.222.0.44 () {58 vars in 1328 bytes} [Mon Jul 26 16:01:30 2021] DELETE /volume/v3/0801301f482b4522ae485650f46a3f67/volumes/a4125a3a-89c8-49b7-a437-3e274dcdba58 => generated 0 bytes in 61 msecs (HTTP/1.1 202) 6 headers in 233 bytes (1 switches on core 0)
Jul 26 16:01:30.362356 dv-cinder-797608-11-smb devstack@c-api.service[99887]: [pid: 99887|app: 0|req: 229/454] 10.222.0.44 () {58 vars in 1338 bytes} [Mon Jul 26 16:01:30 2021] GET /volume/v3/031b46a718614fa58c9c4438e8e6c14c/volumes/detail?limit=1&marker=c3320b3b-6731-466f-bbe0-90e96b84e4b7 => generated 1105 bytes in 92 msecs (HTTP/1.1 200) 7 headers in 286 bytes (1 switches on core 0)
Jul 26 16:01:30.368486 dv-cinder-797608-11-smb devstack@c-api.service[99888]: INFO cinder.api.openstack.wsgi [None req-8f057263-ba59-4365-9d08-b53a2b684c2a tempest-VolumeRetypeWithoutMigrationTest-383035859 tempest-VolumeRetypeWithoutMigrationTest-383035859-project] GET http://10.222.0.44/volume/v3/a3e38862e3cc4de2bdc234f5acaf6ae0/volumes/192d89a7-4ad8-4cf5-b53f-063995e0a6d3
Jul 26 16:01:30.368914 dv-cinder-797608-11-smb devstack@c-api.service[99888]: DEBUG cinder.api.openstack.wsgi [None req-8f057263-ba59-4365-9d08-b53a2b684c2a tempest-VolumeRetypeWithoutMigrationTest-383035859 tempest-VolumeRetypeWithoutMigrationTest-383035859-project] Empty body provided in request {{(pid=99888) get_body /opt/stack/cinder/cinder/api/openstack/wsgi.py:703}}
Jul 26 16:01:30.369092 dv-cinder-797608-11-smb devstack@c-api.service[99888]: /usr/local/lib/python3.8/dist-packages/webob/acceptparse.py:1047: DeprecationWarning: The behavior of AcceptValidHeader.best_match is currently being maintained for backward compatibility, but it will be deprecated in the future, as it does not conform to the RFC.
Jul 26 16:01:30.369092 dv-cinder-797608-11-smb devstack@c-api.service[99888]: warnings.warn(
Jul 26 16:01:30.369437 dv-cinder-797608-11-smb devstack@c-api.service[99888]: DEBUG cinder.api.openstack.wsgi [None req-8f057263-ba59-4365-9d08-b53a2b684c2a tempest-VolumeRetypeWithoutMigrationTest-383035859 tempest-VolumeRetypeWithoutMigrationTest-383035859-project] Calling method 'show' {{(pid=99888) _process_stack /opt/stack/cinder/cinder/api/openstack/wsgi.py:856}}
Jul 26 16:01:30.379663 dv-cinder-797608-11-smb devstack@c-api.service[99887]: INFO cinder.api.openstack.wsgi [None req-9bdf51fa-64c0-4c4a-9521-63843e8fb834 tempest-VolumesListAdminTestJSON-468672225 tempest-VolumesListAdminTestJSON-468672225-project] GET http://10.222.0.44/volume/v3/0801301f482b4522ae485650f46a3f67/volumes/a4125a3a-89c8-49b7-a437-3e274dcdba58
Jul 26 16:01:30.380490 dv-cinder-797608-11-smb devstack@c-api.service[99887]: DEBUG cinder.api.openstack.wsgi [None req-9bdf51fa-64c0-4c4a-9521-63843e8fb834 tempest-VolumesListAdminTestJSON-468672225 tempest-VolumesListAdminTestJSON-468672225-project] Empty body provided in request {{(pid=99887) get_body /opt/stack/cinder/cinder/api/openstack/wsgi.py:703}}
Jul 26 16:01:30.380833 dv-cinder-797608-11-smb devstack@c-api.service[99887]: /usr/local/lib/python3.8/dist-packages/webob/acceptparse.py:1047: DeprecationWarning: The behavior of AcceptValidHeader.best_match is currently being maintained for backward compatibility, but it will be deprecated in the future, as it does not conform to the RFC.
Jul 26 16:01:30.380833 dv-cinder-797608-11-smb devstack@c-api.service[99887]: warnings.warn(
Jul 26 16:01:30.381182 dv-cinder-797608-11-smb devstack@c-api.service[99887]: DEBUG cinder.api.openstack.wsgi [None req-9bdf51fa-64c0-4c4a-9521-63843e8fb834 tempest-VolumesListAdminTestJSON-468672225 tempest-VolumesListAdminTestJSON-468672225-project] Calling method 'show' {{(pid=99887) _process_stack /opt/stack/cinder/cinder/api/openstack/wsgi.py:856}}
Jul 26 16:01:30.383604 dv-cinder-797608-11-smb devstack@c-api.service[99888]: /usr/local/lib/python3.8/dist-packages/oslo_context/context.py:105: DeprecationWarning: Policy enforcement is depending on the value of is_admin. This key is deprecated. Please update your policy file to use the standard policy values.
Jul 26 16:01:30.383604 dv-cinder-797608-11-smb devstack@c-api.service[99888]: warnings.warn('Policy enforcement is depending on the value of '
Jul 26 16:01:30.391506 dv-cinder-797608-11-smb devstack@c-api.service[99888]: INFO cinder.volume.api [None req-8f057263-ba59-4365-9d08-b53a2b684c2a tempest-VolumeRetypeWithoutMigrationTest-383035859 tempest-VolumeRetypeWithoutMigrationTest-383035859-project] Volume info retrieved successfully.
Jul 26 16:01:30.397676 dv-cinder-797608-11-smb devstack@c-api.service[99887]: /usr/local/lib/python3.8/dist-packages/oslo_context/context.py:105: DeprecationWarning: Policy enforcement is depending on the value of is_admin. This key is deprecated. Please update your policy file to use the standard policy values.
Jul 26 16:01:30.397676 dv-cinder-797608-11-smb devstack@c-api.service[99887]: warnings.warn('Policy enforcement is depending on the value of '
Jul 26 16:01:30.406150 dv-cinder-797608-11-smb devstack@c-api.service[99887]: INFO cinder.volume.api [None req-9bdf51fa-64c0-4c4a-9521-63843e8fb834 tempest-VolumesListAdminTestJSON-468672225 tempest-VolumesListAdminTestJSON-468672225-project] Volume info retrieved successfully.
Jul 26 16:01:30.413342 dv-cinder-797608-11-smb devstack@c-api.service[99888]: INFO cinder.api.openstack.wsgi [None req-8f057263-ba59-4365-9d08-b53a2b684c2a tempest-VolumeRetypeWithoutMigrationTest-383035859 tempest-VolumeRetypeWithoutMigrationTest-383035859-project] http://10.222.0.44/volume/v3/a3e38862e3cc4de2bdc234f5acaf6ae0/volumes/192d89a7-4ad8-4cf5-b53f-063995e0a6d3 returned with HTTP 200
Jul 26 16:01:30.423435 dv-cinder-797608-11-smb devstack@c-api.service[99888]: [pid: 99888|app: 0|req: 226/455] 10.222.0.44 () {58 vars in 1325 bytes} [Mon Jul 26 16:01:30 2021] GET /volume/v3/a3e38862e3cc4de2bdc234f5acaf6ae0/volumes/192d89a7-4ad8-4cf5-b53f-063995e0a6d3 => generated 926 bytes in 53 msecs (HTTP/1.1 200) 7 headers in 285 bytes (1 switches on core 0)
Jul 26 16:01:30.423435 dv-cinder-797608-11-smb devstack@c-api.service[99888]: INFO cinder.api.openstack.wsgi [None req-7822666c-c637-4ba3-abb9-d4a4496b6a6d tempest-VolumesListTestJSON-1272268302 tempest-VolumesListTestJSON-1272268302-project] GET http://10.222.0.44/volume/v3/031b46a718614fa58c9c4438e8e6c14c/volumes/detail?limit=1&marker=f9e65f7b-cb6a-4111-9183-00c1c9b88a75
Jul 26 16:01:30.423435 dv-cinder-797608-11-smb devstack@c-api.service[99888]: DEBUG cinder.api.openstack.wsgi [None req-7822666c-c637-4ba3-abb9-d4a4496b6a6d tempest-VolumesListTestJSON-1272268302 tempest-VolumesListTestJSON-1272268302-project] Empty body provided in request {{(pid=99888) get_body /opt/stack/cinder/cinder/api/openstack/wsgi.py:703}}
Jul 26 16:01:30.423781 dv-cinder-797608-11-smb devstack@c-api.service[99887]: INFO cinder.api.openstack.wsgi [None req-9bdf51fa-64c0-4c4a-9521-63843e8fb834 tempest-VolumesListAdminTestJSON-468672225 tempest-VolumesListAdminTestJSON-468672225-project] http://10.222.0.44/volume/v3/0801301f482b4522ae485650f46a3f67/volumes/a4125a3a-89c8-49b7-a437-3e274dcdba58 returned with HTTP 200
Jul 26 16:01:30.423861 dv-cinder-797608-11-smb devstack@c-api.service[99888]: /usr/local/lib/python3.8/dist-packages/webob/acceptparse.py:1047: DeprecationWarning: The behavior of AcceptValidHeader.best_match is currently being maintained for backward compatibility, but it will be deprecated in the future, as it does not conform to the RFC.
Jul 26 16:01:30.423861 dv-cinder-797608-11-smb devstack@c-api.service[99888]: warnings.warn(
Jul 26 16:01:30.424974 dv-cinder-797608-11-smb devstack@c-api.service[99888]: DEBUG cinder.api.openstack.wsgi [None req-7822666c-c637-4ba3-abb9-d4a4496b6a6d tempest-VolumesListTestJSON-1272268302 tempest-VolumesListTestJSON-1272268302-project] Calling method 'detail' {{(pid=99888) _process_stack /opt/stack/cinder/cinder/api/openstack/wsgi.py:856}}
Jul 26 16:01:30.425496 dv-cinder-797608-11-smb devstack@c-api.service[99888]: DEBUG cinder.api.api_utils [None req-7822666c-c637-4ba3-abb9-d4a4496b6a6d tempest-VolumesListTestJSON-1272268302 tempest-VolumesListTestJSON-1272268302-project] Removing options '' from query. {{(pid=99888) remove_invalid_filter_options /opt/stack/cinder/cinder/api/api_utils.py:73}}
Jul 26 16:01:30.428440 dv-cinder-797608-11-smb devstack@c-api.service[99888]: DEBUG cinder.volume.api [None req-7822666c-c637-4ba3-abb9-d4a4496b6a6d tempest-VolumesListTestJSON-1272268302 tempest-VolumesListTestJSON-1272268302-project] Searching by: MultiDict([('no_migration_targets', True)]). {{(pid=99888) get_all /opt/stack/cinder/cinder/volume/api.py:617}}
Jul 26 16:01:30.429492 dv-cinder-797608-11-smb devstack@c-api.service[99887]: [pid: 99887|app: 0|req: 230/456] 10.222.0.44 () {58 vars in 1325 bytes} [Mon Jul 26 16:01:30 2021] GET /volume/v3/0801301f482b4522ae485650f46a3f67/volumes/a4125a3a-89c8-49b7-a437-3e274dcdba58 => generated 915 bytes in 56 msecs (HTTP/1.1 200) 7 headers in 285 bytes (1 switches on core 0)
Jul 26 16:01:30.489873 dv-cinder-797608-11-smb devstack@c-api.service[99888]: INFO cinder.volume.api [None req-7822666c-c637-4ba3-abb9-d4a4496b6a6d tempest-VolumesListTestJSON-1272268302 tempest-VolumesListTestJSON-1272268302-project] Get all volumes completed successfully.
Jul 26 16:01:30.491783 dv-cinder-797608-11-smb devstack@c-api.service[99888]: /usr/local/lib/python3.8/dist-packages/oslo_context/context.py:105: DeprecationWarning: Policy enforcement is depending on the value of is_admin. This key is deprecated. Please update your policy file to use the standard policy values.
Jul 26 16:01:30.491783 dv-cinder-797608-11-smb devstack@c-api.service[99888]: warnings.warn('Policy enforcement is depending on the value of '
Jul 26 16:01:30.499855 dv-cinder-797608-11-smb devstack@c-api.service[99887]: INFO cinder.api.openstack.wsgi [None req-bc5aeef0-e1fc-4208-9d7b-d0791e2dd083 tempest-VolumesActionsTest-889094709 tempest-VolumesActionsTest-889094709-project] GET http://10.222.0.44/volume/v3/65c2dc468da34f07a4e3b31b988bda7f/volumes/8487617a-054e-4834-963c-817b7649d258
Jul 26 16:01:30.500423 dv-cinder-797608-11-smb devstack@c-api.service[99887]: DEBUG cinder.api.openstack.wsgi [None req-bc5aeef0-e1fc-4208-9d7b-d0791e2dd083 tempest-VolumesActionsTest-889094709 tempest-VolumesActionsTest-889094709-project] Empty body provided in request {{(pid=99887) get_body /opt/stack/cinder/cinder/api/openstack/wsgi.py:703}}
Jul 26 16:01:30.501122 dv-cinder-797608-11-smb devstack@c-api.service[99887]: /usr/local/lib/python3.8/dist-packages/webob/acceptparse.py:1047: DeprecationWarning: The behavior of AcceptValidHeader.best_match is currently being maintained for backward compatibility, but it will be deprecated in the future, as it does not conform to the RFC.
Jul 26 16:01:30.501122 dv-cinder-797608-11-smb devstack@c-api.service[99887]: warnings.warn(
Jul 26 16:01:30.501829 dv-cinder-797608-11-smb devstack@c-api.service[99887]: DEBUG cinder.api.openstack.wsgi [None req-bc5aeef0-e1fc-4208-9d7b-d0791e2dd083 tempest-VolumesActionsTest-889094709 tempest-VolumesActionsTest-889094709-project] Calling method 'show' {{(pid=99887) _process_stack /opt/stack/cinder/cinder/api/openstack/wsgi.py:856}}
Jul 26 16:01:30.510443 dv-cinder-797608-11-smb devstack@c-api.service[99888]: INFO cinder.api.openstack.wsgi [None req-7822666c-c637-4ba3-abb9-d4a4496b6a6d tempest-VolumesListTestJSON-1272268302 tempest-VolumesListTestJSON-1272268302-project] http://10.222.0.44/volume/v3/031b46a718614fa58c9c4438e8e6c14c/volumes/detail?limit=1&marker=f9e65f7b-cb6a-4111-9183-00c1c9b88a75 returned with HTTP 200
Jul 26 16:01:30.511991 dv-cinder-797608-11-smb devstack@c-api.service[99888]: [pid: 99888|app: 0|req: 227/457] 10.222.0.44 () {58 vars in 1338 bytes} [Mon Jul 26 16:01:30 2021] GET /volume/v3/031b46a718614fa58c9c4438e8e6c14c/volumes/detail?limit=1&marker=f9e65f7b-cb6a-4111-9183-00c1c9b88a75 => generated 1104 bytes in 96 msecs (HTTP/1.1 200) 7 headers in 286 bytes (1 switches on core 0)
Jul 26 16:01:30.521884 dv-cinder-797608-11-smb devstack@c-api.service[99887]: /usr/local/lib/python3.8/dist-packages/oslo_context/context.py:105: DeprecationWarning: Policy enforcement is depending on the value of is_admin. This key is deprecated. Please update your policy file to use the standard policy values.
Jul 26 16:01:30.521884 dv-cinder-797608-11-smb devstack@c-api.service[99887]: warnings.warn('Policy enforcement is depending on the value of '
Jul 26 16:01:30.528460 dv-cinder-797608-11-smb devstack@c-api.service[99888]: INFO cinder.api.openstack.wsgi [None req-6e98c5f7-bc3f-4c9f-9f12-b06ac070a931 tempest-VolumesListTestJSON-1272268302 tempest-VolumesListTestJSON-1272268302-project] GET http://10.222.0.44/volume/v3/031b46a718614fa58c9c4438e8e6c14c/volumes/detail?limit=1&marker=f9dce1ca-1ab9-4446-8279-5b9857b22905
Jul 26 16:01:30.528989 dv-cinder-797608-11-smb devstack@c-api.service[99888]: DEBUG cinder.api.openstack.wsgi [None req-6e98c5f7-bc3f-4c9f-9f12-b06ac070a931 tempest-VolumesListTestJSON-1272268302 tempest-VolumesListTestJSON-1272268302-project] Empty body provided in request {{(pid=99888) get_body /opt/stack/cinder/cinder/api/openstack/wsgi.py:703}}
Jul 26 16:01:30.529174 dv-cinder-797608-11-smb devstack@c-api.service[99888]: /usr/local/lib/python3.8/dist-packages/webob/acceptparse.py:1047: DeprecationWarning: The behavior of AcceptValidHeader.best_match is currently being maintained for backward compatibility, but it will be deprecated in the future, as it does not conform to the RFC.
Jul 26 16:01:30.529174 dv-cinder-797608-11-smb devstack@c-api.service[99888]: warnings.warn(
Jul 26 16:01:30.529655 dv-cinder-797608-11-smb devstack@c-api.service[99888]: DEBUG cinder.api.openstack.wsgi [None req-6e98c5f7-bc3f-4c9f-9f12-b06ac070a931 tempest-VolumesListTestJSON-1272268302 tempest-VolumesListTestJSON-1272268302-project] Calling method 'detail' {{(pid=99888) _process_stack /opt/stack/cinder/cinder/api/openstack/wsgi.py:856}}
Jul 26 16:01:30.530855 dv-cinder-797608-11-smb devstack@c-api.service[99888]: DEBUG cinder.api.api_utils [None req-6e98c5f7-bc3f-4c9f-9f12-b06ac070a931 tempest-VolumesListTestJSON-1272268302 tempest-VolumesListTestJSON-1272268302-project] Removing options '' from query. {{(pid=99888) remove_invalid_filter_options /opt/stack/cinder/cinder/api/api_utils.py:73}}
Jul 26 16:01:30.532537 dv-cinder-797608-11-smb devstack@c-api.service[99888]: DEBUG cinder.volume.api [None req-6e98c5f7-bc3f-4c9f-9f12-b06ac070a931 tempest-VolumesListTestJSON-1272268302 tempest-VolumesListTestJSON-1272268302-project] Searching by: MultiDict([('no_migration_targets', True)]). {{(pid=99888) get_all /opt/stack/cinder/cinder/volume/api.py:617}}
Jul 26 16:01:30.535423 dv-cinder-797608-11-smb devstack@c-api.service[99887]: INFO cinder.volume.api [None req-bc5aeef0-e1fc-4208-9d7b-d0791e2dd083 tempest-VolumesActionsTest-889094709 tempest-VolumesActionsTest-889094709-project] Volume info retrieved successfully.
Jul 26 16:01:30.554932 dv-cinder-797608-11-smb devstack@c-api.service[99887]: INFO cinder.api.openstack.wsgi [None req-bc5aeef0-e1fc-4208-9d7b-d0791e2dd083 tempest-VolumesActionsTest-889094709 tempest-VolumesActionsTest-889094709-project] http://10.222.0.44/volume/v3/65c2dc468da34f07a4e3b31b988bda7f/volumes/8487617a-054e-4834-963c-817b7649d258 returned with HTTP 200
Jul 26 16:01:30.556288 dv-cinder-797608-11-smb devstack@c-api.service[99887]: [pid: 99887|app: 0|req: 231/458] 10.222.0.44 () {58 vars in 1325 bytes} [Mon Jul 26 16:01:30 2021] GET /volume/v3/65c2dc468da34f07a4e3b31b988bda7f/volumes/8487617a-054e-4834-963c-817b7649d258 => generated 910 bytes in 61 msecs (HTTP/1.1 200) 7 headers in 285 bytes (2 switches on core 0)
Jul 26 16:01:30.570851 dv-cinder-797608-11-smb devstack@c-api.service[99887]: INFO cinder.api.openstack.wsgi [None req-e25d5ee2-ee07-43f3-bc1c-4cbc196f2335 tempest-VolumesActionsTest-873654782 tempest-VolumesActionsTest-873654782-project-admin] POST http://10.222.0.44/volume/v3/c30cd109e08b417a8fff89cc9d6bf184/volumes/8487617a-054e-4834-963c-817b7649d258/action
Jul 26 16:01:30.571494 dv-cinder-797608-11-smb devstack@c-api.service[99887]: /usr/local/lib/python3.8/dist-packages/webob/acceptparse.py:1047: DeprecationWarning: The behavior of AcceptValidHeader.best_match is currently being maintained for backward compatibility, but it will be deprecated in the future, as it does not conform to the RFC.
Jul 26 16:01:30.571494 dv-cinder-797608-11-smb devstack@c-api.service[99887]: warnings.warn(
Jul 26 16:01:30.572155 dv-cinder-797608-11-smb devstack@c-api.service[99887]: DEBUG cinder.api.openstack.wsgi [None req-e25d5ee2-ee07-43f3-bc1c-4cbc196f2335 tempest-VolumesActionsTest-873654782 tempest-VolumesActionsTest-873654782-project-admin] Action body: b'{"os-reset_status": {"status": "attaching"}}' {{(pid=99887) get_method /opt/stack/cinder/cinder/api/openstack/wsgi.py:971}}
Jul 26 16:01:30.572689 dv-cinder-797608-11-smb devstack@c-api.service[99887]: DEBUG cinder.api.openstack.wsgi [None req-e25d5ee2-ee07-43f3-bc1c-4cbc196f2335 tempest-VolumesActionsTest-873654782 tempest-VolumesActionsTest-873654782-project-admin] Action: 'action', calling method: _reset_status, body: {"os-reset_status": {"status": "attaching"}} {{(pid=99887) _process_stack /opt/stack/cinder/cinder/api/openstack/wsgi.py:854}}
Jul 26 16:01:30.573772 dv-cinder-797608-11-smb devstack@c-api.service[99887]: DEBUG cinder.api.contrib.admin_actions [None req-e25d5ee2-ee07-43f3-bc1c-4cbc196f2335 tempest-VolumesActionsTest-873654782 tempest-VolumesActionsTest-873654782-project-admin] Updating volume '8487617a-054e-4834-963c-817b7649d258' with '{'status': 'attaching'}' {{(pid=99887) _reset_status /opt/stack/cinder/cinder/api/contrib/admin_actions.py:100}}
Jul 26 16:01:30.593933 dv-cinder-797608-11-smb devstack@c-api.service[99888]: INFO cinder.volume.api [None req-6e98c5f7-bc3f-4c9f-9f12-b06ac070a931 tempest-VolumesListTestJSON-1272268302 tempest-VolumesListTestJSON-1272268302-project] Get all volumes completed successfully.
Jul 26 16:01:30.599424 dv-cinder-797608-11-smb devstack@c-api.service[99888]: INFO cinder.api.openstack.wsgi [None req-6e98c5f7-bc3f-4c9f-9f12-b06ac070a931 tempest-VolumesListTestJSON-1272268302 tempest-VolumesListTestJSON-1272268302-project] http://10.222.0.44/volume/v3/031b46a718614fa58c9c4438e8e6c14c/volumes/detail?limit=1&marker=f9dce1ca-1ab9-4446-8279-5b9857b22905 returned with HTTP 200
Jul 26 16:01:30.600801 dv-cinder-797608-11-smb devstack@c-api.service[99888]: [pid: 99888|app: 0|req: 228/459] 10.222.0.44 () {58 vars in 1338 bytes} [Mon Jul 26 16:01:30 2021] GET /volume/v3/031b46a718614fa58c9c4438e8e6c14c/volumes/detail?limit=1&marker=f9dce1ca-1ab9-4446-8279-5b9857b22905 => generated 15 bytes in 76 msecs (HTTP/1.1 200) 7 headers in 284 bytes (2 switches on core 0)
Jul 26 16:01:30.609229 dv-cinder-797608-11-smb devstack@c-api.service[99887]: /usr/local/lib/python3.8/dist-packages/oslo_context/context.py:105: DeprecationWarning: Policy enforcement is depending on the value of is_admin. This key is deprecated. Please update your policy file to use the standard policy values.
Jul 26 16:01:30.609229 dv-cinder-797608-11-smb devstack@c-api.service[99887]: warnings.warn('Policy enforcement is depending on the value of '
Jul 26 16:01:30.621992 dv-cinder-797608-11-smb devstack@c-api.service[99888]: INFO cinder.api.openstack.wsgi [None req-f48608a1-3cdd-42b5-8841-7a9e1f4e7b88 tempest-VolumesListTestJSON-1272268302 tempest-VolumesListTestJSON-1272268302-project] GET http://10.222.0.44/volume/v3/031b46a718614fa58c9c4438e8e6c14c/volumes/detail?limit=2&status=available&sort_dir=asc&sort_key=id
Jul 26 16:01:30.622445 dv-cinder-797608-11-smb devstack@c-api.service[99888]: DEBUG cinder.api.openstack.wsgi [None req-f48608a1-3cdd-42b5-8841-7a9e1f4e7b88 tempest-VolumesListTestJSON-1272268302 tempest-VolumesListTestJSON-1272268302-project] Empty body provided in request {{(pid=99888) get_body /opt/stack/cinder/cinder/api/openstack/wsgi.py:703}}
Jul 26 16:01:30.622873 dv-cinder-797608-11-smb devstack@c-api.service[99888]: DEBUG cinder.api.openstack.wsgi [None req-f48608a1-3cdd-42b5-8841-7a9e1f4e7b88 tempest-VolumesListTestJSON-1272268302 tempest-VolumesListTestJSON-1272268302-project] Calling method 'detail' {{(pid=99888) _process_stack /opt/stack/cinder/cinder/api/openstack/wsgi.py:856}}
Jul 26 16:01:30.624197 dv-cinder-797608-11-smb devstack@c-api.service[99888]: DEBUG cinder.api.api_utils [None req-f48608a1-3cdd-42b5-8841-7a9e1f4e7b88 tempest-VolumesListTestJSON-1272268302 tempest-VolumesListTestJSON-1272268302-project] Removing options '' from query. {{(pid=99888) remove_invalid_filter_options /opt/stack/cinder/cinder/api/api_utils.py:73}}
Jul 26 16:01:30.624658 dv-cinder-797608-11-smb devstack@c-api.service[99888]: DEBUG cinder.volume.api [None req-f48608a1-3cdd-42b5-8841-7a9e1f4e7b88 tempest-VolumesListTestJSON-1272268302 tempest-VolumesListTestJSON-1272268302-project] Could not evaluate value available, assuming string {{(pid=99888) check_volume_filters /opt/stack/cinder/cinder/volume/api.py:2045}}
Jul 26 16:01:30.626205 dv-cinder-797608-11-smb devstack@c-api.service[99888]: DEBUG cinder.volume.api [None req-f48608a1-3cdd-42b5-8841-7a9e1f4e7b88 tempest-VolumesListTestJSON-1272268302 tempest-VolumesListTestJSON-1272268302-project] Searching by: MultiDict([('status', 'available'), ('no_migration_targets', True)]). {{(pid=99888) get_all /opt/stack/cinder/cinder/volume/api.py:617}}
Jul 26 16:01:30.637585 dv-cinder-797608-11-smb devstack@c-api.service[99887]: INFO cinder.api.openstack.wsgi [None req-e25d5ee2-ee07-43f3-bc1c-4cbc196f2335 tempest-VolumesActionsTest-873654782 tempest-VolumesActionsTest-873654782-project-admin] http://10.222.0.44/volume/v3/c30cd109e08b417a8fff89cc9d6bf184/volumes/8487617a-054e-4834-963c-817b7649d258/action returned with HTTP 202
Jul 26 16:01:30.639672 dv-cinder-797608-11-smb devstack@c-api.service[99887]: [pid: 99887|app: 0|req: 232/460] 10.222.0.44 () {60 vars in 1367 bytes} [Mon Jul 26 16:01:30 2021] POST /volume/v3/c30cd109e08b417a8fff89cc9d6bf184/volumes/8487617a-054e-4834-963c-817b7649d258/action => generated 0 bytes in 71 msecs (HTTP/1.1 202) 7 headers in 289 bytes (1 switches on core 0)
Jul 26 16:01:30.646987 dv-cinder-797608-11-smb devstack@c-api.service[99887]: INFO cinder.api.openstack.wsgi [None req-16034a11-822d-45c1-9ba9-ffd27f4135af tempest-VolumesActionsTest-889094709 tempest-VolumesActionsTest-889094709-project] GET http://10.222.0.44/volume/v3/65c2dc468da34f07a4e3b31b988bda7f/volumes/8487617a-054e-4834-963c-817b7649d258
Jul 26 16:01:30.647435 dv-cinder-797608-11-smb devstack@c-api.service[99887]: DEBUG cinder.api.openstack.wsgi [None req-16034a11-822d-45c1-9ba9-ffd27f4135af tempest-VolumesActionsTest-889094709 tempest-VolumesActionsTest-889094709-project] Empty body provided in request {{(pid=99887) get_body /opt/stack/cinder/cinder/api/openstack/wsgi.py:703}}
Jul 26 16:01:30.647608 dv-cinder-797608-11-smb devstack@c-api.service[99887]: /usr/local/lib/python3.8/dist-packages/webob/acceptparse.py:1047: DeprecationWarning: The behavior of AcceptValidHeader.best_match is currently being maintained for backward compatibility, but it will be deprecated in the future, as it does not conform to the RFC.
Jul 26 16:01:30.647608 dv-cinder-797608-11-smb devstack@c-api.service[99887]: warnings.warn(
Jul 26 16:01:30.647925 dv-cinder-797608-11-smb devstack@c-api.service[99887]: DEBUG cinder.api.openstack.wsgi [None req-16034a11-822d-45c1-9ba9-ffd27f4135af tempest-VolumesActionsTest-889094709 tempest-VolumesActionsTest-889094709-project] Calling method 'show' {{(pid=99887) _process_stack /opt/stack/cinder/cinder/api/openstack/wsgi.py:856}}
Jul 26 16:01:30.661568 dv-cinder-797608-11-smb devstack@c-api.service[99887]: /usr/local/lib/python3.8/dist-packages/oslo_context/context.py:105: DeprecationWarning: Policy enforcement is depending on the value of is_admin. This key is deprecated. Please update your policy file to use the standard policy values.
Jul 26 16:01:30.661568 dv-cinder-797608-11-smb devstack@c-api.service[99887]: warnings.warn('Policy enforcement is depending on the value of '
Jul 26 16:01:30.669993 dv-cinder-797608-11-smb devstack@c-api.service[99887]: INFO cinder.volume.api [None req-16034a11-822d-45c1-9ba9-ffd27f4135af tempest-VolumesActionsTest-889094709 tempest-VolumesActionsTest-889094709-project] Volume info retrieved successfully.
Jul 26 16:01:30.681744 dv-cinder-797608-11-smb devstack@c-api.service[99888]: INFO cinder.volume.api [None req-f48608a1-3cdd-42b5-8841-7a9e1f4e7b88 tempest-VolumesListTestJSON-1272268302 tempest-VolumesListTestJSON-1272268302-project] Get all volumes completed successfully.
Jul 26 16:01:30.683719 dv-cinder-797608-11-smb devstack@c-api.service[99888]: /usr/local/lib/python3.8/dist-packages/oslo_context/context.py:105: DeprecationWarning: Policy enforcement is depending on the value of is_admin. This key is deprecated. Please update your policy file to use the standard policy values.
Jul 26 16:01:30.683719 dv-cinder-797608-11-smb devstack@c-api.service[99888]: warnings.warn('Policy enforcement is depending on the value of '
Jul 26 16:01:30.684790 dv-cinder-797608-11-smb devstack@c-api.service[99887]: INFO cinder.api.openstack.wsgi [None req-16034a11-822d-45c1-9ba9-ffd27f4135af tempest-VolumesActionsTest-889094709 tempest-VolumesActionsTest-889094709-project] http://10.222.0.44/volume/v3/65c2dc468da34f07a4e3b31b988bda7f/volumes/8487617a-054e-4834-963c-817b7649d258 returned with HTTP 200
Jul 26 16:01:30.685750 dv-cinder-797608-11-smb devstack@c-api.service[99887]: [pid: 99887|app: 0|req: 233/461] 10.222.0.44 () {58 vars in 1325 bytes} [Mon Jul 26 16:01:30 2021] GET /volume/v3/65c2dc468da34f07a4e3b31b988bda7f/volumes/8487617a-054e-4834-963c-817b7649d258 => generated 910 bytes in 42 msecs (HTTP/1.1 200) 7 headers in 285 bytes (2 switches on core 0)
Jul 26 16:01:30.693440 dv-cinder-797608-11-smb devstack@c-api.service[99888]: INFO cinder.api.openstack.wsgi [None req-f48608a1-3cdd-42b5-8841-7a9e1f4e7b88 tempest-VolumesListTestJSON-1272268302 tempest-VolumesListTestJSON-1272268302-project] http://10.222.0.44/volume/v3/031b46a718614fa58c9c4438e8e6c14c/volumes/detail?limit=2&status=available&sort_dir=asc&sort_key=id returned with HTTP 200
Jul 26 16:01:30.694764 dv-cinder-797608-11-smb devstack@c-api.service[99888]: [pid: 99888|app: 0|req: 229/462] 10.222.0.44 () {58 vars in 1334 bytes} [Mon Jul 26 16:01:30 2021] GET /volume/v3/031b46a718614fa58c9c4438e8e6c14c/volumes/detail?limit=2&status=available&sort_dir=asc&sort_key=id => generated 2061 bytes in 77 msecs (HTTP/1.1 200) 7 headers in 286 bytes (1 switches on core 0)
Jul 26 16:01:30.702441 dv-cinder-797608-11-smb devstack@c-api.service[99887]: INFO cinder.api.openstack.wsgi [None req-2188e872-1483-4170-a86a-dac10357592e tempest-VolumesActionsTest-873654782 tempest-VolumesActionsTest-873654782-project-admin] POST http://10.222.0.44/volume/v3/c30cd109e08b417a8fff89cc9d6bf184/volumes/8487617a-054e-4834-963c-817b7649d258/action
Jul 26 16:01:30.702615 dv-cinder-797608-11-smb devstack@c-api.service[99887]: /usr/local/lib/python3.8/dist-packages/webob/acceptparse.py:1047: DeprecationWarning: The behavior of AcceptValidHeader.best_match is currently being maintained for backward compatibility, but it will be deprecated in the future, as it does not conform to the RFC.
Jul 26 16:01:30.702615 dv-cinder-797608-11-smb devstack@c-api.service[99887]: warnings.warn(
Jul 26 16:01:30.702918 dv-cinder-797608-11-smb devstack@c-api.service[99887]: DEBUG cinder.api.openstack.wsgi [None req-2188e872-1483-4170-a86a-dac10357592e tempest-VolumesActionsTest-873654782 tempest-VolumesActionsTest-873654782-project-admin] Action body: b'{"os-force_delete": {}}' {{(pid=99887) get_method /opt/stack/cinder/cinder/api/openstack/wsgi.py:971}}
Jul 26 16:01:30.703254 dv-cinder-797608-11-smb devstack@c-api.service[99887]: DEBUG cinder.api.openstack.wsgi [None req-2188e872-1483-4170-a86a-dac10357592e tempest-VolumesActionsTest-873654782 tempest-VolumesActionsTest-873654782-project-admin] Action: 'action', calling method: _force_delete, body: {"os-force_delete": {}} {{(pid=99887) _process_stack /opt/stack/cinder/cinder/api/openstack/wsgi.py:854}}
Jul 26 16:01:30.714521 dv-cinder-797608-11-smb devstack@c-api.service[99888]: INFO cinder.api.openstack.wsgi [None req-2e6ba874-5128-46d0-920a-4037f1467636 tempest-VolumesListTestJSON-1272268302 tempest-VolumesListTestJSON-1272268302-project] GET http://10.222.0.44/volume/v3/031b46a718614fa58c9c4438e8e6c14c/volumes/detail?limit=2&status=available&sort_dir=desc&sort_key=id
Jul 26 16:01:30.715365 dv-cinder-797608-11-smb devstack@c-api.service[99888]: DEBUG cinder.api.openstack.wsgi [None req-2e6ba874-5128-46d0-920a-4037f1467636 tempest-VolumesListTestJSON-1272268302 tempest-VolumesListTestJSON-1272268302-project] Empty body provided in request {{(pid=99888) get_body /opt/stack/cinder/cinder/api/openstack/wsgi.py:703}}
Jul 26 16:01:30.715678 dv-cinder-797608-11-smb devstack@c-api.service[99888]: /usr/local/lib/python3.8/dist-packages/webob/acceptparse.py:1047: DeprecationWarning: The behavior of AcceptValidHeader.best_match is currently being maintained for backward compatibility, but it will be deprecated in the future, as it does not conform to the RFC.
Jul 26 16:01:30.715678 dv-cinder-797608-11-smb devstack@c-api.service[99888]: warnings.warn(
Jul 26 16:01:30.716359 dv-cinder-797608-11-smb devstack@c-api.service[99888]: DEBUG cinder.api.openstack.wsgi [None req-2e6ba874-5128-46d0-920a-4037f1467636 tempest-VolumesListTestJSON-1272268302 tempest-VolumesListTestJSON-1272268302-project] Calling method 'detail' {{(pid=99888) _process_stack /opt/stack/cinder/cinder/api/openstack/wsgi.py:856}}
Jul 26 16:01:30.717716 dv-cinder-797608-11-smb devstack@c-api.service[99887]: /usr/local/lib/python3.8/dist-packages/oslo_context/context.py:105: DeprecationWarning: Policy enforcement is depending on the value of is_admin. This key is deprecated. Please update your policy file to use the standard policy values.
Jul 26 16:01:30.717716 dv-cinder-797608-11-smb devstack@c-api.service[99887]: warnings.warn('Policy enforcement is depending on the value of '
Jul 26 16:01:30.717897 dv-cinder-797608-11-smb devstack@c-api.service[99888]: DEBUG cinder.api.api_utils [None req-2e6ba874-5128-46d0-920a-4037f1467636 tempest-VolumesListTestJSON-1272268302 tempest-VolumesListTestJSON-1272268302-project] Removing options '' from query. {{(pid=99888) remove_invalid_filter_options /opt/stack/cinder/cinder/api/api_utils.py:73}}
Jul 26 16:01:30.717897 dv-cinder-797608-11-smb devstack@c-api.service[99888]: DEBUG cinder.volume.api [None req-2e6ba874-5128-46d0-920a-4037f1467636 tempest-VolumesListTestJSON-1272268302 tempest-VolumesListTestJSON-1272268302-project] Could not evaluate value available, assuming string {{(pid=99888) check_volume_filters /opt/stack/cinder/cinder/volume/api.py:2045}}
Jul 26 16:01:30.718027 dv-cinder-797608-11-smb devstack@c-api.service[99887]: INFO cinder.volume.api [None req-2188e872-1483-4170-a86a-dac10357592e tempest-VolumesActionsTest-873654782 tempest-VolumesActionsTest-873654782-project-admin] Volume info retrieved successfully.
Jul 26 16:01:30.719430 dv-cinder-797608-11-smb devstack@c-api.service[99888]: DEBUG cinder.volume.api [None req-2e6ba874-5128-46d0-920a-4037f1467636 tempest-VolumesListTestJSON-1272268302 tempest-VolumesListTestJSON-1272268302-project] Searching by: MultiDict([('status', 'available'), ('no_migration_targets', True)]). {{(pid=99888) get_all /opt/stack/cinder/cinder/volume/api.py:617}}
Jul 26 16:01:30.748932 dv-cinder-797608-11-smb devstack@c-api.service[99887]: INFO cinder.volume.api [None req-2188e872-1483-4170-a86a-dac10357592e tempest-VolumesActionsTest-873654782 tempest-VolumesActionsTest-873654782-project-admin] Delete volume request issued successfully.
Jul 26 16:01:30.749503 dv-cinder-797608-11-smb devstack@c-api.service[99887]: INFO cinder.api.openstack.wsgi [None req-2188e872-1483-4170-a86a-dac10357592e tempest-VolumesActionsTest-873654782 tempest-VolumesActionsTest-873654782-project-admin] http://10.222.0.44/volume/v3/c30cd109e08b417a8fff89cc9d6bf184/volumes/8487617a-054e-4834-963c-817b7649d258/action returned with HTTP 202
Jul 26 16:01:30.753486 dv-cinder-797608-11-smb devstack@c-api.service[99887]: [pid: 99887|app: 0|req: 234/463] 10.222.0.44 () {60 vars in 1367 bytes} [Mon Jul 26 16:01:30 2021] POST /volume/v3/c30cd109e08b417a8fff89cc9d6bf184/volumes/8487617a-054e-4834-963c-817b7649d258/action => generated 0 bytes in 54 msecs (HTTP/1.1 202) 7 headers in 289 bytes (2 switches on core 0)
Jul 26 16:01:30.758146 dv-cinder-797608-11-smb devstack@c-api.service[99887]: INFO cinder.api.openstack.wsgi [None req-a7a19cc1-29f3-44a6-8803-468579074efa tempest-VolumesActionsTest-889094709 tempest-VolumesActionsTest-889094709-project] GET http://10.222.0.44/volume/v3/65c2dc468da34f07a4e3b31b988bda7f/volumes/8487617a-054e-4834-963c-817b7649d258
Jul 26 16:01:30.761629 dv-cinder-797608-11-smb devstack@c-api.service[99887]: DEBUG cinder.api.openstack.wsgi [None req-a7a19cc1-29f3-44a6-8803-468579074efa tempest-VolumesActionsTest-889094709 tempest-VolumesActionsTest-889094709-project] Empty body provided in request {{(pid=99887) get_body /opt/stack/cinder/cinder/api/openstack/wsgi.py:703}}
Jul 26 16:01:30.761986 dv-cinder-797608-11-smb devstack@c-api.service[99887]: /usr/local/lib/python3.8/dist-packages/webob/acceptparse.py:1047: DeprecationWarning: The behavior of AcceptValidHeader.best_match is currently being maintained for backward compatibility, but it will be deprecated in the future, as it does not conform to the RFC.
Jul 26 16:01:30.761986 dv-cinder-797608-11-smb devstack@c-api.service[99887]: warnings.warn(
Jul 26 16:01:30.762603 dv-cinder-797608-11-smb devstack@c-api.service[99887]: DEBUG cinder.api.openstack.wsgi [None req-a7a19cc1-29f3-44a6-8803-468579074efa tempest-VolumesActionsTest-889094709 tempest-VolumesActionsTest-889094709-project] Calling method 'show' {{(pid=99887) _process_stack /opt/stack/cinder/cinder/api/openstack/wsgi.py:856}}
Jul 26 16:01:30.776385 dv-cinder-797608-11-smb devstack@c-api.service[99887]: /usr/local/lib/python3.8/dist-packages/oslo_context/context.py:105: DeprecationWarning: Policy enforcement is depending on the value of is_admin. This key is deprecated. Please update your policy file to use the standard policy values.
Jul 26 16:01:30.776385 dv-cinder-797608-11-smb devstack@c-api.service[99887]: warnings.warn('Policy enforcement is depending on the value of '
Jul 26 16:01:30.780164 dv-cinder-797608-11-smb devstack@c-api.service[99888]: INFO cinder.volume.api [None req-2e6ba874-5128-46d0-920a-4037f1467636 tempest-VolumesListTestJSON-1272268302 tempest-VolumesListTestJSON-1272268302-project] Get all volumes completed successfully.
Jul 26 16:01:30.782525 dv-cinder-797608-11-smb devstack@c-api.service[99888]: /usr/local/lib/python3.8/dist-packages/oslo_context/context.py:105: DeprecationWarning: Policy enforcement is depending on the value of is_admin. This key is deprecated. Please update your policy file to use the standard policy values.
Jul 26 16:01:30.782525 dv-cinder-797608-11-smb devstack@c-api.service[99888]: warnings.warn('Policy enforcement is depending on the value of '
Jul 26 16:01:30.785645 dv-cinder-797608-11-smb devstack@c-api.service[99887]: INFO cinder.volume.api [None req-a7a19cc1-29f3-44a6-8803-468579074efa tempest-VolumesActionsTest-889094709 tempest-VolumesActionsTest-889094709-project] Volume info retrieved successfully.
Jul 26 16:01:30.791826 dv-cinder-797608-11-smb devstack@c-api.service[99888]: INFO cinder.api.openstack.wsgi [None req-2e6ba874-5128-46d0-920a-4037f1467636 tempest-VolumesListTestJSON-1272268302 tempest-VolumesListTestJSON-1272268302-project] http://10.222.0.44/volume/v3/031b46a718614fa58c9c4438e8e6c14c/volumes/detail?limit=2&status=available&sort_dir=desc&sort_key=id returned with HTTP 200
Jul 26 16:01:30.793016 dv-cinder-797608-11-smb devstack@c-api.service[99888]: [pid: 99888|app: 0|req: 230/464] 10.222.0.44 () {58 vars in 1336 bytes} [Mon Jul 26 16:01:30 2021] GET /volume/v3/031b46a718614fa58c9c4438e8e6c14c/volumes/detail?limit=2&status=available&sort_dir=desc&sort_key=id => generated 2063 bytes in 83 msecs (HTTP/1.1 200) 7 headers in 286 bytes (2 switches on core 0)
Jul 26 16:01:30.808010 dv-cinder-797608-11-smb devstack@c-api.service[99887]: INFO cinder.api.openstack.wsgi [None req-a7a19cc1-29f3-44a6-8803-468579074efa tempest-VolumesActionsTest-889094709 tempest-VolumesActionsTest-889094709-project] http://10.222.0.44/volume/v3/65c2dc468da34f07a4e3b31b988bda7f/volumes/8487617a-054e-4834-963c-817b7649d258 returned with HTTP 200
Jul 26 16:01:30.809273 dv-cinder-797608-11-smb devstack@c-api.service[99887]: [pid: 99887|app: 0|req: 235/465] 10.222.0.44 () {58 vars in 1325 bytes} [Mon Jul 26 16:01:30 2021] GET /volume/v3/65c2dc468da34f07a4e3b31b988bda7f/volumes/8487617a-054e-4834-963c-817b7649d258 => generated 909 bytes in 55 msecs (HTTP/1.1 200) 7 headers in 285 bytes (1 switches on core 0)
Jul 26 16:01:30.829140 dv-cinder-797608-11-smb devstack@c-api.service[99888]: INFO cinder.api.openstack.wsgi [None req-e6391c9f-fd20-45c4-9bf2-f4e65e56b380 tempest-VolumesListTestJSON-1272268302 tempest-VolumesListTestJSON-1272268302-project] GET http://10.222.0.44/volume/v3/031b46a718614fa58c9c4438e8e6c14c/volumes?limit=1
Jul 26 16:01:30.829618 dv-cinder-797608-11-smb devstack@c-api.service[99888]: DEBUG cinder.api.openstack.wsgi [None req-e6391c9f-fd20-45c4-9bf2-f4e65e56b380 tempest-VolumesListTestJSON-1272268302 tempest-VolumesListTestJSON-1272268302-project] Empty body provided in request {{(pid=99888) get_body /opt/stack/cinder/cinder/api/openstack/wsgi.py:703}}
Jul 26 16:01:30.829792 dv-cinder-797608-11-smb devstack@c-api.service[99888]: /usr/local/lib/python3.8/dist-packages/webob/acceptparse.py:1047: DeprecationWarning: The behavior of AcceptValidHeader.best_match is currently being maintained for backward compatibility, but it will be deprecated in the future, as it does not conform to the RFC.
Jul 26 16:01:30.829792 dv-cinder-797608-11-smb devstack@c-api.service[99888]: warnings.warn(
Jul 26 16:01:30.830104 dv-cinder-797608-11-smb devstack@c-api.service[99888]: DEBUG cinder.api.openstack.wsgi [None req-e6391c9f-fd20-45c4-9bf2-f4e65e56b380 tempest-VolumesListTestJSON-1272268302 tempest-VolumesListTestJSON-1272268302-project] Calling method 'index' {{(pid=99888) _process_stack /opt/stack/cinder/cinder/api/openstack/wsgi.py:856}}
Jul 26 16:01:30.830642 dv-cinder-797608-11-smb devstack@c-api.service[99888]: DEBUG cinder.api.api_utils [None req-e6391c9f-fd20-45c4-9bf2-f4e65e56b380 tempest-VolumesListTestJSON-1272268302 tempest-VolumesListTestJSON-1272268302-project] Removing options '' from query. {{(pid=99888) remove_invalid_filter_options /opt/stack/cinder/cinder/api/api_utils.py:73}}
Jul 26 16:01:30.832466 dv-cinder-797608-11-smb devstack@c-api.service[99888]: DEBUG cinder.volume.api [None req-e6391c9f-fd20-45c4-9bf2-f4e65e56b380 tempest-VolumesListTestJSON-1272268302 tempest-VolumesListTestJSON-1272268302-project] Searching by: MultiDict([('no_migration_targets', True)]). {{(pid=99888) get_all /opt/stack/cinder/cinder/volume/api.py:617}}
