Jul 26 15:53:06.378328 dv-cinder-797608-11-iscsi devstack@n-api.service[92347]: [pid: 92347|app: 0|req: 1/3] 10.222.0.50 () {60 vars in 1292 bytes} [Mon Jul 26 15:53:05 2021] GET /compute/v2.1/flavors/detail?is_public=True => generated 15 bytes in 483 msecs (HTTP/1.1 200) 9 headers in 358 bytes (1 switches on core 0)
Jul 26 15:53:08.570636 dv-cinder-797608-11-iscsi devstack@n-api.service[92346]: DEBUG nova.api.openstack.wsgi [None req-9e9d9c80-2048-4c52-ad95-4679f4f84657 None None] Calling method '>' {{(pid=92346) _process_stack /opt/stack/nova/nova/api/openstack/wsgi.py:513}}
Jul 26 15:53:08.572236 dv-cinder-797608-11-iscsi devstack@n-api.service[92346]: INFO nova.api.openstack.requestlog [None req-9e9d9c80-2048-4c52-ad95-4679f4f84657 None None] 10.222.0.50 "GET /compute/v2.1" status: 200 len: 388 microversion: 2.1 time: 0.002064
Jul 26 15:53:08.572636 dv-cinder-797608-11-iscsi devstack@n-api.service[92346]: [pid: 92346|app: 0|req: 3/4] 10.222.0.50 () {54 vars in 931 bytes} [Mon Jul 26 15:53:08 2021] GET /compute/v2.1 => generated 388 bytes in 3 msecs (HTTP/1.1 200) 9 headers in 357 bytes (1 switches on core 0)
Jul 26 15:53:08.641929 dv-cinder-797608-11-iscsi devstack@n-api.service[92347]: DEBUG nova.api.openstack.wsgi [None req-69142510-2568-45e5-9bc5-309959e67c7c admin admin] Action: 'create', calling method: >, body: {"flavor": {"id": "c1", "disk": 1, "rxtx_factor": 1.0, "vcpus": 1, "swap": 0, "ram": 256, "os-flavor-access:is_public": true, "OS-FLV-EXT-DATA:ephemeral": 0, "name": "cirros256"}} {{(pid=92347) _process_stack /opt/stack/nova/nova/api/openstack/wsgi.py:511}}
Jul 26 15:53:08.661975 dv-cinder-797608-11-iscsi devstack@n-api.service[92347]: /usr/local/lib/python3.8/dist-packages/oslo_policy/policy.py:1064: UserWarning: Policy os_compute_api:os-flavor-manage:create failed scope check. The token used to make the request was project scoped but the policy requires ['system'] scope. This behavior may change in the future where using the intended scope is required
Jul 26 15:53:08.661975 dv-cinder-797608-11-iscsi devstack@n-api.service[92347]: warnings.warn(msg)
Jul 26 15:53:08.710025 dv-cinder-797608-11-iscsi devstack@n-api.service[92347]: INFO nova.api.openstack.requestlog [None req-69142510-2568-45e5-9bc5-309959e67c7c admin admin] 10.222.0.50 "POST /compute/v2.1/flavors" status: 200 len: 407 microversion: 2.61 time: 0.129602
Jul 26 15:53:08.712281 dv-cinder-797608-11-iscsi devstack@n-api.service[92347]: [pid: 92347|app: 0|req: 2/5] 10.222.0.50 () {64 vars in 1283 bytes} [Mon Jul 26 15:53:08 2021] POST /compute/v2.1/flavors => generated 407 bytes in 131 msecs (HTTP/1.1 200) 9 headers in 359 bytes (2 switches on core 0)
Jul 26 15:53:08.944153 dv-cinder-797608-11-iscsi devstack@n-api.service[92346]: DEBUG nova.api.openstack.wsgi [None req-f5cc13ce-1616-40dd-9b1b-3b9d4617e132 admin admin] Action: 'create', calling method: >, body: {"extra_specs": {"hw_rng:allowed": "True"}} {{(pid=92346) _process_stack /opt/stack/nova/nova/api/openstack/wsgi.py:511}}
Jul 26 15:53:08.946034 dv-cinder-797608-11-iscsi devstack@n-api.service[92346]: /usr/local/lib/python3.8/dist-packages/oslo_policy/policy.py:1064: UserWarning: Policy os_compute_api:os-flavor-extra-specs:create failed scope check. The token used to make the request was project scoped but the policy requires ['system'] scope. This behavior may change in the future where using the intended scope is required
Jul 26 15:53:08.946034 dv-cinder-797608-11-iscsi devstack@n-api.service[92346]: warnings.warn(msg)
Jul 26 15:53:08.996615 dv-cinder-797608-11-iscsi devstack@n-api.service[92346]: INFO nova.api.openstack.requestlog [None req-f5cc13ce-1616-40dd-9b1b-3b9d4617e132 admin admin] 10.222.0.50 "POST /compute/v2.1/flavors/c1/os-extra_specs" status: 200 len: 43 microversion: 2.61 time: 0.276551
Jul 26 15:53:08.997428 dv-cinder-797608-11-iscsi devstack@n-api.service[92346]: [pid: 92346|app: 0|req: 4/6] 10.222.0.50 () {64 vars in 1336 bytes} [Mon Jul 26 15:53:08 2021] POST /compute/v2.1/flavors/c1/os-extra_specs => generated 43 bytes in 278 msecs (HTTP/1.1 200) 9 headers in 358 bytes (1 switches on core 0)
Jul 26 15:53:11.312535 dv-cinder-797608-11-iscsi devstack@n-api.service[92347]: DEBUG nova.api.openstack.wsgi [None req-69142510-2568-45e5-9bc5-309959e67c7c admin admin] Calling method '>' {{(pid=92347) _process_stack /opt/stack/nova/nova/api/openstack/wsgi.py:513}}
Jul 26 15:53:11.313588 dv-cinder-797608-11-iscsi devstack@n-api.service[92347]: INFO nova.api.openstack.requestlog [None req-69142510-2568-45e5-9bc5-309959e67c7c admin admin] 10.222.0.50 "GET /compute/v2.1" status: 200 len: 388 microversion: 2.1 time: 0.001507
Jul 26 15:53:11.314029 dv-cinder-797608-11-iscsi devstack@n-api.service[92347]: [pid: 92347|app: 0|req: 3/7] 10.222.0.50 () {54 vars in 931 bytes} [Mon Jul 26 15:53:11 2021] GET /compute/v2.1 => generated 388 bytes in 3 msecs (HTTP/1.1 200) 9 headers in 357 bytes (1 switches on core 0)
Jul 26 15:53:11.428103 dv-cinder-797608-11-iscsi devstack@n-api.service[92346]: DEBUG nova.api.openstack.wsgi [None req-8008278a-f011-4e91-b71a-55af94ea6616 admin admin] Action: 'create', calling method: >, body: {"flavor": {"id": "d1", "os-flavor-access:is_public": true, "vcpus": 1, "name": "ds512M", "swap": 0, "OS-FLV-EXT-DATA:ephemeral": 0, "disk": 5, "ram": 512, "rxtx_factor": 1.0}} {{(pid=92346) _process_stack /opt/stack/nova/nova/api/openstack/wsgi.py:511}}
Jul 26 15:53:11.446273 dv-cinder-797608-11-iscsi devstack@n-api.service[92346]: /usr/local/lib/python3.8/dist-packages/oslo_policy/policy.py:1064: UserWarning: Policy os_compute_api:os-flavor-manage:create failed scope check. The token used to make the request was project scoped but the policy requires ['system'] scope. This behavior may change in the future where using the intended scope is required
Jul 26 15:53:11.446273 dv-cinder-797608-11-iscsi devstack@n-api.service[92346]: warnings.warn(msg)
Jul 26 15:53:11.468506 dv-cinder-797608-11-iscsi devstack@n-api.service[92346]: INFO nova.api.openstack.requestlog [None req-8008278a-f011-4e91-b71a-55af94ea6616 admin admin] 10.222.0.50 "POST /compute/v2.1/flavors" status: 200 len: 404 microversion: 2.61 time: 0.147621
Jul 26 15:53:11.469072 dv-cinder-797608-11-iscsi devstack@n-api.service[92346]: [pid: 92346|app: 0|req: 5/8] 10.222.0.50 () {64 vars in 1283 bytes} [Mon Jul 26 15:53:11 2021] POST /compute/v2.1/flavors => generated 404 bytes in 149 msecs (HTTP/1.1 200) 9 headers in 359 bytes (2 switches on core 0)
Jul 26 15:53:11.481380 dv-cinder-797608-11-iscsi devstack@n-api.service[92347]: DEBUG nova.api.openstack.wsgi [None req-7326f591-181d-4f0d-9da8-ef882282f544 admin admin] Action: 'create', calling method: >, body: {"extra_specs": {"hw_rng:allowed": "True"}} {{(pid=92347) _process_stack /opt/stack/nova/nova/api/openstack/wsgi.py:511}}
Jul 26 15:53:11.482859 dv-cinder-797608-11-iscsi devstack@n-api.service[92347]: /usr/local/lib/python3.8/dist-packages/oslo_policy/policy.py:1064: UserWarning: Policy os_compute_api:os-flavor-extra-specs:create failed scope check. The token used to make the request was project scoped but the policy requires ['system'] scope. This behavior may change in the future where using the intended scope is required
Jul 26 15:53:11.482859 dv-cinder-797608-11-iscsi devstack@n-api.service[92347]: warnings.warn(msg)
Jul 26 15:53:11.519616 dv-cinder-797608-11-iscsi devstack@n-api.service[92347]: INFO nova.api.openstack.requestlog [None req-7326f591-181d-4f0d-9da8-ef882282f544 admin admin] 10.222.0.50 "POST /compute/v2.1/flavors/d1/os-extra_specs" status: 200 len: 43 microversion: 2.61 time: 0.041894
Jul 26 15:53:11.532267 dv-cinder-797608-11-iscsi devstack@n-api.service[92347]: [pid: 92347|app: 0|req: 4/9] 10.222.0.50 () {64 vars in 1336 bytes} [Mon Jul 26 15:53:11 2021] POST /compute/v2.1/flavors/d1/os-extra_specs => generated 43 bytes in 44 msecs (HTTP/1.1 200) 9 headers in 358 bytes (2 switches on core 0)
Jul 26 15:53:13.723851 dv-cinder-797608-11-iscsi devstack@n-api.service[92346]: DEBUG nova.api.openstack.wsgi [None req-8008278a-f011-4e91-b71a-55af94ea6616 admin admin] Calling method '>' {{(pid=92346) _process_stack /opt/stack/nova/nova/api/openstack/wsgi.py:513}}
Jul 26 15:53:13.724917 dv-cinder-797608-11-iscsi devstack@n-api.service[92346]: INFO nova.api.openstack.requestlog [None req-8008278a-f011-4e91-b71a-55af94ea6616 admin admin] 10.222.0.50 "GET /compute/v2.1" status: 200 len: 388 microversion: 2.1 time: 0.001518
Jul 26 15:53:13.725549 dv-cinder-797608-11-iscsi devstack@n-api.service[92346]: [pid: 92346|app: 0|req: 6/10] 10.222.0.50 () {54 vars in 931 bytes} [Mon Jul 26 15:53:13 2021] GET /compute/v2.1 => generated 388 bytes in 2 msecs (HTTP/1.1 200) 9 headers in 357 bytes (1 switches on core 0)
Jul 26 15:53:13.788389 dv-cinder-797608-11-iscsi devstack@n-api.service[92347]: DEBUG nova.api.openstack.wsgi [None req-69fe5d6c-8bc6-4c16-a308-1bfb1645a755 admin admin] Action: 'create', calling method: >, body: {"flavor": {"ram": 1024, "vcpus": 1, "rxtx_factor": 1.0, "os-flavor-access:is_public": true, "disk": 10, "id": "d2", "OS-FLV-EXT-DATA:ephemeral": 0, "name": "ds1G", "swap": 0}} {{(pid=92347) _process_stack /opt/stack/nova/nova/api/openstack/wsgi.py:511}}
Jul 26 15:53:13.810209 dv-cinder-797608-11-iscsi devstack@n-api.service[92347]: INFO nova.api.openstack.requestlog [None req-69fe5d6c-8bc6-4c16-a308-1bfb1645a755 admin admin] 10.222.0.50 "POST /compute/v2.1/flavors" status: 200 len: 404 microversion: 2.61 time: 0.077863
Jul 26 15:53:13.812363 dv-cinder-797608-11-iscsi devstack@n-api.service[92347]: [pid: 92347|app: 0|req: 5/11] 10.222.0.50 () {64 vars in 1283 bytes} [Mon Jul 26 15:53:13 2021] POST /compute/v2.1/flavors => generated 404 bytes in 81 msecs (HTTP/1.1 200) 9 headers in 359 bytes (2 switches on core 0)
Jul 26 15:53:13.823374 dv-cinder-797608-11-iscsi devstack@n-api.service[92346]: DEBUG nova.api.openstack.wsgi [None req-3c47ee4f-4c7d-4c65-9b30-2fbebde07387 admin admin] Action: 'create', calling method: >, body: {"extra_specs": {"hw_rng:allowed": "True"}} {{(pid=92346) _process_stack /opt/stack/nova/nova/api/openstack/wsgi.py:511}}
Jul 26 15:53:13.851138 dv-cinder-797608-11-iscsi devstack@n-api.service[92346]: INFO nova.api.openstack.requestlog [None req-3c47ee4f-4c7d-4c65-9b30-2fbebde07387 admin admin] 10.222.0.50 "POST /compute/v2.1/flavors/d2/os-extra_specs" status: 200 len: 43 microversion: 2.61 time: 0.031986
Jul 26 15:53:13.851859 dv-cinder-797608-11-iscsi devstack@n-api.service[92346]: [pid: 92346|app: 0|req: 7/12] 10.222.0.50 () {64 vars in 1336 bytes} [Mon Jul 26 15:53:13 2021] POST /compute/v2.1/flavors/d2/os-extra_specs => generated 43 bytes in 33 msecs (HTTP/1.1 200) 9 headers in 358 bytes (1 switches on core 0)
Jul 26 15:53:16.075188 dv-cinder-797608-11-iscsi devstack@n-api.service[92347]: DEBUG nova.api.openstack.wsgi [None req-69fe5d6c-8bc6-4c16-a308-1bfb1645a755 admin admin] Calling method '>' {{(pid=92347) _process_stack /opt/stack/nova/nova/api/openstack/wsgi.py:513}}
Jul 26 15:53:16.076367 dv-cinder-797608-11-iscsi devstack@n-api.service[92347]: INFO nova.api.openstack.requestlog [None req-69fe5d6c-8bc6-4c16-a308-1bfb1645a755 admin admin] 10.222.0.50 "GET /compute/v2.1" status: 200 len: 388 microversion: 2.1 time: 0.001549
Jul 26 15:53:16.076799 dv-cinder-797608-11-iscsi devstack@n-api.service[92347]: [pid: 92347|app: 0|req: 6/13] 10.222.0.50 () {54 vars in 931 bytes} [Mon Jul 26 15:53:16 2021] GET /compute/v2.1 => generated 388 bytes in 3 msecs (HTTP/1.1 200) 9 headers in 357 bytes (1 switches on core 0)
Jul 26 15:53:16.143077 dv-cinder-797608-11-iscsi devstack@n-api.service[92346]: DEBUG nova.api.openstack.wsgi [None req-1b1f77be-2cb5-461e-b08a-48f76eadcf5c admin admin] Action: 'create', calling method: >, body: {"flavor": {"swap": 0, "vcpus": 2, "name": "ds2G", "os-flavor-access:is_public": true, "ram": 2048, "disk": 10, "id": "d3", "rxtx_factor": 1.0, "OS-FLV-EXT-DATA:ephemeral": 0}} {{(pid=92346) _process_stack /opt/stack/nova/nova/api/openstack/wsgi.py:511}}
Jul 26 15:53:16.172811 dv-cinder-797608-11-iscsi devstack@n-api.service[92346]: INFO nova.api.openstack.requestlog [None req-1b1f77be-2cb5-461e-b08a-48f76eadcf5c admin admin] 10.222.0.50 "POST /compute/v2.1/flavors" status: 200 len: 404 microversion: 2.61 time: 0.088250
Jul 26 15:53:16.173309 dv-cinder-797608-11-iscsi devstack@n-api.service[92346]: [pid: 92346|app: 0|req: 8/14] 10.222.0.50 () {64 vars in 1283 bytes} [Mon Jul 26 15:53:16 2021] POST /compute/v2.1/flavors => generated 404 bytes in 90 msecs (HTTP/1.1 200) 9 headers in 359 bytes (2 switches on core 0)
Jul 26 15:53:16.186086 dv-cinder-797608-11-iscsi devstack@n-api.service[92347]: DEBUG nova.api.openstack.wsgi [None req-e4f17d31-c6b1-45e4-872a-f7f12af58fbe admin admin] Action: 'create', calling method: >, body: {"extra_specs": {"hw_rng:allowed": "True"}} {{(pid=92347) _process_stack /opt/stack/nova/nova/api/openstack/wsgi.py:511}}
Jul 26 15:53:16.210034 dv-cinder-797608-11-iscsi devstack@n-api.service[92347]: INFO nova.api.openstack.requestlog [None req-e4f17d31-c6b1-45e4-872a-f7f12af58fbe admin admin] 10.222.0.50 "POST /compute/v2.1/flavors/d3/os-extra_specs" status: 200 len: 43 microversion: 2.61 time: 0.027911
Jul 26 15:53:16.210631 dv-cinder-797608-11-iscsi devstack@n-api.service[92347]: [pid: 92347|app: 0|req: 7/15] 10.222.0.50 () {64 vars in 1336 bytes} [Mon Jul 26 15:53:16 2021] POST /compute/v2.1/flavors/d3/os-extra_specs => generated 43 bytes in 29 msecs (HTTP/1.1 200) 9 headers in 358 bytes (2 switches on core 0)
Jul 26 15:53:18.441769 dv-cinder-797608-11-iscsi devstack@n-api.service[92346]: DEBUG nova.api.openstack.wsgi [None req-1b1f77be-2cb5-461e-b08a-48f76eadcf5c admin admin] Calling method '>' {{(pid=92346) _process_stack /opt/stack/nova/nova/api/openstack/wsgi.py:513}}
Jul 26 15:53:18.442766 dv-cinder-797608-11-iscsi devstack@n-api.service[92346]: INFO nova.api.openstack.requestlog [None req-1b1f77be-2cb5-461e-b08a-48f76eadcf5c admin admin] 10.222.0.50 "GET /compute/v2.1" status: 200 len: 388 microversion: 2.1 time: 0.001490
Jul 26 15:53:18.443215 dv-cinder-797608-11-iscsi devstack@n-api.service[92346]: [pid: 92346|app: 0|req: 9/16] 10.222.0.50 () {54 vars in 931 bytes} [Mon Jul 26 15:53:18 2021] GET /compute/v2.1 => generated 388 bytes in 2 msecs (HTTP/1.1 200) 9 headers in 357 bytes (1 switches on core 0)
Jul 26 15:53:18.511528 dv-cinder-797608-11-iscsi devstack@n-api.service[92347]: DEBUG nova.api.openstack.wsgi [None req-a623a02e-d40c-4ac5-b37a-f131538948ca admin admin] Action: 'create', calling method: >, body: {"flavor": {"name": "ds4G", "swap": 0, "disk": 20, "ram": 4096, "OS-FLV-EXT-DATA:ephemeral": 0, "id": "d4", "rxtx_factor": 1.0, "os-flavor-access:is_public": true, "vcpus": 4}} {{(pid=92347) _process_stack /opt/stack/nova/nova/api/openstack/wsgi.py:511}}
Jul 26 15:53:18.531582 dv-cinder-797608-11-iscsi devstack@n-api.service[92347]: INFO nova.api.openstack.requestlog [None req-a623a02e-d40c-4ac5-b37a-f131538948ca admin admin] 10.222.0.50 "POST /compute/v2.1/flavors" status: 200 len: 404 microversion: 2.61 time: 0.081526
Jul 26 15:53:18.532393 dv-cinder-797608-11-iscsi devstack@n-api.service[92347]: [pid: 92347|app: 0|req: 8/17] 10.222.0.50 () {64 vars in 1283 bytes} [Mon Jul 26 15:53:18 2021] POST /compute/v2.1/flavors => generated 404 bytes in 83 msecs (HTTP/1.1 200) 9 headers in 359 bytes (2 switches on core 0)
Jul 26 15:53:18.554261 dv-cinder-797608-11-iscsi devstack@n-api.service[92346]: DEBUG nova.api.openstack.wsgi [None req-dbf058e9-e144-4302-a0f8-2e760d37fd66 admin admin] Action: 'create', calling method: >, body: {"extra_specs": {"hw_rng:allowed": "True"}} {{(pid=92346) _process_stack /opt/stack/nova/nova/api/openstack/wsgi.py:511}}
Jul 26 15:53:18.592294 dv-cinder-797608-11-iscsi devstack@n-api.service[92346]: INFO nova.api.openstack.requestlog [None req-dbf058e9-e144-4302-a0f8-2e760d37fd66 admin admin] 10.222.0.50 "POST /compute/v2.1/flavors/d4/os-extra_specs" status: 200 len: 43 microversion: 2.61 time: 0.045567
Jul 26 15:53:18.593097 dv-cinder-797608-11-iscsi devstack@n-api.service[92346]: [pid: 92346|app: 0|req: 10/18] 10.222.0.50 () {64 vars in 1336 bytes} [Mon Jul 26 15:53:18 2021] POST /compute/v2.1/flavors/d4/os-extra_specs => generated 43 bytes in 47 msecs (HTTP/1.1 200) 9 headers in 358 bytes (1 switches on core 0)
Jul 26 15:53:20.811902 dv-cinder-797608-11-iscsi devstack@n-api.service[92347]: DEBUG nova.api.openstack.wsgi [None req-a623a02e-d40c-4ac5-b37a-f131538948ca admin admin] Calling method '>' {{(pid=92347) _process_stack /opt/stack/nova/nova/api/openstack/wsgi.py:513}}
Jul 26 15:53:20.813859 dv-cinder-797608-11-iscsi devstack@n-api.service[92347]: INFO nova.api.openstack.requestlog [None req-a623a02e-d40c-4ac5-b37a-f131538948ca admin admin] 10.222.0.50 "GET /compute/v2.1" status: 200 len: 388 microversion: 2.1 time: 0.002320
Jul 26 15:53:20.814295 dv-cinder-797608-11-iscsi devstack@n-api.service[92347]: [pid: 92347|app: 0|req: 9/19] 10.222.0.50 () {54 vars in 931 bytes} [Mon Jul 26 15:53:20 2021] GET /compute/v2.1 => generated 388 bytes in 3 msecs (HTTP/1.1 200) 9 headers in 357 bytes (1 switches on core 0)
Jul 26 15:53:20.874890 dv-cinder-797608-11-iscsi devstack@n-api.service[92346]: DEBUG nova.api.openstack.wsgi [None req-f814e1c4-86ad-4d68-b262-d254d254a1e9 admin admin] Calling method '>' {{(pid=92346) _process_stack /opt/stack/nova/nova/api/openstack/wsgi.py:513}}
Jul 26 15:53:20.898243 dv-cinder-797608-11-iscsi devstack@n-api.service[92346]: INFO nova.api.openstack.requestlog [None req-f814e1c4-86ad-4d68-b262-d254d254a1e9 admin admin] 10.222.0.50 "GET /compute/v2.1/flavors/detail?is_public=True" status: 200 len: 2106 microversion: 2.61 time: 0.076421
Jul 26 15:53:20.899037 dv-cinder-797608-11-iscsi devstack@n-api.service[92346]: [pid: 92346|app: 0|req: 11/20] 10.222.0.50 () {60 vars in 1292 bytes} [Mon Jul 26 15:53:20 2021] GET /compute/v2.1/flavors/detail?is_public=True => generated 2106 bytes in 78 msecs (HTTP/1.1 200) 9 headers in 360 bytes (1 switches on core 0)
Jul 26 15:53:23.090189 dv-cinder-797608-11-iscsi devstack@n-api.service[92347]: DEBUG nova.api.openstack.wsgi [None req-a623a02e-d40c-4ac5-b37a-f131538948ca admin admin] Calling method '>' {{(pid=92347) _process_stack /opt/stack/nova/nova/api/openstack/wsgi.py:513}}
Jul 26 15:53:23.091203 dv-cinder-797608-11-iscsi devstack@n-api.service[92347]: INFO nova.api.openstack.requestlog [None req-a623a02e-d40c-4ac5-b37a-f131538948ca admin admin] 10.222.0.50 "GET /compute/v2.1" status: 200 len: 388 microversion: 2.1 time: 0.001510
Jul 26 15:53:23.091601 dv-cinder-797608-11-iscsi devstack@n-api.service[92347]: [pid: 92347|app: 0|req: 10/21] 10.222.0.50 () {54 vars in 931 bytes} [Mon Jul 26 15:53:23 2021] GET /compute/v2.1 => generated 388 bytes in 2 msecs (HTTP/1.1 200) 9 headers in 357 bytes (1 switches on core 0)
Jul 26 15:53:23.154902 dv-cinder-797608-11-iscsi devstack@n-api.service[92346]: DEBUG nova.api.openstack.wsgi [None req-a13a1663-f486-4333-bdfa-93d572e78d5f admin admin] Action: 'create', calling method: >, body: {"flavor": {"disk": 1, "vcpus": 1, "os-flavor-access:is_public": true, "ram": 512, "rxtx_factor": 1.0, "name": "m1.tiny", "id": "1", "swap": 0, "OS-FLV-EXT-DATA:ephemeral": 0}} {{(pid=92346) _process_stack /opt/stack/nova/nova/api/openstack/wsgi.py:511}}
Jul 26 15:53:23.173330 dv-cinder-797608-11-iscsi devstack@n-api.service[92346]: INFO nova.api.openstack.requestlog [None req-a13a1663-f486-4333-bdfa-93d572e78d5f admin admin] 10.222.0.50 "POST /compute/v2.1/flavors" status: 200 len: 402 microversion: 2.61 time: 0.075339
Jul 26 15:53:23.173874 dv-cinder-797608-11-iscsi devstack@n-api.service[92346]: [pid: 92346|app: 0|req: 12/22] 10.222.0.50 () {64 vars in 1283 bytes} [Mon Jul 26 15:53:23 2021] POST /compute/v2.1/flavors => generated 402 bytes in 76 msecs (HTTP/1.1 200) 9 headers in 359 bytes (1 switches on core 0)
Jul 26 15:53:23.186774 dv-cinder-797608-11-iscsi devstack@n-api.service[92347]: DEBUG nova.api.openstack.wsgi [None req-d763c4a0-c508-4596-ab49-389b97833c47 admin admin] Action: 'create', calling method: >, body: {"extra_specs": {"hw_rng:allowed": "True"}} {{(pid=92347) _process_stack /opt/stack/nova/nova/api/openstack/wsgi.py:511}}
Jul 26 15:53:23.209068 dv-cinder-797608-11-iscsi devstack@n-api.service[92347]: INFO nova.api.openstack.requestlog [None req-d763c4a0-c508-4596-ab49-389b97833c47 admin admin] 10.222.0.50 "POST /compute/v2.1/flavors/1/os-extra_specs" status: 200 len: 43 microversion: 2.61 time: 0.026700
Jul 26 15:53:23.209863 dv-cinder-797608-11-iscsi devstack@n-api.service[92347]: [pid: 92347|app: 0|req: 11/23] 10.222.0.50 () {64 vars in 1333 bytes} [Mon Jul 26 15:53:23 2021] POST /compute/v2.1/flavors/1/os-extra_specs => generated 43 bytes in 28 msecs (HTTP/1.1 200) 9 headers in 358 bytes (2 switches on core 0)
Jul 26 15:53:25.426015 dv-cinder-797608-11-iscsi devstack@n-api.service[92346]: DEBUG nova.api.openstack.wsgi [None req-a13a1663-f486-4333-bdfa-93d572e78d5f admin admin] Calling method '>' {{(pid=92346) _process_stack /opt/stack/nova/nova/api/openstack/wsgi.py:513}}
Jul 26 15:53:25.427029 dv-cinder-797608-11-iscsi devstack@n-api.service[92346]: INFO nova.api.openstack.requestlog [None req-a13a1663-f486-4333-bdfa-93d572e78d5f admin admin] 10.222.0.50 "GET /compute/v2.1" status: 200 len: 388 microversion: 2.1 time: 0.001475
Jul 26 15:53:25.427427 dv-cinder-797608-11-iscsi devstack@n-api.service[92346]: [pid: 92346|app: 0|req: 13/24] 10.222.0.50 () {54 vars in 931 bytes} [Mon Jul 26 15:53:25 2021] GET /compute/v2.1 => generated 388 bytes in 2 msecs (HTTP/1.1 200) 9 headers in 357 bytes (1 switches on core 0)
Jul 26 15:53:25.490832 dv-cinder-797608-11-iscsi devstack@n-api.service[92347]: DEBUG nova.api.openstack.wsgi [None req-df038eae-2156-42d7-93e5-0d9359894b78 admin admin] Action: 'create', calling method: >, body: {"flavor": {"disk": 20, "os-flavor-access:is_public": true, "id": "2", "vcpus": 1, "swap": 0, "name": "m1.small", "rxtx_factor": 1.0, "OS-FLV-EXT-DATA:ephemeral": 0, "ram": 2048}} {{(pid=92347) _process_stack /opt/stack/nova/nova/api/openstack/wsgi.py:511}}
Jul 26 15:53:25.514151 dv-cinder-797608-11-iscsi devstack@n-api.service[92347]: INFO nova.api.openstack.requestlog [None req-df038eae-2156-42d7-93e5-0d9359894b78 admin admin] 10.222.0.50 "POST /compute/v2.1/flavors" status: 200 len: 405 microversion: 2.61 time: 0.078670
Jul 26 15:53:25.514951 dv-cinder-797608-11-iscsi devstack@n-api.service[92347]: [pid: 92347|app: 0|req: 12/25] 10.222.0.50 () {64 vars in 1283 bytes} [Mon Jul 26 15:53:25 2021] POST /compute/v2.1/flavors => generated 405 bytes in 80 msecs (HTTP/1.1 200) 9 headers in 359 bytes (1 switches on core 0)
Jul 26 15:53:25.528552 dv-cinder-797608-11-iscsi devstack@n-api.service[92346]: DEBUG nova.api.openstack.wsgi [None req-48805e02-644a-4135-9e66-76eed80cd8fa admin admin] Action: 'create', calling method: >, body: {"extra_specs": {"hw_rng:allowed": "True"}} {{(pid=92346) _process_stack /opt/stack/nova/nova/api/openstack/wsgi.py:511}}
Jul 26 15:53:25.555511 dv-cinder-797608-11-iscsi devstack@n-api.service[92346]: INFO nova.api.openstack.requestlog [None req-48805e02-644a-4135-9e66-76eed80cd8fa admin admin] 10.222.0.50 "POST /compute/v2.1/flavors/2/os-extra_specs" status: 200 len: 43 microversion: 2.61 time: 0.031831
Jul 26 15:53:25.556371 dv-cinder-797608-11-iscsi devstack@n-api.service[92346]: [pid: 92346|app: 0|req: 14/26] 10.222.0.50 () {64 vars in 1333 bytes} [Mon Jul 26 15:53:25 2021] POST /compute/v2.1/flavors/2/os-extra_specs => generated 43 bytes in 34 msecs (HTTP/1.1 200) 9 headers in 358 bytes (2 switches on core 0)
Jul 26 15:53:28.356143 dv-cinder-797608-11-iscsi devstack@n-api.service[92347]: DEBUG nova.api.openstack.wsgi [None req-df038eae-2156-42d7-93e5-0d9359894b78 admin admin] Calling method '>' {{(pid=92347) _process_stack /opt/stack/nova/nova/api/openstack/wsgi.py:513}}
Jul 26 15:53:28.357300 dv-cinder-797608-11-iscsi devstack@n-api.service[92347]: INFO nova.api.openstack.requestlog [None req-df038eae-2156-42d7-93e5-0d9359894b78 admin admin] 10.222.0.50 "GET /compute/v2.1" status: 200 len: 388 microversion: 2.1 time: 0.001688
Jul 26 15:53:28.357798 dv-cinder-797608-11-iscsi devstack@n-api.service[92347]: [pid: 92347|app: 0|req: 13/27] 10.222.0.50 () {54 vars in 931 bytes} [Mon Jul 26 15:53:28 2021] GET /compute/v2.1 => generated 388 bytes in 5 msecs (HTTP/1.1 200) 9 headers in 357 bytes (1 switches on core 0)
Jul 26 15:53:28.420216 dv-cinder-797608-11-iscsi devstack@n-api.service[92346]: DEBUG nova.api.openstack.wsgi [None req-8e2724e4-796d-470c-b3bc-b3c768f7259a admin admin] Action: 'create', calling method: >, body: {"flavor": {"rxtx_factor": 1.0, "ram": 4096, "name": "m1.medium", "id": "3", "vcpus": 2, "swap": 0, "OS-FLV-EXT-DATA:ephemeral": 0, "disk": 40, "os-flavor-access:is_public": true}} {{(pid=92346) _process_stack /opt/stack/nova/nova/api/openstack/wsgi.py:511}}
Jul 26 15:53:28.440320 dv-cinder-797608-11-iscsi devstack@n-api.service[92346]: INFO nova.api.openstack.requestlog [None req-8e2724e4-796d-470c-b3bc-b3c768f7259a admin admin] 10.222.0.50 "POST /compute/v2.1/flavors" status: 200 len: 406 microversion: 2.61 time: 0.071041
Jul 26 15:53:28.440865 dv-cinder-797608-11-iscsi devstack@n-api.service[92346]: [pid: 92346|app: 0|req: 15/28] 10.222.0.50 () {64 vars in 1283 bytes} [Mon Jul 26 15:53:28 2021] POST /compute/v2.1/flavors => generated 406 bytes in 72 msecs (HTTP/1.1 200) 9 headers in 359 bytes (1 switches on core 0)
Jul 26 15:53:28.459098 dv-cinder-797608-11-iscsi devstack@n-api.service[92347]: DEBUG nova.api.openstack.wsgi [None req-555968c4-7f26-4032-a93f-3810e7668602 admin admin] Action: 'create', calling method: >, body: {"extra_specs": {"hw_rng:allowed": "True"}} {{(pid=92347) _process_stack /opt/stack/nova/nova/api/openstack/wsgi.py:511}}
Jul 26 15:53:28.482569 dv-cinder-797608-11-iscsi devstack@n-api.service[92347]: INFO nova.api.openstack.requestlog [None req-555968c4-7f26-4032-a93f-3810e7668602 admin admin] 10.222.0.50 "POST /compute/v2.1/flavors/3/os-extra_specs" status: 200 len: 43 microversion: 2.61 time: 0.027389
Jul 26 15:53:28.483082 dv-cinder-797608-11-iscsi devstack@n-api.service[92347]: [pid: 92347|app: 0|req: 14/29] 10.222.0.50 () {64 vars in 1333 bytes} [Mon Jul 26 15:53:28 2021] POST /compute/v2.1/flavors/3/os-extra_specs => generated 43 bytes in 29 msecs (HTTP/1.1 200) 9 headers in 358 bytes (2 switches on core 0)
Jul 26 15:53:30.707729 dv-cinder-797608-11-iscsi devstack@n-api.service[92346]: DEBUG nova.api.openstack.wsgi [None req-8e2724e4-796d-470c-b3bc-b3c768f7259a admin admin] Calling method '>' {{(pid=92346) _process_stack /opt/stack/nova/nova/api/openstack/wsgi.py:513}}
Jul 26 15:53:30.709058 dv-cinder-797608-11-iscsi devstack@n-api.service[92346]: INFO nova.api.openstack.requestlog [None req-8e2724e4-796d-470c-b3bc-b3c768f7259a admin admin] 10.222.0.50 "GET /compute/v2.1" status: 200 len: 388 microversion: 2.1 time: 0.001760
Jul 26 15:53:30.709460 dv-cinder-797608-11-iscsi devstack@n-api.service[92346]: [pid: 92346|app: 0|req: 16/30] 10.222.0.50 () {54 vars in 931 bytes} [Mon Jul 26 15:53:30 2021] GET /compute/v2.1 => generated 388 bytes in 3 msecs (HTTP/1.1 200) 9 headers in 357 bytes (1 switches on core 0)
Jul 26 15:53:30.764724 dv-cinder-797608-11-iscsi devstack@n-api.service[92347]: DEBUG nova.api.openstack.wsgi [None req-2aa84e0a-3687-4955-b606-3cecec232d13 admin admin] Action: 'create', calling method: >, body: {"flavor": {"swap": 0, "ram": 8192, "id": "4", "name": "m1.large", "OS-FLV-EXT-DATA:ephemeral": 0, "os-flavor-access:is_public": true, "vcpus": 4, "disk": 80, "rxtx_factor": 1.0}} {{(pid=92347) _process_stack /opt/stack/nova/nova/api/openstack/wsgi.py:511}}
Jul 26 15:53:30.782628 dv-cinder-797608-11-iscsi devstack@n-api.service[92347]: INFO nova.api.openstack.requestlog [None req-2aa84e0a-3687-4955-b606-3cecec232d13 admin admin] 10.222.0.50 "POST /compute/v2.1/flavors" status: 200 len: 405 microversion: 2.61 time: 0.066461
Jul 26 15:53:30.783189 dv-cinder-797608-11-iscsi devstack@n-api.service[92347]: [pid: 92347|app: 0|req: 15/31] 10.222.0.50 () {64 vars in 1283 bytes} [Mon Jul 26 15:53:30 2021] POST /compute/v2.1/flavors => generated 405 bytes in 68 msecs (HTTP/1.1 200) 9 headers in 359 bytes (2 switches on core 0)
Jul 26 15:53:30.795533 dv-cinder-797608-11-iscsi devstack@n-api.service[92346]: DEBUG nova.api.openstack.wsgi [None req-b253d28a-0064-4161-89ea-4fd6834d833b admin admin] Action: 'create', calling method: >, body: {"extra_specs": {"hw_rng:allowed": "True"}} {{(pid=92346) _process_stack /opt/stack/nova/nova/api/openstack/wsgi.py:511}}
Jul 26 15:53:30.826268 dv-cinder-797608-11-iscsi devstack@n-api.service[92346]: INFO nova.api.openstack.requestlog [None req-b253d28a-0064-4161-89ea-4fd6834d833b admin admin] 10.222.0.50 "POST /compute/v2.1/flavors/4/os-extra_specs" status: 200 len: 43 microversion: 2.61 time: 0.034281
Jul 26 15:53:30.826943 dv-cinder-797608-11-iscsi devstack@n-api.service[92346]: [pid: 92346|app: 0|req: 17/32] 10.222.0.50 () {64 vars in 1333 bytes} [Mon Jul 26 15:53:30 2021] POST /compute/v2.1/flavors/4/os-extra_specs => generated 43 bytes in 36 msecs (HTTP/1.1 200) 9 headers in 358 bytes (2 switches on core 0)
Jul 26 15:53:33.054330 dv-cinder-797608-11-iscsi devstack@n-api.service[92347]: DEBUG nova.api.openstack.wsgi [None req-2aa84e0a-3687-4955-b606-3cecec232d13 admin admin] Calling method '>' {{(pid=92347) _process_stack /opt/stack/nova/nova/api/openstack/wsgi.py:513}}
Jul 26 15:53:33.056100 dv-cinder-797608-11-iscsi devstack@n-api.service[92347]: INFO nova.api.openstack.requestlog [None req-2aa84e0a-3687-4955-b606-3cecec232d13 admin admin] 10.222.0.50 "GET /compute/v2.1" status: 200 len: 388 microversion: 2.1 time: 0.002193
Jul 26 15:53:33.056760 dv-cinder-797608-11-iscsi devstack@n-api.service[92347]: [pid: 92347|app: 0|req: 16/33] 10.222.0.50 () {54 vars in 931 bytes} [Mon Jul 26 15:53:33 2021] GET /compute/v2.1 => generated 388 bytes in 3 msecs (HTTP/1.1 200) 9 headers in 357 bytes (1 switches on core 0)
Jul 26 15:53:33.118126 dv-cinder-797608-11-iscsi devstack@n-api.service[92346]: DEBUG nova.api.openstack.wsgi [None req-6b6e3f80-62d1-4ed9-829d-3424e91c151d admin admin] Action: 'create', calling method: >, body: {"flavor": {"OS-FLV-EXT-DATA:ephemeral": 0, "vcpus": 8, "name": "m1.xlarge", "ram": 16384, "id": "5", "os-flavor-access:is_public": true, "disk": 160, "swap": 0, "rxtx_factor": 1.0}} {{(pid=92346) _process_stack /opt/stack/nova/nova/api/openstack/wsgi.py:511}}
Jul 26 15:53:33.134767 dv-cinder-797608-11-iscsi devstack@n-api.service[92346]: INFO nova.api.openstack.requestlog [None req-6b6e3f80-62d1-4ed9-829d-3424e91c151d admin admin] 10.222.0.50 "POST /compute/v2.1/flavors" status: 200 len: 408 microversion: 2.61 time: 0.069533
Jul 26 15:53:33.136481 dv-cinder-797608-11-iscsi devstack@n-api.service[92346]: [pid: 92346|app: 0|req: 18/34] 10.222.0.50 () {64 vars in 1283 bytes} [Mon Jul 26 15:53:33 2021] POST /compute/v2.1/flavors => generated 408 bytes in 72 msecs (HTTP/1.1 200) 9 headers in 359 bytes (1 switches on core 0)
Jul 26 15:53:33.147937 dv-cinder-797608-11-iscsi devstack@n-api.service[92347]: DEBUG nova.api.openstack.wsgi [None req-7f18ac95-a85b-45b6-a912-9902455c10d3 admin admin] Action: 'create', calling method: >, body: {"extra_specs": {"hw_rng:allowed": "True"}} {{(pid=92347) _process_stack /opt/stack/nova/nova/api/openstack/wsgi.py:511}}
Jul 26 15:53:33.171557 dv-cinder-797608-11-iscsi devstack@n-api.service[92347]: INFO nova.api.openstack.requestlog [None req-7f18ac95-a85b-45b6-a912-9902455c10d3 admin admin] 10.222.0.50 "POST /compute/v2.1/flavors/5/os-extra_specs" status: 200 len: 43 microversion: 2.61 time: 0.027385
Jul 26 15:53:33.172174 dv-cinder-797608-11-iscsi devstack@n-api.service[92347]: [pid: 92347|app: 0|req: 17/35] 10.222.0.50 () {64 vars in 1333 bytes} [Mon Jul 26 15:53:33 2021] POST /compute/v2.1/flavors/5/os-extra_specs => generated 43 bytes in 29 msecs (HTTP/1.1 200) 9 headers in 358 bytes (2 switches on core 0)
Jul 26 15:54:15.314135 dv-cinder-797608-11-iscsi devstack@n-api.service[92346]: DEBUG nova.api.openstack.wsgi [None req-6b6e3f80-62d1-4ed9-829d-3424e91c151d admin admin] Calling method '>' {{(pid=92346) _process_stack /opt/stack/nova/nova/api/openstack/wsgi.py:513}}
Jul 26 15:54:15.315155 dv-cinder-797608-11-iscsi devstack@n-api.service[92346]: INFO nova.api.openstack.requestlog [None req-6b6e3f80-62d1-4ed9-829d-3424e91c151d admin admin] 10.222.0.50 "GET /compute/v2.1" status: 200 len: 388 microversion: 2.1 time: 0.001465
Jul 26 15:54:15.315562 dv-cinder-797608-11-iscsi devstack@n-api.service[92346]: [pid: 92346|app: 0|req: 19/36] 10.222.0.50 () {54 vars in 931 bytes} [Mon Jul 26 15:54:15 2021] GET /compute/v2.1 => generated 388 bytes in 2 msecs (HTTP/1.1 200) 9 headers in 357 bytes (1 switches on core 0)
Jul 26 15:54:15.374026 dv-cinder-797608-11-iscsi devstack@n-api.service[92347]: DEBUG nova.api.openstack.wsgi [None req-c2536418-50f0-4ba0-b445-25caee3ce19a admin admin] Calling method '>' {{(pid=92347) _process_stack /opt/stack/nova/nova/api/openstack/wsgi.py:513}}
Jul 26 15:54:15.391241 dv-cinder-797608-11-iscsi devstack@n-api.service[92347]: INFO nova.api.openstack.requestlog [None req-c2536418-50f0-4ba0-b445-25caee3ce19a admin admin] 10.222.0.50 "GET /compute/v2.1/flavors/detail?is_public=True" status: 200 len: 4202 microversion: 2.61 time: 0.068487
Jul 26 15:54:15.391778 dv-cinder-797608-11-iscsi devstack@n-api.service[92347]: [pid: 92347|app: 0|req: 18/37] 10.222.0.50 () {60 vars in 1292 bytes} [Mon Jul 26 15:54:15 2021] GET /compute/v2.1/flavors/detail?is_public=True => generated 4202 bytes in 70 msecs (HTTP/1.1 200) 9 headers in 360 bytes (2 switches on core 0)
Jul 26 15:54:16.850568 dv-cinder-797608-11-iscsi devstack@n-api.service[92346]: DEBUG nova.api.openstack.wsgi [None req-6b6e3f80-62d1-4ed9-829d-3424e91c151d admin admin] Calling method '>' {{(pid=92346) _process_stack /opt/stack/nova/nova/api/openstack/wsgi.py:513}}
Jul 26 15:54:16.851567 dv-cinder-797608-11-iscsi devstack@n-api.service[92346]: INFO nova.api.openstack.requestlog [None req-6b6e3f80-62d1-4ed9-829d-3424e91c151d admin admin] 10.222.0.50 "GET /compute/v2.1" status: 200 len: 388 microversion: 2.1 time: 0.001407
Jul 26 15:54:16.851964 dv-cinder-797608-11-iscsi devstack@n-api.service[92346]: [pid: 92346|app: 0|req: 20/38] 10.222.0.50 () {56 vars in 1075 bytes} [Mon Jul 26 15:54:16 2021] GET /compute/v2.1 => generated 388 bytes in 2 msecs (HTTP/1.1 200) 9 headers in 357 bytes (1 switches on core 0)
Jul 26 15:54:17.041093 dv-cinder-797608-11-iscsi devstack@n-api.service[92347]: DEBUG nova.api.openstack.wsgi [None req-121806af-c428-4ed3-ad07-c47843016a5a admin admin] Calling method '>' {{(pid=92347) _process_stack /opt/stack/nova/nova/api/openstack/wsgi.py:513}}
Jul 26 15:54:17.046766 dv-cinder-797608-11-iscsi devstack@n-api.service[92347]: INFO nova.api.openstack.wsgi [None req-121806af-c428-4ed3-ad07-c47843016a5a admin admin] HTTP exception thrown: Flavor 42 could not be found.
Jul 26 15:54:17.047342 dv-cinder-797608-11-iscsi devstack@n-api.service[92347]: DEBUG nova.api.openstack.wsgi [None req-121806af-c428-4ed3-ad07-c47843016a5a admin admin] Returning 404 to user: Flavor 42 could not be found. {{(pid=92347) __call__ /opt/stack/nova/nova/api/openstack/wsgi.py:927}}
Jul 26 15:54:17.048143 dv-cinder-797608-11-iscsi devstack@n-api.service[92347]: INFO nova.api.openstack.requestlog [None req-121806af-c428-4ed3-ad07-c47843016a5a admin admin] 10.222.0.50 "GET /compute/v2.1/flavors/42" status: 404 len: 75 microversion: 2.88 time: 0.058820
Jul 26 15:54:17.048699 dv-cinder-797608-11-iscsi devstack@n-api.service[92347]: [pid: 92347|app: 0|req: 19/39] 10.222.0.50 () {60 vars in 1191 bytes} [Mon Jul 26 15:54:16 2021] GET /compute/v2.1/flavors/42 => generated 75 bytes in 60 msecs (HTTP/1.1 404) 9 headers in 380 bytes (2 switches on core 0)
Jul 26 15:54:17.058850 dv-cinder-797608-11-iscsi devstack@n-api.service[92346]: DEBUG nova.api.openstack.wsgi [None req-cc78656e-2307-4b51-a898-2e2c86a32c25 admin admin] Calling method '>' {{(pid=92346) _process_stack /opt/stack/nova/nova/api/openstack/wsgi.py:513}}
Jul 26 15:54:17.079936 dv-cinder-797608-11-iscsi devstack@n-api.service[92346]: INFO nova.api.openstack.requestlog [None req-cc78656e-2307-4b51-a898-2e2c86a32c25 admin admin] 10.222.0.50 "GET /compute/v2.1/flavors?is_public=None" status: 200 len: 2056 microversion: 2.88 time: 0.024991
Jul 26 15:54:17.080463 dv-cinder-797608-11-iscsi devstack@n-api.service[92346]: [pid: 92346|app: 0|req: 21/40] 10.222.0.50 () {60 vars in 1211 bytes} [Mon Jul 26 15:54:17 2021] GET /compute/v2.1/flavors?is_public=None => generated 2056 bytes in 26 msecs (HTTP/1.1 200) 9 headers in 360 bytes (2 switches on core 0)
Jul 26 15:54:17.091156 dv-cinder-797608-11-iscsi devstack@n-api.service[92347]: DEBUG nova.api.openstack.wsgi [None req-ca597073-9131-473b-8a34-1fee8821defc admin admin] Calling method '>' {{(pid=92347) _process_stack /opt/stack/nova/nova/api/openstack/wsgi.py:513}}
Jul 26 15:54:17.112090 dv-cinder-797608-11-iscsi devstack@n-api.service[92347]: INFO nova.api.openstack.requestlog [None req-ca597073-9131-473b-8a34-1fee8821defc admin admin] 10.222.0.50 "GET /compute/v2.1/flavors?is_public=None" status: 200 len: 2056 microversion: 2.88 time: 0.024703
Jul 26 15:54:17.112644 dv-cinder-797608-11-iscsi devstack@n-api.service[92347]: [pid: 92347|app: 0|req: 20/41] 10.222.0.50 () {60 vars in 1211 bytes} [Mon Jul 26 15:54:17 2021] GET /compute/v2.1/flavors?is_public=None => generated 2056 bytes in 26 msecs (HTTP/1.1 200) 9 headers in 360 bytes (2 switches on core 0)
Jul 26 15:54:17.122965 dv-cinder-797608-11-iscsi devstack@n-api.service[92346]: DEBUG nova.api.openstack.wsgi [None req-212e591b-17d6-45e2-a016-b3bf01fbec03 admin admin] Calling method '>' {{(pid=92346) _process_stack /opt/stack/nova/nova/api/openstack/wsgi.py:513}}
Jul 26 15:54:17.128342 dv-cinder-797608-11-iscsi devstack@n-api.service[92346]: INFO nova.api.openstack.wsgi [None req-212e591b-17d6-45e2-a016-b3bf01fbec03 admin admin] HTTP exception thrown: Flavor 42 could not be found.
Jul 26 15:54:17.128904 dv-cinder-797608-11-iscsi devstack@n-api.service[92346]: DEBUG nova.api.openstack.wsgi [None req-212e591b-17d6-45e2-a016-b3bf01fbec03 admin admin] Returning 404 to user: Flavor 42 could not be found. {{(pid=92346) __call__ /opt/stack/nova/nova/api/openstack/wsgi.py:927}}
Jul 26 15:54:17.130359 dv-cinder-797608-11-iscsi devstack@n-api.service[92346]: INFO nova.api.openstack.requestlog [None req-212e591b-17d6-45e2-a016-b3bf01fbec03 admin admin] 10.222.0.50 "GET /compute/v2.1/flavors/42" status: 404 len: 75 microversion: 2.88 time: 0.010291
Jul 26 15:54:17.130359 dv-cinder-797608-11-iscsi devstack@n-api.service[92346]: [pid: 92346|app: 0|req: 22/42] 10.222.0.50 () {60 vars in 1191 bytes} [Mon Jul 26 15:54:17 2021] GET /compute/v2.1/flavors/42 => generated 75 bytes in 12 msecs (HTTP/1.1 404) 9 headers in 380 bytes (1 switches on core 0)
Jul 26 15:54:18.536653 dv-cinder-797608-11-iscsi devstack@n-api.service[92347]: DEBUG nova.api.openstack.wsgi [None req-ca597073-9131-473b-8a34-1fee8821defc admin admin] Calling method '>' {{(pid=92347) _process_stack /opt/stack/nova/nova/api/openstack/wsgi.py:513}}
Jul 26 15:54:18.537658 dv-cinder-797608-11-iscsi devstack@n-api.service[92347]: INFO nova.api.openstack.requestlog [None req-ca597073-9131-473b-8a34-1fee8821defc admin admin] 10.222.0.50 "GET /compute/v2.1" status: 200 len: 388 microversion: 2.1 time: 0.001497
Jul 26 15:54:18.538064 dv-cinder-797608-11-iscsi devstack@n-api.service[92347]: [pid: 92347|app: 0|req: 21/43] 10.222.0.50 () {56 vars in 1075 bytes} [Mon Jul 26 15:54:18 2021] GET /compute/v2.1 => generated 388 bytes in 2 msecs (HTTP/1.1 200) 9 headers in 357 bytes (1 switches on core 0)
Jul 26 15:54:18.730327 dv-cinder-797608-11-iscsi devstack@n-api.service[92346]: DEBUG nova.api.openstack.wsgi [None req-30ca76f8-5504-48c4-80e0-c81b9a7a8742 admin admin] Calling method '>' {{(pid=92346) _process_stack /opt/stack/nova/nova/api/openstack/wsgi.py:513}}
Jul 26 15:54:18.735500 dv-cinder-797608-11-iscsi devstack@n-api.service[92346]: INFO nova.api.openstack.wsgi [None req-30ca76f8-5504-48c4-80e0-c81b9a7a8742 admin admin] HTTP exception thrown: Flavor 84 could not be found.
Jul 26 15:54:18.736053 dv-cinder-797608-11-iscsi devstack@n-api.service[92346]: DEBUG nova.api.openstack.wsgi [None req-30ca76f8-5504-48c4-80e0-c81b9a7a8742 admin admin] Returning 404 to user: Flavor 84 could not be found. {{(pid=92346) __call__ /opt/stack/nova/nova/api/openstack/wsgi.py:927}}
Jul 26 15:54:18.736870 dv-cinder-797608-11-iscsi devstack@n-api.service[92346]: INFO nova.api.openstack.requestlog [None req-30ca76f8-5504-48c4-80e0-c81b9a7a8742 admin admin] 10.222.0.50 "GET /compute/v2.1/flavors/84" status: 404 len: 75 microversion: 2.88 time: 0.058952
Jul 26 15:54:18.737378 dv-cinder-797608-11-iscsi devstack@n-api.service[92346]: [pid: 92346|app: 0|req: 23/44] 10.222.0.50 () {60 vars in 1191 bytes} [Mon Jul 26 15:54:18 2021] GET /compute/v2.1/flavors/84 => generated 75 bytes in 60 msecs (HTTP/1.1 404) 9 headers in 380 bytes (1 switches on core 0)
Jul 26 15:54:18.747280 dv-cinder-797608-11-iscsi devstack@n-api.service[92347]: DEBUG nova.api.openstack.wsgi [None req-d816a2a9-37d1-47a5-8075-1404b3f28e24 admin admin] Calling method '>' {{(pid=92347) _process_stack /opt/stack/nova/nova/api/openstack/wsgi.py:513}}
Jul 26 15:54:18.761268 dv-cinder-797608-11-iscsi devstack@n-api.service[92347]: INFO nova.api.openstack.requestlog [None req-d816a2a9-37d1-47a5-8075-1404b3f28e24 admin admin] 10.222.0.50 "GET /compute/v2.1/flavors?is_public=None" status: 200 len: 2056 microversion: 2.88 time: 0.017516
Jul 26 15:54:18.761849 dv-cinder-797608-11-iscsi devstack@n-api.service[92347]: [pid: 92347|app: 0|req: 22/45] 10.222.0.50 () {60 vars in 1211 bytes} [Mon Jul 26 15:54:18 2021] GET /compute/v2.1/flavors?is_public=None => generated 2056 bytes in 19 msecs (HTTP/1.1 200) 9 headers in 360 bytes (1 switches on core 0)
Jul 26 15:54:18.772067 dv-cinder-797608-11-iscsi devstack@n-api.service[92346]: DEBUG nova.api.openstack.wsgi [None req-62250ac8-9307-4f61-a08c-b5ae49cb01b5 admin admin] Calling method '>' {{(pid=92346) _process_stack /opt/stack/nova/nova/api/openstack/wsgi.py:513}}
Jul 26 15:54:18.786107 dv-cinder-797608-11-iscsi devstack@n-api.service[92346]: INFO nova.api.openstack.requestlog [None req-62250ac8-9307-4f61-a08c-b5ae49cb01b5 admin admin] 10.222.0.50 "GET /compute/v2.1/flavors?is_public=None" status: 200 len: 2056 microversion: 2.88 time: 0.017632
Jul 26 15:54:18.786699 dv-cinder-797608-11-iscsi devstack@n-api.service[92346]: [pid: 92346|app: 0|req: 24/46] 10.222.0.50 () {60 vars in 1211 bytes} [Mon Jul 26 15:54:18 2021] GET /compute/v2.1/flavors?is_public=None => generated 2056 bytes in 19 msecs (HTTP/1.1 200) 9 headers in 360 bytes (2 switches on core 0)
Jul 26 15:54:18.796378 dv-cinder-797608-11-iscsi devstack@n-api.service[92347]: DEBUG nova.api.openstack.wsgi [None req-f29a6ff2-f196-4238-969c-81b52db0c7a8 admin admin] Calling method '>' {{(pid=92347) _process_stack /opt/stack/nova/nova/api/openstack/wsgi.py:513}}
Jul 26 15:54:18.801509 dv-cinder-797608-11-iscsi devstack@n-api.service[92347]: INFO nova.api.openstack.wsgi [None req-f29a6ff2-f196-4238-969c-81b52db0c7a8 admin admin] HTTP exception thrown: Flavor 84 could not be found.
Jul 26 15:54:18.802061 dv-cinder-797608-11-iscsi devstack@n-api.service[92347]: DEBUG nova.api.openstack.wsgi [None req-f29a6ff2-f196-4238-969c-81b52db0c7a8 admin admin] Returning 404 to user: Flavor 84 could not be found. {{(pid=92347) __call__ /opt/stack/nova/nova/api/openstack/wsgi.py:927}}
Jul 26 15:54:18.802828 dv-cinder-797608-11-iscsi devstack@n-api.service[92347]: INFO nova.api.openstack.requestlog [None req-f29a6ff2-f196-4238-969c-81b52db0c7a8 admin admin] 10.222.0.50 "GET /compute/v2.1/flavors/84" status: 404 len: 75 microversion: 2.88 time: 0.009944
Jul 26 15:54:18.803312 dv-cinder-797608-11-iscsi devstack@n-api.service[92347]: [pid: 92347|app: 0|req: 23/47] 10.222.0.50 () {60 vars in 1191 bytes} [Mon Jul 26 15:54:18 2021] GET /compute/v2.1/flavors/84 => generated 75 bytes in 11 msecs (HTTP/1.1 404) 9 headers in 380 bytes (2 switches on core 0)
Jul 26 15:54:20.182885 dv-cinder-797608-11-iscsi devstack@n-api.service[92346]: DEBUG nova.api.openstack.wsgi [None req-62250ac8-9307-4f61-a08c-b5ae49cb01b5 admin admin] Calling method '>' {{(pid=92346) _process_stack /opt/stack/nova/nova/api/openstack/wsgi.py:513}}
Jul 26 15:54:20.183890 dv-cinder-797608-11-iscsi devstack@n-api.service[92346]: INFO nova.api.openstack.requestlog [None req-62250ac8-9307-4f61-a08c-b5ae49cb01b5 admin admin] 10.222.0.50 "GET /compute/v2.1" status: 200 len: 388 microversion: 2.1 time: 0.001425
Jul 26 15:54:20.184333 dv-cinder-797608-11-iscsi devstack@n-api.service[92346]: [pid: 92346|app: 0|req: 25/48] 10.222.0.50 () {56 vars in 1075 bytes} [Mon Jul 26 15:54:20 2021] GET /compute/v2.1 => generated 388 bytes in 2 msecs (HTTP/1.1 200) 9 headers in 357 bytes (1 switches on core 0)
Jul 26 15:54:20.388217 dv-cinder-797608-11-iscsi devstack@n-api.service[92347]: DEBUG nova.api.openstack.wsgi [None req-abe26a41-5d06-4ebb-8376-b34790c8978d admin admin] Calling method '>' {{(pid=92347) _process_stack /opt/stack/nova/nova/api/openstack/wsgi.py:513}}
Jul 26 15:54:20.393875 dv-cinder-797608-11-iscsi devstack@n-api.service[92347]: INFO nova.api.openstack.wsgi [None req-abe26a41-5d06-4ebb-8376-b34790c8978d admin admin] HTTP exception thrown: Flavor 451 could not be found.
Jul 26 15:54:20.394361 dv-cinder-797608-11-iscsi devstack@n-api.service[92347]: DEBUG nova.api.openstack.wsgi [None req-abe26a41-5d06-4ebb-8376-b34790c8978d admin admin] Returning 404 to user: Flavor 451 could not be found. {{(pid=92347) __call__ /opt/stack/nova/nova/api/openstack/wsgi.py:927}}
Jul 26 15:54:20.395137 dv-cinder-797608-11-iscsi devstack@n-api.service[92347]: INFO nova.api.openstack.requestlog [None req-abe26a41-5d06-4ebb-8376-b34790c8978d admin admin] 10.222.0.50 "GET /compute/v2.1/flavors/451" status: 404 len: 76 microversion: 2.88 time: 0.059410
Jul 26 15:54:20.395637 dv-cinder-797608-11-iscsi devstack@n-api.service[92347]: [pid: 92347|app: 0|req: 24/49] 10.222.0.50 () {60 vars in 1194 bytes} [Mon Jul 26 15:54:20 2021] GET /compute/v2.1/flavors/451 => generated 76 bytes in 60 msecs (HTTP/1.1 404) 9 headers in 380 bytes (1 switches on core 0)
Jul 26 15:54:20.405780 dv-cinder-797608-11-iscsi devstack@n-api.service[92346]: DEBUG nova.api.openstack.wsgi [None req-9083feb1-618f-497d-9995-59d99d8dab33 admin admin] Calling method '>' {{(pid=92346) _process_stack /opt/stack/nova/nova/api/openstack/wsgi.py:513}}
Jul 26 15:54:20.419277 dv-cinder-797608-11-iscsi devstack@n-api.service[92346]: INFO nova.api.openstack.requestlog [None req-9083feb1-618f-497d-9995-59d99d8dab33 admin admin] 10.222.0.50 "GET /compute/v2.1/flavors?is_public=None" status: 200 len: 2056 microversion: 2.88 time: 0.016881
Jul 26 15:54:20.419826 dv-cinder-797608-11-iscsi devstack@n-api.service[92346]: [pid: 92346|app: 0|req: 26/50] 10.222.0.50 () {60 vars in 1211 bytes} [Mon Jul 26 15:54:20 2021] GET /compute/v2.1/flavors?is_public=None => generated 2056 bytes in 18 msecs (HTTP/1.1 200) 9 headers in 360 bytes (1 switches on core 0)
Jul 26 15:54:20.429913 dv-cinder-797608-11-iscsi devstack@n-api.service[92347]: DEBUG nova.api.openstack.wsgi [None req-dc75e5a9-7d8f-4107-8c01-50143cec7fb9 admin admin] Calling method '>' {{(pid=92347) _process_stack /opt/stack/nova/nova/api/openstack/wsgi.py:513}}
Jul 26 15:54:20.444665 dv-cinder-797608-11-iscsi devstack@n-api.service[92347]: INFO nova.api.openstack.requestlog [None req-dc75e5a9-7d8f-4107-8c01-50143cec7fb9 admin admin] 10.222.0.50 "GET /compute/v2.1/flavors?is_public=None" status: 200 len: 2056 microversion: 2.88 time: 0.018242
Jul 26 15:54:20.445208 dv-cinder-797608-11-iscsi devstack@n-api.service[92347]: [pid: 92347|app: 0|req: 25/51] 10.222.0.50 () {60 vars in 1211 bytes} [Mon Jul 26 15:54:20 2021] GET /compute/v2.1/flavors?is_public=None => generated 2056 bytes in 19 msecs (HTTP/1.1 200) 9 headers in 360 bytes (2 switches on core 0)
Jul 26 15:54:20.455595 dv-cinder-797608-11-iscsi devstack@n-api.service[92346]: DEBUG nova.api.openstack.wsgi [None req-83d76af3-0798-403d-9119-5e0fd4f0f3df admin admin] Calling method '>' {{(pid=92346) _process_stack /opt/stack/nova/nova/api/openstack/wsgi.py:513}}
Jul 26 15:54:20.461055 dv-cinder-797608-11-iscsi devstack@n-api.service[92346]: INFO nova.api.openstack.wsgi [None req-83d76af3-0798-403d-9119-5e0fd4f0f3df admin admin] HTTP exception thrown: Flavor 451 could not be found.
Jul 26 15:54:20.461614 dv-cinder-797608-11-iscsi devstack@n-api.service[92346]: DEBUG nova.api.openstack.wsgi [None req-83d76af3-0798-403d-9119-5e0fd4f0f3df admin admin] Returning 404 to user: Flavor 451 could not be found. {{(pid=92346) __call__ /opt/stack/nova/nova/api/openstack/wsgi.py:927}}
Jul 26 15:54:20.463010 dv-cinder-797608-11-iscsi devstack@n-api.service[92346]: INFO nova.api.openstack.requestlog [None req-83d76af3-0798-403d-9119-5e0fd4f0f3df admin admin] 10.222.0.50 "GET /compute/v2.1/flavors/451" status: 404 len: 76 microversion: 2.88 time: 0.010949
Jul 26 15:54:20.463505 dv-cinder-797608-11-iscsi devstack@n-api.service[92346]: [pid: 92346|app: 0|req: 27/52] 10.222.0.50 () {60 vars in 1194 bytes} [Mon Jul 26 15:54:20 2021] GET /compute/v2.1/flavors/451 => generated 76 bytes in 12 msecs (HTTP/1.1 404) 9 headers in 380 bytes (1 switches on core 0)
Jul 26 15:54:21.857826 dv-cinder-797608-11-iscsi devstack@n-api.service[92347]: DEBUG nova.api.openstack.wsgi [None req-dc75e5a9-7d8f-4107-8c01-50143cec7fb9 admin admin] Calling method '>' {{(pid=92347) _process_stack /opt/stack/nova/nova/api/openstack/wsgi.py:513}}
