Jun 23 10:07:16.372059 dv-cinder-797510-1-iscsi devstack@n-api.service[107834]: INFO nova.api.openstack.requestlog [None req-54c9345e-9dcf-47a9-a483-538d92077d47 tempest-VolumesSnapshotsTestJSON-550035828 tempest-VolumesSnapshotsTestJSON-550035828-project] 10.222.0.47 "GET /compute/v2.1/os-snapshots/e92243c0-d0a1-47f6-983d-cfa28d13ee22" status: 200 len: 287 microversion: 2.1 time: 0.077237
Jun 23 10:07:16.372220 dv-cinder-797510-1-iscsi devstack@n-api.service[107834]: [pid: 107834|app: 0|req: 10/17] 10.222.0.47 () {58 vars in 1251 bytes} [Wed Jun 23 10:07:16 2021] GET /compute/v2.1/os-snapshots/e92243c0-d0a1-47f6-983d-cfa28d13ee22 => generated 287 bytes in 79 msecs (HTTP/1.1 200) 9 headers in 357 bytes (1 switches on core 0)
Jun 23 10:07:16.528378 dv-cinder-797510-1-iscsi devstack@n-api.service[107833]: DEBUG nova.api.openstack.wsgi [None req-b467f627-8c91-41da-a48a-9ecb9439c1d0 tempest-DeleteServersTestJSON-1092096768 tempest-DeleteServersTestJSON-1092096768-project] Calling method '>' {{(pid=107833) _process_stack /opt/stack/nova/nova/api/openstack/wsgi.py:513}}
Jun 23 10:07:16.529057 dv-cinder-797510-1-iscsi devstack@n-api.service[107833]: DEBUG nova.compute.api [None req-b467f627-8c91-41da-a48a-9ecb9439c1d0 tempest-DeleteServersTestJSON-1092096768 tempest-DeleteServersTestJSON-1092096768-project] [instance: b20af615-61b7-4ce4-90e5-95c5ee2360b8] Fetching instance by UUID {{(pid=107833) get /opt/stack/nova/nova/compute/api.py:2795}}
Jun 23 10:07:16.556506 dv-cinder-797510-1-iscsi devstack@n-api.service[107833]: DEBUG oslo_concurrency.lockutils [None req-b467f627-8c91-41da-a48a-9ecb9439c1d0 tempest-DeleteServersTestJSON-1092096768 tempest-DeleteServersTestJSON-1092096768-project] Lock "7d9ed83f-7a66-45be-940d-e51764224d59" acquired by "nova.context.set_target_cell..get_or_set_cached_cell_and_set_connections" :: waited 0.000s {{(pid=107833) inner /usr/local/lib/python3.8/dist-packages/oslo_concurrency/lockutils.py:355}}
Jun 23 10:07:16.556967 dv-cinder-797510-1-iscsi devstack@n-api.service[107833]: DEBUG oslo_concurrency.lockutils [None req-b467f627-8c91-41da-a48a-9ecb9439c1d0 tempest-DeleteServersTestJSON-1092096768 tempest-DeleteServersTestJSON-1092096768-project] Lock "7d9ed83f-7a66-45be-940d-e51764224d59" released by "nova.context.set_target_cell..get_or_set_cached_cell_and_set_connections" :: held 0.001s {{(pid=107833) inner /usr/local/lib/python3.8/dist-packages/oslo_concurrency/lockutils.py:367}}
Jun 23 10:07:16.557751 dv-cinder-797510-1-iscsi devstack@n-api.service[107833]: DEBUG oslo_concurrency.lockutils [None req-b467f627-8c91-41da-a48a-9ecb9439c1d0 tempest-DeleteServersTestJSON-1092096768 tempest-DeleteServersTestJSON-1092096768-project] Lock "7d9ed83f-7a66-45be-940d-e51764224d59" acquired by "nova.context.set_target_cell..get_or_set_cached_cell_and_set_connections" :: waited 0.000s {{(pid=107833) inner /usr/local/lib/python3.8/dist-packages/oslo_concurrency/lockutils.py:355}}
Jun 23 10:07:16.565951 dv-cinder-797510-1-iscsi devstack@n-api.service[107833]: DEBUG oslo_concurrency.lockutils [None req-b467f627-8c91-41da-a48a-9ecb9439c1d0 tempest-DeleteServersTestJSON-1092096768 tempest-DeleteServersTestJSON-1092096768-project] Lock "7d9ed83f-7a66-45be-940d-e51764224d59" released by "nova.context.set_target_cell..get_or_set_cached_cell_and_set_connections" :: held 0.008s {{(pid=107833) inner /usr/local/lib/python3.8/dist-packages/oslo_concurrency/lockutils.py:367}}
Jun 23 10:07:16.573309 dv-cinder-797510-1-iscsi devstack@n-api.service[107833]: /opt/stack/nova/nova/db/sqlalchemy/api.py:1217: SAWarning: TypeDecorator SoftDeleteInteger() will not produce a cache key because the ``cache_ok`` flag is not set to True. Set this flag to True if this type object's state is safe to use in a cache key, or False to disable this warning.
Jun 23 10:07:16.573309 dv-cinder-797510-1-iscsi devstack@n-api.service[107833]: result = _build_instance_get(context, columns_to_join=columns_to_join).\
Jun 23 10:07:17.138955 dv-cinder-797510-1-iscsi devstack@n-api.service[107833]: DEBUG nova.policy [None req-b467f627-8c91-41da-a48a-9ecb9439c1d0 tempest-DeleteServersTestJSON-1092096768 tempest-DeleteServersTestJSON-1092096768-project] Policy check for os_compute_api:os-extended-server-attributes failed with credentials {'is_admin': False, 'user_id': 'd99749a0591d46feb5668e4fc174ed4e', 'user_domain_id': 'default', 'system_scope': None, 'domain_id': None, 'project_id': '1fc0086e8c45473eaed64745e82da40c', 'project_domain_id': 'default', 'roles': ['member', 'reader'], 'is_admin_project': True, 'service_user_id': None, 'service_user_domain_id': None, 'service_project_id': None, 'service_project_domain_id': None, 'service_roles': []} {{(pid=107833) authorize /opt/stack/nova/nova/policy.py:199}}
Jun 23 10:07:17.142221 dv-cinder-797510-1-iscsi devstack@n-api.service[107833]: /opt/stack/nova/nova/db/sqlalchemy/api.py:2775: SAWarning: TypeDecorator SoftDeleteInteger() will not produce a cache key because the ``cache_ok`` flag is not set to True. Set this flag to True if this type object's state is safe to use in a cache key, or False to disable this warning.
Jun 23 10:07:17.142221 dv-cinder-797510-1-iscsi devstack@n-api.service[107833]: return _block_device_mapping_get_query(context).filter(
Jun 23 10:07:17.172287 dv-cinder-797510-1-iscsi devstack@n-api.service[107833]: INFO nova.api.openstack.requestlog [None req-b467f627-8c91-41da-a48a-9ecb9439c1d0 tempest-DeleteServersTestJSON-1092096768 tempest-DeleteServersTestJSON-1092096768-project] 10.222.0.47 "GET /compute/v2.1/servers/b20af615-61b7-4ce4-90e5-95c5ee2360b8" status: 200 len: 1217 microversion: 2.1 time: 0.643441
Jun 23 10:07:17.175106 dv-cinder-797510-1-iscsi devstack@n-api.service[107833]: [pid: 107833|app: 0|req: 8/18] 10.222.0.47 () {58 vars in 1236 bytes} [Wed Jun 23 10:07:16 2021] GET /compute/v2.1/servers/b20af615-61b7-4ce4-90e5-95c5ee2360b8 => generated 1217 bytes in 653 msecs (HTTP/1.1 200) 9 headers in 358 bytes (1 switches on core 0)
Jun 23 10:07:17.382914 dv-cinder-797510-1-iscsi devstack@n-api.service[107834]: DEBUG nova.api.openstack.wsgi [None req-116c363c-8f41-42b6-a30f-68db015006db tempest-VolumesSnapshotsTestJSON-550035828 tempest-VolumesSnapshotsTestJSON-550035828-project] Calling method '.version_select at 0x7ff7d56b5c10>' {{(pid=107834) _process_stack /opt/stack/nova/nova/api/openstack/wsgi.py:513}}
Jun 23 10:07:17.424465 dv-cinder-797510-1-iscsi devstack@n-api.service[107834]: INFO nova.api.openstack.requestlog [None req-116c363c-8f41-42b6-a30f-68db015006db tempest-VolumesSnapshotsTestJSON-550035828 tempest-VolumesSnapshotsTestJSON-550035828-project] 10.222.0.47 "GET /compute/v2.1/os-snapshots/e92243c0-d0a1-47f6-983d-cfa28d13ee22" status: 200 len: 288 microversion: 2.1 time: 0.045345
Jun 23 10:07:17.425047 dv-cinder-797510-1-iscsi devstack@n-api.service[107834]: [pid: 107834|app: 0|req: 11/19] 10.222.0.47 () {58 vars in 1251 bytes} [Wed Jun 23 10:07:17 2021] GET /compute/v2.1/os-snapshots/e92243c0-d0a1-47f6-983d-cfa28d13ee22 => generated 288 bytes in 47 msecs (HTTP/1.1 200) 9 headers in 357 bytes (1 switches on core 0)
Jun 23 10:07:17.437211 dv-cinder-797510-1-iscsi devstack@n-api.service[107833]: DEBUG nova.api.openstack.wsgi [None req-88714c83-b706-41b8-b745-1e72babcf836 tempest-VolumesSnapshotsTestJSON-550035828 tempest-VolumesSnapshotsTestJSON-550035828-project] Calling method '.version_select at 0x7ff7d4d293a0>' {{(pid=107833) _process_stack /opt/stack/nova/nova/api/openstack/wsgi.py:513}}
Jun 23 10:07:17.617464 dv-cinder-797510-1-iscsi devstack@n-api.service[107833]: INFO nova.api.openstack.requestlog [None req-88714c83-b706-41b8-b745-1e72babcf836 tempest-VolumesSnapshotsTestJSON-550035828 tempest-VolumesSnapshotsTestJSON-550035828-project] 10.222.0.47 "DELETE /compute/v2.1/os-snapshots/e92243c0-d0a1-47f6-983d-cfa28d13ee22" status: 202 len: 0 microversion: 2.1 time: 0.185221
Jun 23 10:07:17.621889 dv-cinder-797510-1-iscsi devstack@n-api.service[107833]: [pid: 107833|app: 0|req: 9/20] 10.222.0.47 () {58 vars in 1254 bytes} [Wed Jun 23 10:07:17 2021] DELETE /compute/v2.1/os-snapshots/e92243c0-d0a1-47f6-983d-cfa28d13ee22 => generated 0 bytes in 191 msecs (HTTP/1.1 202) 9 headers in 361 bytes (1 switches on core 0)
Jun 23 10:07:17.626554 dv-cinder-797510-1-iscsi devstack@n-api.service[107834]: DEBUG nova.api.openstack.wsgi [None req-4290d05c-e5d0-4cd9-b2a1-0aaacbf86036 tempest-VolumesSnapshotsTestJSON-550035828 tempest-VolumesSnapshotsTestJSON-550035828-project] Calling method '.version_select at 0x7ff7d56400d0>' {{(pid=107834) _process_stack /opt/stack/nova/nova/api/openstack/wsgi.py:513}}
Jun 23 10:07:17.678375 dv-cinder-797510-1-iscsi devstack@n-api.service[107834]: INFO nova.api.openstack.requestlog [None req-4290d05c-e5d0-4cd9-b2a1-0aaacbf86036 tempest-VolumesSnapshotsTestJSON-550035828 tempest-VolumesSnapshotsTestJSON-550035828-project] 10.222.0.47 "GET /compute/v2.1/os-snapshots/e92243c0-d0a1-47f6-983d-cfa28d13ee22" status: 200 len: 287 microversion: 2.1 time: 0.055638
Jun 23 10:07:17.679030 dv-cinder-797510-1-iscsi devstack@n-api.service[107834]: [pid: 107834|app: 0|req: 12/21] 10.222.0.47 () {58 vars in 1251 bytes} [Wed Jun 23 10:07:17 2021] GET /compute/v2.1/os-snapshots/e92243c0-d0a1-47f6-983d-cfa28d13ee22 => generated 287 bytes in 57 msecs (HTTP/1.1 200) 9 headers in 357 bytes (2 switches on core 0)
Jun 23 10:07:17.988640 dv-cinder-797510-1-iscsi devstack@n-api.service[107833]: DEBUG nova.api.openstack.wsgi [None req-e48fa79d-45de-49ae-aec2-bacd3fc41377 tempest-VolumesTestJSON-410665277 tempest-VolumesTestJSON-410665277-project] Calling method '.version_select at 0x7ff7d4d29c10>' {{(pid=107833) _process_stack /opt/stack/nova/nova/api/openstack/wsgi.py:513}}
Jun 23 10:07:18.120503 dv-cinder-797510-1-iscsi devstack@n-api.service[107833]: INFO nova.api.openstack.requestlog [None req-e48fa79d-45de-49ae-aec2-bacd3fc41377 tempest-VolumesTestJSON-410665277 tempest-VolumesTestJSON-410665277-project] 10.222.0.47 "GET /compute/v2.1/os-volumes/c490d30b-8f23-4d3c-9b58-afe7507fc99b" status: 200 len: 350 microversion: 2.1 time: 0.126249
Jun 23 10:07:18.120503 dv-cinder-797510-1-iscsi devstack@n-api.service[107833]: [pid: 107833|app: 0|req: 10/22] 10.222.0.47 () {58 vars in 1245 bytes} [Wed Jun 23 10:07:17 2021] GET /compute/v2.1/os-volumes/c490d30b-8f23-4d3c-9b58-afe7507fc99b => generated 350 bytes in 128 msecs (HTTP/1.1 200) 9 headers in 357 bytes (1 switches on core 0)
Jun 23 10:07:18.130628 dv-cinder-797510-1-iscsi devstack@n-api.service[107834]: DEBUG nova.api.openstack.wsgi [None req-0ea24ecd-67f2-4350-8521-614c4324c6d2 tempest-VolumesTestJSON-410665277 tempest-VolumesTestJSON-410665277-project] Calling method '.version_select at 0x7ff7d5640790>' {{(pid=107834) _process_stack /opt/stack/nova/nova/api/openstack/wsgi.py:513}}
Jun 23 10:07:18.197271 dv-cinder-797510-1-iscsi devstack@n-api.service[107833]: DEBUG nova.api.openstack.wsgi [None req-fd863e94-b993-4138-9897-87144afcaea4 tempest-DeleteServersTestJSON-1092096768 tempest-DeleteServersTestJSON-1092096768-project] Calling method '>' {{(pid=107833) _process_stack /opt/stack/nova/nova/api/openstack/wsgi.py:513}}
Jun 23 10:07:18.198113 dv-cinder-797510-1-iscsi devstack@n-api.service[107833]: DEBUG nova.compute.api [None req-fd863e94-b993-4138-9897-87144afcaea4 tempest-DeleteServersTestJSON-1092096768 tempest-DeleteServersTestJSON-1092096768-project] [instance: b20af615-61b7-4ce4-90e5-95c5ee2360b8] Fetching instance by UUID {{(pid=107833) get /opt/stack/nova/nova/compute/api.py:2795}}
Jun 23 10:07:18.206349 dv-cinder-797510-1-iscsi devstack@n-api.service[107833]: DEBUG oslo_concurrency.lockutils [None req-fd863e94-b993-4138-9897-87144afcaea4 tempest-DeleteServersTestJSON-1092096768 tempest-DeleteServersTestJSON-1092096768-project] Lock "7d9ed83f-7a66-45be-940d-e51764224d59" acquired by "nova.context.set_target_cell..get_or_set_cached_cell_and_set_connections" :: waited 0.000s {{(pid=107833) inner /usr/local/lib/python3.8/dist-packages/oslo_concurrency/lockutils.py:355}}
Jun 23 10:07:18.207585 dv-cinder-797510-1-iscsi devstack@n-api.service[107833]: DEBUG oslo_concurrency.lockutils [None req-fd863e94-b993-4138-9897-87144afcaea4 tempest-DeleteServersTestJSON-1092096768 tempest-DeleteServersTestJSON-1092096768-project] Lock "7d9ed83f-7a66-45be-940d-e51764224d59" released by "nova.context.set_target_cell..get_or_set_cached_cell_and_set_connections" :: held 0.001s {{(pid=107833) inner /usr/local/lib/python3.8/dist-packages/oslo_concurrency/lockutils.py:367}}
Jun 23 10:07:18.208839 dv-cinder-797510-1-iscsi devstack@n-api.service[107833]: DEBUG oslo_concurrency.lockutils [None req-fd863e94-b993-4138-9897-87144afcaea4 tempest-DeleteServersTestJSON-1092096768 tempest-DeleteServersTestJSON-1092096768-project] Lock "7d9ed83f-7a66-45be-940d-e51764224d59" acquired by "nova.context.set_target_cell..get_or_set_cached_cell_and_set_connections" :: waited 0.000s {{(pid=107833) inner /usr/local/lib/python3.8/dist-packages/oslo_concurrency/lockutils.py:355}}
Jun 23 10:07:18.209430 dv-cinder-797510-1-iscsi devstack@n-api.service[107833]: DEBUG oslo_concurrency.lockutils [None req-fd863e94-b993-4138-9897-87144afcaea4 tempest-DeleteServersTestJSON-1092096768 tempest-DeleteServersTestJSON-1092096768-project] Lock "7d9ed83f-7a66-45be-940d-e51764224d59" released by "nova.context.set_target_cell..get_or_set_cached_cell_and_set_connections" :: held 0.001s {{(pid=107833) inner /usr/local/lib/python3.8/dist-packages/oslo_concurrency/lockutils.py:367}}
Jun 23 10:07:18.212864 dv-cinder-797510-1-iscsi devstack@n-api.service[107833]: /opt/stack/nova/nova/db/sqlalchemy/api.py:1217: SAWarning: TypeDecorator SoftDeleteInteger() will not produce a cache key because the ``cache_ok`` flag is not set to True. Set this flag to True if this type object's state is safe to use in a cache key, or False to disable this warning.
Jun 23 10:07:18.212864 dv-cinder-797510-1-iscsi devstack@n-api.service[107833]: result = _build_instance_get(context, columns_to_join=columns_to_join).\
Jun 23 10:07:18.374652 dv-cinder-797510-1-iscsi devstack@n-api.service[107834]: INFO nova.api.openstack.requestlog [None req-0ea24ecd-67f2-4350-8521-614c4324c6d2 tempest-VolumesTestJSON-410665277 tempest-VolumesTestJSON-410665277-project] 10.222.0.47 "GET /compute/v2.1/os-volumes" status: 200 len: 1031 microversion: 2.1 time: 0.247860
Jun 23 10:07:18.375559 dv-cinder-797510-1-iscsi devstack@n-api.service[107834]: [pid: 107834|app: 0|req: 13/23] 10.222.0.47 () {58 vars in 1134 bytes} [Wed Jun 23 10:07:18 2021] GET /compute/v2.1/os-volumes => generated 1031 bytes in 249 msecs (HTTP/1.1 200) 9 headers in 358 bytes (1 switches on core 0)
Jun 23 10:07:18.388059 dv-cinder-797510-1-iscsi devstack@n-api.service[107834]: DEBUG nova.api.openstack.wsgi [None req-e51a98eb-9a9d-4b03-be64-c7ee0fb11579 tempest-VolumesTestJSON-410665277 tempest-VolumesTestJSON-410665277-project] Calling method '.version_select at 0x7ff7d56b5ca0>' {{(pid=107834) _process_stack /opt/stack/nova/nova/api/openstack/wsgi.py:513}}
Jun 23 10:07:18.687672 dv-cinder-797510-1-iscsi devstack@n-api.service[107834]: INFO nova.api.openstack.requestlog [None req-e51a98eb-9a9d-4b03-be64-c7ee0fb11579 tempest-VolumesTestJSON-410665277 tempest-VolumesTestJSON-410665277-project] 10.222.0.47 "GET /compute/v2.1/os-volumes?limit=2" status: 200 len: 691 microversion: 2.1 time: 0.303155
Jun 23 10:07:18.688784 dv-cinder-797510-1-iscsi devstack@n-api.service[107834]: [pid: 107834|app: 0|req: 14/24] 10.222.0.47 () {58 vars in 1149 bytes} [Wed Jun 23 10:07:18 2021] GET /compute/v2.1/os-volumes?limit=2 => generated 691 bytes in 305 msecs (HTTP/1.1 200) 9 headers in 357 bytes (1 switches on core 0)
Jun 23 10:07:18.694353 dv-cinder-797510-1-iscsi devstack@n-api.service[107834]: DEBUG nova.api.openstack.wsgi [None req-55daf2f1-4dc3-4a46-855c-7ddfa4d9d33d tempest-VolumesSnapshotsTestJSON-550035828 tempest-VolumesSnapshotsTestJSON-550035828-project] Calling method '.version_select at 0x7ff7d5647310>' {{(pid=107834) _process_stack /opt/stack/nova/nova/api/openstack/wsgi.py:513}}
Jun 23 10:07:18.739648 dv-cinder-797510-1-iscsi devstack@n-api.service[107834]: INFO nova.api.openstack.wsgi [None req-55daf2f1-4dc3-4a46-855c-7ddfa4d9d33d tempest-VolumesSnapshotsTestJSON-550035828 tempest-VolumesSnapshotsTestJSON-550035828-project] HTTP exception thrown: Snapshot e92243c0-d0a1-47f6-983d-cfa28d13ee22 could not be found.
Jun 23 10:07:18.740495 dv-cinder-797510-1-iscsi devstack@n-api.service[107834]: DEBUG nova.api.openstack.wsgi [None req-55daf2f1-4dc3-4a46-855c-7ddfa4d9d33d tempest-VolumesSnapshotsTestJSON-550035828 tempest-VolumesSnapshotsTestJSON-550035828-project] Returning 404 to user: Snapshot e92243c0-d0a1-47f6-983d-cfa28d13ee22 could not be found. {{(pid=107834) __call__ /opt/stack/nova/nova/api/openstack/wsgi.py:927}}
Jun 23 10:07:18.741789 dv-cinder-797510-1-iscsi devstack@n-api.service[107834]: INFO nova.api.openstack.requestlog [None req-55daf2f1-4dc3-4a46-855c-7ddfa4d9d33d tempest-VolumesSnapshotsTestJSON-550035828 tempest-VolumesSnapshotsTestJSON-550035828-project] 10.222.0.47 "GET /compute/v2.1/os-snapshots/e92243c0-d0a1-47f6-983d-cfa28d13ee22" status: 404 len: 111 microversion: 2.1 time: 0.051572
Jun 23 10:07:18.742532 dv-cinder-797510-1-iscsi devstack@n-api.service[107834]: [pid: 107834|app: 0|req: 15/25] 10.222.0.47 () {58 vars in 1251 bytes} [Wed Jun 23 10:07:18 2021] GET /compute/v2.1/os-snapshots/e92243c0-d0a1-47f6-983d-cfa28d13ee22 => generated 111 bytes in 53 msecs (HTTP/1.1 404) 9 headers in 379 bytes (1 switches on core 0)
Jun 23 10:07:18.747552 dv-cinder-797510-1-iscsi devstack@n-api.service[107834]: DEBUG nova.api.openstack.wsgi [None req-bc15dbe9-6f3d-491d-ba6f-e3c34825aeba tempest-VolumesTestJSON-410665277 tempest-VolumesTestJSON-410665277-project] Calling method '.version_select at 0x7ff7d56fbb80>' {{(pid=107834) _process_stack /opt/stack/nova/nova/api/openstack/wsgi.py:513}}
Jun 23 10:07:18.770701 dv-cinder-797510-1-iscsi devstack@n-api.service[107833]: DEBUG nova.policy [None req-fd863e94-b993-4138-9897-87144afcaea4 tempest-DeleteServersTestJSON-1092096768 tempest-DeleteServersTestJSON-1092096768-project] Policy check for os_compute_api:os-extended-server-attributes failed with credentials {'is_admin': False, 'user_id': 'd99749a0591d46feb5668e4fc174ed4e', 'user_domain_id': 'default', 'system_scope': None, 'domain_id': None, 'project_id': '1fc0086e8c45473eaed64745e82da40c', 'project_domain_id': 'default', 'roles': ['member', 'reader'], 'is_admin_project': True, 'service_user_id': None, 'service_user_domain_id': None, 'service_project_id': None, 'service_project_domain_id': None, 'service_roles': []} {{(pid=107833) authorize /opt/stack/nova/nova/policy.py:199}}
Jun 23 10:07:18.778314 dv-cinder-797510-1-iscsi devstack@n-api.service[107833]: /opt/stack/nova/nova/db/sqlalchemy/api.py:2775: SAWarning: TypeDecorator SoftDeleteInteger() will not produce a cache key because the ``cache_ok`` flag is not set to True. Set this flag to True if this type object's state is safe to use in a cache key, or False to disable this warning.
Jun 23 10:07:18.778314 dv-cinder-797510-1-iscsi devstack@n-api.service[107833]: return _block_device_mapping_get_query(context).filter(
Jun 23 10:07:18.795066 dv-cinder-797510-1-iscsi devstack@n-api.service[107833]: INFO nova.api.openstack.requestlog [None req-fd863e94-b993-4138-9897-87144afcaea4 tempest-DeleteServersTestJSON-1092096768 tempest-DeleteServersTestJSON-1092096768-project] 10.222.0.47 "GET /compute/v2.1/servers/b20af615-61b7-4ce4-90e5-95c5ee2360b8" status: 200 len: 1273 microversion: 2.1 time: 0.602242
Jun 23 10:07:18.795834 dv-cinder-797510-1-iscsi devstack@n-api.service[107833]: [pid: 107833|app: 0|req: 11/26] 10.222.0.47 () {58 vars in 1236 bytes} [Wed Jun 23 10:07:18 2021] GET /compute/v2.1/servers/b20af615-61b7-4ce4-90e5-95c5ee2360b8 => generated 1273 bytes in 605 msecs (HTTP/1.1 200) 9 headers in 358 bytes (1 switches on core 0)
Jun 23 10:07:18.808449 dv-cinder-797510-1-iscsi devstack@n-api.service[107833]: DEBUG nova.api.openstack.wsgi [None req-b313b0dd-7217-4ad7-97f7-c923490f3422 tempest-VolumesSnapshotsTestJSON-550035828 tempest-VolumesSnapshotsTestJSON-550035828-project] Calling method '.version_select at 0x7ff7d4d1aa60>' {{(pid=107833) _process_stack /opt/stack/nova/nova/api/openstack/wsgi.py:513}}
Jun 23 10:07:18.971698 dv-cinder-797510-1-iscsi devstack@n-api.service[107834]: INFO nova.api.openstack.requestlog [None req-bc15dbe9-6f3d-491d-ba6f-e3c34825aeba tempest-VolumesTestJSON-410665277 tempest-VolumesTestJSON-410665277-project] 10.222.0.47 "GET /compute/v2.1/os-volumes" status: 200 len: 1031 microversion: 2.1 time: 0.227777
Jun 23 10:07:18.973002 dv-cinder-797510-1-iscsi devstack@n-api.service[107834]: [pid: 107834|app: 0|req: 16/27] 10.222.0.47 () {58 vars in 1134 bytes} [Wed Jun 23 10:07:18 2021] GET /compute/v2.1/os-volumes => generated 1031 bytes in 229 msecs (HTTP/1.1 200) 9 headers in 358 bytes (1 switches on core 0)
Jun 23 10:07:18.984571 dv-cinder-797510-1-iscsi devstack@n-api.service[107834]: DEBUG nova.api.openstack.wsgi [None req-db8c49f7-df9f-4c97-ab50-f1c1583a1e03 tempest-VolumesTestJSON-410665277 tempest-VolumesTestJSON-410665277-project] Calling method '.version_select at 0x7ff7d56b5af0>' {{(pid=107834) _process_stack /opt/stack/nova/nova/api/openstack/wsgi.py:513}}
Jun 23 10:07:19.206686 dv-cinder-797510-1-iscsi devstack@n-api.service[107834]: INFO nova.api.openstack.requestlog [None req-db8c49f7-df9f-4c97-ab50-f1c1583a1e03 tempest-VolumesTestJSON-410665277 tempest-VolumesTestJSON-410665277-project] 10.222.0.47 "GET /compute/v2.1/os-volumes?offset=1&limit=1" status: 200 len: 351 microversion: 2.1 time: 0.226573
Jun 23 10:07:19.214274 dv-cinder-797510-1-iscsi devstack@n-api.service[107834]: [pid: 107834|app: 0|req: 17/28] 10.222.0.47 () {58 vars in 1167 bytes} [Wed Jun 23 10:07:18 2021] GET /compute/v2.1/os-volumes?offset=1&limit=1 => generated 351 bytes in 228 msecs (HTTP/1.1 200) 9 headers in 357 bytes (2 switches on core 0)
Jun 23 10:07:19.220649 dv-cinder-797510-1-iscsi devstack@n-api.service[107834]: DEBUG nova.api.openstack.wsgi [None req-f447af18-44a6-4a52-b3c9-0ecb978a90b1 tempest-VolumesTestJSON-410665277 tempest-VolumesTestJSON-410665277-project] Calling method '.version_select at 0x7ff7d5640ee0>' {{(pid=107834) _process_stack /opt/stack/nova/nova/api/openstack/wsgi.py:513}}
Jun 23 10:07:19.421067 dv-cinder-797510-1-iscsi devstack@n-api.service[107833]: INFO nova.api.openstack.requestlog [None req-b313b0dd-7217-4ad7-97f7-c923490f3422 tempest-VolumesSnapshotsTestJSON-550035828 tempest-VolumesSnapshotsTestJSON-550035828-project] 10.222.0.47 "DELETE /compute/v2.1/os-volumes/8a95ccdd-12e5-4dc1-9537-6b52c0514aea" status: 202 len: 0 microversion: 2.1 time: 0.622084
Jun 23 10:07:19.421642 dv-cinder-797510-1-iscsi devstack@n-api.service[107833]: [pid: 107833|app: 0|req: 12/29] 10.222.0.47 () {58 vars in 1248 bytes} [Wed Jun 23 10:07:18 2021] DELETE /compute/v2.1/os-volumes/8a95ccdd-12e5-4dc1-9537-6b52c0514aea => generated 0 bytes in 625 msecs (HTTP/1.1 202) 9 headers in 361 bytes (1 switches on core 0)
Jun 23 10:07:19.428981 dv-cinder-797510-1-iscsi devstack@n-api.service[107834]: INFO nova.api.openstack.requestlog [None req-f447af18-44a6-4a52-b3c9-0ecb978a90b1 tempest-VolumesTestJSON-410665277 tempest-VolumesTestJSON-410665277-project] 10.222.0.47 "GET /compute/v2.1/os-volumes/detail?limit=2" status: 200 len: 691 microversion: 2.1 time: 0.212924
Jun 23 10:07:19.430507 dv-cinder-797510-1-iscsi devstack@n-api.service[107834]: [pid: 107834|app: 0|req: 18/30] 10.222.0.47 () {58 vars in 1170 bytes} [Wed Jun 23 10:07:19 2021] GET /compute/v2.1/os-volumes/detail?limit=2 => generated 691 bytes in 215 msecs (HTTP/1.1 200) 9 headers in 357 bytes (2 switches on core 0)
Jun 23 10:07:19.431322 dv-cinder-797510-1-iscsi devstack@n-api.service[107833]: DEBUG nova.api.openstack.wsgi [None req-9b5a0c3b-ef61-4961-b4ac-159f30716469 tempest-VolumesSnapshotsTestJSON-550035828 tempest-VolumesSnapshotsTestJSON-550035828-project] Calling method '.version_select at 0x7ff7d4d1ac10>' {{(pid=107833) _process_stack /opt/stack/nova/nova/api/openstack/wsgi.py:513}}
Jun 23 10:07:19.443213 dv-cinder-797510-1-iscsi devstack@n-api.service[107834]: DEBUG nova.api.openstack.wsgi [None req-a445478b-5aba-4496-8b67-88dbd330c48d tempest-VolumesTestJSON-410665277 tempest-VolumesTestJSON-410665277-project] Calling method '.version_select at 0x7ff7d56479d0>' {{(pid=107834) _process_stack /opt/stack/nova/nova/api/openstack/wsgi.py:513}}
Jun 23 10:07:19.544347 dv-cinder-797510-1-iscsi devstack@n-api.service[107833]: INFO nova.api.openstack.requestlog [None req-9b5a0c3b-ef61-4961-b4ac-159f30716469 tempest-VolumesSnapshotsTestJSON-550035828 tempest-VolumesSnapshotsTestJSON-550035828-project] 10.222.0.47 "GET /compute/v2.1/os-volumes/8a95ccdd-12e5-4dc1-9537-6b52c0514aea" status: 200 len: 344 microversion: 2.1 time: 0.116795
Jun 23 10:07:19.545097 dv-cinder-797510-1-iscsi devstack@n-api.service[107833]: [pid: 107833|app: 0|req: 13/31] 10.222.0.47 () {58 vars in 1245 bytes} [Wed Jun 23 10:07:19 2021] GET /compute/v2.1/os-volumes/8a95ccdd-12e5-4dc1-9537-6b52c0514aea => generated 344 bytes in 119 msecs (HTTP/1.1 200) 9 headers in 357 bytes (2 switches on core 0)
Jun 23 10:07:19.628187 dv-cinder-797510-1-iscsi devstack@n-api.service[107834]: INFO nova.api.openstack.requestlog [None req-a445478b-5aba-4496-8b67-88dbd330c48d tempest-VolumesTestJSON-410665277 tempest-VolumesTestJSON-410665277-project] 10.222.0.47 "GET /compute/v2.1/os-volumes/detail" status: 200 len: 1031 microversion: 2.1 time: 0.188748
Jun 23 10:07:19.629077 dv-cinder-797510-1-iscsi devstack@n-api.service[107834]: [pid: 107834|app: 0|req: 19/32] 10.222.0.47 () {58 vars in 1155 bytes} [Wed Jun 23 10:07:19 2021] GET /compute/v2.1/os-volumes/detail => generated 1031 bytes in 191 msecs (HTTP/1.1 200) 9 headers in 358 bytes (1 switches on core 0)
Jun 23 10:07:19.641797 dv-cinder-797510-1-iscsi devstack@n-api.service[107833]: DEBUG nova.api.openstack.wsgi [None req-3dfb8973-34da-4109-8820-ea50a383bd40 tempest-VolumesTestJSON-410665277 tempest-VolumesTestJSON-410665277-project] Calling method '.version_select at 0x7ff7d4cdac10>' {{(pid=107833) _process_stack /opt/stack/nova/nova/api/openstack/wsgi.py:513}}
Jun 23 10:07:19.809097 dv-cinder-797510-1-iscsi devstack@n-api.service[107833]: INFO nova.api.openstack.requestlog [None req-3dfb8973-34da-4109-8820-ea50a383bd40 tempest-VolumesTestJSON-410665277 tempest-VolumesTestJSON-410665277-project] 10.222.0.47 "GET /compute/v2.1/os-volumes/detail?offset=1&limit=1" status: 200 len: 351 microversion: 2.1 time: 0.171247
Jun 23 10:07:19.811553 dv-cinder-797510-1-iscsi devstack@n-api.service[107833]: [pid: 107833|app: 0|req: 14/33] 10.222.0.47 () {58 vars in 1188 bytes} [Wed Jun 23 10:07:19 2021] GET /compute/v2.1/os-volumes/detail?offset=1&limit=1 => generated 351 bytes in 174 msecs (HTTP/1.1 200) 9 headers in 357 bytes (1 switches on core 0)
Jun 23 10:07:19.823129 dv-cinder-797510-1-iscsi devstack@n-api.service[107834]: DEBUG nova.api.openstack.wsgi [None req-bbb8cfef-5eda-4759-b00a-824e6de9483a tempest-DeleteServersTestJSON-1092096768 tempest-DeleteServersTestJSON-1092096768-project] Calling method '>' {{(pid=107834) _process_stack /opt/stack/nova/nova/api/openstack/wsgi.py:513}}
Jun 23 10:07:19.823760 dv-cinder-797510-1-iscsi devstack@n-api.service[107834]: DEBUG nova.compute.api [None req-bbb8cfef-5eda-4759-b00a-824e6de9483a tempest-DeleteServersTestJSON-1092096768 tempest-DeleteServersTestJSON-1092096768-project] [instance: b20af615-61b7-4ce4-90e5-95c5ee2360b8] Fetching instance by UUID {{(pid=107834) get /opt/stack/nova/nova/compute/api.py:2795}}
Jun 23 10:07:19.830265 dv-cinder-797510-1-iscsi devstack@n-api.service[107833]: DEBUG nova.api.openstack.wsgi [None req-f86b4514-ff19-48cc-943e-9aa66b833764 tempest-VolumesTestJSON-410665277 tempest-VolumesTestJSON-410665277-project] Calling method '.version_select at 0x7ff7d4d29550>' {{(pid=107833) _process_stack /opt/stack/nova/nova/api/openstack/wsgi.py:513}}
Jun 23 10:07:19.835555 dv-cinder-797510-1-iscsi devstack@n-api.service[107834]: DEBUG oslo_concurrency.lockutils [None req-bbb8cfef-5eda-4759-b00a-824e6de9483a tempest-DeleteServersTestJSON-1092096768 tempest-DeleteServersTestJSON-1092096768-project] Lock "7d9ed83f-7a66-45be-940d-e51764224d59" acquired by "nova.context.set_target_cell..get_or_set_cached_cell_and_set_connections" :: waited 0.000s {{(pid=107834) inner /usr/local/lib/python3.8/dist-packages/oslo_concurrency/lockutils.py:355}}
Jun 23 10:07:19.836001 dv-cinder-797510-1-iscsi devstack@n-api.service[107834]: DEBUG oslo_concurrency.lockutils [None req-bbb8cfef-5eda-4759-b00a-824e6de9483a tempest-DeleteServersTestJSON-1092096768 tempest-DeleteServersTestJSON-1092096768-project] Lock "7d9ed83f-7a66-45be-940d-e51764224d59" released by "nova.context.set_target_cell..get_or_set_cached_cell_and_set_connections" :: held 0.001s {{(pid=107834) inner /usr/local/lib/python3.8/dist-packages/oslo_concurrency/lockutils.py:367}}
Jun 23 10:07:19.843366 dv-cinder-797510-1-iscsi devstack@n-api.service[107834]: DEBUG oslo_concurrency.lockutils [None req-bbb8cfef-5eda-4759-b00a-824e6de9483a tempest-DeleteServersTestJSON-1092096768 tempest-DeleteServersTestJSON-1092096768-project] Lock "7d9ed83f-7a66-45be-940d-e51764224d59" acquired by "nova.context.set_target_cell..get_or_set_cached_cell_and_set_connections" :: waited 0.000s {{(pid=107834) inner /usr/local/lib/python3.8/dist-packages/oslo_concurrency/lockutils.py:355}}
Jun 23 10:07:19.844088 dv-cinder-797510-1-iscsi devstack@n-api.service[107834]: DEBUG oslo_concurrency.lockutils [None req-bbb8cfef-5eda-4759-b00a-824e6de9483a tempest-DeleteServersTestJSON-1092096768 tempest-DeleteServersTestJSON-1092096768-project] Lock "7d9ed83f-7a66-45be-940d-e51764224d59" released by "nova.context.set_target_cell..get_or_set_cached_cell_and_set_connections" :: held 0.004s {{(pid=107834) inner /usr/local/lib/python3.8/dist-packages/oslo_concurrency/lockutils.py:367}}
Jun 23 10:07:19.852908 dv-cinder-797510-1-iscsi devstack@n-api.service[107834]: /opt/stack/nova/nova/db/sqlalchemy/api.py:1217: SAWarning: TypeDecorator SoftDeleteInteger() will not produce a cache key because the ``cache_ok`` flag is not set to True. Set this flag to True if this type object's state is safe to use in a cache key, or False to disable this warning.
Jun 23 10:07:19.852908 dv-cinder-797510-1-iscsi devstack@n-api.service[107834]: result = _build_instance_get(context, columns_to_join=columns_to_join).\
Jun 23 10:07:20.024046 dv-cinder-797510-1-iscsi devstack@n-api.service[107833]: INFO nova.api.openstack.requestlog [None req-f86b4514-ff19-48cc-943e-9aa66b833764 tempest-VolumesTestJSON-410665277 tempest-VolumesTestJSON-410665277-project] 10.222.0.47 "GET /compute/v2.1/os-volumes/detail" status: 200 len: 1031 microversion: 2.1 time: 0.200405
Jun 23 10:07:20.025770 dv-cinder-797510-1-iscsi devstack@n-api.service[107833]: [pid: 107833|app: 0|req: 15/34] 10.222.0.47 () {58 vars in 1155 bytes} [Wed Jun 23 10:07:19 2021] GET /compute/v2.1/os-volumes/detail => generated 1031 bytes in 203 msecs (HTTP/1.1 200) 9 headers in 358 bytes (1 switches on core 0)
Jun 23 10:07:20.259770 dv-cinder-797510-1-iscsi devstack@n-api.service[107834]: DEBUG nova.policy [None req-bbb8cfef-5eda-4759-b00a-824e6de9483a tempest-DeleteServersTestJSON-1092096768 tempest-DeleteServersTestJSON-1092096768-project] Policy check for os_compute_api:os-extended-server-attributes failed with credentials {'is_admin': False, 'user_id': 'd99749a0591d46feb5668e4fc174ed4e', 'user_domain_id': 'default', 'system_scope': None, 'domain_id': None, 'project_id': '1fc0086e8c45473eaed64745e82da40c', 'project_domain_id': 'default', 'roles': ['member', 'reader'], 'is_admin_project': True, 'service_user_id': None, 'service_user_domain_id': None, 'service_project_id': None, 'service_project_domain_id': None, 'service_roles': []} {{(pid=107834) authorize /opt/stack/nova/nova/policy.py:199}}
Jun 23 10:07:20.263202 dv-cinder-797510-1-iscsi devstack@n-api.service[107834]: /opt/stack/nova/nova/db/sqlalchemy/api.py:2775: SAWarning: TypeDecorator SoftDeleteInteger() will not produce a cache key because the ``cache_ok`` flag is not set to True. Set this flag to True if this type object's state is safe to use in a cache key, or False to disable this warning.
Jun 23 10:07:20.263202 dv-cinder-797510-1-iscsi devstack@n-api.service[107834]: return _block_device_mapping_get_query(context).filter(
Jun 23 10:07:20.275488 dv-cinder-797510-1-iscsi devstack@n-api.service[107834]: INFO nova.api.openstack.requestlog [None req-bbb8cfef-5eda-4759-b00a-824e6de9483a tempest-DeleteServersTestJSON-1092096768 tempest-DeleteServersTestJSON-1092096768-project] 10.222.0.47 "GET /compute/v2.1/servers/b20af615-61b7-4ce4-90e5-95c5ee2360b8" status: 200 len: 1283 microversion: 2.1 time: 0.461941
Jun 23 10:07:20.280572 dv-cinder-797510-1-iscsi devstack@n-api.service[107834]: [pid: 107834|app: 0|req: 20/35] 10.222.0.47 () {58 vars in 1236 bytes} [Wed Jun 23 10:07:19 2021] GET /compute/v2.1/servers/b20af615-61b7-4ce4-90e5-95c5ee2360b8 => generated 1283 bytes in 464 msecs (HTTP/1.1 200) 9 headers in 358 bytes (1 switches on core 0)
Jun 23 10:07:20.557970 dv-cinder-797510-1-iscsi devstack@n-api.service[107833]: DEBUG nova.api.openstack.wsgi [None req-374c4378-e0c4-4594-9efd-193e18198d9d tempest-VolumesSnapshotsTestJSON-550035828 tempest-VolumesSnapshotsTestJSON-550035828-project] Calling method '.version_select at 0x7ff7d4cdae50>' {{(pid=107833) _process_stack /opt/stack/nova/nova/api/openstack/wsgi.py:513}}
Jun 23 10:07:20.653367 dv-cinder-797510-1-iscsi devstack@n-api.service[107833]: INFO nova.api.openstack.requestlog [None req-374c4378-e0c4-4594-9efd-193e18198d9d tempest-VolumesSnapshotsTestJSON-550035828 tempest-VolumesSnapshotsTestJSON-550035828-project] 10.222.0.47 "GET /compute/v2.1/os-volumes/8a95ccdd-12e5-4dc1-9537-6b52c0514aea" status: 200 len: 344 microversion: 2.1 time: 0.099302
Jun 23 10:07:20.654350 dv-cinder-797510-1-iscsi devstack@n-api.service[107833]: [pid: 107833|app: 0|req: 16/36] 10.222.0.47 () {58 vars in 1245 bytes} [Wed Jun 23 10:07:20 2021] GET /compute/v2.1/os-volumes/8a95ccdd-12e5-4dc1-9537-6b52c0514aea => generated 344 bytes in 101 msecs (HTTP/1.1 200) 9 headers in 357 bytes (1 switches on core 0)
Jun 23 10:07:21.309814 dv-cinder-797510-1-iscsi devstack@n-api.service[107834]: DEBUG nova.api.openstack.wsgi [None req-73d5af0a-a15f-402b-bcb0-2a52a8dadcd9 tempest-DeleteServersTestJSON-1092096768 tempest-DeleteServersTestJSON-1092096768-project] Calling method '>' {{(pid=107834) _process_stack /opt/stack/nova/nova/api/openstack/wsgi.py:513}}
Jun 23 10:07:21.309814 dv-cinder-797510-1-iscsi devstack@n-api.service[107834]: DEBUG nova.compute.api [None req-73d5af0a-a15f-402b-bcb0-2a52a8dadcd9 tempest-DeleteServersTestJSON-1092096768 tempest-DeleteServersTestJSON-1092096768-project] [instance: b20af615-61b7-4ce4-90e5-95c5ee2360b8] Fetching instance by UUID {{(pid=107834) get /opt/stack/nova/nova/compute/api.py:2795}}
Jun 23 10:07:21.317947 dv-cinder-797510-1-iscsi devstack@n-api.service[107834]: DEBUG oslo_concurrency.lockutils [None req-73d5af0a-a15f-402b-bcb0-2a52a8dadcd9 tempest-DeleteServersTestJSON-1092096768 tempest-DeleteServersTestJSON-1092096768-project] Lock "7d9ed83f-7a66-45be-940d-e51764224d59" acquired by "nova.context.set_target_cell..get_or_set_cached_cell_and_set_connections" :: waited 0.000s {{(pid=107834) inner /usr/local/lib/python3.8/dist-packages/oslo_concurrency/lockutils.py:355}}
Jun 23 10:07:21.318799 dv-cinder-797510-1-iscsi devstack@n-api.service[107834]: DEBUG oslo_concurrency.lockutils [None req-73d5af0a-a15f-402b-bcb0-2a52a8dadcd9 tempest-DeleteServersTestJSON-1092096768 tempest-DeleteServersTestJSON-1092096768-project] Lock "7d9ed83f-7a66-45be-940d-e51764224d59" released by "nova.context.set_target_cell..get_or_set_cached_cell_and_set_connections" :: held 0.001s {{(pid=107834) inner /usr/local/lib/python3.8/dist-packages/oslo_concurrency/lockutils.py:367}}
Jun 23 10:07:21.320870 dv-cinder-797510-1-iscsi devstack@n-api.service[107834]: DEBUG oslo_concurrency.lockutils [None req-73d5af0a-a15f-402b-bcb0-2a52a8dadcd9 tempest-DeleteServersTestJSON-1092096768 tempest-DeleteServersTestJSON-1092096768-project] Lock "7d9ed83f-7a66-45be-940d-e51764224d59" acquired by "nova.context.set_target_cell..get_or_set_cached_cell_and_set_connections" :: waited 0.000s {{(pid=107834) inner /usr/local/lib/python3.8/dist-packages/oslo_concurrency/lockutils.py:355}}
Jun 23 10:07:21.323342 dv-cinder-797510-1-iscsi devstack@n-api.service[107834]: DEBUG oslo_concurrency.lockutils [None req-73d5af0a-a15f-402b-bcb0-2a52a8dadcd9 tempest-DeleteServersTestJSON-1092096768 tempest-DeleteServersTestJSON-1092096768-project] Lock "7d9ed83f-7a66-45be-940d-e51764224d59" released by "nova.context.set_target_cell..get_or_set_cached_cell_and_set_connections" :: held 0.002s {{(pid=107834) inner /usr/local/lib/python3.8/dist-packages/oslo_concurrency/lockutils.py:367}}
Jun 23 10:07:21.327185 dv-cinder-797510-1-iscsi devstack@n-api.service[107834]: /opt/stack/nova/nova/db/sqlalchemy/api.py:1217: SAWarning: TypeDecorator SoftDeleteInteger() will not produce a cache key because the ``cache_ok`` flag is not set to True. Set this flag to True if this type object's state is safe to use in a cache key, or False to disable this warning.
Jun 23 10:07:21.327185 dv-cinder-797510-1-iscsi devstack@n-api.service[107834]: result = _build_instance_get(context, columns_to_join=columns_to_join).\
Jun 23 10:07:21.717543 dv-cinder-797510-1-iscsi devstack@n-api.service[107833]: DEBUG nova.api.openstack.wsgi [None req-85faff74-6f73-4029-be7c-86ecad91885f tempest-AttachVolumeShelveTestJSON-1651824480 tempest-AttachVolumeShelveTestJSON-1651824480-project] Action: 'create', calling method: .version_select at 0x7ff7d4c87040>, body: {"keypair": {"name": "tempest-keypair-800145097"}} {{(pid=107833) _process_stack /opt/stack/nova/nova/api/openstack/wsgi.py:511}}
Jun 23 10:07:21.755570 dv-cinder-797510-1-iscsi devstack@n-api.service[107833]: /opt/stack/nova/nova/db/sqlalchemy/api.py:2454: SAWarning: TypeDecorator SoftDeleteInteger() will not produce a cache key because the ``cache_ok`` flag is not set to True. Set this flag to True if this type object's state is safe to use in a cache key, or False to disable this warning.
Jun 23 10:07:21.755570 dv-cinder-797510-1-iscsi devstack@n-api.service[107833]: return model_query(context, models.KeyPair, read_deleted="no").\
Jun 23 10:07:21.764382 dv-cinder-797510-1-iscsi devstack@n-api.service[107833]: /opt/stack/nova/nova/db/sqlalchemy/api.py:2503: SAWarning: TypeDecorator SoftDeleteInteger() will not produce a cache key because the ``cache_ok`` flag is not set to True. Set this flag to True if this type object's state is safe to use in a cache key, or False to disable this warning.
Jun 23 10:07:21.764382 dv-cinder-797510-1-iscsi devstack@n-api.service[107833]: rows = model_query(context, models.Quota, read_deleted="no").\
Jun 23 10:07:21.771399 dv-cinder-797510-1-iscsi devstack@n-api.service[107833]: DEBUG nova.quota [None req-85faff74-6f73-4029-be7c-86ecad91885f tempest-AttachVolumeShelveTestJSON-1651824480 tempest-AttachVolumeShelveTestJSON-1651824480-project] Getting quotas for project 24291804a3fc43a7bb9013ab3736dd4e. Resources: {'key_pairs'} {{(pid=107833) _get_quotas /opt/stack/nova/nova/quota.py:387}}
Jun 23 10:07:21.776347 dv-cinder-797510-1-iscsi devstack@n-api.service[107833]: DEBUG nova.quota [None req-85faff74-6f73-4029-be7c-86ecad91885f tempest-AttachVolumeShelveTestJSON-1651824480 tempest-AttachVolumeShelveTestJSON-1651824480-project] Getting quotas for user 81f4225ed03b4058bad9dc5a24c14955 and project 24291804a3fc43a7bb9013ab3736dd4e. Resources: {'key_pairs'} {{(pid=107833) _get_quotas /opt/stack/nova/nova/quota.py:377}}
Jun 23 10:07:21.786002 dv-cinder-797510-1-iscsi devstack@n-api.service[107833]: /opt/stack/nova/nova/db/sqlalchemy/api.py:2486: SAWarning: TypeDecorator SoftDeleteInteger() will not produce a cache key because the ``cache_ok`` flag is not set to True. Set this flag to True if this type object's state is safe to use in a cache key, or False to disable this warning.
Jun 23 10:07:21.786002 dv-cinder-797510-1-iscsi devstack@n-api.service[107833]: user_quotas = model_query(context, models.ProjectUserQuota,
Jun 23 10:07:21.953170 dv-cinder-797510-1-iscsi devstack@n-api.service[107833]: /opt/stack/nova/nova/db/sqlalchemy/api.py:2421: SAWarning: TypeDecorator SoftDeleteInteger() will not produce a cache key because the ``cache_ok`` flag is not set to True. Set this flag to True if this type object's state is safe to use in a cache key, or False to disable this warning.
Jun 23 10:07:21.953170 dv-cinder-797510-1-iscsi devstack@n-api.service[107833]: result = model_query(context, models.KeyPair).\
Jun 23 10:07:22.068049 dv-cinder-797510-1-iscsi devstack@n-api.service[107834]: DEBUG nova.policy [None req-73d5af0a-a15f-402b-bcb0-2a52a8dadcd9 tempest-DeleteServersTestJSON-1092096768 tempest-DeleteServersTestJSON-1092096768-project] Policy check for os_compute_api:os-extended-server-attributes failed with credentials {'is_admin': False, 'user_id': 'd99749a0591d46feb5668e4fc174ed4e', 'user_domain_id': 'default', 'system_scope': None, 'domain_id': None, 'project_id': '1fc0086e8c45473eaed64745e82da40c', 'project_domain_id': 'default', 'roles': ['member', 'reader'], 'is_admin_project': True, 'service_user_id': None, 'service_user_domain_id': None, 'service_project_id': None, 'service_project_domain_id': None, 'service_roles': []} {{(pid=107834) authorize /opt/stack/nova/nova/policy.py:199}}
Jun 23 10:07:22.070618 dv-cinder-797510-1-iscsi devstack@n-api.service[107834]: /opt/stack/nova/nova/db/sqlalchemy/api.py:2775: SAWarning: TypeDecorator SoftDeleteInteger() will not produce a cache key because the ``cache_ok`` flag is not set to True. Set this flag to True if this type object's state is safe to use in a cache key, or False to disable this warning.
Jun 23 10:07:22.070618 dv-cinder-797510-1-iscsi devstack@n-api.service[107834]: return _block_device_mapping_get_query(context).filter(
Jun 23 10:07:22.089089 dv-cinder-797510-1-iscsi devstack@n-api.service[107834]: INFO nova.api.openstack.requestlog [None req-73d5af0a-a15f-402b-bcb0-2a52a8dadcd9 tempest-DeleteServersTestJSON-1092096768 tempest-DeleteServersTestJSON-1092096768-project] 10.222.0.47 "GET /compute/v2.1/servers/b20af615-61b7-4ce4-90e5-95c5ee2360b8" status: 200 len: 1283 microversion: 2.1 time: 0.800089
Jun 23 10:07:22.100875 dv-cinder-797510-1-iscsi devstack@n-api.service[107834]: [pid: 107834|app: 0|req: 21/37] 10.222.0.47 () {58 vars in 1236 bytes} [Wed Jun 23 10:07:21 2021] GET /compute/v2.1/servers/b20af615-61b7-4ce4-90e5-95c5ee2360b8 => generated 1283 bytes in 813 msecs (HTTP/1.1 200) 9 headers in 358 bytes (1 switches on core 0)
Jun 23 10:07:22.111983 dv-cinder-797510-1-iscsi devstack@n-api.service[107834]: DEBUG nova.api.openstack.wsgi [None req-99e75bc2-51dc-4f50-a331-0f63a6e83463 tempest-VolumesSnapshotsTestJSON-550035828 tempest-VolumesSnapshotsTestJSON-550035828-project] Calling method '.version_select at 0x7ff7d5632430>' {{(pid=107834) _process_stack /opt/stack/nova/nova/api/openstack/wsgi.py:513}}
Jun 23 10:07:22.120374 dv-cinder-797510-1-iscsi devstack@n-api.service[107833]: DEBUG nova.quota [None req-85faff74-6f73-4029-be7c-86ecad91885f tempest-AttachVolumeShelveTestJSON-1651824480 tempest-AttachVolumeShelveTestJSON-1651824480-project] Getting quotas for project 24291804a3fc43a7bb9013ab3736dd4e. Resources: {'key_pairs'} {{(pid=107833) _get_quotas /opt/stack/nova/nova/quota.py:387}}
Jun 23 10:07:22.129371 dv-cinder-797510-1-iscsi devstack@n-api.service[107833]: DEBUG nova.quota [None req-85faff74-6f73-4029-be7c-86ecad91885f tempest-AttachVolumeShelveTestJSON-1651824480 tempest-AttachVolumeShelveTestJSON-1651824480-project] Getting quotas for user 81f4225ed03b4058bad9dc5a24c14955 and project 24291804a3fc43a7bb9013ab3736dd4e. Resources: {'key_pairs'} {{(pid=107833) _get_quotas /opt/stack/nova/nova/quota.py:377}}
Jun 23 10:07:22.154920 dv-cinder-797510-1-iscsi devstack@n-api.service[107834]: INFO nova.api.openstack.wsgi [None req-99e75bc2-51dc-4f50-a331-0f63a6e83463 tempest-VolumesSnapshotsTestJSON-550035828 tempest-VolumesSnapshotsTestJSON-550035828-project] HTTP exception thrown: Volume 8a95ccdd-12e5-4dc1-9537-6b52c0514aea could not be found.
Jun 23 10:07:22.155204 dv-cinder-797510-1-iscsi devstack@n-api.service[107833]: INFO nova.api.openstack.requestlog [None req-85faff74-6f73-4029-be7c-86ecad91885f tempest-AttachVolumeShelveTestJSON-1651824480 tempest-AttachVolumeShelveTestJSON-1651824480-project] 10.222.0.47 "POST /compute/v2.1/os-keypairs" status: 201 len: 2315 microversion: 2.20 time: 0.699747
Jun 23 10:07:22.155546 dv-cinder-797510-1-iscsi devstack@n-api.service[107834]: DEBUG nova.api.openstack.wsgi [None req-99e75bc2-51dc-4f50-a331-0f63a6e83463 tempest-VolumesSnapshotsTestJSON-550035828 tempest-VolumesSnapshotsTestJSON-550035828-project] Returning 404 to user: Volume 8a95ccdd-12e5-4dc1-9537-6b52c0514aea could not be found. {{(pid=107834) __call__ /opt/stack/nova/nova/api/openstack/wsgi.py:927}}
Jun 23 10:07:22.156374 dv-cinder-797510-1-iscsi devstack@n-api.service[107834]: INFO nova.api.openstack.requestlog [None req-99e75bc2-51dc-4f50-a331-0f63a6e83463 tempest-VolumesSnapshotsTestJSON-550035828 tempest-VolumesSnapshotsTestJSON-550035828-project] 10.222.0.47 "GET /compute/v2.1/os-volumes/8a95ccdd-12e5-4dc1-9537-6b52c0514aea" status: 404 len: 109 microversion: 2.1 time: 0.054239
Jun 23 10:07:22.156917 dv-cinder-797510-1-iscsi devstack@n-api.service[107834]: [pid: 107834|app: 0|req: 22/38] 10.222.0.47 () {58 vars in 1245 bytes} [Wed Jun 23 10:07:22 2021] GET /compute/v2.1/os-volumes/8a95ccdd-12e5-4dc1-9537-6b52c0514aea => generated 109 bytes in 55 msecs (HTTP/1.1 404) 9 headers in 379 bytes (1 switches on core 0)
Jun 23 10:07:22.161293 dv-cinder-797510-1-iscsi devstack@n-api.service[107833]: [pid: 107833|app: 0|req: 17/39] 10.222.0.47 () {62 vars in 1199 bytes} [Wed Jun 23 10:07:21 2021] POST /compute/v2.1/os-keypairs => generated 2315 bytes in 707 msecs (HTTP/1.1 201) 9 headers in 365 bytes (2 switches on core 0)
Jun 23 10:07:22.172380 dv-cinder-797510-1-iscsi devstack@n-api.service[107834]: DEBUG nova.api.openstack.wsgi [None req-c6f6e85c-f04c-4de7-bbac-ffe41c3d16d4 tempest-VolumesSnapshotsTestJSON-550035828 tempest-VolumesSnapshotsTestJSON-550035828-project] Calling method '.version_select at 0x7ff7d558ce50>' {{(pid=107834) _process_stack /opt/stack/nova/nova/api/openstack/wsgi.py:513}}
Jun 23 10:07:22.213278 dv-cinder-797510-1-iscsi devstack@n-api.service[107834]: INFO nova.api.openstack.wsgi [None req-c6f6e85c-f04c-4de7-bbac-ffe41c3d16d4 tempest-VolumesSnapshotsTestJSON-550035828 tempest-VolumesSnapshotsTestJSON-550035828-project] HTTP exception thrown: Volume 8a95ccdd-12e5-4dc1-9537-6b52c0514aea could not be found.
Jun 23 10:07:22.214075 dv-cinder-797510-1-iscsi devstack@n-api.service[107834]: DEBUG nova.api.openstack.wsgi [None req-c6f6e85c-f04c-4de7-bbac-ffe41c3d16d4 tempest-VolumesSnapshotsTestJSON-550035828 tempest-VolumesSnapshotsTestJSON-550035828-project] Returning 404 to user: Volume 8a95ccdd-12e5-4dc1-9537-6b52c0514aea could not be found. {{(pid=107834) __call__ /opt/stack/nova/nova/api/openstack/wsgi.py:927}}
Jun 23 10:07:22.215221 dv-cinder-797510-1-iscsi devstack@n-api.service[107834]: INFO nova.api.openstack.requestlog [None req-c6f6e85c-f04c-4de7-bbac-ffe41c3d16d4 tempest-VolumesSnapshotsTestJSON-550035828 tempest-VolumesSnapshotsTestJSON-550035828-project] 10.222.0.47 "DELETE /compute/v2.1/os-volumes/8a95ccdd-12e5-4dc1-9537-6b52c0514aea" status: 404 len: 109 microversion: 2.1 time: 0.047507
Jun 23 10:07:22.216162 dv-cinder-797510-1-iscsi devstack@n-api.service[107834]: [pid: 107834|app: 0|req: 23/40] 10.222.0.47 () {58 vars in 1248 bytes} [Wed Jun 23 10:07:22 2021] DELETE /compute/v2.1/os-volumes/8a95ccdd-12e5-4dc1-9537-6b52c0514aea => generated 109 bytes in 49 msecs (HTTP/1.1 404) 9 headers in 379 bytes (1 switches on core 0)
Jun 23 10:07:22.224541 dv-cinder-797510-1-iscsi devstack@n-api.service[107833]: DEBUG nova.api.openstack.wsgi [None req-fbf1ed73-9898-41ec-a681-2e60caedd67c tempest-VolumesSnapshotsTestJSON-550035828 tempest-VolumesSnapshotsTestJSON-550035828-project] Calling method '.version_select at 0x7ff7d4cbf790>' {{(pid=107833) _process_stack /opt/stack/nova/nova/api/openstack/wsgi.py:513}}
Jun 23 10:07:22.273947 dv-cinder-797510-1-iscsi devstack@n-api.service[107833]: INFO nova.api.openstack.wsgi [None req-fbf1ed73-9898-41ec-a681-2e60caedd67c tempest-VolumesSnapshotsTestJSON-550035828 tempest-VolumesSnapshotsTestJSON-550035828-project] HTTP exception thrown: Volume 8a95ccdd-12e5-4dc1-9537-6b52c0514aea could not be found.
Jun 23 10:07:22.274928 dv-cinder-797510-1-iscsi devstack@n-api.service[107833]: DEBUG nova.api.openstack.wsgi [None req-fbf1ed73-9898-41ec-a681-2e60caedd67c tempest-VolumesSnapshotsTestJSON-550035828 tempest-VolumesSnapshotsTestJSON-550035828-project] Returning 404 to user: Volume 8a95ccdd-12e5-4dc1-9537-6b52c0514aea could not be found. {{(pid=107833) __call__ /opt/stack/nova/nova/api/openstack/wsgi.py:927}}
Jun 23 10:07:22.276231 dv-cinder-797510-1-iscsi devstack@n-api.service[107833]: INFO nova.api.openstack.requestlog [None req-fbf1ed73-9898-41ec-a681-2e60caedd67c tempest-VolumesSnapshotsTestJSON-550035828 tempest-VolumesSnapshotsTestJSON-550035828-project] 10.222.0.47 "GET /compute/v2.1/os-volumes/8a95ccdd-12e5-4dc1-9537-6b52c0514aea" status: 404 len: 109 microversion: 2.1 time: 0.055952
