Jun 22 03:58:01.523966 dv-cinder-797380-1-smb neutron-server[92789]: DEBUG neutron.api.rpc.handlers.resources_rpc [None req-cb9abd24-a6f5-44f3-b08c-ae0c7d644d55 None None] Pushing event updated for resources: {'Port': ['ID=d4172fc7-4d26-4c94-8f21-0b2eddf56431,revision_number=4']} {{(pid=92789) push /opt/stack/neutron/neutron/api/rpc/handlers/resources_rpc.py:237}}
Jun 22 03:58:01.538466 dv-cinder-797380-1-smb neutron-server[92788]: DEBUG neutron.pecan_wsgi.hooks.policy_enforcement [req-4fad87cd-bd09-46c2-9482-fc02e545a12f req-ed03593e-3b17-4162-b12f-684e143394a9 tempest-ServerRescueNegativeTestJSON-1275631584 tempest-ServerRescueNegativeTestJSON-1275631584-project] Attributes excluded by policy engine: ['standard_attr_id', 'binding:profile', 'binding:host_id', 'binding:vif_type', 'binding:vif_details'] {{(pid=92788) _exclude_attributes_by_policy /opt/stack/neutron/neutron/pecan_wsgi/hooks/policy_enforcement.py:255}}
Jun 22 03:58:01.541723 dv-cinder-797380-1-smb neutron-server[92789]: DEBUG oslo_concurrency.lockutils [None req-cb9abd24-a6f5-44f3-b08c-ae0c7d644d55 None None] Lock "event-dispatch" released by "neutron.plugins.ml2.ovo_rpc._ObjectChangeHandler.dispatch_events" :: held 0.171s {{(pid=92789) inner /usr/local/lib/python3.8/dist-packages/oslo_concurrency/lockutils.py:367}}
Jun 22 03:58:01.544144 dv-cinder-797380-1-smb neutron-server[92789]: DEBUG neutron.plugins.ml2.rpc [None req-cb9abd24-a6f5-44f3-b08c-ae0c7d644d55 None None] Returning: {'device': '3ff9b14b-59cc-4ba9-9383-a31ece50ac07', 'network_id': '84c83ba3-312f-41b2-95d5-5a77bb87aa9e', 'port_id': '3ff9b14b-59cc-4ba9-9383-a31ece50ac07', 'mac_address': 'fa:16:3e:cb:ca:b7', 'admin_state_up': True, 'network_type': 'vlan', 'segmentation_id': 118, 'physical_network': 'physnet1', 'mtu': 1500, 'fixed_ips': [{'subnet_id': 'c5f9e58e-592b-4bb3-ab74-6c910dc4fe9e', 'ip_address': '172.20.0.2'}], 'device_owner': 'compute:nova', 'allowed_address_pairs': [], 'port_security_enabled': True, 'qos_policy_id': None, 'network_qos_policy_id': None, 'profile': {}, 'propagate_uplink_status': False} {{(pid=92789) _get_device_details /opt/stack/neutron/neutron/plugins/ml2/rpc.py:168}}
Jun 22 03:58:01.548057 dv-cinder-797380-1-smb neutron-server[92788]: INFO neutron.wsgi [req-4fad87cd-bd09-46c2-9482-fc02e545a12f req-ed03593e-3b17-4162-b12f-684e143394a9 tempest-ServerRescueNegativeTestJSON-1275631584 tempest-ServerRescueNegativeTestJSON-1275631584-project] 10.222.0.24 "GET /v2.0/ports?device_id=383455d8-3989-4414-b43e-e818f5c10b32 HTTP/1.1" status: 200 len: 943 time: 0.0886548
Jun 22 03:58:01.560685 dv-cinder-797380-1-smb neutron-server[92787]: INFO neutron.wsgi [req-09047ad9-5b5c-4f8c-ba4a-ead00b008d70 req-d6a2337b-9832-4fbf-9b62-5d90d849567b service neutron] 10.222.0.36 "GET /v2.0/floatingips?fixed_ip_address=172.20.0.6&port_id=b3fcf4b3-ca73-4ace-b229-7f44bf201dfb HTTP/1.1" status: 200 len: 217 time: 0.0776050
Jun 22 03:58:01.562221 dv-cinder-797380-1-smb neutron-server[92787]: DEBUG neutron.db.provisioning_blocks [req-4fdbf6a0-ad21-45f1-bf7a-36d2ed657caa req-559acd71-3a04-45ef-a61b-3e0027e3adb1 tempest-AttachVolumeShelveTestJSON-17207999 tempest-AttachVolumeShelveTestJSON-17207999-project] Transition to ACTIVE for port object 0204eea6-636f-4e87-97a8-24f133745255 will not be triggered until provisioned by entity DHCP. {{(pid=92787) add_provisioning_component /opt/stack/neutron/neutron/db/provisioning_blocks.py:73}}
Jun 22 03:58:01.572005 dv-cinder-797380-1-smb neutron-server[92787]: DEBUG neutron_lib.callbacks.manager [None req-cd9114c2-8b08-472d-a7b0-033b0fbfd7ce admin admin] Notify callbacks [] for security_group, precommit_create {{(pid=92787) _notify_loop /usr/local/lib/python3.8/dist-packages/neutron_lib/callbacks/manager.py:192}}
Jun 22 03:58:01.600539 dv-cinder-797380-1-smb neutron-server[92789]: DEBUG neutron_lib.callbacks.manager [None req-cb9abd24-a6f5-44f3-b08c-ae0c7d644d55 None None] Notify callbacks ['neutron.plugins.ml2.plugin.SecurityGroupDbMixin._ensure_default_security_group_handler_port-529297'] for port, before_update {{(pid=92789) _notify_loop /usr/local/lib/python3.8/dist-packages/neutron_lib/callbacks/manager.py:192}}
Jun 22 03:58:01.615423 dv-cinder-797380-1-smb neutron-server[92788]: INFO neutron.wsgi [req-4fad87cd-bd09-46c2-9482-fc02e545a12f req-9c1023c4-d6da-4d72-b47c-b327122aae9f tempest-ServerRescueNegativeTestJSON-1275631584 tempest-ServerRescueNegativeTestJSON-1275631584-project] 10.222.0.24 "GET /v2.0/security-groups?id=39549610-53c9-410a-8694-a4977a0e1c54&fields=id&fields=name HTTP/1.1" status: 200 len: 286 time: 0.0646670
Jun 22 03:58:01.641460 dv-cinder-797380-1-smb neutron-server[92787]: DEBUG neutron.pecan_wsgi.hooks.policy_enforcement [req-09047ad9-5b5c-4f8c-ba4a-ead00b008d70 req-13450581-66a4-4889-a506-9658afdbcb70 service neutron] Attributes excluded by policy engine: ['standard_attr_id', 'shared'] {{(pid=92787) _exclude_attributes_by_policy /opt/stack/neutron/neutron/pecan_wsgi/hooks/policy_enforcement.py:255}}
Jun 22 03:58:01.642905 dv-cinder-797380-1-smb neutron-server[92787]: INFO neutron.wsgi [req-09047ad9-5b5c-4f8c-ba4a-ead00b008d70 req-13450581-66a4-4889-a506-9658afdbcb70 service neutron] 10.222.0.36 "GET /v2.0/subnets?id=22708c79-9aa5-406f-97c1-04ff94064fa8 HTTP/1.1" status: 200 len: 849 time: 0.0627108
Jun 22 03:58:01.647697 dv-cinder-797380-1-smb neutron-server[92787]: DEBUG neutron_lib.callbacks.manager [None req-cd9114c2-8b08-472d-a7b0-033b0fbfd7ce admin admin] Notify callbacks ['neutron.plugins.ml2.ovo_rpc._ObjectChangeHandler.handle_event-1745414'] for security_group, after_create {{(pid=92787) _notify_loop /usr/local/lib/python3.8/dist-packages/neutron_lib/callbacks/manager.py:192}}
Jun 22 03:58:01.648400 dv-cinder-797380-1-smb neutron-server[92789]: DEBUG neutron.notifiers.nova [None req-cb9abd24-a6f5-44f3-b08c-ae0c7d644d55 None None] Ignoring state change previous_port_status: DOWN current_port_status: BUILD port_id 3ff9b14b-59cc-4ba9-9383-a31ece50ac07 {{(pid=92789) record_port_status_changed /opt/stack/neutron/neutron/notifiers/nova.py:224}}
Jun 22 03:58:01.680387 dv-cinder-797380-1-smb neutron-server[92789]: DEBUG neutron.plugins.ml2.db [None req-cb9abd24-a6f5-44f3-b08c-ae0c7d644d55 None None] For port 3ff9b14b-59cc-4ba9-9383-a31ece50ac07, host hv-cinder-79738, got binding levels [PortBindingLevel(driver='hyperv',host='hv-cinder-79738',level=0,port_id=3ff9b14b-59cc-4ba9-9383-a31ece50ac07,segment=NetworkSegment(975b0529-bf87-42b9-9e47-78e4f590e405),segment_id=975b0529-bf87-42b9-9e47-78e4f590e405)] {{(pid=92789) get_binding_level_objs /opt/stack/neutron/neutron/plugins/ml2/db.py:74}}
Jun 22 03:58:01.681877 dv-cinder-797380-1-smb neutron-server[92789]: DEBUG neutron_lib.callbacks.manager [None req-cb9abd24-a6f5-44f3-b08c-ae0c7d644d55 None None] Notify callbacks ['neutron.plugins.ml2.plugin.SecurityGroupDbMixin._ensure_default_security_group_handler_port-529297'] for port, before_update {{(pid=92789) _notify_loop /usr/local/lib/python3.8/dist-packages/neutron_lib/callbacks/manager.py:192}}
Jun 22 03:58:01.693620 dv-cinder-797380-1-smb neutron-server[92787]: INFO neutron.wsgi [req-6e616295-5d8b-4b1a-b1bc-2171e83265de req-76aac68e-02c0-41fe-b3d7-36411882abd8 tempest-DeleteServersTestJSON-1407556481 tempest-DeleteServersTestJSON-1407556481-project] 10.222.0.24 "GET /v2.0/security-groups?id=bdda2582-8242-475e-be6a-bde6bf3e0b85&fields=id&fields=name HTTP/1.1" status: 200 len: 286 time: 0.2086015
Jun 22 03:58:01.694815 dv-cinder-797380-1-smb neutron-server[92789]: DEBUG neutron_lib.callbacks.manager [None req-cb9abd24-a6f5-44f3-b08c-ae0c7d644d55 None None] Notify callbacks ['neutron.plugins.ml2.plugin.SecurityGroupServerNotifierRpcMixin.notify_sg_on_port_change-529011', 'neutron.plugins.ml2.ovo_rpc._ObjectChangeHandler.handle_event-125576', 'neutron.api.rpc.agentnotifiers.dhcp_rpc_agent_api.DhcpAgentNotifyAPI._native_event_send_dhcp_notification-1509657', 'neutron.db.l3_db.L3RpcNotifierMixin._notify_gateway_port_ip_changed-8774328124627', 'neutron.db.l3_dvrscheduler_db._notify_l3_agent_port_update-8774327694704', 'neutron.db.l3_hascheduler_db._notify_l3_agent_ha_port_update-8774327694749'] for port, after_update {{(pid=92789) _notify_loop /usr/local/lib/python3.8/dist-packages/neutron_lib/callbacks/manager.py:192}}
Jun 22 03:58:01.698304 dv-cinder-797380-1-smb neutron-server[92789]: DEBUG oslo_concurrency.lockutils [-] Lock "event-dispatch" acquired by "neutron.plugins.ml2.ovo_rpc._ObjectChangeHandler.dispatch_events" :: waited 0.000s {{(pid=92789) inner /usr/local/lib/python3.8/dist-packages/oslo_concurrency/lockutils.py:355}}
Jun 22 03:58:01.706490 dv-cinder-797380-1-smb neutron-server[92787]: DEBUG oslo_concurrency.lockutils [-] Lock "event-dispatch" acquired by "neutron.plugins.ml2.ovo_rpc._ObjectChangeHandler.dispatch_events" :: waited 0.001s {{(pid=92787) inner /usr/local/lib/python3.8/dist-packages/oslo_concurrency/lockutils.py:355}}
Jun 22 03:58:01.712326 dv-cinder-797380-1-smb neutron-server[92787]: DEBUG neutron_lib.callbacks.manager [req-4fdbf6a0-ad21-45f1-bf7a-36d2ed657caa req-559acd71-3a04-45ef-a61b-3e0027e3adb1 tempest-AttachVolumeShelveTestJSON-17207999 tempest-AttachVolumeShelveTestJSON-17207999-project] Notify callbacks ['neutron.plugins.ml2.plugin.SecurityGroupServerNotifierRpcMixin._notify_sg_on_port_after_update-528964', 'neutron.plugins.ml2.ovo_rpc._ObjectChangeHandler.handle_payload_event-125619', 'neutron.api.rpc.agentnotifiers.dhcp_rpc_agent_api.DhcpAgentNotifyAPI._native_event_send_dhcp_notification_payload-1509650', 'neutron.db.l3_dvrscheduler_db._notify_l3_agent_new_port-8774327694686'] for port, after_create {{(pid=92787) _notify_loop /usr/local/lib/python3.8/dist-packages/neutron_lib/callbacks/manager.py:192}}
Jun 22 03:58:01.762963 dv-cinder-797380-1-smb neutron-server[92789]: DEBUG neutron.plugins.ml2.db [None req-cb9abd24-a6f5-44f3-b08c-ae0c7d644d55 None None] For port a2901598-5d76-4ba1-96bc-59f968be80ab, host hv-cinder-79738, got binding levels [PortBindingLevel(driver='hyperv',host='hv-cinder-79738',level=0,port_id=a2901598-5d76-4ba1-96bc-59f968be80ab,segment=NetworkSegment(acff2ada-6669-4f90-bfed-f155c3f69717),segment_id=acff2ada-6669-4f90-bfed-f155c3f69717)] {{(pid=92789) get_binding_level_objs /opt/stack/neutron/neutron/plugins/ml2/db.py:74}}
Jun 22 03:58:01.777408 dv-cinder-797380-1-smb neutron-server[92789]: DEBUG neutron_lib.callbacks.manager [None req-cb9abd24-a6f5-44f3-b08c-ae0c7d644d55 None None] Notify callbacks ['neutron.plugins.ml2.plugin.SecurityGroupServerNotifierRpcMixin.notify_sg_on_port_change-529011', 'neutron.plugins.ml2.ovo_rpc._ObjectChangeHandler.handle_event-125576', 'neutron.api.rpc.agentnotifiers.dhcp_rpc_agent_api.DhcpAgentNotifyAPI._native_event_send_dhcp_notification-1509657', 'neutron.db.l3_db.L3RpcNotifierMixin._notify_gateway_port_ip_changed-8774328124627', 'neutron.db.l3_dvrscheduler_db._notify_l3_agent_port_update-8774327694704', 'neutron.db.l3_hascheduler_db._notify_l3_agent_ha_port_update-8774327694749'] for port, after_update {{(pid=92789) _notify_loop /usr/local/lib/python3.8/dist-packages/neutron_lib/callbacks/manager.py:192}}
Jun 22 03:58:01.778830 dv-cinder-797380-1-smb neutron-server[92787]: DEBUG neutron.api.rpc.handlers.resources_rpc [None req-cd9114c2-8b08-472d-a7b0-033b0fbfd7ce admin admin] Pushing event updated for resources: {'SecurityGroup': ['ID=ac6b72ee-aecc-4c15-a82f-d09f436212ad,revision_number=1']} {{(pid=92787) push /opt/stack/neutron/neutron/api/rpc/handlers/resources_rpc.py:237}}
Jun 22 03:58:01.780783 dv-cinder-797380-1-smb neutron-server[92789]: DEBUG novaclient.v2.client [-] RESP: [200] Connection: close Content-Length: 183 Content-Type: application/json Date: Tue, 22 Jun 2021 03:58:01 GMT OpenStack-API-Version: compute 2.1 Server: Apache/2.4.41 (Ubuntu) Vary: OpenStack-API-Version,X-OpenStack-Nova-API-Version X-OpenStack-Nova-API-Version: 2.1 x-compute-request-id: req-58701c88-79a3-49c7-908b-c641d934d29d x-openstack-request-id: req-58701c88-79a3-49c7-908b-c641d934d29d {{(pid=92789) _http_log_response /usr/local/lib/python3.8/dist-packages/keystoneauth1/session.py:550}}
Jun 22 03:58:01.781272 dv-cinder-797380-1-smb neutron-server[92789]: DEBUG novaclient.v2.client [-] RESP BODY: {"events": [{"server_uuid": "71616d51-e63b-4a93-bcc2-8c63e5360d5d", "name": "network-vif-plugged", "status": "completed", "tag": "91c83497-fbb2-44df-bccb-f8369c2a2670", "code": 200}]} {{(pid=92789) _http_log_response /usr/local/lib/python3.8/dist-packages/keystoneauth1/session.py:582}}
Jun 22 03:58:01.781684 dv-cinder-797380-1-smb neutron-server[92789]: DEBUG novaclient.v2.client [-] POST call to compute for http://10.222.0.24/compute/v2.1/os-server-external-events used request id req-58701c88-79a3-49c7-908b-c641d934d29d {{(pid=92789) request /usr/local/lib/python3.8/dist-packages/keystoneauth1/session.py:954}}
Jun 22 03:58:01.794007 dv-cinder-797380-1-smb neutron-server[92789]: INFO neutron.notifiers.nova [-] Nova event response: {'server_uuid': '71616d51-e63b-4a93-bcc2-8c63e5360d5d', 'name': 'network-vif-plugged', 'status': 'completed', 'tag': '91c83497-fbb2-44df-bccb-f8369c2a2670', 'code': 200}
Jun 22 03:58:01.804275 dv-cinder-797380-1-smb neutron-server[92789]: DEBUG neutron.api.rpc.handlers.resources_rpc [None req-cb9abd24-a6f5-44f3-b08c-ae0c7d644d55 None None] Pushing event updated for resources: {'Port': ['ID=3ff9b14b-59cc-4ba9-9383-a31ece50ac07,revision_number=4']} {{(pid=92789) push /opt/stack/neutron/neutron/api/rpc/handlers/resources_rpc.py:237}}
Jun 22 03:58:01.816227 dv-cinder-797380-1-smb neutron-server[92789]: DEBUG oslo_concurrency.lockutils [None req-cb9abd24-a6f5-44f3-b08c-ae0c7d644d55 None None] Lock "event-dispatch" released by "neutron.plugins.ml2.ovo_rpc._ObjectChangeHandler.dispatch_events" :: held 0.118s {{(pid=92789) inner /usr/local/lib/python3.8/dist-packages/oslo_concurrency/lockutils.py:367}}
Jun 22 03:58:01.816365 dv-cinder-797380-1-smb neutron-server[92787]: DEBUG oslo_concurrency.lockutils [None req-cd9114c2-8b08-472d-a7b0-033b0fbfd7ce admin admin] Lock "event-dispatch" released by "neutron.plugins.ml2.ovo_rpc._ObjectChangeHandler.dispatch_events" :: held 0.110s {{(pid=92787) inner /usr/local/lib/python3.8/dist-packages/oslo_concurrency/lockutils.py:367}}
Jun 22 03:58:01.816803 dv-cinder-797380-1-smb neutron-server[92789]: DEBUG oslo_concurrency.lockutils [None req-cb9abd24-a6f5-44f3-b08c-ae0c7d644d55 None None] Lock "event-dispatch" acquired by "neutron.plugins.ml2.ovo_rpc._ObjectChangeHandler.dispatch_events" :: waited 0.016s {{(pid=92789) inner /usr/local/lib/python3.8/dist-packages/oslo_concurrency/lockutils.py:355}}
Jun 22 03:58:01.899923 dv-cinder-797380-1-smb neutron-server[92789]: DEBUG neutron.api.rpc.handlers.resources_rpc [None req-cb9abd24-a6f5-44f3-b08c-ae0c7d644d55 None None] Pushing event updated for resources: {'Port': ['ID=a2901598-5d76-4ba1-96bc-59f968be80ab,revision_number=5']} {{(pid=92789) push /opt/stack/neutron/neutron/api/rpc/handlers/resources_rpc.py:237}}
Jun 22 03:58:01.912077 dv-cinder-797380-1-smb neutron-server[92789]: DEBUG oslo_concurrency.lockutils [None req-cb9abd24-a6f5-44f3-b08c-ae0c7d644d55 None None] Lock "event-dispatch" released by "neutron.plugins.ml2.ovo_rpc._ObjectChangeHandler.dispatch_events" :: held 0.095s {{(pid=92789) inner /usr/local/lib/python3.8/dist-packages/oslo_concurrency/lockutils.py:367}}
Jun 22 03:58:02.095878 dv-cinder-797380-1-smb neutron-server[92788]: DEBUG neutron.pecan_wsgi.hooks.policy_enforcement [req-0009f03e-c35a-44d9-aab5-1790e60ae5ea req-0d42458e-d681-4e0f-9cfa-ec14aa5d8817 tempest-VolumesActionsTest-102740891 tempest-VolumesActionsTest-102740891-project] Attributes excluded by policy engine: ['standard_attr_id', 'vlan_transparent', 'provider:network_type', 'provider:physical_network', 'provider:segmentation_id'] {{(pid=92788) _exclude_attributes_by_policy /opt/stack/neutron/neutron/pecan_wsgi/hooks/policy_enforcement.py:255}}
Jun 22 03:58:02.098527 dv-cinder-797380-1-smb neutron-server[92788]: INFO neutron.wsgi [req-0009f03e-c35a-44d9-aab5-1790e60ae5ea req-0d42458e-d681-4e0f-9cfa-ec14aa5d8817 tempest-VolumesActionsTest-102740891 tempest-VolumesActionsTest-102740891-project] 10.222.0.36 "GET /v2.0/networks?id=8c300a57-f01d-4a52-9f4b-0cdd585af634 HTTP/1.1" status: 200 len: 808 time: 0.2445238
Jun 22 03:58:02.112331 dv-cinder-797380-1-smb neutron-server[92787]: DEBUG oslo_concurrency.lockutils [-] Lock "event-dispatch" acquired by "neutron.plugins.ml2.ovo_rpc._ObjectChangeHandler.dispatch_events" :: waited 0.000s {{(pid=92787) inner /usr/local/lib/python3.8/dist-packages/oslo_concurrency/lockutils.py:355}}
Jun 22 03:58:02.121705 dv-cinder-797380-1-smb neutron-server[92788]: DEBUG neutron.pecan_wsgi.hooks.policy_enforcement [req-87d6d258-ed6d-4f2f-8426-51018b165622 req-a2279a56-1d16-4130-8186-6fb95f2b6c9b tempest-AttachVolumeShelveTestJSON-17207999 tempest-AttachVolumeShelveTestJSON-17207999-project] Attributes excluded by policy engine: ['standard_attr_id', 'binding:profile', 'binding:host_id', 'binding:vif_type', 'binding:vif_details'] {{(pid=92788) _exclude_attributes_by_policy /opt/stack/neutron/neutron/pecan_wsgi/hooks/policy_enforcement.py:255}}
Jun 22 03:58:02.130071 dv-cinder-797380-1-smb neutron-server[92788]: INFO neutron.wsgi [req-87d6d258-ed6d-4f2f-8426-51018b165622 req-a2279a56-1d16-4130-8186-6fb95f2b6c9b tempest-AttachVolumeShelveTestJSON-17207999 tempest-AttachVolumeShelveTestJSON-17207999-project] 10.222.0.24 "GET /v2.0/ports?device_id=87df3be0-fe08-46e5-8a8f-16720ad1b6bf HTTP/1.1" status: 200 len: 931 time: 0.1588619
Jun 22 03:58:02.141354 dv-cinder-797380-1-smb neutron-server[92788]: DEBUG neutron.api.v2.base [req-0009f03e-c35a-44d9-aab5-1790e60ae5ea req-fc1e6159-fdb4-4240-a164-856cd8743803 tempest-VolumesActionsTest-102740891 tempest-VolumesActionsTest-102740891-project] Request body: {'port': {'device_id': '17b7ecba-4c5c-4847-a6bb-462ea44d3462', 'network_id': '8c300a57-f01d-4a52-9f4b-0cdd585af634', 'admin_state_up': True, 'tenant_id': '1c20e77d0d0847208695b2de5c63cc4a'}} {{(pid=92788) prepare_request_body /opt/stack/neutron/neutron/api/v2/base.py:729}}
Jun 22 03:58:02.203113 dv-cinder-797380-1-smb neutron-server[92787]: DEBUG neutron.scheduler.dhcp_agent_scheduler [req-4fdbf6a0-ad21-45f1-bf7a-36d2ed657caa req-559acd71-3a04-45ef-a61b-3e0027e3adb1 tempest-AttachVolumeShelveTestJSON-17207999 tempest-AttachVolumeShelveTestJSON-17207999-project] Network 41015a78-fa20-43e6-949a-127359048d8e is already hosted by enough agents. {{(pid=92787) _get_dhcp_agents_hosting_network /opt/stack/neutron/neutron/scheduler/dhcp_agent_scheduler.py:275}}
Jun 22 03:58:02.208261 dv-cinder-797380-1-smb neutron-server[92787]: DEBUG neutron.scheduler.base_scheduler [req-4fdbf6a0-ad21-45f1-bf7a-36d2ed657caa req-559acd71-3a04-45ef-a61b-3e0027e3adb1 tempest-AttachVolumeShelveTestJSON-17207999 tempest-AttachVolumeShelveTestJSON-17207999-project] Resources bound (agent type, host, resource id): {{(pid=92787) schedule /opt/stack/neutron/neutron/scheduler/base_scheduler.py:57}}
Jun 22 03:58:02.212871 dv-cinder-797380-1-smb neutron-server[92787]: INFO neutron.wsgi [None req-cd9114c2-8b08-472d-a7b0-033b0fbfd7ce admin admin] 10.222.0.24 "GET /v2.0/security-groups?tenant_id=da10fa0d7a3e4986804b0ba3b4768c67&name=default HTTP/1.1" status: 200 len: 2979 time: 1.2703776
Jun 22 03:58:02.215229 dv-cinder-797380-1-smb neutron-server[92787]: DEBUG neutron.db.l3_dvrscheduler_db [req-4fdbf6a0-ad21-45f1-bf7a-36d2ed657caa req-559acd71-3a04-45ef-a61b-3e0027e3adb1 tempest-AttachVolumeShelveTestJSON-17207999 tempest-AttachVolumeShelveTestJSON-17207999-project] Received port after_create {{(pid=92787) _notify_l3_agent_new_port /opt/stack/neutron/neutron/db/l3_dvrscheduler_db.py:535}}
Jun 22 03:58:02.221936 dv-cinder-797380-1-smb neutron-server[92787]: DEBUG neutron.pecan_wsgi.hooks.policy_enforcement [req-4fdbf6a0-ad21-45f1-bf7a-36d2ed657caa req-559acd71-3a04-45ef-a61b-3e0027e3adb1 tempest-AttachVolumeShelveTestJSON-17207999 tempest-AttachVolumeShelveTestJSON-17207999-project] Attributes excluded by policy engine: ['standard_attr_id', 'binding:profile', 'binding:host_id', 'binding:vif_type', 'binding:vif_details', 'network'] {{(pid=92787) _exclude_attributes_by_policy /opt/stack/neutron/neutron/pecan_wsgi/hooks/policy_enforcement.py:255}}
Jun 22 03:58:02.223443 dv-cinder-797380-1-smb neutron-server[92787]: DEBUG neutron_lib.callbacks.manager [req-4fdbf6a0-ad21-45f1-bf7a-36d2ed657caa req-559acd71-3a04-45ef-a61b-3e0027e3adb1 tempest-AttachVolumeShelveTestJSON-17207999 tempest-AttachVolumeShelveTestJSON-17207999-project] Notify callbacks ['neutron.notifiers.nova.Notifier._send_nova_notification-153607', 'neutron.api.rpc.agentnotifiers.dhcp_rpc_agent_api.DhcpAgentNotifyAPI._send_dhcp_notification-1509647'] for port, before_response {{(pid=92787) _notify_loop /usr/local/lib/python3.8/dist-packages/neutron_lib/callbacks/manager.py:192}}
Jun 22 03:58:02.234068 dv-cinder-797380-1-smb neutron-server[92787]: DEBUG neutron.wsgi [-] (92787) accepted ('10.222.0.24', 60982) {{(pid=92787) server /usr/local/lib/python3.8/dist-packages/eventlet/wsgi.py:992}}
Jun 22 03:58:02.242670 dv-cinder-797380-1-smb neutron-server[92789]: DEBUG neutron.plugins.ml2.db [None req-cb9abd24-a6f5-44f3-b08c-ae0c7d644d55 None None] get_ports_and_sgs() called for port_ids ['d4172fc7-4d26-4c94-8f21-0b2eddf56431'] {{(pid=92789) get_ports_and_sgs /opt/stack/neutron/neutron/plugins/ml2/db.py:163}}
Jun 22 03:58:02.287901 dv-cinder-797380-1-smb neutron-server[92789]: DEBUG neutron.plugins.ml2.db [None req-cb9abd24-a6f5-44f3-b08c-ae0c7d644d55 None None] get_ports_and_sgs() called for port_ids ['3ff9b14b-59cc-4ba9-9383-a31ece50ac07'] {{(pid=92789) get_ports_and_sgs /opt/stack/neutron/neutron/plugins/ml2/db.py:163}}
Jun 22 03:58:02.293349 dv-cinder-797380-1-smb neutron-server[92787]: DEBUG neutron.api.rpc.handlers.resources_rpc [None req-559acd71-3a04-45ef-a61b-3e0027e3adb1 tempest-AttachVolumeShelveTestJSON-17207999 tempest-AttachVolumeShelveTestJSON-17207999-project] Pushing event updated for resources: {'Port': ['ID=0204eea6-636f-4e87-97a8-24f133745255,revision_number=1']} {{(pid=92787) push /opt/stack/neutron/neutron/api/rpc/handlers/resources_rpc.py:237}}
Jun 22 03:58:02.314520 dv-cinder-797380-1-smb neutron-server[92788]: INFO neutron.wsgi [req-87d6d258-ed6d-4f2f-8426-51018b165622 req-d938d2f0-0439-47af-bdb5-5cd2f4e64d30 tempest-AttachVolumeShelveTestJSON-17207999 tempest-AttachVolumeShelveTestJSON-17207999-project] 10.222.0.24 "GET /v2.0/security-groups?id=31e91f04-6718-47db-a816-7ad2b216e393&fields=id&fields=name HTTP/1.1" status: 200 len: 313 time: 0.1832488
Jun 22 03:58:02.324490 dv-cinder-797380-1-smb neutron-server[92787]: DEBUG oslo_concurrency.lockutils [None req-559acd71-3a04-45ef-a61b-3e0027e3adb1 tempest-AttachVolumeShelveTestJSON-17207999 tempest-AttachVolumeShelveTestJSON-17207999-project] Lock "event-dispatch" released by "neutron.plugins.ml2.ovo_rpc._ObjectChangeHandler.dispatch_events" :: held 0.212s {{(pid=92787) inner /usr/local/lib/python3.8/dist-packages/oslo_concurrency/lockutils.py:367}}
Jun 22 03:58:02.366744 dv-cinder-797380-1-smb neutron-server[92787]: INFO neutron.wsgi [req-4fdbf6a0-ad21-45f1-bf7a-36d2ed657caa req-559acd71-3a04-45ef-a61b-3e0027e3adb1 tempest-AttachVolumeShelveTestJSON-17207999 tempest-AttachVolumeShelveTestJSON-17207999-project] 10.222.0.36 "POST /v2.0/ports HTTP/1.1" status: 201 len: 933 time: 2.3154564
Jun 22 03:58:02.421279 dv-cinder-797380-1-smb neutron-server[92788]: DEBUG neutron.pecan_wsgi.hooks.policy_enforcement [req-3e906f9d-9107-498f-9887-ed46d721e8ba req-98bbec67-6186-45cc-b5e0-4a45523f8e26 service neutron] Attributes excluded by policy engine: ['standard_attr_id'] {{(pid=92788) _exclude_attributes_by_policy /opt/stack/neutron/neutron/pecan_wsgi/hooks/policy_enforcement.py:255}}
Jun 22 03:58:02.422986 dv-cinder-797380-1-smb neutron-server[92788]: INFO neutron.wsgi [req-3e906f9d-9107-498f-9887-ed46d721e8ba req-98bbec67-6186-45cc-b5e0-4a45523f8e26 service neutron] 10.222.0.36 "GET /v2.0/ports?device_id=71616d51-e63b-4a93-bcc2-8c63e5360d5d HTTP/1.1" status: 200 len: 1098 time: 0.2322996
Jun 22 03:58:02.423609 dv-cinder-797380-1-smb neutron-server[92787]: DEBUG neutron.api.v2.base [req-4fdbf6a0-ad21-45f1-bf7a-36d2ed657caa req-ed18d87d-d143-482b-9df3-ea182648538d service neutron] Request body: {'port': {'device_id': '87df3be0-fe08-46e5-8a8f-16720ad1b6bf', 'device_owner': 'compute:nova', 'binding:host_id': 'hv-cinder-79738'}} {{(pid=92787) prepare_request_body /opt/stack/neutron/neutron/api/v2/base.py:729}}
Jun 22 03:58:02.461365 dv-cinder-797380-1-smb neutron-server[92788]: DEBUG neutron.pecan_wsgi.hooks.quota_enforcement [req-0009f03e-c35a-44d9-aab5-1790e60ae5ea req-fc1e6159-fdb4-4240-a164-856cd8743803 tempest-VolumesActionsTest-102740891 tempest-VolumesActionsTest-102740891-project] Made reservation on behalf of 1c20e77d0d0847208695b2de5c63cc4a for: {'port': 1} {{(pid=92788) before /opt/stack/neutron/neutron/pecan_wsgi/hooks/quota_enforcement.py:53}}
Jun 22 03:58:02.465577 dv-cinder-797380-1-smb neutron-server[92788]: DEBUG neutron_lib.callbacks.manager [req-0009f03e-c35a-44d9-aab5-1790e60ae5ea req-fc1e6159-fdb4-4240-a164-856cd8743803 tempest-VolumesActionsTest-102740891 tempest-VolumesActionsTest-102740891-project] Notify callbacks ['neutron.plugins.ml2.plugin.SecurityGroupDbMixin._ensure_default_security_group_handler_before_create-529287'] for port, before_create {{(pid=92788) _notify_loop /usr/local/lib/python3.8/dist-packages/neutron_lib/callbacks/manager.py:192}}
Jun 22 03:58:02.471174 dv-cinder-797380-1-smb neutron-server[92788]: DEBUG neutron_lib.callbacks.manager [req-3e906f9d-9107-498f-9887-ed46d721e8ba req-b4426057-5096-4ed2-aab3-9ec707378bac service neutron] Notify callbacks [] for security_group, before_create {{(pid=92788) _notify_loop /usr/local/lib/python3.8/dist-packages/neutron_lib/callbacks/manager.py:192}}
Jun 22 03:58:02.517385 dv-cinder-797380-1-smb neutron-server[92787]: DEBUG neutron.pecan_wsgi.hooks.policy_enforcement [req-09047ad9-5b5c-4f8c-ba4a-ead00b008d70 req-4f8d944e-14a2-490c-b614-e6b8c7f48a63 service neutron] Attributes excluded by policy engine: ['standard_attr_id'] {{(pid=92787) _exclude_attributes_by_policy /opt/stack/neutron/neutron/pecan_wsgi/hooks/policy_enforcement.py:255}}
Jun 22 03:58:02.519286 dv-cinder-797380-1-smb neutron-server[92787]: INFO neutron.wsgi [req-09047ad9-5b5c-4f8c-ba4a-ead00b008d70 req-4f8d944e-14a2-490c-b614-e6b8c7f48a63 service neutron] 10.222.0.36 "GET /v2.0/ports?network_id=816c027b-2f35-4bc4-a29c-b1507519cfc4&device_owner=network%3Adhcp HTTP/1.1" status: 200 len: 1173 time: 0.8340466
Jun 22 03:58:02.532359 dv-cinder-797380-1-smb neutron-server[92787]: DEBUG neutron.pecan_wsgi.hooks.policy_enforcement [req-20eb27bb-62f1-4cae-afdb-8de8cdb004a8 req-ecd2e4a1-3f81-427f-b29d-510a06331e75 tempest-AttachVolumeNegativeTest-1686098280 tempest-AttachVolumeNegativeTest-1686098280-project] Attributes excluded by policy engine: ['standard_attr_id', 'binding:profile', 'binding:host_id', 'binding:vif_type', 'binding:vif_details'] {{(pid=92787) _exclude_attributes_by_policy /opt/stack/neutron/neutron/pecan_wsgi/hooks/policy_enforcement.py:255}}
Jun 22 03:58:02.534184 dv-cinder-797380-1-smb neutron-server[92787]: INFO neutron.wsgi [req-20eb27bb-62f1-4cae-afdb-8de8cdb004a8 req-ecd2e4a1-3f81-427f-b29d-510a06331e75 tempest-AttachVolumeNegativeTest-1686098280 tempest-AttachVolumeNegativeTest-1686098280-project] 10.222.0.24 "GET /v2.0/ports?device_id=d0e18f1e-c1d0-4dc5-8a46-e9081e5ac53a HTTP/1.1" status: 200 len: 944 time: 0.3897564
Jun 22 03:58:02.604427 dv-cinder-797380-1-smb neutron-server[92787]: DEBUG neutron_lib.callbacks.manager [None req-cf86be14-090f-401e-9b70-ae31ab693896 admin admin] Notify callbacks [] for security_group, before_delete {{(pid=92787) _notify_loop /usr/local/lib/python3.8/dist-packages/neutron_lib/callbacks/manager.py:192}}
Jun 22 03:58:02.631906 dv-cinder-797380-1-smb neutron-server[92789]: DEBUG neutron.db.provisioning_blocks [None req-f74035a6-c69b-4c0c-a004-efde06725b8f None None] Provisioning for port 0204eea6-636f-4e87-97a8-24f133745255 completed by entity DHCP. {{(pid=92789) provisioning_complete /opt/stack/neutron/neutron/db/provisioning_blocks.py:133}}
Jun 22 03:58:02.648011 dv-cinder-797380-1-smb neutron-server[92789]: DEBUG neutron.db.provisioning_blocks [None req-f74035a6-c69b-4c0c-a004-efde06725b8f None None] Provisioning complete for port 0204eea6-636f-4e87-97a8-24f133745255 triggered by entity DHCP. {{(pid=92789) provisioning_complete /opt/stack/neutron/neutron/db/provisioning_blocks.py:139}}
Jun 22 03:58:02.649737 dv-cinder-797380-1-smb neutron-server[92789]: DEBUG neutron_lib.callbacks.manager [None req-f74035a6-c69b-4c0c-a004-efde06725b8f None None] Notify callbacks ['neutron.plugins.ml2.plugin.Ml2Plugin._port_provisioned-729489'] for port, provisioning_complete {{(pid=92789) _notify_loop /usr/local/lib/python3.8/dist-packages/neutron_lib/callbacks/manager.py:192}}
Jun 22 03:58:02.659277 dv-cinder-797380-1-smb neutron-server[92787]: DEBUG neutron_lib.callbacks.manager [None req-cf86be14-090f-401e-9b70-ae31ab693896 admin admin] Notify callbacks [] for security_group, precommit_delete {{(pid=92787) _notify_loop /usr/local/lib/python3.8/dist-packages/neutron_lib/callbacks/manager.py:192}}
Jun 22 03:58:02.703825 dv-cinder-797380-1-smb neutron-server[92788]: DEBUG neutron.pecan_wsgi.hooks.policy_enforcement [req-d854cf8d-ac33-41b3-8ddc-86b6d5c68731 req-5939ebab-ea45-4001-99e4-c0a1137930db tempest-AttachVolumeTestJSON-488045077 tempest-AttachVolumeTestJSON-488045077-project] Attributes excluded by policy engine: ['standard_attr_id', 'binding:profile', 'binding:host_id', 'binding:vif_type', 'binding:vif_details'] {{(pid=92788) _exclude_attributes_by_policy /opt/stack/neutron/neutron/pecan_wsgi/hooks/policy_enforcement.py:255}}
Jun 22 03:58:02.705545 dv-cinder-797380-1-smb neutron-server[92788]: INFO neutron.wsgi [req-d854cf8d-ac33-41b3-8ddc-86b6d5c68731 req-5939ebab-ea45-4001-99e4-c0a1137930db tempest-AttachVolumeTestJSON-488045077 tempest-AttachVolumeTestJSON-488045077-project] 10.222.0.24 "GET /v2.0/ports?device_id=9b045e6e-a402-442e-96d5-6c42b7d1a9bb HTTP/1.1" status: 200 len: 943 time: 0.2181013
Jun 22 03:58:02.713717 dv-cinder-797380-1-smb neutron-server[92789]: DEBUG neutron.plugins.ml2.plugin [None req-f74035a6-c69b-4c0c-a004-efde06725b8f None None] Port 0204eea6-636f-4e87-97a8-24f133745255 cannot update to ACTIVE because it is not bound. {{(pid=92789) _port_provisioned /opt/stack/neutron/neutron/plugins/ml2/plugin.py:337}}
Jun 22 03:58:02.739530 dv-cinder-797380-1-smb neutron-server[92787]: DEBUG neutron_lib.callbacks.manager [req-4fdbf6a0-ad21-45f1-bf7a-36d2ed657caa req-ed18d87d-d143-482b-9df3-ea182648538d service neutron] Notify callbacks ['neutron.plugins.ml2.plugin.SecurityGroupDbMixin._ensure_default_security_group_handler_port-529297'] for port, before_update {{(pid=92787) _notify_loop /usr/local/lib/python3.8/dist-packages/neutron_lib/callbacks/manager.py:192}}
Jun 22 03:58:02.777075 dv-cinder-797380-1-smb neutron-server[92787]: INFO neutron.wsgi [req-20eb27bb-62f1-4cae-afdb-8de8cdb004a8 req-7a820c55-d662-4370-86b4-7589bbd0230e tempest-AttachVolumeNegativeTest-1686098280 tempest-AttachVolumeNegativeTest-1686098280-project] 10.222.0.24 "GET /v2.0/security-groups?id=d620b248-f64b-4480-8a28-bb84daf9aa0e&fields=id&fields=name HTTP/1.1" status: 200 len: 286 time: 0.2316067
Jun 22 03:58:02.802083 dv-cinder-797380-1-smb neutron-server[92788]: INFO neutron.wsgi [req-d854cf8d-ac33-41b3-8ddc-86b6d5c68731 req-e6bef204-ae75-4370-aadb-12f60370fb27 tempest-AttachVolumeTestJSON-488045077 tempest-AttachVolumeTestJSON-488045077-project] 10.222.0.24 "GET /v2.0/security-groups?id=5a142d63-fca5-4a55-bd27-478bdeb4b4f2&fields=id&fields=name HTTP/1.1" status: 200 len: 313 time: 0.0712731
Jun 22 03:58:02.809324 dv-cinder-797380-1-smb neutron-server[92788]: DEBUG neutron.db.db_base_plugin_common [req-0009f03e-c35a-44d9-aab5-1790e60ae5ea req-fc1e6159-fdb4-4240-a164-856cd8743803 tempest-VolumesActionsTest-102740891 tempest-VolumesActionsTest-102740891-project] Allocated IP 172.20.0.14 (8c300a57-f01d-4a52-9f4b-0cdd585af634/796896ed-8e70-4a0a-8180-9d9caf5c3e68/6f751bcf-30f3-415d-99e6-08c82ebe030e) {{(pid=92788) _store_ip_allocation /opt/stack/neutron/neutron/db/db_base_plugin_common.py:131}}
Jun 22 03:58:02.863889 dv-cinder-797380-1-smb neutron-server[92787]: DEBUG neutron_lib.callbacks.manager [None req-cf86be14-090f-401e-9b70-ae31ab693896 admin admin] Notify callbacks ['neutron.plugins.ml2.ovo_rpc._ObjectChangeHandler.handle_event-1745414'] for security_group, after_delete {{(pid=92787) _notify_loop /usr/local/lib/python3.8/dist-packages/neutron_lib/callbacks/manager.py:192}}
Jun 22 03:58:02.869642 dv-cinder-797380-1-smb neutron-server[92787]: DEBUG neutron_lib.callbacks.manager [None req-cf86be14-090f-401e-9b70-ae31ab693896 admin admin] Notify callbacks [] for security_group, before_response {{(pid=92787) _notify_loop /usr/local/lib/python3.8/dist-packages/neutron_lib/callbacks/manager.py:192}}
Jun 22 03:58:02.873086 dv-cinder-797380-1-smb neutron-server[92787]: INFO neutron.wsgi [None req-cf86be14-090f-401e-9b70-ae31ab693896 admin admin] 10.222.0.24 "DELETE /v2.0/security-groups/ac6b72ee-aecc-4c15-a82f-d09f436212ad HTTP/1.1" status: 204 len: 168 time: 0.6356170
Jun 22 03:58:02.873086 dv-cinder-797380-1-smb neutron-server[92787]: DEBUG oslo_concurrency.lockutils [-] Lock "event-dispatch" acquired by "neutron.plugins.ml2.ovo_rpc._ObjectChangeHandler.dispatch_events" :: waited 0.000s {{(pid=92787) inner /usr/local/lib/python3.8/dist-packages/oslo_concurrency/lockutils.py:355}}
Jun 22 03:58:02.892151 dv-cinder-797380-1-smb neutron-server[92787]: INFO neutron.wsgi [req-09047ad9-5b5c-4f8c-ba4a-ead00b008d70 req-a6db4e83-b81e-4a00-a392-33769d5db729 service neutron] 10.222.0.36 "GET /v2.0/networks/816c027b-2f35-4bc4-a29c-b1507519cfc4?fields=segments HTTP/1.1" status: 200 len: 212 time: 0.3501923
Jun 22 03:58:02.896968 dv-cinder-797380-1-smb neutron-server[92787]: DEBUG neutron.api.rpc.handlers.resources_rpc [None req-cf86be14-090f-401e-9b70-ae31ab693896 admin admin] Pushing event deleted for resources: {'SecurityGroup': ['ID=ac6b72ee-aecc-4c15-a82f-d09f436212ad,revision_number=None']} {{(pid=92787) push /opt/stack/neutron/neutron/api/rpc/handlers/resources_rpc.py:237}}
Jun 22 03:58:02.943768 dv-cinder-797380-1-smb neutron-server[92788]: DEBUG neutron_lib.callbacks.manager [req-3e906f9d-9107-498f-9887-ed46d721e8ba req-b4426057-5096-4ed2-aab3-9ec707378bac service neutron] Notify callbacks [] for security_group, precommit_create {{(pid=92788) _notify_loop /usr/local/lib/python3.8/dist-packages/neutron_lib/callbacks/manager.py:192}}
Jun 22 03:58:02.953113 dv-cinder-797380-1-smb neutron-server[92787]: DEBUG oslo_concurrency.lockutils [None req-cf86be14-090f-401e-9b70-ae31ab693896 admin admin] Lock "event-dispatch" released by "neutron.plugins.ml2.ovo_rpc._ObjectChangeHandler.dispatch_events" :: held 0.080s {{(pid=92787) inner /usr/local/lib/python3.8/dist-packages/oslo_concurrency/lockutils.py:367}}
Jun 22 03:58:02.953862 dv-cinder-797380-1-smb neutron-server[92788]: DEBUG neutron_lib.callbacks.manager [req-3e906f9d-9107-498f-9887-ed46d721e8ba req-b4426057-5096-4ed2-aab3-9ec707378bac service neutron] Notify callbacks ['neutron.plugins.ml2.ovo_rpc._ObjectChangeHandler.handle_event-1745414'] for security_group, after_create {{(pid=92788) _notify_loop /usr/local/lib/python3.8/dist-packages/neutron_lib/callbacks/manager.py:192}}
Jun 22 03:58:02.964612 dv-cinder-797380-1-smb neutron-server[92788]: DEBUG oslo_concurrency.lockutils [-] Lock "event-dispatch" acquired by "neutron.plugins.ml2.ovo_rpc._ObjectChangeHandler.dispatch_events" :: waited 0.000s {{(pid=92788) inner /usr/local/lib/python3.8/dist-packages/oslo_concurrency/lockutils.py:355}}
Jun 22 03:58:03.010293 dv-cinder-797380-1-smb neutron-server[92788]: INFO neutron.wsgi [req-3e906f9d-9107-498f-9887-ed46d721e8ba req-b4426057-5096-4ed2-aab3-9ec707378bac service neutron] 10.222.0.36 "GET /v2.0/security-groups?id=39549610-53c9-410a-8694-a4977a0e1c54&fields=id&fields=name HTTP/1.1" status: 200 len: 286 time: 0.5757911
Jun 22 03:58:03.040849 dv-cinder-797380-1-smb neutron-server[92787]: INFO neutron.wsgi [req-328d3c2f-f9a6-4267-9452-9201add85e42 req-1665db54-1b72-4141-a0d6-8840b9e02570 tempest-VolumesActionsTest-102740891 tempest-VolumesActionsTest-102740891-project] 10.222.0.24 "GET /v2.0/ports?device_id=17b7ecba-4c5c-4847-a6bb-462ea44d3462 HTTP/1.1" status: 200 len: 210 time: 0.0870023
Jun 22 03:58:03.058257 dv-cinder-797380-1-smb neutron-server[92788]: DEBUG neutron.api.rpc.handlers.resources_rpc [None req-b4426057-5096-4ed2-aab3-9ec707378bac service neutron] Pushing event updated for resources: {'SecurityGroup': ['ID=2628a629-9bc4-491b-aed4-3fb1720f70da,revision_number=1']} {{(pid=92788) push /opt/stack/neutron/neutron/api/rpc/handlers/resources_rpc.py:237}}
Jun 22 03:58:03.073906 dv-cinder-797380-1-smb neutron-server[92788]: DEBUG oslo_concurrency.lockutils [None req-b4426057-5096-4ed2-aab3-9ec707378bac service neutron] Lock "event-dispatch" released by "neutron.plugins.ml2.ovo_rpc._ObjectChangeHandler.dispatch_events" :: held 0.110s {{(pid=92788) inner /usr/local/lib/python3.8/dist-packages/oslo_concurrency/lockutils.py:367}}
Jun 22 03:58:03.106919 dv-cinder-797380-1-smb neutron-server[92788]: DEBUG neutron_lib.callbacks.manager [req-0009f03e-c35a-44d9-aab5-1790e60ae5ea req-fc1e6159-fdb4-4240-a164-856cd8743803 tempest-VolumesActionsTest-102740891 tempest-VolumesActionsTest-102740891-project] Notify callbacks [] for port, precommit_create {{(pid=92788) _notify_loop /usr/local/lib/python3.8/dist-packages/neutron_lib/callbacks/manager.py:192}}
Jun 22 03:58:03.136076 dv-cinder-797380-1-smb neutron-server[92788]: DEBUG neutron.pecan_wsgi.hooks.policy_enforcement [req-edc391b4-8c26-41d0-83ee-464015e97753 req-e34d6dfe-4e4d-4976-8116-74a2e188c945 tempest-ServerRescueNegativeTestJSON-1275631584 tempest-ServerRescueNegativeTestJSON-1275631584-project] Attributes excluded by policy engine: ['standard_attr_id', 'binding:profile', 'binding:host_id', 'binding:vif_type', 'binding:vif_details'] {{(pid=92788) _exclude_attributes_by_policy /opt/stack/neutron/neutron/pecan_wsgi/hooks/policy_enforcement.py:255}}
Jun 22 03:58:03.137892 dv-cinder-797380-1-smb neutron-server[92788]: INFO neutron.wsgi [req-edc391b4-8c26-41d0-83ee-464015e97753 req-e34d6dfe-4e4d-4976-8116-74a2e188c945 tempest-ServerRescueNegativeTestJSON-1275631584 tempest-ServerRescueNegativeTestJSON-1275631584-project] 10.222.0.24 "GET /v2.0/ports?device_id=383455d8-3989-4414-b43e-e818f5c10b32 HTTP/1.1" status: 200 len: 944 time: 0.1375132
Jun 22 03:58:03.159410 dv-cinder-797380-1-smb neutron-server[92787]: INFO neutron.wsgi [req-09047ad9-5b5c-4f8c-ba4a-ead00b008d70 req-6b336a41-e858-46e6-8c9f-ec0a7b95e6cb service neutron] 10.222.0.36 "GET /v2.0/networks/816c027b-2f35-4bc4-a29c-b1507519cfc4?fields=provider%3Aphysical_network&fields=provider%3Anetwork_type HTTP/1.1" status: 200 len: 281 time: 0.2098155
Jun 22 03:58:03.198525 dv-cinder-797380-1-smb neutron-server[92788]: INFO neutron.wsgi [req-edc391b4-8c26-41d0-83ee-464015e97753 req-c2ea1135-f203-41ef-a0b6-c5df6c4aabf1 tempest-ServerRescueNegativeTestJSON-1275631584 tempest-ServerRescueNegativeTestJSON-1275631584-project] 10.222.0.24 "GET /v2.0/security-groups?id=39549610-53c9-410a-8694-a4977a0e1c54&fields=id&fields=name HTTP/1.1" status: 200 len: 286 time: 0.0545084
Jun 22 03:58:03.206078 dv-cinder-797380-1-smb neutron-server[92788]: DEBUG neutron_lib.callbacks.manager [req-0009f03e-c35a-44d9-aab5-1790e60ae5ea req-fc1e6159-fdb4-4240-a164-856cd8743803 tempest-VolumesActionsTest-102740891 tempest-VolumesActionsTest-102740891-project] Notify callbacks ['neutron.plugins.ml2.plugin.SecurityGroupServerNotifierRpcMixin._notify_sg_on_port_after_update-528964', 'neutron.plugins.ml2.ovo_rpc._ObjectChangeHandler.handle_payload_event-125619', 'neutron.api.rpc.agentnotifiers.dhcp_rpc_agent_api.DhcpAgentNotifyAPI._native_event_send_dhcp_notification_payload-1509650', 'neutron.db.l3_dvrscheduler_db._notify_l3_agent_new_port-8774327694686'] for port, after_create {{(pid=92788) _notify_loop /usr/local/lib/python3.8/dist-packages/neutron_lib/callbacks/manager.py:192}}
Jun 22 03:58:03.212829 dv-cinder-797380-1-smb neutron-server[92788]: DEBUG oslo_concurrency.lockutils [None req-f5e882c9-6975-42eb-b9a0-b5cffca486b0 service neutron] Lock "event-dispatch" acquired by "neutron.plugins.ml2.ovo_rpc._ObjectChangeHandler.dispatch_events" :: waited 0.000s {{(pid=92788) inner /usr/local/lib/python3.8/dist-packages/oslo_concurrency/lockutils.py:355}}
Jun 22 03:58:03.256584 dv-cinder-797380-1-smb neutron-server[92788]: DEBUG neutron.scheduler.dhcp_agent_scheduler [req-0009f03e-c35a-44d9-aab5-1790e60ae5ea req-fc1e6159-fdb4-4240-a164-856cd8743803 tempest-VolumesActionsTest-102740891 tempest-VolumesActionsTest-102740891-project] Network 8c300a57-f01d-4a52-9f4b-0cdd585af634 is already hosted by enough agents. {{(pid=92788) _get_dhcp_agents_hosting_network /opt/stack/neutron/neutron/scheduler/dhcp_agent_scheduler.py:275}}
Jun 22 03:58:03.260069 dv-cinder-797380-1-smb neutron-server[92788]: DEBUG neutron.scheduler.base_scheduler [req-0009f03e-c35a-44d9-aab5-1790e60ae5ea req-fc1e6159-fdb4-4240-a164-856cd8743803 tempest-VolumesActionsTest-102740891 tempest-VolumesActionsTest-102740891-project] Resources bound (agent type, host, resource id): {{(pid=92788) schedule /opt/stack/neutron/neutron/scheduler/base_scheduler.py:57}}
Jun 22 03:58:03.264556 dv-cinder-797380-1-smb neutron-server[92788]: DEBUG neutron.db.l3_dvrscheduler_db [req-0009f03e-c35a-44d9-aab5-1790e60ae5ea req-fc1e6159-fdb4-4240-a164-856cd8743803 tempest-VolumesActionsTest-102740891 tempest-VolumesActionsTest-102740891-project] Received port after_create {{(pid=92788) _notify_l3_agent_new_port /opt/stack/neutron/neutron/db/l3_dvrscheduler_db.py:535}}
Jun 22 03:58:03.270547 dv-cinder-797380-1-smb neutron-server[92788]: DEBUG neutron.pecan_wsgi.hooks.policy_enforcement [req-0009f03e-c35a-44d9-aab5-1790e60ae5ea req-fc1e6159-fdb4-4240-a164-856cd8743803 tempest-VolumesActionsTest-102740891 tempest-VolumesActionsTest-102740891-project] Attributes excluded by policy engine: ['standard_attr_id', 'binding:profile', 'binding:host_id', 'binding:vif_type', 'binding:vif_details', 'network'] {{(pid=92788) _exclude_attributes_by_policy /opt/stack/neutron/neutron/pecan_wsgi/hooks/policy_enforcement.py:255}}
Jun 22 03:58:03.270987 dv-cinder-797380-1-smb neutron-server[92788]: DEBUG neutron_lib.callbacks.manager [req-0009f03e-c35a-44d9-aab5-1790e60ae5ea req-fc1e6159-fdb4-4240-a164-856cd8743803 tempest-VolumesActionsTest-102740891 tempest-VolumesActionsTest-102740891-project] Notify callbacks ['neutron.notifiers.nova.Notifier._send_nova_notification-153607', 'neutron.api.rpc.agentnotifiers.dhcp_rpc_agent_api.DhcpAgentNotifyAPI._send_dhcp_notification-1509647'] for port, before_response {{(pid=92788) _notify_loop /usr/local/lib/python3.8/dist-packages/neutron_lib/callbacks/manager.py:192}}
Jun 22 03:58:03.285956 dv-cinder-797380-1-smb neutron-server[92788]: DEBUG neutron.api.rpc.handlers.resources_rpc [None req-fc1e6159-fdb4-4240-a164-856cd8743803 tempest-VolumesActionsTest-102740891 tempest-VolumesActionsTest-102740891-project] Pushing event updated for resources: {'Port': ['ID=6f751bcf-30f3-415d-99e6-08c82ebe030e,revision_number=1']} {{(pid=92788) push /opt/stack/neutron/neutron/api/rpc/handlers/resources_rpc.py:237}}
Jun 22 03:58:03.289066 dv-cinder-797380-1-smb neutron-server[92788]: DEBUG oslo_concurrency.lockutils [None req-fc1e6159-fdb4-4240-a164-856cd8743803 tempest-VolumesActionsTest-102740891 tempest-VolumesActionsTest-102740891-project] Lock "event-dispatch" released by "neutron.plugins.ml2.ovo_rpc._ObjectChangeHandler.dispatch_events" :: held 0.076s {{(pid=92788) inner /usr/local/lib/python3.8/dist-packages/oslo_concurrency/lockutils.py:367}}
Jun 22 03:58:03.299012 dv-cinder-797380-1-smb neutron-server[92788]: INFO neutron.wsgi [req-0009f03e-c35a-44d9-aab5-1790e60ae5ea req-fc1e6159-fdb4-4240-a164-856cd8743803 tempest-VolumesActionsTest-102740891 tempest-VolumesActionsTest-102740891-project] 10.222.0.36 "POST /v2.0/ports HTTP/1.1" status: 201 len: 934 time: 1.1660063
Jun 22 03:58:03.304529 dv-cinder-797380-1-smb neutron-server[92787]: DEBUG neutron.notifiers.nova [req-4fdbf6a0-ad21-45f1-bf7a-36d2ed657caa req-ed18d87d-d143-482b-9df3-ea182648538d service neutron] Ignoring state change previous_port_status: DOWN current_port_status: DOWN port_id 0204eea6-636f-4e87-97a8-24f133745255 {{(pid=92787) record_port_status_changed /opt/stack/neutron/neutron/notifiers/nova.py:224}}
Jun 22 03:58:03.314672 dv-cinder-797380-1-smb neutron-server[92787]: DEBUG neutron_lib.callbacks.manager [req-4fdbf6a0-ad21-45f1-bf7a-36d2ed657caa req-ed18d87d-d143-482b-9df3-ea182648538d service neutron] Notify callbacks [] for port, precommit_update {{(pid=92787) _notify_loop /usr/local/lib/python3.8/dist-packages/neutron_lib/callbacks/manager.py:192}}
Jun 22 03:58:03.334569 dv-cinder-797380-1-smb neutron-server[92787]: DEBUG neutron.pecan_wsgi.hooks.policy_enforcement [req-5007ef2b-111c-4db3-ac65-bd62517e0ecc req-939c0fc3-d110-454e-a956-26feae8073c0 tempest-DeleteServersTestJSON-1407556481 tempest-DeleteServersTestJSON-1407556481-project] Attributes excluded by policy engine: ['standard_attr_id', 'binding:profile', 'binding:host_id', 'binding:vif_type', 'binding:vif_details'] {{(pid=92787) _exclude_attributes_by_policy /opt/stack/neutron/neutron/pecan_wsgi/hooks/policy_enforcement.py:255}}
Jun 22 03:58:03.336180 dv-cinder-797380-1-smb neutron-server[92787]: INFO neutron.wsgi [req-5007ef2b-111c-4db3-ac65-bd62517e0ecc req-939c0fc3-d110-454e-a956-26feae8073c0 tempest-DeleteServersTestJSON-1407556481 tempest-DeleteServersTestJSON-1407556481-project] 10.222.0.24 "GET /v2.0/ports?device_id=b82de8bb-da4f-4e4d-a957-9ac695179d78 HTTP/1.1" status: 200 len: 945 time: 0.1394763
Jun 22 03:58:03.341534 dv-cinder-797380-1-smb neutron-server[92787]: DEBUG neutron.db.provisioning_blocks [req-4fdbf6a0-ad21-45f1-bf7a-36d2ed657caa req-ed18d87d-d143-482b-9df3-ea182648538d service neutron] Transition to ACTIVE for port object 0204eea6-636f-4e87-97a8-24f133745255 will not be triggered until provisioned by entity L2. {{(pid=92787) add_provisioning_component /opt/stack/neutron/neutron/db/provisioning_blocks.py:73}}
Jun 22 03:58:03.350797 dv-cinder-797380-1-smb neutron-server[92787]: DEBUG neutron_lib.callbacks.manager [req-4fdbf6a0-ad21-45f1-bf7a-36d2ed657caa req-ed18d87d-d143-482b-9df3-ea182648538d service neutron] Notify callbacks ['neutron.plugins.ml2.plugin.SecurityGroupServerNotifierRpcMixin.notify_sg_on_port_change-529011', 'neutron.plugins.ml2.ovo_rpc._ObjectChangeHandler.handle_event-125576', 'neutron.api.rpc.agentnotifiers.dhcp_rpc_agent_api.DhcpAgentNotifyAPI._native_event_send_dhcp_notification-1509657', 'neutron.db.l3_db.L3RpcNotifierMixin._notify_gateway_port_ip_changed-8774328124627', 'neutron.db.l3_dvrscheduler_db._notify_l3_agent_port_update-8774327694704', 'neutron.db.l3_hascheduler_db._notify_l3_agent_ha_port_update-8774327694749'] for port, after_update {{(pid=92787) _notify_loop /usr/local/lib/python3.8/dist-packages/neutron_lib/callbacks/manager.py:192}}
Jun 22 03:58:03.363100 dv-cinder-797380-1-smb neutron-server[92787]: DEBUG oslo_concurrency.lockutils [None req-559acd71-3a04-45ef-a61b-3e0027e3adb1 tempest-AttachVolumeShelveTestJSON-17207999 tempest-AttachVolumeShelveTestJSON-17207999-project] Lock "event-dispatch" acquired by "neutron.plugins.ml2.ovo_rpc._ObjectChangeHandler.dispatch_events" :: waited 0.000s {{(pid=92787) inner /usr/local/lib/python3.8/dist-packages/oslo_concurrency/lockutils.py:355}}
Jun 22 03:58:03.405848 dv-cinder-797380-1-smb neutron-server[92787]: DEBUG neutron.api.rpc.handlers.resources_rpc [None req-ed18d87d-d143-482b-9df3-ea182648538d service neutron] Pushing event updated for resources: {'Port': ['ID=0204eea6-636f-4e87-97a8-24f133745255,revision_number=2']} {{(pid=92787) push /opt/stack/neutron/neutron/api/rpc/handlers/resources_rpc.py:237}}
Jun 22 03:58:03.409201 dv-cinder-797380-1-smb neutron-server[92787]: DEBUG oslo_concurrency.lockutils [None req-ed18d87d-d143-482b-9df3-ea182648538d service neutron] Lock "event-dispatch" released by "neutron.plugins.ml2.ovo_rpc._ObjectChangeHandler.dispatch_events" :: held 0.046s {{(pid=92787) inner /usr/local/lib/python3.8/dist-packages/oslo_concurrency/lockutils.py:367}}
Jun 22 03:58:03.469241 dv-cinder-797380-1-smb neutron-server[92788]: DEBUG neutron.api.v2.base [req-0009f03e-c35a-44d9-aab5-1790e60ae5ea req-db655147-8ed8-4dc5-974b-e0462ffd25b2 service neutron] Request body: {'port': {'device_id': '17b7ecba-4c5c-4847-a6bb-462ea44d3462', 'device_owner': 'compute:nova', 'binding:host_id': 'hv-cinder-79738'}} {{(pid=92788) prepare_request_body /opt/stack/neutron/neutron/api/v2/base.py:729}}
Jun 22 03:58:03.480016 dv-cinder-797380-1-smb neutron-server[92787]: INFO neutron.wsgi [req-5007ef2b-111c-4db3-ac65-bd62517e0ecc req-24290cd8-780e-4df3-926e-ae596ffc8762 tempest-DeleteServersTestJSON-1407556481 tempest-DeleteServersTestJSON-1407556481-project] 10.222.0.24 "GET /v2.0/security-groups?id=bdda2582-8242-475e-be6a-bde6bf3e0b85&fields=id&fields=name HTTP/1.1" status: 200 len: 286 time: 0.1372054
Jun 22 03:58:03.551777 dv-cinder-797380-1-smb neutron-server[92787]: DEBUG neutron.plugins.ml2.managers [req-4fdbf6a0-ad21-45f1-bf7a-36d2ed657caa req-ed18d87d-d143-482b-9df3-ea182648538d service neutron] Attempting to bind port 0204eea6-636f-4e87-97a8-24f133745255 on host hv-cinder-79738 for vnic_type normal with profile {{(pid=92787) bind_port /opt/stack/neutron/neutron/plugins/ml2/managers.py:790}}
