Jun 16 20:17:58.699714 dv-cinder-797333-3-smb neutron-server[104173]: DEBUG neutron.api.rpc.handlers.dhcp_rpc [None req-2f0f17af-fed5-4362-a0e9-8b966b9aad1b None None] Network cb6af4ed-ee4e-475b-8d0f-1f0ae7952174 requested from dv-cinder-797333-3-smb {{(pid=104173) get_network_info /opt/stack/neutron/neutron/api/rpc/handlers/dhcp_rpc.py:191}}
Jun 16 20:17:58.705103 dv-cinder-797333-3-smb neutron-server[104172]: DEBUG neutron_lib.callbacks.manager [None req-85bb1069-d176-4d46-9d4a-bc860de01ae4 admin admin] Publish callbacks ['neutron.plugins.ml2.plugin.SecurityGroupServerNotifierRpcMixin._notify_sg_on_port_change-3948647', 'neutron.plugins.ml2.ovo_rpc._ObjectChangeHandler.handle_event-97347', 'neutron.api.rpc.agentnotifiers.dhcp_rpc_agent_api.DhcpAgentNotifyAPI._native_event_send_dhcp_notification-572536', 'neutron.db.l3_dvrscheduler_db._notify_l3_agent_new_port-8777391934230'] for port (fbefdc73-719a-45d5-9755-430e31c62fbf), after_create {{(pid=104172) _notify_loop /usr/local/lib/python3.8/dist-packages/neutron_lib/callbacks/manager.py:176}}
Jun 16 20:17:58.734283 dv-cinder-797333-3-smb neutron-server[104171]: DEBUG neutron.api.rpc.handlers.resources_rpc [None req-88ada06e-b4a9-4ba9-aede-b824d9039a7e admin admin] Pushing event deleted for resources: {'SecurityGroup': ['ID=555482c5-22c8-4121-a810-88d5c9dfccbb,revision_number=None']} {{(pid=104171) push /opt/stack/neutron/neutron/api/rpc/handlers/resources_rpc.py:237}}
Jun 16 20:17:58.800106 dv-cinder-797333-3-smb neutron-server[104172]: DEBUG neutron.db.db_base_plugin_common [None req-41112fdd-0caa-470d-b279-c0d0f1b1b4c8 admin admin] Allocated IP 172.28.2.162 (198dffc0-3615-427a-9322-c163ee515e94/dfa2e072-a686-4f90-8a87-df571b08e8c9/ad25fbfb-3c16-47e6-a32b-173f0239d950) {{(pid=104172) _store_ip_allocation /opt/stack/neutron/neutron/db/db_base_plugin_common.py:131}}
Jun 16 20:17:58.827645 dv-cinder-797333-3-smb neutron-server[104172]: DEBUG neutron.scheduler.dhcp_agent_scheduler [None req-85bb1069-d176-4d46-9d4a-bc860de01ae4 admin admin] Network 198dffc0-3615-427a-9322-c163ee515e94 is already hosted by enough agents. {{(pid=104172) _get_dhcp_agents_hosting_network /opt/stack/neutron/neutron/scheduler/dhcp_agent_scheduler.py:275}}
Jun 16 20:17:58.831631 dv-cinder-797333-3-smb neutron-server[104172]: DEBUG neutron_lib.callbacks.manager [None req-e14915c4-a569-4a6b-9934-def8885c4556 admin admin] Publish callbacks [] for router_gateway (1f99215e-fccc-4ddb-a825-d64448dc7847), precommit_update {{(pid=104172) _notify_loop /usr/local/lib/python3.8/dist-packages/neutron_lib/callbacks/manager.py:176}}
Jun 16 20:17:58.869074 dv-cinder-797333-3-smb neutron-server[104172]: DEBUG neutron.scheduler.base_scheduler [None req-85bb1069-d176-4d46-9d4a-bc860de01ae4 admin admin] Resources bound (agent type, host, resource id): {{(pid=104172) schedule /opt/stack/neutron/neutron/scheduler/base_scheduler.py:57}}
Jun 16 20:17:58.872330 dv-cinder-797333-3-smb neutron-server[104172]: DEBUG neutron.db.l3_dvrscheduler_db [None req-85bb1069-d176-4d46-9d4a-bc860de01ae4 admin admin] Received port after_create {{(pid=104172) _notify_l3_agent_new_port /opt/stack/neutron/neutron/db/l3_dvrscheduler_db.py:542}}
Jun 16 20:17:59.009157 dv-cinder-797333-3-smb neutron-server[104172]: DEBUG dbcounter [-] [104172] Writing DB stats neutron:SELECT=88,neutron:INSERT=7,neutron:UPDATE=4,neutron:DELETE=1 {{(pid=104172) stat_writer /usr/local/lib/python3.8/dist-packages/dbcounter.py:114}}
Jun 16 20:17:59.018833 dv-cinder-797333-3-smb neutron-server[104171]: DEBUG neutron.scheduler.l3_agent_scheduler [None req-88065407-730c-4e95-9cb0-b3f6d933cd2f admin admin] Router b9b5459f-0dd1-455b-8624-eba814b16e73 is scheduled to L3 agent 510805bb-322f-403f-8b81-6ef16f20c4b9 with binding_index 1 {{(pid=104171) bind_router /opt/stack/neutron/neutron/scheduler/l3_agent_scheduler.py:209}}
Jun 16 20:17:59.042206 dv-cinder-797333-3-smb neutron-server[104173]: DEBUG neutron.api.rpc.handlers.dhcp_rpc [None req-3d6e59aa-ace5-4fe4-a84b-a0afb0bd052d None None] Network a91299f2-da11-46ee-b345-8d4dd7899c75 requested from dv-cinder-797333-3-smb {{(pid=104173) get_network_info /opt/stack/neutron/neutron/api/rpc/handlers/dhcp_rpc.py:191}}
Jun 16 20:17:59.073994 dv-cinder-797333-3-smb neutron-server[104172]: INFO neutron.wsgi [None req-746737b9-3374-4464-8e08-093006df31d9 admin admin] 10.222.0.20 "POST /v2.0/subnets HTTP/1.1" status: 201 len: 847 time: 2.3050869
Jun 16 20:17:59.111125 dv-cinder-797333-3-smb neutron-server[104172]: DEBUG dbcounter [-] [104172] Writing DB stats neutron:SELECT=83,neutron:INSERT=8,neutron:UPDATE=8,neutron:DELETE=1 {{(pid=104172) stat_writer /usr/local/lib/python3.8/dist-packages/dbcounter.py:114}}
Jun 16 20:17:59.116487 dv-cinder-797333-3-smb neutron-server[104172]: DEBUG neutron.wsgi [-] (104172) accepted ('10.222.0.20', 38844) {{(pid=104172) server /usr/local/lib/python3.8/dist-packages/eventlet/wsgi.py:1004}}
Jun 16 20:17:59.123373 dv-cinder-797333-3-smb neutron-server[104172]: DEBUG neutron.api.rpc.handlers.resources_rpc [None req-85bb1069-d176-4d46-9d4a-bc860de01ae4 admin admin] Pushing event updated for resources: {'Port': ['ID=fbefdc73-719a-45d5-9755-430e31c62fbf,revision_number=1']} {{(pid=104172) push /opt/stack/neutron/neutron/api/rpc/handlers/resources_rpc.py:237}}
Jun 16 20:17:59.162124 dv-cinder-797333-3-smb neutron-server[104172]: DEBUG neutron.api.v2.base [None req-76e6b747-ce6d-4d68-8097-c2c071bd9454 admin admin] Request body: {'router': {'name': 'tempest-AttachVolumeTestJSON-1136062660-router', 'tenant_id': '7900c265de774fc9b0074b06de6efcb9', 'external_gateway_info': {'network_id': '198dffc0-3615-427a-9322-c163ee515e94'}}} {{(pid=104172) prepare_request_body /opt/stack/neutron/neutron/api/v2/base.py:730}}
Jun 16 20:17:59.178411 dv-cinder-797333-3-smb neutron-server[104171]: DEBUG dbcounter [-] [104171] Writing DB stats neutron:INSERT=5,neutron:SELECT=91,neutron:UPDATE=2,neutron:DELETE=2 {{(pid=104171) stat_writer /usr/local/lib/python3.8/dist-packages/dbcounter.py:114}}
Jun 16 20:17:59.232880 dv-cinder-797333-3-smb neutron-server[104171]: DEBUG neutron.wsgi [-] (104171) accepted ('10.222.0.20', 38852) {{(pid=104171) server /usr/local/lib/python3.8/dist-packages/eventlet/wsgi.py:1004}}
Jun 16 20:17:59.299043 dv-cinder-797333-3-smb neutron-server[104173]: DEBUG dbcounter [-] [104173] Writing DB stats neutron:SELECT=98,neutron:UPDATE=1,neutron:INSERT=1 {{(pid=104173) stat_writer /usr/local/lib/python3.8/dist-packages/dbcounter.py:114}}
Jun 16 20:17:59.333328 dv-cinder-797333-3-smb neutron-server[104171]: DEBUG neutron_lib.callbacks.manager [None req-da301037-498e-4411-8799-a5c21315dfa8 admin admin] Publish callbacks [] for security_group (None), before_create {{(pid=104171) _notify_loop /usr/local/lib/python3.8/dist-packages/neutron_lib/callbacks/manager.py:176}}
Jun 16 20:17:59.379421 dv-cinder-797333-3-smb neutron-server[104173]: DEBUG neutron.plugins.ml2.rpc [None req-bc5ade38-a09b-4f4a-a613-664e9e91b489 None None] Device 6554fe5d-8064-4d8d-8cdb-ecabcd0c73dd up at agent ovs-agent-dv-cinder-797333-3-smb {{(pid=104173) update_device_up /opt/stack/neutron/neutron/plugins/ml2/rpc.py:296}}
Jun 16 20:17:59.397408 dv-cinder-797333-3-smb neutron-server[104172]: DEBUG neutron_lib.callbacks.manager [None req-76e6b747-ce6d-4d68-8097-c2c071bd9454 admin admin] Publish callbacks ['neutron.services.l3_router.l3_router_plugin.L3_HA_NAT_db_mixin._before_router_create_handler-887777', 'neutron.services.l3_router.service_providers.driver_controller.DriverController._check_router_request-7446'] for router (a5363bd4-ec24-47ac-9a4f-b3f1b10a46c6), before_create {{(pid=104172) _notify_loop /usr/local/lib/python3.8/dist-packages/neutron_lib/callbacks/manager.py:176}}
Jun 16 20:17:59.398359 dv-cinder-797333-3-smb neutron-server[104172]: DEBUG neutron_lib.callbacks.manager [None req-76e6b747-ce6d-4d68-8097-c2c071bd9454 admin admin] Publish callbacks ['neutron.services.l3_router.l3_router_plugin.L3_HA_NAT_db_mixin._precommit_router_create-887570', 'neutron.services.l3_router.l3_router_plugin.DVRResourceOperationHandler._set_distributed_flag-892846', 'neutron.services.l3_router.l3_router_plugin.RouterAvailabilityZoneMixin._process_az_request-993244', 'neutron.services.l3_router.service_providers.driver_controller.DriverController._set_router_provider-7449'] for router (a5363bd4-ec24-47ac-9a4f-b3f1b10a46c6), precommit_create {{(pid=104172) _notify_loop /usr/local/lib/python3.8/dist-packages/neutron_lib/callbacks/manager.py:176}}
Jun 16 20:17:59.453346 dv-cinder-797333-3-smb neutron-server[104173]: DEBUG neutron.plugins.ml2.plugin [None req-f114f88a-63aa-40e7-b2e3-ecee40246f99 None None] Current status of the port 6554fe5d-8064-4d8d-8cdb-ecabcd0c73dd is: ACTIVE; New status is: ACTIVE {{(pid=104173) _update_individual_port_db_status /opt/stack/neutron/neutron/plugins/ml2/plugin.py:2298}}
Jun 16 20:17:59.544988 dv-cinder-797333-3-smb neutron-server[104172]: DEBUG neutron_lib.callbacks.manager [None req-41112fdd-0caa-470d-b279-c0d0f1b1b4c8 admin admin] Publish callbacks [] for port (ad25fbfb-3c16-47e6-a32b-173f0239d950), precommit_create {{(pid=104172) _notify_loop /usr/local/lib/python3.8/dist-packages/neutron_lib/callbacks/manager.py:176}}
Jun 16 20:17:59.594840 dv-cinder-797333-3-smb neutron-server[104173]: DEBUG neutron.api.rpc.handlers.resources_rpc [None req-5ae7a1fe-2520-4622-aeba-8f24f6f0dee0 None None] Pushing event updated for resources: {'Port': ['ID=c679bb35-f67e-4693-ac22-516bdd8b0b18,revision_number=2']} {{(pid=104173) push /opt/stack/neutron/neutron/api/rpc/handlers/resources_rpc.py:237}}
Jun 16 20:17:59.607108 dv-cinder-797333-3-smb neutron-server[104172]: DEBUG neutron_lib.callbacks.manager [None req-85bb1069-d176-4d46-9d4a-bc860de01ae4 admin admin] Publish callbacks [] for router_gateway (16541aec-cbf5-494c-b243-1bfdeaaf5718), after_create {{(pid=104172) _notify_loop /usr/local/lib/python3.8/dist-packages/neutron_lib/callbacks/manager.py:176}}
Jun 16 20:17:59.637985 dv-cinder-797333-3-smb neutron-server[104172]: DEBUG neutron_lib.callbacks.manager [None req-76e6b747-ce6d-4d68-8097-c2c071bd9454 admin admin] Publish callbacks [] for router_controller (a5363bd4-ec24-47ac-9a4f-b3f1b10a46c6), precommit_add_association {{(pid=104172) _notify_loop /usr/local/lib/python3.8/dist-packages/neutron_lib/callbacks/manager.py:176}}
Jun 16 20:17:59.648470 dv-cinder-797333-3-smb neutron-server[104171]: DEBUG neutron_lib.callbacks.manager [None req-da301037-498e-4411-8799-a5c21315dfa8 admin admin] Publish callbacks [] for security_group (eed20850-e8f2-45c8-adf3-841b5c7f4c21), precommit_create {{(pid=104171) _notify_loop /usr/local/lib/python3.8/dist-packages/neutron_lib/callbacks/manager.py:176}}
Jun 16 20:17:59.648933 dv-cinder-797333-3-smb neutron-server[104173]: DEBUG neutron_lib.callbacks.manager [None req-bb160977-f691-40be-9c90-fd30f04d3b87 None None] Publish callbacks [] for port (7aad4f36-0df4-4c2d-8164-1cdd5cc296c2), precommit_create {{(pid=104173) _notify_loop /usr/local/lib/python3.8/dist-packages/neutron_lib/callbacks/manager.py:176}}
Jun 16 20:17:59.650673 dv-cinder-797333-3-smb neutron-server[104173]: DEBUG neutron.db.provisioning_blocks [None req-dba226df-1f2b-421f-ab9a-22fb05ff323d None None] Provisioning complete for port 6554fe5d-8064-4d8d-8cdb-ecabcd0c73dd triggered by entity DHCP. {{(pid=104173) provisioning_complete /opt/stack/neutron/neutron/db/provisioning_blocks.py:145}}
Jun 16 20:17:59.651150 dv-cinder-797333-3-smb neutron-server[104173]: DEBUG neutron_lib.callbacks.manager [None req-dba226df-1f2b-421f-ab9a-22fb05ff323d None None] Publish callbacks ['neutron.plugins.ml2.plugin.Ml2Plugin._port_provisioned-4137904'] for port (6554fe5d-8064-4d8d-8cdb-ecabcd0c73dd), provisioning_complete {{(pid=104173) _notify_loop /usr/local/lib/python3.8/dist-packages/neutron_lib/callbacks/manager.py:176}}
Jun 16 20:17:59.669518 dv-cinder-797333-3-smb neutron-server[104171]: DEBUG neutron_lib.callbacks.manager [None req-da301037-498e-4411-8799-a5c21315dfa8 admin admin] Publish callbacks ['neutron.plugins.ml2.ovo_rpc._ObjectChangeHandler.handle_event-1033078'] for security_group (eed20850-e8f2-45c8-adf3-841b5c7f4c21), after_create {{(pid=104171) _notify_loop /usr/local/lib/python3.8/dist-packages/neutron_lib/callbacks/manager.py:176}}
Jun 16 20:17:59.713943 dv-cinder-797333-3-smb neutron-server[104173]: DEBUG dbcounter [-] [104173] Writing DB stats neutron:SELECT=90,neutron:UPDATE=6,neutron:INSERT=4 {{(pid=104173) stat_writer /usr/local/lib/python3.8/dist-packages/dbcounter.py:114}}
Jun 16 20:17:59.731628 dv-cinder-797333-3-smb neutron-server[104173]: DEBUG neutron_lib.callbacks.manager [None req-bb160977-f691-40be-9c90-fd30f04d3b87 None None] Publish callbacks ['neutron.plugins.ml2.plugin.SecurityGroupServerNotifierRpcMixin._notify_sg_on_port_change-3948647', 'neutron.plugins.ml2.ovo_rpc._ObjectChangeHandler.handle_event-97347', 'neutron.api.rpc.agentnotifiers.dhcp_rpc_agent_api.DhcpAgentNotifyAPI._native_event_send_dhcp_notification-572536', 'neutron.db.l3_dvrscheduler_db._notify_l3_agent_new_port-8777391934230'] for port (7aad4f36-0df4-4c2d-8164-1cdd5cc296c2), after_create {{(pid=104173) _notify_loop /usr/local/lib/python3.8/dist-packages/neutron_lib/callbacks/manager.py:176}}
Jun 16 20:17:59.738662 dv-cinder-797333-3-smb neutron-server[104171]: DEBUG neutron.api.rpc.agentnotifiers.l3_rpc_agent_api [None req-88065407-730c-4e95-9cb0-b3f6d933cd2f admin admin] Notify agent at l3_agent.dv-cinder-797333-3-smb the message routers_updated {{(pid=104171) _agent_notification /opt/stack/neutron/neutron/api/rpc/agentnotifiers/l3_rpc_agent_api.py:65}}
Jun 16 20:17:59.759100 dv-cinder-797333-3-smb neutron-server[104171]: DEBUG neutron.api.rpc.handlers.resources_rpc [None req-da301037-498e-4411-8799-a5c21315dfa8 admin admin] Pushing event updated for resources: {'SecurityGroup': ['ID=eed20850-e8f2-45c8-adf3-841b5c7f4c21,revision_number=1']} {{(pid=104171) push /opt/stack/neutron/neutron/api/rpc/handlers/resources_rpc.py:237}}
Jun 16 20:17:59.765148 dv-cinder-797333-3-smb neutron-server[104174]: DEBUG neutron.db.agents_db [None req-8f37b579-fda7-4634-9666-b9ee3a0ea9f0 None None] Agent healthcheck: found 6 active agents {{(pid=104174) agent_health_check /opt/stack/neutron/neutron/db/agents_db.py:317}}
Jun 16 20:17:59.770654 dv-cinder-797333-3-smb neutron-server[104174]: DEBUG neutron.api.rpc.handlers.l3_rpc [None req-747a9746-ff84-42ea-8ddf-060d09a4231c None None] Sync routers for ids ['b9b5459f-0dd1-455b-8624-eba814b16e73'] in dv-cinder-797333-3-smb {{(pid=104174) sync_routers /opt/stack/neutron/neutron/api/rpc/handlers/l3_rpc.py:125}}
Jun 16 20:17:59.792497 dv-cinder-797333-3-smb neutron-server[104174]: DEBUG neutron.db.l3_dvrscheduler_db [None req-747a9746-ff84-42ea-8ddf-060d09a4231c None None] Routers {'b9b5459f-0dd1-455b-8624-eba814b16e73'} bound to L3 agent in host dv-cinder-797333-3-smb {{(pid=104174) _get_router_ids_for_agent /opt/stack/neutron/neutron/db/l3_dvrscheduler_db.py:426}}
Jun 16 20:17:59.793401 dv-cinder-797333-3-smb neutron-server[104174]: DEBUG neutron.db.l3_hamode_db [None req-747a9746-ff84-42ea-8ddf-060d09a4231c None None] neutron.services.l3_router.l3_router_plugin.L3RouterPlugin method get_ha_sync_data_for_host called with arguments (, 'dv-cinder-797333-3-smb', Agent(admin_state_up=True,agent_type='L3 agent',availability_zone='nova',binary='neutron-l3-agent',configurations={"agent_mode": "legacy", "ex_gw_ports": 1, "extensions": [], "floating_ips": 0, "handle_internal_only_routers": true, "interface_driver": "openvswitch", "interfaces": 1, "log_agent_heartbeats": false, "routers": 1},created_at=2022-06-16T20:09:46Z,description=,heartbeat_timestamp=2022-06-16T20:17:46Z,host='dv-cinder-797333-3-smb',id=510805bb-322f-403f-8b81-6ef16f20c4b9,load=0,resource_versions=,resources_synced=,started_at=2022-06-16T20:09:46Z,topic='l3_agent')) {'router_ids': ['b9b5459f-0dd1-455b-8624-eba814b16e73'], 'active': True} {{(pid=104174) wrapper /usr/local/lib/python3.8/dist-packages/oslo_log/helpers.py:65}}
Jun 16 20:17:59.803829 dv-cinder-797333-3-smb neutron-server[104171]: DEBUG dbcounter [-] [104171] Writing DB stats neutron:SELECT=85,neutron:DELETE=3,neutron:INSERT=11,neutron:UPDATE=1 {{(pid=104171) stat_writer /usr/local/lib/python3.8/dist-packages/dbcounter.py:114}}
Jun 16 20:17:59.819974 dv-cinder-797333-3-smb neutron-server[104171]: INFO neutron.wsgi [None req-da301037-498e-4411-8799-a5c21315dfa8 admin admin] 10.222.0.20 "GET /v2.0/security-groups?tenant_id=0fb6c8361d8549e0b3a83804b843e0f5&name=default HTTP/1.1" status: 200 len: 2992 time: 0.6172435
Jun 16 20:17:59.822953 dv-cinder-797333-3-smb neutron-server[104171]: DEBUG neutron.wsgi [-] (104171) accepted ('10.222.0.20', 38874) {{(pid=104171) server /usr/local/lib/python3.8/dist-packages/eventlet/wsgi.py:1004}}
Jun 16 20:17:59.853821 dv-cinder-797333-3-smb neutron-server[104173]: DEBUG neutron.api.rpc.handlers.dhcp_rpc [None req-297f8d3e-1ffd-4481-89c2-eba786c20313 None None] Create dhcp port {'port': {'name': '', 'admin_state_up': True, 'device_id': 'dhcpd1adca39-d706-5219-90b3-cb3860e71033-cb6af4ed-ee4e-475b-8d0f-1f0ae7952174', 'network_id': 'cb6af4ed-ee4e-475b-8d0f-1f0ae7952174', 'project_id': '7900c265de774fc9b0074b06de6efcb9', 'fixed_ips': [{'subnet_id': '88e5f363-420d-4675-8df3-f12ab8ca8bda'}]}} from dv-cinder-797333-3-smb. {{(pid=104173) create_dhcp_port /opt/stack/neutron/neutron/api/rpc/handlers/dhcp_rpc.py:268}}
Jun 16 20:17:59.854955 dv-cinder-797333-3-smb neutron-server[104173]: DEBUG neutron_lib.callbacks.manager [None req-297f8d3e-1ffd-4481-89c2-eba786c20313 None None] Publish callbacks ['neutron.plugins.ml2.plugin.SecurityGroupDbMixin._ensure_default_security_group_handler-3948710'] for port (None), before_create {{(pid=104173) _notify_loop /usr/local/lib/python3.8/dist-packages/neutron_lib/callbacks/manager.py:176}}
Jun 16 20:17:59.883129 dv-cinder-797333-3-smb neutron-server[104172]: DEBUG neutron_lib.callbacks.manager [None req-e14915c4-a569-4a6b-9934-def8885c4556 admin admin] Publish callbacks [] for router_gateway (1f99215e-fccc-4ddb-a825-d64448dc7847), before_create {{(pid=104172) _notify_loop /usr/local/lib/python3.8/dist-packages/neutron_lib/callbacks/manager.py:176}}
Jun 16 20:17:59.918440 dv-cinder-797333-3-smb neutron-server[104171]: DEBUG neutron_lib.callbacks.manager [None req-88065407-730c-4e95-9cb0-b3f6d933cd2f admin admin] Publish callbacks [] for router (None), before_response {{(pid=104171) _notify_loop /usr/local/lib/python3.8/dist-packages/neutron_lib/callbacks/manager.py:176}}
Jun 16 20:17:59.930397 dv-cinder-797333-3-smb neutron-server[104171]: INFO neutron.wsgi [None req-88065407-730c-4e95-9cb0-b3f6d933cd2f admin admin] 10.222.0.20 "POST /v2.0/routers HTTP/1.1" status: 201 len: 929 time: 5.9146831
Jun 16 20:17:59.941608 dv-cinder-797333-3-smb neutron-server[104171]: DEBUG neutron.wsgi [-] (104171) accepted ('10.222.0.20', 38876) {{(pid=104171) server /usr/local/lib/python3.8/dist-packages/eventlet/wsgi.py:1004}}
Jun 16 20:17:59.977820 dv-cinder-797333-3-smb neutron-server[104173]: DEBUG neutron.scheduler.dhcp_agent_scheduler [None req-bb160977-f691-40be-9c90-fd30f04d3b87 None None] Network 6fcd5feb-be50-4212-8979-c8a8bbc9ca65 is already hosted by enough agents. {{(pid=104173) _get_dhcp_agents_hosting_network /opt/stack/neutron/neutron/scheduler/dhcp_agent_scheduler.py:275}}
Jun 16 20:17:59.981604 dv-cinder-797333-3-smb neutron-server[104173]: DEBUG neutron.db.provisioning_blocks [None req-bc5ade38-a09b-4f4a-a613-664e9e91b489 None None] Provisioning complete for port 6554fe5d-8064-4d8d-8cdb-ecabcd0c73dd triggered by entity L2. {{(pid=104173) provisioning_complete /opt/stack/neutron/neutron/db/provisioning_blocks.py:145}}
Jun 16 20:17:59.993559 dv-cinder-797333-3-smb neutron-server[104173]: DEBUG neutron_lib.callbacks.manager [None req-bc5ade38-a09b-4f4a-a613-664e9e91b489 None None] Publish callbacks ['neutron.plugins.ml2.plugin.Ml2Plugin._port_provisioned-4137904'] for port (6554fe5d-8064-4d8d-8cdb-ecabcd0c73dd), provisioning_complete {{(pid=104173) _notify_loop /usr/local/lib/python3.8/dist-packages/neutron_lib/callbacks/manager.py:176}}
Jun 16 20:18:00.010901 dv-cinder-797333-3-smb neutron-server[104173]: DEBUG neutron.api.rpc.handlers.resources_rpc [None req-bb160977-f691-40be-9c90-fd30f04d3b87 None None] Pushing event updated for resources: {'Port': ['ID=7aad4f36-0df4-4c2d-8164-1cdd5cc296c2,revision_number=1']} {{(pid=104173) push /opt/stack/neutron/neutron/api/rpc/handlers/resources_rpc.py:237}}
Jun 16 20:18:00.021300 dv-cinder-797333-3-smb neutron-server[104172]: DEBUG neutron_lib.callbacks.manager [None req-e14915c4-a569-4a6b-9934-def8885c4556 admin admin] Publish callbacks ['neutron.plugins.ml2.plugin.SecurityGroupDbMixin._ensure_default_security_group_handler-3948710'] for port (None), before_create {{(pid=104172) _notify_loop /usr/local/lib/python3.8/dist-packages/neutron_lib/callbacks/manager.py:176}}
Jun 16 20:18:00.023049 dv-cinder-797333-3-smb neutron-server[104173]: DEBUG neutron.scheduler.base_scheduler [None req-bb160977-f691-40be-9c90-fd30f04d3b87 None None] Resources bound (agent type, host, resource id): {{(pid=104173) schedule /opt/stack/neutron/neutron/scheduler/base_scheduler.py:57}}
Jun 16 20:18:00.074161 dv-cinder-797333-3-smb neutron-server[104171]: DEBUG neutron_lib.callbacks.manager [None req-e82f0a34-d66d-4318-99c8-c0776e71f20f admin admin] Publish callbacks [] for security_group (eed20850-e8f2-45c8-adf3-841b5c7f4c21), before_delete {{(pid=104171) _notify_loop /usr/local/lib/python3.8/dist-packages/neutron_lib/callbacks/manager.py:176}}
Jun 16 20:18:00.089405 dv-cinder-797333-3-smb neutron-server[104173]: DEBUG neutron.db.l3_dvrscheduler_db [None req-bb160977-f691-40be-9c90-fd30f04d3b87 None None] Received port after_create {{(pid=104173) _notify_l3_agent_new_port /opt/stack/neutron/neutron/db/l3_dvrscheduler_db.py:542}}
Jun 16 20:18:00.178790 dv-cinder-797333-3-smb neutron-server[104171]: DEBUG neutron_lib.callbacks.manager [None req-e82f0a34-d66d-4318-99c8-c0776e71f20f admin admin] Publish callbacks [] for security_group (eed20850-e8f2-45c8-adf3-841b5c7f4c21), precommit_delete {{(pid=104171) _notify_loop /usr/local/lib/python3.8/dist-packages/neutron_lib/callbacks/manager.py:176}}
Jun 16 20:18:00.193039 dv-cinder-797333-3-smb neutron-server[104171]: DEBUG neutron.wsgi [-] (104171) accepted ('10.222.0.20', 38878) {{(pid=104171) server /usr/local/lib/python3.8/dist-packages/eventlet/wsgi.py:1004}}
Jun 16 20:18:00.263465 dv-cinder-797333-3-smb neutron-server[104174]: DEBUG neutron.db.l3_dvr_db [None req-747a9746-ff84-42ea-8ddf-060d09a4231c None None] Set router b9b5459f-0dd1-455b-8624-eba814b16e73 gateway port host: dv-cinder-797333-3-smb {{(pid=104174) _build_routers_list /opt/stack/neutron/neutron/db/l3_dvr_db.py:907}}
Jun 16 20:18:00.325484 dv-cinder-797333-3-smb neutron-server[104173]: DEBUG neutron.plugins.ml2.plugin [None req-dba226df-1f2b-421f-ab9a-22fb05ff323d None None] Current status of the port 6554fe5d-8064-4d8d-8cdb-ecabcd0c73dd is: ACTIVE; New status is: ACTIVE {{(pid=104173) _update_individual_port_db_status /opt/stack/neutron/neutron/plugins/ml2/plugin.py:2298}}
Jun 16 20:18:00.366036 dv-cinder-797333-3-smb neutron-server[104173]: DEBUG neutron.db.provisioning_blocks [None req-dba226df-1f2b-421f-ab9a-22fb05ff323d None None] Provisioning complete for port ff10f7c6-2c77-48a9-bcae-80ea914e16c0 triggered by entity DHCP. {{(pid=104173) provisioning_complete /opt/stack/neutron/neutron/db/provisioning_blocks.py:145}}
Jun 16 20:18:00.366775 dv-cinder-797333-3-smb neutron-server[104173]: DEBUG neutron_lib.callbacks.manager [None req-dba226df-1f2b-421f-ab9a-22fb05ff323d None None] Publish callbacks ['neutron.plugins.ml2.plugin.Ml2Plugin._port_provisioned-4137904'] for port (ff10f7c6-2c77-48a9-bcae-80ea914e16c0), provisioning_complete {{(pid=104173) _notify_loop /usr/local/lib/python3.8/dist-packages/neutron_lib/callbacks/manager.py:176}}
Jun 16 20:18:00.378649 dv-cinder-797333-3-smb neutron-server[104173]: DEBUG neutron.api.rpc.handlers.dhcp_rpc [None req-7aa05259-1974-409e-b625-8777f1da039a None None] Network 1d410eb4-f362-4e70-96fa-889ff05a17ce requested from dv-cinder-797333-3-smb {{(pid=104173) get_network_info /opt/stack/neutron/neutron/api/rpc/handlers/dhcp_rpc.py:191}}
Jun 16 20:18:00.398298 dv-cinder-797333-3-smb neutron-server[104172]: DEBUG neutron.db.db_base_plugin_common [None req-e14915c4-a569-4a6b-9934-def8885c4556 admin admin] Allocated IP 172.28.2.198 (198dffc0-3615-427a-9322-c163ee515e94/dfa2e072-a686-4f90-8a87-df571b08e8c9/4157fb05-1407-4707-ad4c-dbf1a067c479) {{(pid=104172) _store_ip_allocation /opt/stack/neutron/neutron/db/db_base_plugin_common.py:131}}
Jun 16 20:18:00.435806 dv-cinder-797333-3-smb neutron-server[104173]: DEBUG neutron.plugins.ml2.managers [None req-bb160977-f691-40be-9c90-fd30f04d3b87 None None] Attempting to bind port 7aad4f36-0df4-4c2d-8164-1cdd5cc296c2 on host dv-cinder-797333-3-smb for vnic_type normal with profile {{(pid=104173) bind_port /opt/stack/neutron/neutron/plugins/ml2/managers.py:811}}
Jun 16 20:18:00.436390 dv-cinder-797333-3-smb neutron-server[104173]: DEBUG neutron.plugins.ml2.managers [None req-bb160977-f691-40be-9c90-fd30f04d3b87 None None] Attempting to bind port 7aad4f36-0df4-4c2d-8164-1cdd5cc296c2 by drivers openvswitch,hyperv on host dv-cinder-797333-3-smb at level 0 using segments [{'id': '9f897164-f7d5-4b32-834b-b83d1ebec5c3', 'network_type': 'vlan', 'physical_network': 'physnet1', 'segmentation_id': 993, 'network_id': '6fcd5feb-be50-4212-8979-c8a8bbc9ca65'}] {{(pid=104173) _bind_port_level /opt/stack/neutron/neutron/plugins/ml2/managers.py:836}}
Jun 16 20:18:00.436929 dv-cinder-797333-3-smb neutron-server[104173]: DEBUG neutron.plugins.ml2.drivers.mech_agent [None req-bb160977-f691-40be-9c90-fd30f04d3b87 None None] Attempting to bind port 7aad4f36-0df4-4c2d-8164-1cdd5cc296c2 on network 6fcd5feb-be50-4212-8979-c8a8bbc9ca65 {{(pid=104173) bind_port /opt/stack/neutron/neutron/plugins/ml2/drivers/mech_agent.py:91}}
Jun 16 20:18:00.473341 dv-cinder-797333-3-smb neutron-server[104171]: DEBUG neutron_lib.callbacks.manager [None req-695bcf2e-506f-4878-8b56-c36c2820a1df admin admin] Publish callbacks [] for security_group (None), before_create {{(pid=104171) _notify_loop /usr/local/lib/python3.8/dist-packages/neutron_lib/callbacks/manager.py:176}}
Jun 16 20:18:00.478712 dv-cinder-797333-3-smb neutron-server[104173]: DEBUG neutron.plugins.ml2.plugin [None req-bc5ade38-a09b-4f4a-a613-664e9e91b489 None None] Current status of the port 6554fe5d-8064-4d8d-8cdb-ecabcd0c73dd is: ACTIVE; New status is: ACTIVE {{(pid=104173) _update_individual_port_db_status /opt/stack/neutron/neutron/plugins/ml2/plugin.py:2298}}
Jun 16 20:18:00.479794 dv-cinder-797333-3-smb neutron-server[104173]: DEBUG neutron.plugins.ml2.rpc [None req-bc5ade38-a09b-4f4a-a613-664e9e91b489 None None] Device ff10f7c6-2c77-48a9-bcae-80ea914e16c0 up at agent ovs-agent-dv-cinder-797333-3-smb {{(pid=104173) update_device_up /opt/stack/neutron/neutron/plugins/ml2/rpc.py:296}}
Jun 16 20:18:00.498770 dv-cinder-797333-3-smb neutron-server[104171]: DEBUG neutron_lib.callbacks.manager [None req-e82f0a34-d66d-4318-99c8-c0776e71f20f admin admin] Publish callbacks ['neutron.plugins.ml2.ovo_rpc._ObjectChangeHandler.handle_event-1033078'] for security_group (eed20850-e8f2-45c8-adf3-841b5c7f4c21), after_delete {{(pid=104171) _notify_loop /usr/local/lib/python3.8/dist-packages/neutron_lib/callbacks/manager.py:176}}
Jun 16 20:18:00.502645 dv-cinder-797333-3-smb neutron-server[104171]: DEBUG neutron_lib.callbacks.manager [None req-e82f0a34-d66d-4318-99c8-c0776e71f20f admin admin] Publish callbacks [] for security_group (None), before_response {{(pid=104171) _notify_loop /usr/local/lib/python3.8/dist-packages/neutron_lib/callbacks/manager.py:176}}
Jun 16 20:18:00.515646 dv-cinder-797333-3-smb neutron-server[104171]: INFO neutron.wsgi [None req-e82f0a34-d66d-4318-99c8-c0776e71f20f admin admin] 10.222.0.20 "DELETE /v2.0/security-groups/eed20850-e8f2-45c8-adf3-841b5c7f4c21 HTTP/1.1" status: 204 len: 168 time: 0.6800852
Jun 16 20:18:00.533614 dv-cinder-797333-3-smb neutron-server[104173]: DEBUG neutron.plugins.ml2.drivers.mech_agent [None req-bb160977-f691-40be-9c90-fd30f04d3b87 None None] Checking agent: {'id': '58a83e26-cb8d-4ffa-8724-51d45ca6fb02', 'agent_type': 'Open vSwitch agent', 'binary': 'neutron-openvswitch-agent', 'topic': 'N/A', 'host': 'dv-cinder-797333-3-smb', 'admin_state_up': True, 'created_at': datetime.datetime(2022, 6, 16, 20, 9, 49), 'started_at': datetime.datetime(2022, 6, 16, 20, 10, 19), 'heartbeat_timestamp': datetime.datetime(2022, 6, 16, 20, 17, 49), 'description': None, 'resources_synced': None, 'availability_zone': None, 'alive': True, 'configurations': {'arp_responder_enabled': False, 'baremetal_smartnic': False, 'bridge_mappings': {'physnet1': 'br-data'}, 'datapath_type': 'system', 'devices': 0, 'enable_distributed_routing': False, 'extensions': [], 'in_distributed_mode': False, 'integration_bridge': 'br-int', 'l2_population': False, 'log_agent_heartbeats': False, 'ovs_capabilities': {'datapath_types': ['netdev', 'system'], 'iface_types': ['erspan', 'geneve', 'gre', 'internal', 'ip6erspan', 'ip6gre', 'lisp', 'patch', 'stt', 'system', 'tap', 'vxlan']}, 'ovs_hybrid_plug': False, 'resource_provider_bandwidths': {}, 'resource_provider_hypervisors': {'br-data': 'dv-cinder-797333-3-smb'}, 'resource_provider_inventory_defaults': {'allocation_ratio': 1.0, 'min_unit': 1, 'step_size': 1, 'reserved': 0}, 'resource_provider_packet_processing_inventory_defaults': {'allocation_ratio': 1.0, 'min_unit': 1, 'step_size': 1, 'reserved': 0}, 'resource_provider_packet_processing_with_direction': {}, 'resource_provider_packet_processing_without_direction': {}, 'tunnel_types': [], 'tunneling_ip': None, 'vhostuser_socket_dir': '/var/run/openvswitch'}, 'resource_versions': {'AddressGroup': '1.2', 'Agent': '1.1', 'ConntrackHelper': '1.0', 'LocalIPAssociation': '1.0', 'Log': '1.0', 'NDPProxy': '1.0', 'Network': '1.1', 'Port': '1.7', 'PortForwarding': '1.3', 'QosPolicy': '1.10', 'SecurityGroup': '1.5', 'SecurityGroupRule': '1.2', 'SubPort': '1.0', 'Subnet': '1.1', 'Trunk': '1.1'}} {{(pid=104173) bind_port /opt/stack/neutron/neutron/plugins/ml2/drivers/mech_agent.py:110}}
Jun 16 20:18:00.534035 dv-cinder-797333-3-smb neutron-server[104173]: DEBUG neutron.plugins.ml2.drivers.mech_agent [None req-bb160977-f691-40be-9c90-fd30f04d3b87 None None] Checking segment: {'id': '9f897164-f7d5-4b32-834b-b83d1ebec5c3', 'network_type': 'vlan', 'physical_network': 'physnet1', 'segmentation_id': 993, 'network_id': '6fcd5feb-be50-4212-8979-c8a8bbc9ca65'} for mappings: {'physnet1': 'br-data'} with network types: ['local', 'flat', 'vlan'] {{(pid=104173) check_segment_for_agent /opt/stack/neutron/neutron/plugins/ml2/drivers/mech_agent.py:373}}
Jun 16 20:18:00.534572 dv-cinder-797333-3-smb neutron-server[104173]: DEBUG neutron_lib.callbacks.manager [None req-bb160977-f691-40be-9c90-fd30f04d3b87 None None] Publish callbacks [] for ovs_bridge_name (None), before_read {{(pid=104173) _notify_loop /usr/local/lib/python3.8/dist-packages/neutron_lib/callbacks/manager.py:176}}
Jun 16 20:18:00.534966 dv-cinder-797333-3-smb neutron-server[104173]: DEBUG neutron.plugins.ml2.drivers.mech_agent [None req-bb160977-f691-40be-9c90-fd30f04d3b87 None None] Bound using segment: {'id': '9f897164-f7d5-4b32-834b-b83d1ebec5c3', 'network_type': 'vlan', 'physical_network': 'physnet1', 'segmentation_id': 993, 'network_id': '6fcd5feb-be50-4212-8979-c8a8bbc9ca65'} {{(pid=104173) bind_port /opt/stack/neutron/neutron/plugins/ml2/drivers/mech_agent.py:120}}
Jun 16 20:18:00.535557 dv-cinder-797333-3-smb neutron-server[104173]: DEBUG neutron.plugins.ml2.managers [None req-bb160977-f691-40be-9c90-fd30f04d3b87 None None] Bound port: 7aad4f36-0df4-4c2d-8164-1cdd5cc296c2, host: dv-cinder-797333-3-smb, vif_type: ovs, vif_details: {"connectivity": "l2", "port_filter": true, "ovs_hybrid_plug": false, "datapath_type": "system", "bridge_name": "br-int"}, binding_levels: [{'bound_driver': 'openvswitch', 'bound_segment': {'id': '9f897164-f7d5-4b32-834b-b83d1ebec5c3', 'network_type': 'vlan', 'physical_network': 'physnet1', 'segmentation_id': 993, 'network_id': '6fcd5feb-be50-4212-8979-c8a8bbc9ca65'}}] {{(pid=104173) _bind_port_level /opt/stack/neutron/neutron/plugins/ml2/managers.py:948}}
Jun 16 20:18:00.535903 dv-cinder-797333-3-smb neutron-server[104173]: DEBUG neutron_lib.callbacks.manager [None req-bb160977-f691-40be-9c90-fd30f04d3b87 None None] Publish callbacks ['neutron.plugins.ml2.plugin.SecurityGroupDbMixin._ensure_default_security_group_handler-3948710'] for port (7aad4f36-0df4-4c2d-8164-1cdd5cc296c2), before_update {{(pid=104173) _notify_loop /usr/local/lib/python3.8/dist-packages/neutron_lib/callbacks/manager.py:176}}
Jun 16 20:18:00.547498 dv-cinder-797333-3-smb neutron-server[104174]: DEBUG neutron.db.l3_hamode_db [None req-747a9746-ff84-42ea-8ddf-060d09a4231c None None] neutron.services.l3_router.l3_router_plugin.L3RouterPlugin method _process_sync_ha_data called with arguments (, [{'id': 'b9b5459f-0dd1-455b-8624-eba814b16e73', 'name': 'tempest-AttachVolumeShelveTestJSON-1735562143-router', 'tenant_id': '909bec18d1f64eaa9dd67bc2a62969f4', 'admin_state_up': True, 'status': 'ACTIVE', 'external_gateway_info': {'network_id': '198dffc0-3615-427a-9322-c163ee515e94', 'external_fixed_ips': [{'subnet_id': 'dfa2e072-a686-4f90-8a87-df571b08e8c9', 'ip_address': '172.28.2.118'}], 'enable_snat': True}, 'gw_port_id': 'fcfe9437-578b-4ec6-affb-85c40201f87f', 'description': '', 'availability_zones': ['nova'], 'distributed': False, 'ha': False, 'ha_vr_id': 0, 'availability_zone_hints': [], 'routes': [], 'flavor_id': None, 'tags': [], 'created_at': '2022-06-16T20:17:54Z', 'updated_at': '2022-06-16T20:17:57Z', 'revision_number': 3, 'project_id': '909bec18d1f64eaa9dd67bc2a62969f4', 'gw_port': {'id': 'fcfe9437-578b-4ec6-affb-85c40201f87f', 'name': '', 'network_id': '198dffc0-3615-427a-9322-c163ee515e94', 'tenant_id': '', 'mac_address': 'fa:16:3e:6d:06:6d', 'admin_state_up': True, 'status': 'DOWN', 'device_id': 'b9b5459f-0dd1-455b-8624-eba814b16e73', 'device_owner': 'network:router_gateway', 'standard_attr_id': 72, 'fixed_ips': [{'subnet_id': 'dfa2e072-a686-4f90-8a87-df571b08e8c9', 'ip_address': '172.28.2.118', 'prefixlen': 24}], 'allowed_address_pairs': [], 'extra_dhcp_opts': [], 'security_groups': [], 'description': '', 'binding:vnic_type': 'normal', 'binding:profile': {}, 'binding:host_id': '', 'binding:vif_type': 'unbound', 'binding:vif_details': {}, 'port_security_enabled': False, 'tags': [], 'created_at': '2022-06-16T20:17:55Z', 'updated_at': '2022-06-16T20:17:56Z', 'revision_number': 1, 'project_id': '', 'subnets': [{'id': 'dfa2e072-a686-4f90-8a87-df571b08e8c9', 'cidr': '172.28.2.0/24', 'gateway_ip': '172.28.2.1', 'dns_nameservers': [], 'ipv6_ra_mode': None, 'subnetpool_id': None}], 'extra_subnets': [], 'address_scopes': {4: None, 6: None}, 'mtu': 1500}, 'enable_snat': True, 'gw_port_host': 'dv-cinder-797333-3-smb'}], 'dv-cinder-797333-3-smb', False) {} {{(pid=104174) wrapper /usr/local/lib/python3.8/dist-packages/oslo_log/helpers.py:65}}
Jun 16 20:18:00.553592 dv-cinder-797333-3-smb neutron-server[104171]: DEBUG neutron.api.rpc.handlers.resources_rpc [None req-e82f0a34-d66d-4318-99c8-c0776e71f20f admin admin] Pushing event deleted for resources: {'SecurityGroup': ['ID=eed20850-e8f2-45c8-adf3-841b5c7f4c21,revision_number=None']} {{(pid=104171) push /opt/stack/neutron/neutron/api/rpc/handlers/resources_rpc.py:237}}
Jun 16 20:18:00.569247 dv-cinder-797333-3-smb neutron-server[104172]: DEBUG neutron_lib.callbacks.manager [None req-e14915c4-a569-4a6b-9934-def8885c4556 admin admin] Publish callbacks [] for port (4157fb05-1407-4707-ad4c-dbf1a067c479), precommit_create {{(pid=104172) _notify_loop /usr/local/lib/python3.8/dist-packages/neutron_lib/callbacks/manager.py:176}}
Jun 16 20:18:00.577034 dv-cinder-797333-3-smb neutron-server[104173]: DEBUG dbcounter [-] [104173] Writing DB stats neutron:SELECT=99,neutron:UPDATE=1 {{(pid=104173) stat_writer /usr/local/lib/python3.8/dist-packages/dbcounter.py:114}}
Jun 16 20:18:00.591378 dv-cinder-797333-3-smb neutron-server[104174]: DEBUG neutron.api.rpc.handlers.l3_rpc [None req-747a9746-ff84-42ea-8ddf-060d09a4231c None None] Checking router: b9b5459f-0dd1-455b-8624-eba814b16e73 for host: dv-cinder-797333-3-smb {{(pid=104174) _ensure_host_set_on_ports /opt/stack/neutron/neutron/api/rpc/handlers/l3_rpc.py:155}}
Jun 16 20:18:00.592192 dv-cinder-797333-3-smb neutron-server[104174]: DEBUG neutron.api.rpc.handlers.l3_rpc [None req-747a9746-ff84-42ea-8ddf-060d09a4231c None None] Updating router b9b5459f-0dd1-455b-8624-eba814b16e73 port fcfe9437-578b-4ec6-affb-85c40201f87f binding host dv-cinder-797333-3-smb {{(pid=104174) _ensure_host_set_on_port /opt/stack/neutron/neutron/api/rpc/handlers/l3_rpc.py:205}}
Jun 16 20:18:00.628375 dv-cinder-797333-3-smb neutron-server[104172]: DEBUG dbcounter [-] [104172] Writing DB stats neutron:SELECT=95,neutron:INSERT=4,neutron:UPDATE=1 {{(pid=104172) stat_writer /usr/local/lib/python3.8/dist-packages/dbcounter.py:114}}
Jun 16 20:18:00.629193 dv-cinder-797333-3-smb neutron-server[104172]: DEBUG dbcounter [-] [104172] Writing DB stats neutron:SELECT=87,neutron:INSERT=9,neutron:UPDATE=4 {{(pid=104172) stat_writer /usr/local/lib/python3.8/dist-packages/dbcounter.py:114}}
Jun 16 20:18:00.630171 dv-cinder-797333-3-smb neutron-server[104173]: DEBUG neutron.db.provisioning_blocks [None req-bc5ade38-a09b-4f4a-a613-664e9e91b489 None None] Provisioning complete for port ff10f7c6-2c77-48a9-bcae-80ea914e16c0 triggered by entity L2. {{(pid=104173) provisioning_complete /opt/stack/neutron/neutron/db/provisioning_blocks.py:145}}
Jun 16 20:18:00.630623 dv-cinder-797333-3-smb neutron-server[104173]: DEBUG neutron_lib.callbacks.manager [None req-bc5ade38-a09b-4f4a-a613-664e9e91b489 None None] Publish callbacks ['neutron.plugins.ml2.plugin.Ml2Plugin._port_provisioned-4137904'] for port (ff10f7c6-2c77-48a9-bcae-80ea914e16c0), provisioning_complete {{(pid=104173) _notify_loop /usr/local/lib/python3.8/dist-packages/neutron_lib/callbacks/manager.py:176}}
Jun 16 20:18:00.648926 dv-cinder-797333-3-smb neutron-server[104174]: DEBUG neutron_lib.callbacks.manager [None req-747a9746-ff84-42ea-8ddf-060d09a4231c None None] Publish callbacks ['neutron.plugins.ml2.plugin.SecurityGroupDbMixin._ensure_default_security_group_handler-3948710'] for port (fcfe9437-578b-4ec6-affb-85c40201f87f), before_update {{(pid=104174) _notify_loop /usr/local/lib/python3.8/dist-packages/neutron_lib/callbacks/manager.py:176}}
Jun 16 20:18:00.691882 dv-cinder-797333-3-smb neutron-server[104173]: DEBUG neutron.db.db_base_plugin_common [None req-297f8d3e-1ffd-4481-89c2-eba786c20313 None None] Allocated IP 172.20.0.2 (cb6af4ed-ee4e-475b-8d0f-1f0ae7952174/88e5f363-420d-4675-8df3-f12ab8ca8bda/999092ce-1f74-46c4-be6d-3b9dc54828d4) {{(pid=104173) _store_ip_allocation /opt/stack/neutron/neutron/db/db_base_plugin_common.py:131}}
Jun 16 20:18:00.705952 dv-cinder-797333-3-smb neutron-server[104172]: DEBUG neutron_lib.callbacks.manager [None req-41112fdd-0caa-470d-b279-c0d0f1b1b4c8 admin admin] Publish callbacks ['neutron.plugins.ml2.plugin.SecurityGroupServerNotifierRpcMixin._notify_sg_on_port_change-3948647', 'neutron.plugins.ml2.ovo_rpc._ObjectChangeHandler.handle_event-97347', 'neutron.api.rpc.agentnotifiers.dhcp_rpc_agent_api.DhcpAgentNotifyAPI._native_event_send_dhcp_notification-572536', 'neutron.db.l3_dvrscheduler_db._notify_l3_agent_new_port-8777391934230'] for port (ad25fbfb-3c16-47e6-a32b-173f0239d950), after_create {{(pid=104172) _notify_loop /usr/local/lib/python3.8/dist-packages/neutron_lib/callbacks/manager.py:176}}
Jun 16 20:18:00.734002 dv-cinder-797333-3-smb neutron-server[104172]: DEBUG neutron_lib.callbacks.manager [None req-e14915c4-a569-4a6b-9934-def8885c4556 admin admin] Publish callbacks ['neutron.plugins.ml2.plugin.SecurityGroupServerNotifierRpcMixin._notify_sg_on_port_change-3948647', 'neutron.plugins.ml2.ovo_rpc._ObjectChangeHandler.handle_event-97347', 'neutron.api.rpc.agentnotifiers.dhcp_rpc_agent_api.DhcpAgentNotifyAPI._native_event_send_dhcp_notification-572536', 'neutron.db.l3_dvrscheduler_db._notify_l3_agent_new_port-8777391934230'] for port (4157fb05-1407-4707-ad4c-dbf1a067c479), after_create {{(pid=104172) _notify_loop /usr/local/lib/python3.8/dist-packages/neutron_lib/callbacks/manager.py:176}}
Jun 16 20:18:00.775106 dv-cinder-797333-3-smb neutron-server[104172]: DEBUG neutron_lib.callbacks.manager [None req-76e6b747-ce6d-4d68-8097-c2c071bd9454 admin admin] Publish callbacks [] for router_gateway (a5363bd4-ec24-47ac-9a4f-b3f1b10a46c6), precommit_update {{(pid=104172) _notify_loop /usr/local/lib/python3.8/dist-packages/neutron_lib/callbacks/manager.py:176}}
Jun 16 20:18:00.882142 dv-cinder-797333-3-smb neutron-server[104172]: DEBUG neutron.scheduler.dhcp_agent_scheduler [None req-41112fdd-0caa-470d-b279-c0d0f1b1b4c8 admin admin] Network 198dffc0-3615-427a-9322-c163ee515e94 is already hosted by enough agents. {{(pid=104172) _get_dhcp_agents_hosting_network /opt/stack/neutron/neutron/scheduler/dhcp_agent_scheduler.py:275}}
Jun 16 20:18:00.899447 dv-cinder-797333-3-smb neutron-server[104172]: DEBUG neutron.scheduler.base_scheduler [None req-41112fdd-0caa-470d-b279-c0d0f1b1b4c8 admin admin] Resources bound (agent type, host, resource id): {{(pid=104172) schedule /opt/stack/neutron/neutron/scheduler/base_scheduler.py:57}}
Jun 16 20:18:00.900228 dv-cinder-797333-3-smb neutron-server[104173]: DEBUG neutron.plugins.ml2.plugin [None req-dba226df-1f2b-421f-ab9a-22fb05ff323d None None] Current status of the port ff10f7c6-2c77-48a9-bcae-80ea914e16c0 is: DOWN; New status is: ACTIVE {{(pid=104173) _update_individual_port_db_status /opt/stack/neutron/neutron/plugins/ml2/plugin.py:2298}}
Jun 16 20:18:00.900664 dv-cinder-797333-3-smb neutron-server[104173]: DEBUG neutron_lib.callbacks.manager [None req-dba226df-1f2b-421f-ab9a-22fb05ff323d None None] Publish callbacks ['neutron.plugins.ml2.plugin.SecurityGroupDbMixin._ensure_default_security_group_handler-3948710'] for port (ff10f7c6-2c77-48a9-bcae-80ea914e16c0), before_update {{(pid=104173) _notify_loop /usr/local/lib/python3.8/dist-packages/neutron_lib/callbacks/manager.py:176}}
Jun 16 20:18:00.919905 dv-cinder-797333-3-smb neutron-server[104172]: DEBUG neutron.db.l3_dvrscheduler_db [None req-41112fdd-0caa-470d-b279-c0d0f1b1b4c8 admin admin] Received port after_create {{(pid=104172) _notify_l3_agent_new_port /opt/stack/neutron/neutron/db/l3_dvrscheduler_db.py:542}}
Jun 16 20:18:00.933571 dv-cinder-797333-3-smb neutron-server[104173]: DEBUG dbcounter [-] [104173] Writing DB stats neutron:SELECT=94,neutron:INSERT=3,neutron:UPDATE=3 {{(pid=104173) stat_writer /usr/local/lib/python3.8/dist-packages/dbcounter.py:114}}
Jun 16 20:18:00.936883 dv-cinder-797333-3-smb neutron-server[104171]: DEBUG neutron_lib.callbacks.manager [None req-695bcf2e-506f-4878-8b56-c36c2820a1df admin admin] Publish callbacks [] for security_group (15f0832e-9bb5-4a44-85b4-0ff513dc81f9), precommit_create {{(pid=104171) _notify_loop /usr/local/lib/python3.8/dist-packages/neutron_lib/callbacks/manager.py:176}}
Jun 16 20:18:01.005639 dv-cinder-797333-3-smb neutron-server[104171]: DEBUG neutron_lib.callbacks.manager [None req-695bcf2e-506f-4878-8b56-c36c2820a1df admin admin] Publish callbacks ['neutron.plugins.ml2.ovo_rpc._ObjectChangeHandler.handle_event-1033078'] for security_group (15f0832e-9bb5-4a44-85b4-0ff513dc81f9), after_create {{(pid=104171) _notify_loop /usr/local/lib/python3.8/dist-packages/neutron_lib/callbacks/manager.py:176}}
Jun 16 20:18:01.021592 dv-cinder-797333-3-smb neutron-server[104172]: DEBUG neutron.scheduler.dhcp_agent_scheduler [None req-e14915c4-a569-4a6b-9934-def8885c4556 admin admin] Network 198dffc0-3615-427a-9322-c163ee515e94 is already hosted by enough agents. {{(pid=104172) _get_dhcp_agents_hosting_network /opt/stack/neutron/neutron/scheduler/dhcp_agent_scheduler.py:275}}
Jun 16 20:18:01.092886 dv-cinder-797333-3-smb neutron-server[104171]: DEBUG dbcounter [-] [104171] Writing DB stats neutron:SELECT=91,neutron:DELETE=5,neutron:INSERT=3,neutron:UPDATE=1 {{(pid=104171) stat_writer /usr/local/lib/python3.8/dist-packages/dbcounter.py:114}}
Jun 16 20:18:01.115711 dv-cinder-797333-3-smb neutron-server[104173]: DEBUG neutron.plugins.ml2.db [None req-bb160977-f691-40be-9c90-fd30f04d3b87 None None] For port 7aad4f36-0df4-4c2d-8164-1cdd5cc296c2, host dv-cinder-797333-3-smb, cleared binding levels {{(pid=104173) clear_binding_levels /opt/stack/neutron/neutron/plugins/ml2/db.py:87}}
Jun 16 20:18:01.162392 dv-cinder-797333-3-smb neutron-server[104171]: INFO neutron.wsgi [None req-695bcf2e-506f-4878-8b56-c36c2820a1df admin admin] 10.222.0.20 "GET /v2.0/security-groups?tenant_id=962926be64234250a38decc62d2ba053&name=default HTTP/1.1" status: 200 len: 2992 time: 0.9668417
Jun 16 20:18:01.173629 dv-cinder-797333-3-smb neutron-server[104171]: DEBUG neutron.wsgi [-] (104171) accepted ('10.222.0.20', 38906) {{(pid=104171) server /usr/local/lib/python3.8/dist-packages/eventlet/wsgi.py:1004}}
Jun 16 20:18:01.184043 dv-cinder-797333-3-smb neutron-server[104174]: DEBUG neutron_lib.callbacks.manager [None req-747a9746-ff84-42ea-8ddf-060d09a4231c None None] Publish callbacks [] for port (fcfe9437-578b-4ec6-affb-85c40201f87f), precommit_update {{(pid=104174) _notify_loop /usr/local/lib/python3.8/dist-packages/neutron_lib/callbacks/manager.py:176}}
Jun 16 20:18:01.190435 dv-cinder-797333-3-smb neutron-server[104173]: DEBUG neutron.plugins.ml2.db [None req-bb160977-f691-40be-9c90-fd30f04d3b87 None None] For port 7aad4f36-0df4-4c2d-8164-1cdd5cc296c2, host dv-cinder-797333-3-smb, set binding levels [PortBindingLevel(driver='openvswitch',host='dv-cinder-797333-3-smb',level=0,port_id=7aad4f36-0df4-4c2d-8164-1cdd5cc296c2,segment=NetworkSegment(9f897164-f7d5-4b32-834b-b83d1ebec5c3),segment_id=9f897164-f7d5-4b32-834b-b83d1ebec5c3)] {{(pid=104173) set_binding_levels /opt/stack/neutron/neutron/plugins/ml2/db.py:59}}
Jun 16 20:18:01.196331 dv-cinder-797333-3-smb neutron-server[104172]: DEBUG neutron_lib.callbacks.manager [None req-85bb1069-d176-4d46-9d4a-bc860de01ae4 admin admin] Publish callbacks ['neutron.services.l3_router.l3_router_plugin.L3_HA_NAT_db_mixin._after_router_create-887544', 'neutron.services.l3_router.l3_router_plugin.DVRResourceOperationHandler._create_snat_interfaces_after_change-887398'] for router (16541aec-cbf5-494c-b243-1bfdeaaf5718), after_create {{(pid=104172) _notify_loop /usr/local/lib/python3.8/dist-packages/neutron_lib/callbacks/manager.py:176}}
Jun 16 20:18:01.205688 dv-cinder-797333-3-smb neutron-server[104174]: DEBUG neutron_lib.callbacks.manager [None req-747a9746-ff84-42ea-8ddf-060d09a4231c None None] Publish callbacks ['neutron.plugins.ml2.plugin.SecurityGroupServerNotifierRpcMixin._notify_sg_on_port_change-3948647', 'neutron.plugins.ml2.ovo_rpc._ObjectChangeHandler.handle_event-97347', 'neutron.api.rpc.agentnotifiers.dhcp_rpc_agent_api.DhcpAgentNotifyAPI._native_event_send_dhcp_notification-572536', 'neutron.db.l3_db.L3RpcNotifierMixin._notify_gateway_port_ip_changed-8777392302677', 'neutron.db.l3_dvrscheduler_db._notify_l3_agent_port_update-8777391934248', 'neutron.db.l3_hascheduler_db._notify_l3_agent_ha_port_update-8777391934266'] for port (fcfe9437-578b-4ec6-affb-85c40201f87f), after_update {{(pid=104174) _notify_loop /usr/local/lib/python3.8/dist-packages/neutron_lib/callbacks/manager.py:176}}
Jun 16 20:18:01.212265 dv-cinder-797333-3-smb neutron-server[104173]: DEBUG neutron.plugins.ml2.plugin [None req-bc5ade38-a09b-4f4a-a613-664e9e91b489 None None] Current status of the port ff10f7c6-2c77-48a9-bcae-80ea914e16c0 is: DOWN; New status is: ACTIVE {{(pid=104173) _update_individual_port_db_status /opt/stack/neutron/neutron/plugins/ml2/plugin.py:2298}}
Jun 16 20:18:01.212648 dv-cinder-797333-3-smb neutron-server[104173]: DEBUG neutron_lib.callbacks.manager [None req-bc5ade38-a09b-4f4a-a613-664e9e91b489 None None] Publish callbacks ['neutron.plugins.ml2.plugin.SecurityGroupDbMixin._ensure_default_security_group_handler-3948710'] for port (ff10f7c6-2c77-48a9-bcae-80ea914e16c0), before_update {{(pid=104173) _notify_loop /usr/local/lib/python3.8/dist-packages/neutron_lib/callbacks/manager.py:176}}
Jun 16 20:18:01.226020 dv-cinder-797333-3-smb neutron-server[104173]: DEBUG neutron.plugins.ml2.db [None req-dba226df-1f2b-421f-ab9a-22fb05ff323d None None] For port ff10f7c6-2c77-48a9-bcae-80ea914e16c0, host dv-cinder-797333-3-smb, got binding levels [PortBindingLevel(driver='openvswitch',host='dv-cinder-797333-3-smb',level=0,port_id=ff10f7c6-2c77-48a9-bcae-80ea914e16c0,segment=NetworkSegment(59680be5-b582-4b15-be4e-8f102babf24a),segment_id=59680be5-b582-4b15-be4e-8f102babf24a)] {{(pid=104173) get_binding_level_objs /opt/stack/neutron/neutron/plugins/ml2/db.py:74}}
Jun 16 20:18:01.241969 dv-cinder-797333-3-smb neutron-server[104173]: DEBUG neutron_lib.callbacks.manager [None req-bb160977-f691-40be-9c90-fd30f04d3b87 None None] Publish callbacks ['neutron.plugins.ml2.plugin.SecurityGroupServerNotifierRpcMixin._notify_sg_on_port_change-3948647', 'neutron.plugins.ml2.ovo_rpc._ObjectChangeHandler.handle_event-97347', 'neutron.api.rpc.agentnotifiers.dhcp_rpc_agent_api.DhcpAgentNotifyAPI._native_event_send_dhcp_notification-572536', 'neutron.db.l3_db.L3RpcNotifierMixin._notify_gateway_port_ip_changed-8777392302677', 'neutron.db.l3_dvrscheduler_db._notify_l3_agent_port_update-8777391934248', 'neutron.db.l3_hascheduler_db._notify_l3_agent_ha_port_update-8777391934266'] for port (7aad4f36-0df4-4c2d-8164-1cdd5cc296c2), after_update {{(pid=104173) _notify_loop /usr/local/lib/python3.8/dist-packages/neutron_lib/callbacks/manager.py:176}}
