Jun 16 20:18:49.302313 dv-cinder-797333-3-smb neutron-server[104174]: DEBUG neutron.db.l3_dvrscheduler_db [None req-7d78e047-6b63-4579-9d41-96aec23aa9c5 None None] Routers {'4d691a52-3c2c-4e46-99ce-be64dcab0d84'} bound to L3 agent in host dv-cinder-797333-3-smb {{(pid=104174) _get_router_ids_for_agent /opt/stack/neutron/neutron/db/l3_dvrscheduler_db.py:426}}
Jun 16 20:18:49.302960 dv-cinder-797333-3-smb neutron-server[104174]: DEBUG neutron.db.l3_hamode_db [None req-7d78e047-6b63-4579-9d41-96aec23aa9c5 None None] neutron.services.l3_router.l3_router_plugin.L3RouterPlugin method get_ha_sync_data_for_host called with arguments (, 'dv-cinder-797333-3-smb', Agent(admin_state_up=True,agent_type='L3 agent',availability_zone='nova',binary='neutron-l3-agent',configurations={"agent_mode": "legacy", "ex_gw_ports": 6, "extensions": [], "floating_ips": 0, "handle_internal_only_routers": true, "interface_driver": "openvswitch", "interfaces": 6, "log_agent_heartbeats": false, "routers": 6},created_at=2022-06-16T20:09:46Z,description=,heartbeat_timestamp=2022-06-16T20:18:46Z,host='dv-cinder-797333-3-smb',id=510805bb-322f-403f-8b81-6ef16f20c4b9,load=0,resource_versions=,resources_synced=,started_at=2022-06-16T20:09:46Z,topic='l3_agent')) {'router_ids': ['4d691a52-3c2c-4e46-99ce-be64dcab0d84'], 'active': True} {{(pid=104174) wrapper /usr/local/lib/python3.8/dist-packages/oslo_log/helpers.py:65}}
Jun 16 20:18:49.362459 dv-cinder-797333-3-smb neutron-server[104172]: DEBUG neutron_lib.callbacks.manager [None req-27626ed7-de97-4c51-8857-3bf9a8341f2a admin admin] Publish callbacks ['neutron.plugins.ml2.ovo_rpc._ObjectChangeHandler.handle_event-1033078'] for security_group (4a11f956-08e1-4bc6-877b-4de6aab816b3), after_delete {{(pid=104172) _notify_loop /usr/local/lib/python3.8/dist-packages/neutron_lib/callbacks/manager.py:176}}
Jun 16 20:18:49.365104 dv-cinder-797333-3-smb neutron-server[104172]: DEBUG neutron_lib.callbacks.manager [None req-27626ed7-de97-4c51-8857-3bf9a8341f2a admin admin] Publish callbacks [] for security_group (None), before_response {{(pid=104172) _notify_loop /usr/local/lib/python3.8/dist-packages/neutron_lib/callbacks/manager.py:176}}
Jun 16 20:18:49.366259 dv-cinder-797333-3-smb neutron-server[104172]: INFO neutron.wsgi [None req-27626ed7-de97-4c51-8857-3bf9a8341f2a admin admin] 10.222.0.20 "DELETE /v2.0/security-groups/4a11f956-08e1-4bc6-877b-4de6aab816b3 HTTP/1.1" status: 204 len: 168 time: 0.1823039
Jun 16 20:18:49.372515 dv-cinder-797333-3-smb neutron-server[104173]: DEBUG neutron.plugins.ml2.rpc [None req-3c6c8c24-62e7-4b3a-931b-ef0468220d00 None None] Device 5bdfbcb8-1594-441a-9b44-c86b510b2715 details requested by agent hyperv_hv-cinder-79733 with host hv-cinder-79733 {{(pid=104173) get_device_details /opt/stack/neutron/neutron/plugins/ml2/rpc.py:102}}
Jun 16 20:18:49.383216 dv-cinder-797333-3-smb neutron-server[104173]: DEBUG neutron.plugins.ml2.rpc [None req-3c6c8c24-62e7-4b3a-931b-ef0468220d00 None None] Device 2ae560f8-ce2c-42ee-b5c0-07d1f6dae19f up at agent hyperv_hv-cinder-79733 {{(pid=104173) update_device_up /opt/stack/neutron/neutron/plugins/ml2/rpc.py:296}}
Jun 16 20:18:49.395553 dv-cinder-797333-3-smb neutron-server[104172]: DEBUG neutron.api.rpc.handlers.resources_rpc [None req-27626ed7-de97-4c51-8857-3bf9a8341f2a admin admin] Pushing event deleted for resources: {'SecurityGroup': ['ID=4a11f956-08e1-4bc6-877b-4de6aab816b3,revision_number=None']} {{(pid=104172) push /opt/stack/neutron/neutron/api/rpc/handlers/resources_rpc.py:237}}
Jun 16 20:18:49.501978 dv-cinder-797333-3-smb neutron-server[104173]: DEBUG dbcounter [-] [104173] Writing DB stats neutron:SELECT=96,neutron:UPDATE=4 {{(pid=104173) stat_writer /usr/local/lib/python3.8/dist-packages/dbcounter.py:114}}
Jun 16 20:18:49.504182 dv-cinder-797333-3-smb neutron-server[104174]: DEBUG neutron.db.l3_dvr_db [None req-7d78e047-6b63-4579-9d41-96aec23aa9c5 None None] Set router 4d691a52-3c2c-4e46-99ce-be64dcab0d84 gateway port host: dv-cinder-797333-3-smb {{(pid=104174) _build_routers_list /opt/stack/neutron/neutron/db/l3_dvr_db.py:907}}
Jun 16 20:18:49.512669 dv-cinder-797333-3-smb neutron-server[104172]: DEBUG neutron.wsgi [-] (104172) accepted ('10.222.0.20', 40310) {{(pid=104172) server /usr/local/lib/python3.8/dist-packages/eventlet/wsgi.py:1004}}
Jun 16 20:18:49.516239 dv-cinder-797333-3-smb neutron-server[104173]: DEBUG neutron.db.provisioning_blocks [None req-3c6c8c24-62e7-4b3a-931b-ef0468220d00 None None] Provisioning for port 2ae560f8-ce2c-42ee-b5c0-07d1f6dae19f completed by entity L2. {{(pid=104173) provisioning_complete /opt/stack/neutron/neutron/db/provisioning_blocks.py:137}}
Jun 16 20:18:49.538085 dv-cinder-797333-3-smb neutron-server[104172]: DEBUG neutron_lib.callbacks.manager [None req-15f354c4-5ae5-4e79-9bcb-81b7705a5665 admin admin] Publish callbacks [] for security_group (None), before_create {{(pid=104172) _notify_loop /usr/local/lib/python3.8/dist-packages/neutron_lib/callbacks/manager.py:176}}
Jun 16 20:18:49.540885 dv-cinder-797333-3-smb neutron-server[104173]: DEBUG neutron.db.provisioning_blocks [None req-3c6c8c24-62e7-4b3a-931b-ef0468220d00 None None] Provisioning complete for port 2ae560f8-ce2c-42ee-b5c0-07d1f6dae19f triggered by entity L2. {{(pid=104173) provisioning_complete /opt/stack/neutron/neutron/db/provisioning_blocks.py:145}}
Jun 16 20:18:49.541303 dv-cinder-797333-3-smb neutron-server[104173]: DEBUG neutron_lib.callbacks.manager [None req-3c6c8c24-62e7-4b3a-931b-ef0468220d00 None None] Publish callbacks ['neutron.plugins.ml2.plugin.Ml2Plugin._port_provisioned-4137904'] for port (2ae560f8-ce2c-42ee-b5c0-07d1f6dae19f), provisioning_complete {{(pid=104173) _notify_loop /usr/local/lib/python3.8/dist-packages/neutron_lib/callbacks/manager.py:176}}
Jun 16 20:18:49.572960 dv-cinder-797333-3-smb neutron-server[104174]: DEBUG dbcounter [-] [104174] Writing DB stats neutron:SELECT=100 {{(pid=104174) stat_writer /usr/local/lib/python3.8/dist-packages/dbcounter.py:114}}
Jun 16 20:18:49.582102 dv-cinder-797333-3-smb neutron-server[104173]: DEBUG neutron.plugins.ml2.db [None req-3c6c8c24-62e7-4b3a-931b-ef0468220d00 None None] For port 5bdfbcb8-1594-441a-9b44-c86b510b2715, host hv-cinder-79733, got binding levels [PortBindingLevel(driver='hyperv',host='hv-cinder-79733',level=0,port_id=5bdfbcb8-1594-441a-9b44-c86b510b2715,segment=NetworkSegment(5d036d89-a24c-4cca-a91b-23ce9b985073),segment_id=5d036d89-a24c-4cca-a91b-23ce9b985073)] {{(pid=104173) get_binding_level_objs /opt/stack/neutron/neutron/plugins/ml2/db.py:74}}
Jun 16 20:18:49.586300 dv-cinder-797333-3-smb neutron-server[104171]: DEBUG neutron.pecan_wsgi.hooks.policy_enforcement [req-ea1b584a-38b8-4c9e-bd3b-40adbb079b13 req-740636f6-6387-45a7-8a10-9daa064b9c02 service neutron] Attributes excluded by policy engine: ['standard_attr_id'] {{(pid=104171) _exclude_attributes_by_policy /opt/stack/neutron/neutron/pecan_wsgi/hooks/policy_enforcement.py:259}}
Jun 16 20:18:49.588040 dv-cinder-797333-3-smb neutron-server[104171]: INFO neutron.wsgi [req-ea1b584a-38b8-4c9e-bd3b-40adbb079b13 req-740636f6-6387-45a7-8a10-9daa064b9c02 service neutron] 10.222.0.87 "GET /v2.0/ports?network_id=cb6af4ed-ee4e-475b-8d0f-1f0ae7952174&device_owner=network%3Adhcp HTTP/1.1" status: 200 len: 1210 time: 0.3152797
Jun 16 20:18:49.607252 dv-cinder-797333-3-smb neutron-server[104173]: DEBUG neutron.plugins.ml2.rpc [None req-3c6c8c24-62e7-4b3a-931b-ef0468220d00 None None] Returning: {'device': '5bdfbcb8-1594-441a-9b44-c86b510b2715', 'network_id': 'cb6af4ed-ee4e-475b-8d0f-1f0ae7952174', 'port_id': '5bdfbcb8-1594-441a-9b44-c86b510b2715', 'mac_address': 'fa:16:3e:59:cb:c4', 'admin_state_up': True, 'network_type': 'vlan', 'segmentation_id': 984, 'physical_network': 'physnet1', 'mtu': 1500, 'fixed_ips': [{'subnet_id': '88e5f363-420d-4675-8df3-f12ab8ca8bda', 'ip_address': '172.20.0.14'}], 'device_owner': 'compute:nova', 'allowed_address_pairs': [], 'port_security_enabled': True, 'qos_policy_id': None, 'qos_network_policy_id': None, 'profile': {}, 'propagate_uplink_status': False} {{(pid=104173) _get_device_details /opt/stack/neutron/neutron/plugins/ml2/rpc.py:184}}
Jun 16 20:18:49.624421 dv-cinder-797333-3-smb neutron-server[104171]: INFO neutron.wsgi [req-256d8d64-b77b-4eec-8da3-1b7a166ac4a3 req-08c64e32-cfa8-4ff8-8f67-c0c1c7e341e1 tempest-DeleteServersTestJSON-775863887 tempest-DeleteServersTestJSON-775863887-project] 10.222.0.20 "GET /v2.0/security-groups?id=89256ec1-7c06-48a2-a815-e856478803a5&fields=id&fields=name HTTP/1.1" status: 200 len: 286 time: 0.4638665
Jun 16 20:18:49.645407 dv-cinder-797333-3-smb neutron-server[104173]: DEBUG dbcounter [-] [104173] Writing DB stats neutron:SELECT=97,neutron:UPDATE=2,neutron:DELETE=1 {{(pid=104173) stat_writer /usr/local/lib/python3.8/dist-packages/dbcounter.py:114}}
Jun 16 20:18:49.678993 dv-cinder-797333-3-smb neutron-server[104173]: DEBUG neutron.plugins.ml2.plugin [None req-3c6c8c24-62e7-4b3a-931b-ef0468220d00 None None] Current status of the port 5bdfbcb8-1594-441a-9b44-c86b510b2715 is: DOWN; New status is: BUILD {{(pid=104173) _update_individual_port_db_status /opt/stack/neutron/neutron/plugins/ml2/plugin.py:2298}}
Jun 16 20:18:49.679375 dv-cinder-797333-3-smb neutron-server[104173]: DEBUG neutron_lib.callbacks.manager [None req-3c6c8c24-62e7-4b3a-931b-ef0468220d00 None None] Publish callbacks ['neutron.plugins.ml2.plugin.SecurityGroupDbMixin._ensure_default_security_group_handler-3948710'] for port (5bdfbcb8-1594-441a-9b44-c86b510b2715), before_update {{(pid=104173) _notify_loop /usr/local/lib/python3.8/dist-packages/neutron_lib/callbacks/manager.py:176}}
Jun 16 20:18:49.705915 dv-cinder-797333-3-smb neutron-server[104173]: DEBUG neutron.notifiers.nova [None req-3c6c8c24-62e7-4b3a-931b-ef0468220d00 None None] Ignoring state change previous_port_status: DOWN current_port_status: BUILD port_id 5bdfbcb8-1594-441a-9b44-c86b510b2715 {{(pid=104173) record_port_status_changed /opt/stack/neutron/neutron/notifiers/nova.py:233}}
Jun 16 20:18:49.706359 dv-cinder-797333-3-smb neutron-server[104172]: DEBUG neutron_lib.callbacks.manager [None req-15f354c4-5ae5-4e79-9bcb-81b7705a5665 admin admin] Publish callbacks [] for security_group (6bf4c46e-093b-4a98-9b41-9e3effa6831b), precommit_create {{(pid=104172) _notify_loop /usr/local/lib/python3.8/dist-packages/neutron_lib/callbacks/manager.py:176}}
Jun 16 20:18:49.706724 dv-cinder-797333-3-smb neutron-server[104171]: DEBUG neutron_lib.callbacks.manager [None req-a944b8e8-87f3-4908-be93-9bca817c9fcf admin admin] Publish callbacks [] for router (None), before_response {{(pid=104171) _notify_loop /usr/local/lib/python3.8/dist-packages/neutron_lib/callbacks/manager.py:176}}
Jun 16 20:18:49.714900 dv-cinder-797333-3-smb neutron-server[104172]: DEBUG neutron.wsgi [-] (104172) accepted ('10.222.0.20', 40316) {{(pid=104172) server /usr/local/lib/python3.8/dist-packages/eventlet/wsgi.py:1004}}
Jun 16 20:18:49.721788 dv-cinder-797333-3-smb neutron-server[104173]: DEBUG neutron.notifiers.nova [-] Sending events: [{'server_uuid': 'ffc36b57-8bd9-47b9-bf3c-443f82857a9a', 'name': 'network-vif-plugged', 'status': 'completed', 'tag': 'b9e88d21-ea5e-4c48-8a2c-78dd484b833c'}] {{(pid=104173) send_events /opt/stack/neutron/neutron/notifiers/nova.py:271}}
Jun 16 20:18:49.722517 dv-cinder-797333-3-smb neutron-server[104171]: INFO neutron.wsgi [None req-a944b8e8-87f3-4908-be93-9bca817c9fcf admin admin] 10.222.0.20 "POST /v2.0/routers HTTP/1.1" status: 201 len: 927 time: 6.2177196
Jun 16 20:18:49.724278 dv-cinder-797333-3-smb neutron-server[104173]: DEBUG novaclient.v2.client [-] REQ: curl -g -i --cacert "/opt/stack/data/ca-bundle.pem" -X POST http://10.222.0.20/compute/v2.1/os-server-external-events -H "Accept: application/json" -H "Content-Type: application/json" -H "User-Agent: python-novaclient" -H "X-Auth-Token: {SHA256}69a787c842943c723998d99c7bdfd211f39514b47b8ef5996f5c91f1eefee2b2" -H "X-OpenStack-Nova-API-Version: 2.1" -H "X-OpenStack-Request-ID: req-a8c92b0b-6e56-42a9-91b0-5a86ee47e699" -d '{"events": [{"server_uuid": "ffc36b57-8bd9-47b9-bf3c-443f82857a9a", "name": "network-vif-plugged", "status": "completed", "tag": "b9e88d21-ea5e-4c48-8a2c-78dd484b833c"}]}' {{(pid=104173) _http_log_request /usr/local/lib/python3.8/dist-packages/keystoneauth1/session.py:519}}
Jun 16 20:18:49.731587 dv-cinder-797333-3-smb neutron-server[104172]: DEBUG neutron_lib.callbacks.manager [None req-15f354c4-5ae5-4e79-9bcb-81b7705a5665 admin admin] Publish callbacks ['neutron.plugins.ml2.ovo_rpc._ObjectChangeHandler.handle_event-1033078'] for security_group (6bf4c46e-093b-4a98-9b41-9e3effa6831b), after_create {{(pid=104172) _notify_loop /usr/local/lib/python3.8/dist-packages/neutron_lib/callbacks/manager.py:176}}
Jun 16 20:18:49.741529 dv-cinder-797333-3-smb neutron-server[104173]: DEBUG neutron.plugins.ml2.plugin [None req-3c6c8c24-62e7-4b3a-931b-ef0468220d00 None None] Current status of the port 2ae560f8-ce2c-42ee-b5c0-07d1f6dae19f is: BUILD; New status is: ACTIVE {{(pid=104173) _update_individual_port_db_status /opt/stack/neutron/neutron/plugins/ml2/plugin.py:2298}}
Jun 16 20:18:49.741922 dv-cinder-797333-3-smb neutron-server[104173]: DEBUG neutron_lib.callbacks.manager [None req-3c6c8c24-62e7-4b3a-931b-ef0468220d00 None None] Publish callbacks ['neutron.plugins.ml2.plugin.SecurityGroupDbMixin._ensure_default_security_group_handler-3948710'] for port (2ae560f8-ce2c-42ee-b5c0-07d1f6dae19f), before_update {{(pid=104173) _notify_loop /usr/local/lib/python3.8/dist-packages/neutron_lib/callbacks/manager.py:176}}
Jun 16 20:18:49.759283 dv-cinder-797333-3-smb neutron-server[104171]: DEBUG neutron.pecan_wsgi.hooks.policy_enforcement [req-c281dd7d-b602-4cd9-847b-11085a6e9988 req-6d50df37-812b-46b3-a25d-4fde967c4e67 tempest-AttachVolumeTestJSON-592419777 tempest-AttachVolumeTestJSON-592419777-project] Attributes excluded by policy engine: ['standard_attr_id', 'binding:profile', 'binding:host_id', 'binding:vif_type', 'binding:vif_details'] {{(pid=104171) _exclude_attributes_by_policy /opt/stack/neutron/neutron/pecan_wsgi/hooks/policy_enforcement.py:259}}
Jun 16 20:18:49.768162 dv-cinder-797333-3-smb neutron-server[104173]: DEBUG neutron.plugins.ml2.db [None req-3c6c8c24-62e7-4b3a-931b-ef0468220d00 None None] For port 5bdfbcb8-1594-441a-9b44-c86b510b2715, host hv-cinder-79733, got binding levels [PortBindingLevel(driver='hyperv',host='hv-cinder-79733',level=0,port_id=5bdfbcb8-1594-441a-9b44-c86b510b2715,segment=NetworkSegment(5d036d89-a24c-4cca-a91b-23ce9b985073),segment_id=5d036d89-a24c-4cca-a91b-23ce9b985073)] {{(pid=104173) get_binding_level_objs /opt/stack/neutron/neutron/plugins/ml2/db.py:74}}
Jun 16 20:18:49.769472 dv-cinder-797333-3-smb neutron-server[104171]: INFO neutron.wsgi [req-c281dd7d-b602-4cd9-847b-11085a6e9988 req-6d50df37-812b-46b3-a25d-4fde967c4e67 tempest-AttachVolumeTestJSON-592419777 tempest-AttachVolumeTestJSON-592419777-project] 10.222.0.20 "GET /v2.0/ports?device_id=1f65d87c-c47c-47d4-8228-8ad5bf667aae HTTP/1.1" status: 200 len: 944 time: 0.1803548
Jun 16 20:18:49.783169 dv-cinder-797333-3-smb neutron-server[104173]: DEBUG neutron_lib.callbacks.manager [None req-3c6c8c24-62e7-4b3a-931b-ef0468220d00 None None] Publish callbacks ['neutron.plugins.ml2.plugin.SecurityGroupServerNotifierRpcMixin._notify_sg_on_port_change-3948647', 'neutron.plugins.ml2.ovo_rpc._ObjectChangeHandler.handle_event-97347', 'neutron.api.rpc.agentnotifiers.dhcp_rpc_agent_api.DhcpAgentNotifyAPI._native_event_send_dhcp_notification-572536', 'neutron.db.l3_db.L3RpcNotifierMixin._notify_gateway_port_ip_changed-8777392302677', 'neutron.db.l3_dvrscheduler_db._notify_l3_agent_port_update-8777391934248', 'neutron.db.l3_hascheduler_db._notify_l3_agent_ha_port_update-8777391934266'] for port (5bdfbcb8-1594-441a-9b44-c86b510b2715), after_update {{(pid=104173) _notify_loop /usr/local/lib/python3.8/dist-packages/neutron_lib/callbacks/manager.py:176}}
Jun 16 20:18:49.818764 dv-cinder-797333-3-smb neutron-server[104174]: DEBUG neutron.db.l3_hamode_db [None req-7d78e047-6b63-4579-9d41-96aec23aa9c5 None None] neutron.services.l3_router.l3_router_plugin.L3RouterPlugin method _process_sync_ha_data called with arguments (, [{'id': '4d691a52-3c2c-4e46-99ce-be64dcab0d84', 'name': 'tempest-TestMinimumBasicScenario-1584962221-router', 'tenant_id': '8cd9832b1a214e4095424efed5a8b298', 'admin_state_up': True, 'status': 'ACTIVE', 'external_gateway_info': {'network_id': '198dffc0-3615-427a-9322-c163ee515e94', 'external_fixed_ips': [{'subnet_id': 'dfa2e072-a686-4f90-8a87-df571b08e8c9', 'ip_address': '172.28.2.223'}], 'enable_snat': True}, 'gw_port_id': '30642ef4-9846-460b-a410-765e6e3dbd0e', 'description': '', 'availability_zones': ['nova'], 'distributed': False, 'ha': False, 'ha_vr_id': 0, 'availability_zone_hints': [], 'routes': [], 'flavor_id': None, 'tags': [], 'created_at': '2022-06-16T20:18:43Z', 'updated_at': '2022-06-16T20:18:47Z', 'revision_number': 3, 'project_id': '8cd9832b1a214e4095424efed5a8b298', 'gw_port': {'id': '30642ef4-9846-460b-a410-765e6e3dbd0e', 'name': '', 'network_id': '198dffc0-3615-427a-9322-c163ee515e94', 'tenant_id': '', 'mac_address': 'fa:16:3e:e0:77:fb', 'admin_state_up': True, 'status': 'DOWN', 'device_id': '4d691a52-3c2c-4e46-99ce-be64dcab0d84', 'device_owner': 'network:router_gateway', 'standard_attr_id': 193, 'fixed_ips': [{'subnet_id': 'dfa2e072-a686-4f90-8a87-df571b08e8c9', 'ip_address': '172.28.2.223', 'prefixlen': 24}], 'allowed_address_pairs': [], 'extra_dhcp_opts': [], 'security_groups': [], 'description': '', 'binding:vnic_type': 'normal', 'binding:profile': {}, 'binding:host_id': '', 'binding:vif_type': 'unbound', 'binding:vif_details': {}, 'port_security_enabled': False, 'tags': [], 'created_at': '2022-06-16T20:18:46Z', 'updated_at': '2022-06-16T20:18:46Z', 'revision_number': 1, 'project_id': '', 'subnets': [{'id': 'dfa2e072-a686-4f90-8a87-df571b08e8c9', 'cidr': '172.28.2.0/24', 'gateway_ip': '172.28.2.1', 'dns_nameservers': [], 'ipv6_ra_mode': None, 'subnetpool_id': None}], 'extra_subnets': [], 'address_scopes': {4: None, 6: None}, 'mtu': 1500}, 'enable_snat': True, 'gw_port_host': 'dv-cinder-797333-3-smb'}], 'dv-cinder-797333-3-smb', False) {} {{(pid=104174) wrapper /usr/local/lib/python3.8/dist-packages/oslo_log/helpers.py:65}}
Jun 16 20:18:49.835261 dv-cinder-797333-3-smb neutron-server[104173]: DEBUG neutron.plugins.ml2.db [None req-3c6c8c24-62e7-4b3a-931b-ef0468220d00 None None] For port 2ae560f8-ce2c-42ee-b5c0-07d1f6dae19f, host hv-cinder-79733, got binding levels [PortBindingLevel(driver='hyperv',host='hv-cinder-79733',level=0,port_id=2ae560f8-ce2c-42ee-b5c0-07d1f6dae19f,segment=NetworkSegment(9f897164-f7d5-4b32-834b-b83d1ebec5c3),segment_id=9f897164-f7d5-4b32-834b-b83d1ebec5c3)] {{(pid=104173) get_binding_level_objs /opt/stack/neutron/neutron/plugins/ml2/db.py:74}}
Jun 16 20:18:49.862242 dv-cinder-797333-3-smb neutron-server[104174]: DEBUG neutron.api.rpc.handlers.l3_rpc [None req-7d78e047-6b63-4579-9d41-96aec23aa9c5 None None] Checking router: 4d691a52-3c2c-4e46-99ce-be64dcab0d84 for host: dv-cinder-797333-3-smb {{(pid=104174) _ensure_host_set_on_ports /opt/stack/neutron/neutron/api/rpc/handlers/l3_rpc.py:155}}
Jun 16 20:18:49.863008 dv-cinder-797333-3-smb neutron-server[104174]: DEBUG neutron.api.rpc.handlers.l3_rpc [None req-7d78e047-6b63-4579-9d41-96aec23aa9c5 None None] Updating router 4d691a52-3c2c-4e46-99ce-be64dcab0d84 port 30642ef4-9846-460b-a410-765e6e3dbd0e binding host dv-cinder-797333-3-smb {{(pid=104174) _ensure_host_set_on_port /opt/stack/neutron/neutron/api/rpc/handlers/l3_rpc.py:205}}
Jun 16 20:18:49.870579 dv-cinder-797333-3-smb neutron-server[104173]: DEBUG neutron_lib.callbacks.manager [None req-3c6c8c24-62e7-4b3a-931b-ef0468220d00 None None] Publish callbacks ['neutron.plugins.ml2.plugin.SecurityGroupServerNotifierRpcMixin._notify_sg_on_port_change-3948647', 'neutron.plugins.ml2.ovo_rpc._ObjectChangeHandler.handle_event-97347', 'neutron.api.rpc.agentnotifiers.dhcp_rpc_agent_api.DhcpAgentNotifyAPI._native_event_send_dhcp_notification-572536', 'neutron.db.l3_db.L3RpcNotifierMixin._notify_gateway_port_ip_changed-8777392302677', 'neutron.db.l3_dvrscheduler_db._notify_l3_agent_port_update-8777391934248', 'neutron.db.l3_hascheduler_db._notify_l3_agent_ha_port_update-8777391934266'] for port (2ae560f8-ce2c-42ee-b5c0-07d1f6dae19f), after_update {{(pid=104173) _notify_loop /usr/local/lib/python3.8/dist-packages/neutron_lib/callbacks/manager.py:176}}
Jun 16 20:18:49.893458 dv-cinder-797333-3-smb neutron-server[104173]: DEBUG neutron.api.rpc.handlers.resources_rpc [None req-3c6c8c24-62e7-4b3a-931b-ef0468220d00 None None] Pushing event updated for resources: {'Port': ['ID=5bdfbcb8-1594-441a-9b44-c86b510b2715,revision_number=4']} {{(pid=104173) push /opt/stack/neutron/neutron/api/rpc/handlers/resources_rpc.py:237}}
Jun 16 20:18:49.903010 dv-cinder-797333-3-smb neutron-server[104171]: DEBUG neutron.pecan_wsgi.hooks.policy_enforcement [req-2717717f-d668-44a1-8e14-63b4b678bbc2 req-cd3e5b87-1870-460b-8dbf-c43a5e1fc3bf tempest-AttachVolumeNegativeTest-588554500 tempest-AttachVolumeNegativeTest-588554500-project] Attributes excluded by policy engine: ['standard_attr_id', 'binding:profile', 'binding:host_id', 'binding:vif_type', 'binding:vif_details'] {{(pid=104171) _exclude_attributes_by_policy /opt/stack/neutron/neutron/pecan_wsgi/hooks/policy_enforcement.py:259}}
Jun 16 20:18:49.904972 dv-cinder-797333-3-smb neutron-server[104171]: INFO neutron.wsgi [req-2717717f-d668-44a1-8e14-63b4b678bbc2 req-cd3e5b87-1870-460b-8dbf-c43a5e1fc3bf tempest-AttachVolumeNegativeTest-588554500 tempest-AttachVolumeNegativeTest-588554500-project] 10.222.0.20 "GET /v2.0/ports?device_id=3298ea87-dc21-40a3-89bf-ad8ee54367a6 HTTP/1.1" status: 200 len: 944 time: 0.1302011
Jun 16 20:18:49.914360 dv-cinder-797333-3-smb neutron-server[104174]: DEBUG neutron_lib.callbacks.manager [None req-7d78e047-6b63-4579-9d41-96aec23aa9c5 None None] Publish callbacks ['neutron.plugins.ml2.plugin.SecurityGroupDbMixin._ensure_default_security_group_handler-3948710'] for port (30642ef4-9846-460b-a410-765e6e3dbd0e), before_update {{(pid=104174) _notify_loop /usr/local/lib/python3.8/dist-packages/neutron_lib/callbacks/manager.py:176}}
Jun 16 20:18:49.935451 dv-cinder-797333-3-smb neutron-server[104172]: INFO neutron.wsgi [None req-15f354c4-5ae5-4e79-9bcb-81b7705a5665 admin admin] 10.222.0.20 "GET /v2.0/security-groups?tenant_id=bfd1fbe3009c4f4c9ad70fdc9f474589&name=default HTTP/1.1" status: 200 len: 2996 time: 0.4216311
Jun 16 20:18:49.939169 dv-cinder-797333-3-smb neutron-server[104172]: DEBUG neutron.wsgi [-] (104172) accepted ('10.222.0.20', 40322) {{(pid=104172) server /usr/local/lib/python3.8/dist-packages/eventlet/wsgi.py:1004}}
Jun 16 20:18:49.942711 dv-cinder-797333-3-smb neutron-server[104172]: DEBUG neutron.api.rpc.handlers.resources_rpc [None req-15f354c4-5ae5-4e79-9bcb-81b7705a5665 admin admin] Pushing event updated for resources: {'SecurityGroup': ['ID=6bf4c46e-093b-4a98-9b41-9e3effa6831b,revision_number=1']} {{(pid=104172) push /opt/stack/neutron/neutron/api/rpc/handlers/resources_rpc.py:237}}
Jun 16 20:18:49.959001 dv-cinder-797333-3-smb neutron-server[104171]: INFO neutron.wsgi [req-c281dd7d-b602-4cd9-847b-11085a6e9988 req-f5ee9425-43f4-49bc-83e0-824706c1cdb8 tempest-AttachVolumeTestJSON-592419777 tempest-AttachVolumeTestJSON-592419777-project] 10.222.0.20 "GET /v2.0/security-groups?id=4fd709d1-9f49-4a11-b92a-912366677adb&fields=id&fields=name HTTP/1.1" status: 200 len: 312 time: 0.1884847
Jun 16 20:18:50.018779 dv-cinder-797333-3-smb neutron-server[104171]: INFO neutron.wsgi [req-2717717f-d668-44a1-8e14-63b4b678bbc2 req-522d5294-c738-444b-9f76-d828f81d24eb tempest-AttachVolumeNegativeTest-588554500 tempest-AttachVolumeNegativeTest-588554500-project] 10.222.0.20 "GET /v2.0/security-groups?id=e7af7aba-cd35-4e1d-9bcc-ef2dd88a60f3&fields=id&fields=name HTTP/1.1" status: 200 len: 313 time: 0.0947661
Jun 16 20:18:50.039904 dv-cinder-797333-3-smb neutron-server[104173]: DEBUG neutron.api.rpc.handlers.resources_rpc [None req-3c6c8c24-62e7-4b3a-931b-ef0468220d00 None None] Pushing event updated for resources: {'Port': ['ID=2ae560f8-ce2c-42ee-b5c0-07d1f6dae19f,revision_number=5']} {{(pid=104173) push /opt/stack/neutron/neutron/api/rpc/handlers/resources_rpc.py:237}}
Jun 16 20:18:50.100530 dv-cinder-797333-3-smb neutron-server[104173]: DEBUG novaclient.v2.client [-] RESP: [200] Connection: close Content-Length: 183 Content-Type: application/json Date: Thu, 16 Jun 2022 20:18:49 GMT OpenStack-API-Version: compute 2.1 Server: Apache/2.4.41 (Ubuntu) Vary: OpenStack-API-Version,X-OpenStack-Nova-API-Version X-OpenStack-Nova-API-Version: 2.1 x-compute-request-id: req-d1cf16bf-e5d7-4a91-94f5-08fd95a40bfd x-openstack-request-id: req-d1cf16bf-e5d7-4a91-94f5-08fd95a40bfd {{(pid=104173) _http_log_response /usr/local/lib/python3.8/dist-packages/keystoneauth1/session.py:550}}
Jun 16 20:18:50.101074 dv-cinder-797333-3-smb neutron-server[104173]: DEBUG novaclient.v2.client [-] RESP BODY: {"events": [{"server_uuid": "ffc36b57-8bd9-47b9-bf3c-443f82857a9a", "name": "network-vif-plugged", "status": "completed", "tag": "b9e88d21-ea5e-4c48-8a2c-78dd484b833c", "code": 200}]} {{(pid=104173) _http_log_response /usr/local/lib/python3.8/dist-packages/keystoneauth1/session.py:582}}
Jun 16 20:18:50.101547 dv-cinder-797333-3-smb neutron-server[104173]: DEBUG novaclient.v2.client [-] POST call to compute for http://10.222.0.20/compute/v2.1/os-server-external-events used request id req-d1cf16bf-e5d7-4a91-94f5-08fd95a40bfd {{(pid=104173) request /usr/local/lib/python3.8/dist-packages/keystoneauth1/session.py:954}}
Jun 16 20:18:50.102086 dv-cinder-797333-3-smb neutron-server[104173]: INFO neutron.notifiers.nova [-] Nova event matching ['req-d1cf16bf-e5d7-4a91-94f5-08fd95a40bfd'] response: {'server_uuid': 'ffc36b57-8bd9-47b9-bf3c-443f82857a9a', 'name': 'network-vif-plugged', 'status': 'completed', 'tag': 'b9e88d21-ea5e-4c48-8a2c-78dd484b833c', 'code': 200}
Jun 16 20:18:50.116174 dv-cinder-797333-3-smb neutron-server[104172]: DEBUG neutron_lib.callbacks.manager [None req-2d29398b-95e7-4638-acae-ba5d3c94da6f admin admin] Publish callbacks [] for security_group (6bf4c46e-093b-4a98-9b41-9e3effa6831b), before_delete {{(pid=104172) _notify_loop /usr/local/lib/python3.8/dist-packages/neutron_lib/callbacks/manager.py:176}}
Jun 16 20:18:50.166504 dv-cinder-797333-3-smb neutron-server[104173]: DEBUG neutron.plugins.ml2.db [None req-3c6c8c24-62e7-4b3a-931b-ef0468220d00 None None] get_ports_and_sgs() called for port_ids ['5bdfbcb8-1594-441a-9b44-c86b510b2715'] {{(pid=104173) get_ports_and_sgs /opt/stack/neutron/neutron/plugins/ml2/db.py:156}}
Jun 16 20:18:50.175054 dv-cinder-797333-3-smb neutron-server[104172]: DEBUG dbcounter [-] [104172] Writing DB stats neutron:DELETE=3,neutron:SELECT=82,neutron:INSERT=13,neutron:UPDATE=2 {{(pid=104172) stat_writer /usr/local/lib/python3.8/dist-packages/dbcounter.py:114}}
Jun 16 20:18:50.183876 dv-cinder-797333-3-smb neutron-server[104172]: DEBUG neutron_lib.callbacks.manager [None req-2d29398b-95e7-4638-acae-ba5d3c94da6f admin admin] Publish callbacks [] for security_group (6bf4c46e-093b-4a98-9b41-9e3effa6831b), precommit_delete {{(pid=104172) _notify_loop /usr/local/lib/python3.8/dist-packages/neutron_lib/callbacks/manager.py:176}}
Jun 16 20:18:50.189018 dv-cinder-797333-3-smb neutron-server[104171]: DEBUG neutron.pecan_wsgi.hooks.policy_enforcement [req-99f37d97-56a7-43cc-9724-2095507bc455 req-df9df0e5-7a0d-4bf5-a55b-ba8bea7ead2e tempest-AttachVolumeShelveTestJSON-1817097509 tempest-AttachVolumeShelveTestJSON-1817097509-project] Attributes excluded by policy engine: ['standard_attr_id', 'binding:profile', 'binding:host_id', 'binding:vif_type', 'binding:vif_details'] {{(pid=104171) _exclude_attributes_by_policy /opt/stack/neutron/neutron/pecan_wsgi/hooks/policy_enforcement.py:259}}
Jun 16 20:18:50.200152 dv-cinder-797333-3-smb neutron-server[104171]: INFO neutron.wsgi [req-99f37d97-56a7-43cc-9724-2095507bc455 req-df9df0e5-7a0d-4bf5-a55b-ba8bea7ead2e tempest-AttachVolumeShelveTestJSON-1817097509 tempest-AttachVolumeShelveTestJSON-1817097509-project] 10.222.0.20 "GET /v2.0/ports?device_id=26032621-0143-45b3-af89-f22c5e133913 HTTP/1.1" status: 200 len: 945 time: 0.1043632
Jun 16 20:18:50.225600 dv-cinder-797333-3-smb neutron-server[104172]: DEBUG neutron.wsgi [-] (104172) accepted ('10.222.0.20', 40324) {{(pid=104172) server /usr/local/lib/python3.8/dist-packages/eventlet/wsgi.py:1004}}
Jun 16 20:18:50.252832 dv-cinder-797333-3-smb neutron-server[104172]: DEBUG dbcounter [-] [104172] Writing DB stats neutron:SELECT=92,neutron:DELETE=4,neutron:INSERT=4 {{(pid=104172) stat_writer /usr/local/lib/python3.8/dist-packages/dbcounter.py:114}}
Jun 16 20:18:50.298831 dv-cinder-797333-3-smb neutron-server[104172]: DEBUG neutron_lib.callbacks.manager [None req-871caec7-4276-4f8b-9737-d360c372faf1 admin admin] Publish callbacks [] for security_group (None), before_create {{(pid=104172) _notify_loop /usr/local/lib/python3.8/dist-packages/neutron_lib/callbacks/manager.py:176}}
Jun 16 20:18:50.299901 dv-cinder-797333-3-smb neutron-server[104171]: DEBUG dbcounter [-] [104171] Writing DB stats neutron:SELECT=99,neutron:DELETE=1 {{(pid=104171) stat_writer /usr/local/lib/python3.8/dist-packages/dbcounter.py:114}}
Jun 16 20:18:50.339238 dv-cinder-797333-3-smb neutron-server[104171]: INFO neutron.wsgi [req-99f37d97-56a7-43cc-9724-2095507bc455 req-09984bad-a6e9-4f36-8bc2-eae3b27e80ac tempest-AttachVolumeShelveTestJSON-1817097509 tempest-AttachVolumeShelveTestJSON-1817097509-project] 10.222.0.20 "GET /v2.0/security-groups?id=58c5d152-84c4-4df2-9961-d32cce0313a3&fields=id&fields=name HTTP/1.1" status: 200 len: 312 time: 0.1359987
Jun 16 20:18:50.443018 dv-cinder-797333-3-smb neutron-server[104171]: DEBUG neutron.pecan_wsgi.hooks.policy_enforcement [req-f771f649-011f-478c-aec7-7cde54b54be4 req-c650d1c5-d903-45a0-9f7c-c7f2c777a31e tempest-ServerRescueNegativeTestJSON-1108719209 tempest-ServerRescueNegativeTestJSON-1108719209-project] Attributes excluded by policy engine: ['standard_attr_id', 'binding:profile', 'binding:host_id', 'binding:vif_type', 'binding:vif_details'] {{(pid=104171) _exclude_attributes_by_policy /opt/stack/neutron/neutron/pecan_wsgi/hooks/policy_enforcement.py:259}}
Jun 16 20:18:50.444468 dv-cinder-797333-3-smb neutron-server[104171]: INFO neutron.wsgi [req-f771f649-011f-478c-aec7-7cde54b54be4 req-c650d1c5-d903-45a0-9f7c-c7f2c777a31e tempest-ServerRescueNegativeTestJSON-1108719209 tempest-ServerRescueNegativeTestJSON-1108719209-project] 10.222.0.20 "GET /v2.0/ports?device_id=ffc36b57-8bd9-47b9-bf3c-443f82857a9a HTTP/1.1" status: 200 len: 946 time: 0.0802257
Jun 16 20:18:50.451869 dv-cinder-797333-3-smb neutron-server[104172]: DEBUG neutron_lib.callbacks.manager [None req-2d29398b-95e7-4638-acae-ba5d3c94da6f admin admin] Publish callbacks ['neutron.plugins.ml2.ovo_rpc._ObjectChangeHandler.handle_event-1033078'] for security_group (6bf4c46e-093b-4a98-9b41-9e3effa6831b), after_delete {{(pid=104172) _notify_loop /usr/local/lib/python3.8/dist-packages/neutron_lib/callbacks/manager.py:176}}
Jun 16 20:18:50.461045 dv-cinder-797333-3-smb neutron-server[104172]: DEBUG neutron_lib.callbacks.manager [None req-2d29398b-95e7-4638-acae-ba5d3c94da6f admin admin] Publish callbacks [] for security_group (None), before_response {{(pid=104172) _notify_loop /usr/local/lib/python3.8/dist-packages/neutron_lib/callbacks/manager.py:176}}
Jun 16 20:18:50.464863 dv-cinder-797333-3-smb neutron-server[104172]: INFO neutron.wsgi [None req-2d29398b-95e7-4638-acae-ba5d3c94da6f admin admin] 10.222.0.20 "DELETE /v2.0/security-groups/6bf4c46e-093b-4a98-9b41-9e3effa6831b HTTP/1.1" status: 204 len: 168 time: 0.5209284
Jun 16 20:18:50.534127 dv-cinder-797333-3-smb neutron-server[104172]: DEBUG neutron.api.rpc.handlers.resources_rpc [None req-2d29398b-95e7-4638-acae-ba5d3c94da6f admin admin] Pushing event deleted for resources: {'SecurityGroup': ['ID=6bf4c46e-093b-4a98-9b41-9e3effa6831b,revision_number=None']} {{(pid=104172) push /opt/stack/neutron/neutron/api/rpc/handlers/resources_rpc.py:237}}
Jun 16 20:18:50.535881 dv-cinder-797333-3-smb neutron-server[104174]: DEBUG neutron_lib.callbacks.manager [None req-7d78e047-6b63-4579-9d41-96aec23aa9c5 None None] Publish callbacks [] for port (30642ef4-9846-460b-a410-765e6e3dbd0e), precommit_update {{(pid=104174) _notify_loop /usr/local/lib/python3.8/dist-packages/neutron_lib/callbacks/manager.py:176}}
Jun 16 20:18:50.547455 dv-cinder-797333-3-smb neutron-server[104174]: DEBUG neutron_lib.callbacks.manager [None req-7d78e047-6b63-4579-9d41-96aec23aa9c5 None None] Publish callbacks ['neutron.plugins.ml2.plugin.SecurityGroupServerNotifierRpcMixin._notify_sg_on_port_change-3948647', 'neutron.plugins.ml2.ovo_rpc._ObjectChangeHandler.handle_event-97347', 'neutron.api.rpc.agentnotifiers.dhcp_rpc_agent_api.DhcpAgentNotifyAPI._native_event_send_dhcp_notification-572536', 'neutron.db.l3_db.L3RpcNotifierMixin._notify_gateway_port_ip_changed-8777392302677', 'neutron.db.l3_dvrscheduler_db._notify_l3_agent_port_update-8777391934248', 'neutron.db.l3_hascheduler_db._notify_l3_agent_ha_port_update-8777391934266'] for port (30642ef4-9846-460b-a410-765e6e3dbd0e), after_update {{(pid=104174) _notify_loop /usr/local/lib/python3.8/dist-packages/neutron_lib/callbacks/manager.py:176}}
Jun 16 20:18:50.563292 dv-cinder-797333-3-smb neutron-server[104171]: INFO neutron.wsgi [req-f771f649-011f-478c-aec7-7cde54b54be4 req-25e746bf-90f6-4910-93da-7be8b85e3bfc tempest-ServerRescueNegativeTestJSON-1108719209 tempest-ServerRescueNegativeTestJSON-1108719209-project] 10.222.0.20 "GET /v2.0/security-groups?id=5cf9756c-d0e4-42ac-b1bd-4803420714ee&fields=id&fields=name HTTP/1.1" status: 200 len: 286 time: 0.1124916
Jun 16 20:18:50.611529 dv-cinder-797333-3-smb neutron-server[104174]: DEBUG dbcounter [-] [104174] Writing DB stats neutron:SELECT=97,neutron:UPDATE=3 {{(pid=104174) stat_writer /usr/local/lib/python3.8/dist-packages/dbcounter.py:114}}
Jun 16 20:18:50.622631 dv-cinder-797333-3-smb neutron-server[104174]: DEBUG neutron.api.rpc.handlers.resources_rpc [None req-838ec3d8-b2a6-498d-b26f-648221bee098 None None] Pushing event updated for resources: {'Port': ['ID=30642ef4-9846-460b-a410-765e6e3dbd0e,revision_number=2']} {{(pid=104174) push /opt/stack/neutron/neutron/api/rpc/handlers/resources_rpc.py:237}}
Jun 16 20:18:50.626305 dv-cinder-797333-3-smb neutron-server[104174]: DEBUG neutron.plugins.ml2.managers [None req-7d78e047-6b63-4579-9d41-96aec23aa9c5 None None] Attempting to bind port 30642ef4-9846-460b-a410-765e6e3dbd0e on host dv-cinder-797333-3-smb for vnic_type normal with profile {{(pid=104174) bind_port /opt/stack/neutron/neutron/plugins/ml2/managers.py:811}}
Jun 16 20:18:50.626305 dv-cinder-797333-3-smb neutron-server[104174]: DEBUG neutron.plugins.ml2.managers [None req-7d78e047-6b63-4579-9d41-96aec23aa9c5 None None] Attempting to bind port 30642ef4-9846-460b-a410-765e6e3dbd0e by drivers openvswitch,hyperv on host dv-cinder-797333-3-smb at level 0 using segments [{'id': 'd5394528-bee4-4444-9fa8-9ea3c712beaa', 'network_type': 'flat', 'physical_network': 'physnet1', 'segmentation_id': None, 'network_id': '198dffc0-3615-427a-9322-c163ee515e94'}] {{(pid=104174) _bind_port_level /opt/stack/neutron/neutron/plugins/ml2/managers.py:836}}
Jun 16 20:18:50.626502 dv-cinder-797333-3-smb neutron-server[104174]: DEBUG neutron.plugins.ml2.drivers.mech_agent [None req-7d78e047-6b63-4579-9d41-96aec23aa9c5 None None] Attempting to bind port 30642ef4-9846-460b-a410-765e6e3dbd0e on network 198dffc0-3615-427a-9322-c163ee515e94 {{(pid=104174) bind_port /opt/stack/neutron/neutron/plugins/ml2/drivers/mech_agent.py:91}}
Jun 16 20:18:50.636966 dv-cinder-797333-3-smb neutron-server[104174]: DEBUG neutron.plugins.ml2.drivers.mech_agent [None req-7d78e047-6b63-4579-9d41-96aec23aa9c5 None None] Checking agent: {'id': '58a83e26-cb8d-4ffa-8724-51d45ca6fb02', 'agent_type': 'Open vSwitch agent', 'binary': 'neutron-openvswitch-agent', 'topic': 'N/A', 'host': 'dv-cinder-797333-3-smb', 'admin_state_up': True, 'created_at': datetime.datetime(2022, 6, 16, 20, 9, 49), 'started_at': datetime.datetime(2022, 6, 16, 20, 10, 19), 'heartbeat_timestamp': datetime.datetime(2022, 6, 16, 20, 18, 49), 'description': None, 'resources_synced': None, 'availability_zone': None, 'alive': True, 'configurations': {'arp_responder_enabled': False, 'baremetal_smartnic': False, 'bridge_mappings': {'physnet1': 'br-data'}, 'datapath_type': 'system', 'devices': 0, 'enable_distributed_routing': False, 'extensions': [], 'in_distributed_mode': False, 'integration_bridge': 'br-int', 'l2_population': False, 'log_agent_heartbeats': False, 'ovs_capabilities': {'datapath_types': ['netdev', 'system'], 'iface_types': ['erspan', 'geneve', 'gre', 'internal', 'ip6erspan', 'ip6gre', 'lisp', 'patch', 'stt', 'system', 'tap', 'vxlan']}, 'ovs_hybrid_plug': False, 'resource_provider_bandwidths': {}, 'resource_provider_hypervisors': {'br-data': 'dv-cinder-797333-3-smb'}, 'resource_provider_inventory_defaults': {'allocation_ratio': 1.0, 'min_unit': 1, 'step_size': 1, 'reserved': 0}, 'resource_provider_packet_processing_inventory_defaults': {'allocation_ratio': 1.0, 'min_unit': 1, 'step_size': 1, 'reserved': 0}, 'resource_provider_packet_processing_with_direction': {}, 'resource_provider_packet_processing_without_direction': {}, 'tunnel_types': [], 'tunneling_ip': None, 'vhostuser_socket_dir': '/var/run/openvswitch'}, 'resource_versions': {'AddressGroup': '1.2', 'Agent': '1.1', 'ConntrackHelper': '1.0', 'LocalIPAssociation': '1.0', 'Log': '1.0', 'NDPProxy': '1.0', 'Network': '1.1', 'Port': '1.7', 'PortForwarding': '1.3', 'QosPolicy': '1.10', 'SecurityGroup': '1.5', 'SecurityGroupRule': '1.2', 'SubPort': '1.0', 'Subnet': '1.1', 'Trunk': '1.1'}} {{(pid=104174) bind_port /opt/stack/neutron/neutron/plugins/ml2/drivers/mech_agent.py:110}}
Jun 16 20:18:50.637678 dv-cinder-797333-3-smb neutron-server[104174]: DEBUG neutron.plugins.ml2.drivers.mech_agent [None req-7d78e047-6b63-4579-9d41-96aec23aa9c5 None None] Checking segment: {'id': 'd5394528-bee4-4444-9fa8-9ea3c712beaa', 'network_type': 'flat', 'physical_network': 'physnet1', 'segmentation_id': None, 'network_id': '198dffc0-3615-427a-9322-c163ee515e94'} for mappings: {'physnet1': 'br-data'} with network types: ['local', 'flat', 'vlan'] {{(pid=104174) check_segment_for_agent /opt/stack/neutron/neutron/plugins/ml2/drivers/mech_agent.py:373}}
Jun 16 20:18:50.638082 dv-cinder-797333-3-smb neutron-server[104174]: DEBUG neutron_lib.callbacks.manager [None req-7d78e047-6b63-4579-9d41-96aec23aa9c5 None None] Publish callbacks [] for ovs_bridge_name (None), before_read {{(pid=104174) _notify_loop /usr/local/lib/python3.8/dist-packages/neutron_lib/callbacks/manager.py:176}}
Jun 16 20:18:50.638593 dv-cinder-797333-3-smb neutron-server[104174]: DEBUG neutron.plugins.ml2.drivers.mech_agent [None req-7d78e047-6b63-4579-9d41-96aec23aa9c5 None None] Bound using segment: {'id': 'd5394528-bee4-4444-9fa8-9ea3c712beaa', 'network_type': 'flat', 'physical_network': 'physnet1', 'segmentation_id': None, 'network_id': '198dffc0-3615-427a-9322-c163ee515e94'} {{(pid=104174) bind_port /opt/stack/neutron/neutron/plugins/ml2/drivers/mech_agent.py:120}}
Jun 16 20:18:50.638955 dv-cinder-797333-3-smb neutron-server[104174]: DEBUG neutron.plugins.ml2.managers [None req-7d78e047-6b63-4579-9d41-96aec23aa9c5 None None] Bound port: 30642ef4-9846-460b-a410-765e6e3dbd0e, host: dv-cinder-797333-3-smb, vif_type: ovs, vif_details: {"connectivity": "l2", "port_filter": true, "ovs_hybrid_plug": false, "datapath_type": "system", "bridge_name": "br-int"}, binding_levels: [{'bound_driver': 'openvswitch', 'bound_segment': {'id': 'd5394528-bee4-4444-9fa8-9ea3c712beaa', 'network_type': 'flat', 'physical_network': 'physnet1', 'segmentation_id': None, 'network_id': '198dffc0-3615-427a-9322-c163ee515e94'}}] {{(pid=104174) _bind_port_level /opt/stack/neutron/neutron/plugins/ml2/managers.py:948}}
Jun 16 20:18:50.639367 dv-cinder-797333-3-smb neutron-server[104174]: DEBUG neutron_lib.callbacks.manager [None req-7d78e047-6b63-4579-9d41-96aec23aa9c5 None None] Publish callbacks ['neutron.plugins.ml2.plugin.SecurityGroupDbMixin._ensure_default_security_group_handler-3948710'] for port (30642ef4-9846-460b-a410-765e6e3dbd0e), before_update {{(pid=104174) _notify_loop /usr/local/lib/python3.8/dist-packages/neutron_lib/callbacks/manager.py:176}}
Jun 16 20:18:50.679321 dv-cinder-797333-3-smb neutron-server[104172]: DEBUG neutron_lib.callbacks.manager [None req-871caec7-4276-4f8b-9737-d360c372faf1 admin admin] Publish callbacks [] for security_group (7c887cf1-7a27-41cd-b982-553ce5e23966), precommit_create {{(pid=104172) _notify_loop /usr/local/lib/python3.8/dist-packages/neutron_lib/callbacks/manager.py:176}}
Jun 16 20:18:50.687797 dv-cinder-797333-3-smb neutron-server[104172]: DEBUG neutron_lib.callbacks.manager [None req-871caec7-4276-4f8b-9737-d360c372faf1 admin admin] Publish callbacks ['neutron.plugins.ml2.ovo_rpc._ObjectChangeHandler.handle_event-1033078'] for security_group (7c887cf1-7a27-41cd-b982-553ce5e23966), after_create {{(pid=104172) _notify_loop /usr/local/lib/python3.8/dist-packages/neutron_lib/callbacks/manager.py:176}}
Jun 16 20:18:50.713446 dv-cinder-797333-3-smb neutron-server[104174]: DEBUG neutron.plugins.ml2.db [None req-7d78e047-6b63-4579-9d41-96aec23aa9c5 None None] For port 30642ef4-9846-460b-a410-765e6e3dbd0e, host dv-cinder-797333-3-smb, cleared binding levels {{(pid=104174) clear_binding_levels /opt/stack/neutron/neutron/plugins/ml2/db.py:87}}
Jun 16 20:18:50.727134 dv-cinder-797333-3-smb neutron-server[104174]: DEBUG neutron.plugins.ml2.db [None req-7d78e047-6b63-4579-9d41-96aec23aa9c5 None None] For port 30642ef4-9846-460b-a410-765e6e3dbd0e, host dv-cinder-797333-3-smb, set binding levels [PortBindingLevel(driver='openvswitch',host='dv-cinder-797333-3-smb',level=0,port_id=30642ef4-9846-460b-a410-765e6e3dbd0e,segment=NetworkSegment(d5394528-bee4-4444-9fa8-9ea3c712beaa),segment_id=d5394528-bee4-4444-9fa8-9ea3c712beaa)] {{(pid=104174) set_binding_levels /opt/stack/neutron/neutron/plugins/ml2/db.py:59}}
Jun 16 20:18:50.739375 dv-cinder-797333-3-smb neutron-server[104174]: DEBUG neutron_lib.callbacks.manager [None req-7d78e047-6b63-4579-9d41-96aec23aa9c5 None None] Publish callbacks ['neutron.plugins.ml2.plugin.SecurityGroupServerNotifierRpcMixin._notify_sg_on_port_change-3948647', 'neutron.plugins.ml2.ovo_rpc._ObjectChangeHandler.handle_event-97347', 'neutron.api.rpc.agentnotifiers.dhcp_rpc_agent_api.DhcpAgentNotifyAPI._native_event_send_dhcp_notification-572536', 'neutron.db.l3_db.L3RpcNotifierMixin._notify_gateway_port_ip_changed-8777392302677', 'neutron.db.l3_dvrscheduler_db._notify_l3_agent_port_update-8777391934248', 'neutron.db.l3_hascheduler_db._notify_l3_agent_ha_port_update-8777391934266'] for port (30642ef4-9846-460b-a410-765e6e3dbd0e), after_update {{(pid=104174) _notify_loop /usr/local/lib/python3.8/dist-packages/neutron_lib/callbacks/manager.py:176}}
Jun 16 20:18:50.778787 dv-cinder-797333-3-smb neutron-server[104172]: INFO neutron.wsgi [None req-871caec7-4276-4f8b-9737-d360c372faf1 admin admin] 10.222.0.20 "GET /v2.0/security-groups?tenant_id=699d7fc827144660a60dd9fe1f0e1d7a&name=default HTTP/1.1" status: 200 len: 2996 time: 0.5462561
Jun 16 20:18:50.780324 dv-cinder-797333-3-smb neutron-server[104172]: DEBUG neutron.api.rpc.handlers.resources_rpc [None req-871caec7-4276-4f8b-9737-d360c372faf1 admin admin] Pushing event updated for resources: {'SecurityGroup': ['ID=7c887cf1-7a27-41cd-b982-553ce5e23966,revision_number=1']} {{(pid=104172) push /opt/stack/neutron/neutron/api/rpc/handlers/resources_rpc.py:237}}
Jun 16 20:18:50.784750 dv-cinder-797333-3-smb neutron-server[104171]: DEBUG neutron.wsgi [-] (104171) accepted ('10.222.0.20', 40334) {{(pid=104171) server /usr/local/lib/python3.8/dist-packages/eventlet/wsgi.py:1004}}
Jun 16 20:18:50.789993 dv-cinder-797333-3-smb neutron-server[104172]: DEBUG neutron_lib.callbacks.manager [None req-1a054771-8f35-4601-bfdb-fd1cedeeafe0 admin admin] Publish callbacks ['neutron.plugins.ml2.plugin.SecurityGroupDbMixin._ensure_default_security_group_handler-3948710'] for port (None), before_create {{(pid=104172) _notify_loop /usr/local/lib/python3.8/dist-packages/neutron_lib/callbacks/manager.py:176}}
Jun 16 20:18:50.813809 dv-cinder-797333-3-smb neutron-server[104174]: DEBUG neutron.db.l3_dvrscheduler_db [None req-7d78e047-6b63-4579-9d41-96aec23aa9c5 None None] Routers {'4d691a52-3c2c-4e46-99ce-be64dcab0d84'} bound to L3 agent in host dv-cinder-797333-3-smb {{(pid=104174) _get_router_ids_for_agent /opt/stack/neutron/neutron/db/l3_dvrscheduler_db.py:426}}
Jun 16 20:18:50.814600 dv-cinder-797333-3-smb neutron-server[104174]: DEBUG neutron.db.l3_hamode_db [None req-7d78e047-6b63-4579-9d41-96aec23aa9c5 None None] neutron.services.l3_router.l3_router_plugin.L3RouterPlugin method get_ha_sync_data_for_host called with arguments (, 'dv-cinder-797333-3-smb', Agent(admin_state_up=True,agent_type='L3 agent',availability_zone='nova',binary='neutron-l3-agent',configurations={"agent_mode": "legacy", "ex_gw_ports": 6, "extensions": [], "floating_ips": 0, "handle_internal_only_routers": true, "interface_driver": "openvswitch", "interfaces": 6, "log_agent_heartbeats": false, "routers": 6},created_at=2022-06-16T20:09:46Z,description=,heartbeat_timestamp=2022-06-16T20:18:46Z,host='dv-cinder-797333-3-smb',id=510805bb-322f-403f-8b81-6ef16f20c4b9,load=0,resource_versions=,resources_synced=,started_at=2022-06-16T20:09:46Z,topic='l3_agent')) {'router_ids': ['4d691a52-3c2c-4e46-99ce-be64dcab0d84'], 'active': True} {{(pid=104174) wrapper /usr/local/lib/python3.8/dist-packages/oslo_log/helpers.py:65}}
Jun 16 20:18:50.843349 dv-cinder-797333-3-smb neutron-server[104171]: DEBUG dbcounter [-] [104171] Writing DB stats neutron:SELECT=99,neutron:DELETE=1 {{(pid=104171) stat_writer /usr/local/lib/python3.8/dist-packages/dbcounter.py:114}}
Jun 16 20:18:50.854179 dv-cinder-797333-3-smb neutron-server[104171]: INFO neutron.wsgi [req-ea1b584a-38b8-4c9e-bd3b-40adbb079b13 req-bbcc9d5b-939b-4933-b892-d22f1c5549ea service neutron] 10.222.0.87 "GET /v2.0/networks/cb6af4ed-ee4e-475b-8d0f-1f0ae7952174?fields=segments HTTP/1.1" status: 200 len: 212 time: 0.1608841
Jun 16 20:18:50.892194 dv-cinder-797333-3-smb neutron-server[104171]: DEBUG neutron_lib.callbacks.manager [None req-253eacc2-8b66-46af-9b01-4a77460da804 admin admin] Publish callbacks [] for security_group (7c887cf1-7a27-41cd-b982-553ce5e23966), before_delete {{(pid=104171) _notify_loop /usr/local/lib/python3.8/dist-packages/neutron_lib/callbacks/manager.py:176}}
Jun 16 20:18:50.935850 dv-cinder-797333-3-smb neutron-server[104174]: DEBUG neutron.api.rpc.handlers.resources_rpc [None req-838ec3d8-b2a6-498d-b26f-648221bee098 None None] Pushing event updated for resources: {'Port': ['ID=30642ef4-9846-460b-a410-765e6e3dbd0e,revision_number=3']} {{(pid=104174) push /opt/stack/neutron/neutron/api/rpc/handlers/resources_rpc.py:237}}
Jun 16 20:18:50.956428 dv-cinder-797333-3-smb neutron-server[104171]: DEBUG neutron_lib.callbacks.manager [None req-253eacc2-8b66-46af-9b01-4a77460da804 admin admin] Publish callbacks [] for security_group (7c887cf1-7a27-41cd-b982-553ce5e23966), precommit_delete {{(pid=104171) _notify_loop /usr/local/lib/python3.8/dist-packages/neutron_lib/callbacks/manager.py:176}}
Jun 16 20:18:50.964650 dv-cinder-797333-3-smb neutron-server[104174]: DEBUG neutron.db.l3_dvr_db [None req-7d78e047-6b63-4579-9d41-96aec23aa9c5 None None] Set router 4d691a52-3c2c-4e46-99ce-be64dcab0d84 gateway port host: dv-cinder-797333-3-smb {{(pid=104174) _build_routers_list /opt/stack/neutron/neutron/db/l3_dvr_db.py:907}}
Jun 16 20:18:51.121254 dv-cinder-797333-3-smb neutron-server[104172]: DEBUG neutron.db.db_base_plugin_common [None req-1a054771-8f35-4601-bfdb-fd1cedeeafe0 admin admin] Allocated IP 172.20.0.1 (080ddc29-cb68-41d5-a682-40d77a49e1d7/5c76d814-9a00-454e-878c-128d1459591f/009ef1ac-ecaf-424a-ad85-e9577881652a) {{(pid=104172) _store_ip_allocation /opt/stack/neutron/neutron/db/db_base_plugin_common.py:131}}
Jun 16 20:18:51.152074 dv-cinder-797333-3-smb neutron-server[104172]: DEBUG neutron.wsgi [-] (104172) accepted ('10.222.0.20', 40342) {{(pid=104172) server /usr/local/lib/python3.8/dist-packages/eventlet/wsgi.py:1004}}
Jun 16 20:18:51.160061 dv-cinder-797333-3-smb neutron-server[104171]: INFO neutron.wsgi [req-ea1b584a-38b8-4c9e-bd3b-40adbb079b13 req-769212f1-be48-48ce-9e3a-617920ce940d service neutron] 10.222.0.87 "GET /v2.0/networks/cb6af4ed-ee4e-475b-8d0f-1f0ae7952174?fields=provider%3Aphysical_network&fields=provider%3Anetwork_type HTTP/1.1" status: 200 len: 281 time: 0.2949271
Jun 16 20:18:51.177219 dv-cinder-797333-3-smb neutron-server[104172]: DEBUG neutron_lib.callbacks.manager [None req-ef3e8890-deae-440f-8d86-181ecde7b3cc admin admin] Publish callbacks [] for security_group (None), before_create {{(pid=104172) _notify_loop /usr/local/lib/python3.8/dist-packages/neutron_lib/callbacks/manager.py:176}}
Jun 16 20:18:51.188707 dv-cinder-797333-3-smb neutron-server[104171]: DEBUG neutron.pecan_wsgi.hooks.policy_enforcement [req-15ad6b91-5a89-4017-b86c-691032fd8871 req-b98701ec-760b-4951-b20a-ffcf83aaeade tempest-AttachVolumeTestJSON-592419777 tempest-AttachVolumeTestJSON-592419777-project] Attributes excluded by policy engine: ['standard_attr_id', 'binding:profile', 'binding:host_id', 'binding:vif_type', 'binding:vif_details'] {{(pid=104171) _exclude_attributes_by_policy /opt/stack/neutron/neutron/pecan_wsgi/hooks/policy_enforcement.py:259}}
Jun 16 20:18:51.190231 dv-cinder-797333-3-smb neutron-server[104171]: INFO neutron.wsgi [req-15ad6b91-5a89-4017-b86c-691032fd8871 req-b98701ec-760b-4951-b20a-ffcf83aaeade tempest-AttachVolumeTestJSON-592419777 tempest-AttachVolumeTestJSON-592419777-project] 10.222.0.20 "GET /v2.0/ports?device_id=1f65d87c-c47c-47d4-8228-8ad5bf667aae HTTP/1.1" status: 200 len: 945 time: 0.1063278
