Jun 22 08:56:44.085858 dv-cinder-797333-1-smb devstack@c-api.service[99489]: WARNING cinder.quota [None req-71686485-875f-4e81-9162-ede1a23277f4 tempest-VolumeQuotasNegativeTestJSON-1947228979 tempest-VolumeQuotasNegativeTestJSON-1947228979-project-admin] Deprecated: Default quota for resource: backups is set by the default quota flag: quota_backups, it is now deprecated. Please use the default quota class for default quota.
Jun 22 08:56:44.088322 dv-cinder-797333-1-smb devstack@c-api.service[99489]: WARNING cinder.quota [None req-71686485-875f-4e81-9162-ede1a23277f4 tempest-VolumeQuotasNegativeTestJSON-1947228979 tempest-VolumeQuotasNegativeTestJSON-1947228979-project-admin] Deprecated: Default quota for resource: backup_gigabytes is set by the default quota flag: quota_backup_gigabytes, it is now deprecated. Please use the default quota class for default quota.
Jun 22 08:56:44.092191 dv-cinder-797333-1-smb devstack@c-api.service[99489]: WARNING cinder.quota [None req-71686485-875f-4e81-9162-ede1a23277f4 tempest-VolumeQuotasNegativeTestJSON-1947228979 tempest-VolumeQuotasNegativeTestJSON-1947228979-project-admin] Deprecated: Default quota for resource: snapshots_tempest-GroupSnapshotsTest-volume-type-747243904 is set by the default quota flag: quota_snapshots_tempest-GroupSnapshotsTest-volume-type-747243904, it is now deprecated. Please use the default quota class for default quota.
Jun 22 08:56:44.095400 dv-cinder-797333-1-smb devstack@c-api.service[99489]: WARNING cinder.quota [None req-71686485-875f-4e81-9162-ede1a23277f4 tempest-VolumeQuotasNegativeTestJSON-1947228979 tempest-VolumeQuotasNegativeTestJSON-1947228979-project-admin] Deprecated: Default quota for resource: volumes_lvmdriver-1 is set by the default quota flag: quota_volumes_lvmdriver-1, it is now deprecated. Please use the default quota class for default quota.
Jun 22 08:56:44.103430 dv-cinder-797333-1-smb devstack@c-api.service[99489]: WARNING cinder.quota [None req-71686485-875f-4e81-9162-ede1a23277f4 tempest-VolumeQuotasNegativeTestJSON-1947228979 tempest-VolumeQuotasNegativeTestJSON-1947228979-project-admin] Deprecated: Default quota for resource: gigabytes_lvmdriver-1 is set by the default quota flag: quota_gigabytes_lvmdriver-1, it is now deprecated. Please use the default quota class for default quota.
Jun 22 08:56:44.104501 dv-cinder-797333-1-smb devstack@c-api.service[99489]: WARNING cinder.quota [None req-71686485-875f-4e81-9162-ede1a23277f4 tempest-VolumeQuotasNegativeTestJSON-1947228979 tempest-VolumeQuotasNegativeTestJSON-1947228979-project-admin] Deprecated: Default quota for resource: snapshots_lvmdriver-1 is set by the default quota flag: quota_snapshots_lvmdriver-1, it is now deprecated. Please use the default quota class for default quota.
Jun 22 08:56:44.107451 dv-cinder-797333-1-smb devstack@c-api.service[99489]: WARNING cinder.quota [None req-71686485-875f-4e81-9162-ede1a23277f4 tempest-VolumeQuotasNegativeTestJSON-1947228979 tempest-VolumeQuotasNegativeTestJSON-1947228979-project-admin] Deprecated: Default quota for resource: snapshots___DEFAULT__ is set by the default quota flag: quota_snapshots___DEFAULT__, it is now deprecated. Please use the default quota class for default quota.
Jun 22 08:56:44.127398 dv-cinder-797333-1-smb devstack@c-api.service[99489]: INFO cinder.api.openstack.wsgi [None req-71686485-875f-4e81-9162-ede1a23277f4 tempest-VolumeQuotasNegativeTestJSON-1947228979 tempest-VolumeQuotasNegativeTestJSON-1947228979-project-admin] http://10.222.0.22/volume/v3/1406a939ce9e46a58256c54d5d0649c2/os-quota-sets/ce24fbc927de4c809ba6b9a0127973cf returned with HTTP 200
Jun 22 08:56:44.135930 dv-cinder-797333-1-smb devstack@c-api.service[99489]: [pid: 99489|app: 0|req: 33/67] 10.222.0.22 () {60 vars in 1351 bytes} [Tue Jun 22 08:56:43 2021] PUT /volume/v3/1406a939ce9e46a58256c54d5d0649c2/os-quota-sets/ce24fbc927de4c809ba6b9a0127973cf => generated 512 bytes in 322 msecs (HTTP/1.1 200) 7 headers in 285 bytes (1 switches on core 0)
Jun 22 08:56:44.148871 dv-cinder-797333-1-smb devstack@c-api.service[99489]: INFO cinder.api.openstack.wsgi [None req-d4dc0961-db77-4fe1-9606-b0635a4f9d64 tempest-VolumeQuotasNegativeTestJSON-547458813 tempest-VolumeQuotasNegativeTestJSON-547458813-project] POST http://10.222.0.22/volume/v3/ce24fbc927de4c809ba6b9a0127973cf/volumes
Jun 22 08:56:44.150477 dv-cinder-797333-1-smb devstack@c-api.service[99489]: DEBUG cinder.api.openstack.wsgi [None req-d4dc0961-db77-4fe1-9606-b0635a4f9d64 tempest-VolumeQuotasNegativeTestJSON-547458813 tempest-VolumeQuotasNegativeTestJSON-547458813-project] Action: 'create', calling method: create, body: {"volume": {"size": 2}} {{(pid=99489) _process_stack /opt/stack/cinder/cinder/api/openstack/wsgi.py:864}}
Jun 22 08:56:44.153892 dv-cinder-797333-1-smb devstack@c-api.service[99489]: DEBUG cinder.api.v3.volumes [None req-d4dc0961-db77-4fe1-9606-b0635a4f9d64 tempest-VolumeQuotasNegativeTestJSON-547458813 tempest-VolumeQuotasNegativeTestJSON-547458813-project] Create volume request body: {'volume': {'size': 2}} {{(pid=99489) create /opt/stack/cinder/cinder/api/v3/volumes.py:289}}
Jun 22 08:56:44.158072 dv-cinder-797333-1-smb devstack@c-api.service[99489]: INFO cinder.api.v3.volumes [None req-d4dc0961-db77-4fe1-9606-b0635a4f9d64 tempest-VolumeQuotasNegativeTestJSON-547458813 tempest-VolumeQuotasNegativeTestJSON-547458813-project] Create volume of 2 GB
Jun 22 08:56:44.178455 dv-cinder-797333-1-smb devstack@c-api.service[99489]: INFO cinder.volume.api [None req-d4dc0961-db77-4fe1-9606-b0635a4f9d64 tempest-VolumeQuotasNegativeTestJSON-547458813 tempest-VolumeQuotasNegativeTestJSON-547458813-project] Availability Zones retrieved successfully.
Jun 22 08:56:44.234152 dv-cinder-797333-1-smb devstack@c-api.service[99489]: DEBUG cinder.volume.api [None req-d4dc0961-db77-4fe1-9606-b0635a4f9d64 tempest-VolumeQuotasNegativeTestJSON-547458813 tempest-VolumeQuotasNegativeTestJSON-547458813-project] Flow 'volume_create_api' (12969c99-eeb1-499e-bd2b-3105478e1008) transitioned into state 'RUNNING' from state 'PENDING' {{(pid=99489) _flow_receiver /usr/local/lib/python3.8/dist-packages/taskflow/listeners/logging.py:141}}
Jun 22 08:56:44.239470 dv-cinder-797333-1-smb devstack@c-api.service[99489]: DEBUG cinder.volume.api [None req-d4dc0961-db77-4fe1-9606-b0635a4f9d64 tempest-VolumeQuotasNegativeTestJSON-547458813 tempest-VolumeQuotasNegativeTestJSON-547458813-project] Task 'cinder.volume.flows.api.create_volume.ExtractVolumeRequestTask;volume:create' (b59aa868-3069-4244-99ba-6c3cfae266a0) transitioned into state 'RUNNING' from state 'PENDING' {{(pid=99489) _task_receiver /usr/local/lib/python3.8/dist-packages/taskflow/listeners/logging.py:190}}
Jun 22 08:56:44.242410 dv-cinder-797333-1-smb devstack@c-api.service[99489]: DEBUG cinder.volume.flows.api.create_volume [None req-d4dc0961-db77-4fe1-9606-b0635a4f9d64 tempest-VolumeQuotasNegativeTestJSON-547458813 tempest-VolumeQuotasNegativeTestJSON-547458813-project] Validating volume size '2' using validate_int {{(pid=99489) _extract_size /opt/stack/cinder/cinder/volume/flows/api/create_volume.py:201}}
Jun 22 08:56:44.291844 dv-cinder-797333-1-smb devstack@c-api.service[99488]: INFO cinder.volume.api [None req-e9abf8d3-cd9d-4f55-aa1b-e43fa094771b tempest-GroupSnapshotsTest-1687096452 tempest-GroupSnapshotsTest-1687096452-project] Get all volumes completed successfully.
Jun 22 08:56:44.294191 dv-cinder-797333-1-smb devstack@c-api.service[99489]: DEBUG cinder.volume.api [None req-d4dc0961-db77-4fe1-9606-b0635a4f9d64 tempest-VolumeQuotasNegativeTestJSON-547458813 tempest-VolumeQuotasNegativeTestJSON-547458813-project] Task 'cinder.volume.flows.api.create_volume.ExtractVolumeRequestTask;volume:create' (b59aa868-3069-4244-99ba-6c3cfae266a0) transitioned into state 'SUCCESS' from state 'RUNNING' with result '{'size': 2, 'snapshot_id': None, 'source_volid': None, 'volume_type': VolumeType(created_at=2021-06-22T08:47:13Z,deleted=False,deleted_at=None,description='Default Volume Type',extra_specs={},id=f7ed837c-3ed4-443b-a4ff-525cc5cb5e0d,is_public=True,name='__DEFAULT__',projects=[],qos_specs=,qos_specs_id=None,updated_at=2021-06-22T08:47:13Z), 'volume_type_id': 'f7ed837c-3ed4-443b-a4ff-525cc5cb5e0d', 'encryption_key_id': None, 'qos_specs': None, 'consistencygroup_id': None, 'cgsnapshot_id': None, 'group_id': None, 'replication_status': 'disabled', 'refresh_az': False, 'backup_id': None, 'multiattach': False, 'availability_zones': ['nova']}' {{(pid=99489) _task_receiver /usr/local/lib/python3.8/dist-packages/taskflow/listeners/logging.py:178}}
Jun 22 08:56:44.296712 dv-cinder-797333-1-smb devstack@c-api.service[99489]: DEBUG cinder.volume.api [None req-d4dc0961-db77-4fe1-9606-b0635a4f9d64 tempest-VolumeQuotasNegativeTestJSON-547458813 tempest-VolumeQuotasNegativeTestJSON-547458813-project] Task 'cinder.volume.flows.api.create_volume.QuotaReserveTask;volume:create' (75f3a8a4-8663-4679-a6ff-9120c80b0bff) transitioned into state 'RUNNING' from state 'PENDING' {{(pid=99489) _task_receiver /usr/local/lib/python3.8/dist-packages/taskflow/listeners/logging.py:190}}
Jun 22 08:56:44.327804 dv-cinder-797333-1-smb devstack@c-api.service[99488]: WARNING stevedore.named [None req-e9abf8d3-cd9d-4f55-aa1b-e43fa094771b tempest-GroupSnapshotsTest-1687096452 tempest-GroupSnapshotsTest-1687096452-project] Could not load cinder.keymgr.conf_key_mgr.ConfKeyManager
Jun 22 08:56:44.328580 dv-cinder-797333-1-smb devstack@c-api.service[99488]: WARNING castellan.key_manager [None req-e9abf8d3-cd9d-4f55-aa1b-e43fa094771b tempest-GroupSnapshotsTest-1687096452 tempest-GroupSnapshotsTest-1687096452-project] Deprecation Warning : cinder.keymgr.conf_key_mgr.ConfKeyManager is not a stevedore based driver, trying to load it as a class: stevedore.exception.NoMatches: No 'castellan.drivers' driver found, looking for 'cinder.keymgr.conf_key_mgr.ConfKeyManager'
Jun 22 08:56:44.350719 dv-cinder-797333-1-smb devstack@c-api.service[99488]: DEBUG oslo_db.sqlalchemy.engines [None req-e9abf8d3-cd9d-4f55-aa1b-e43fa094771b tempest-GroupSnapshotsTest-1687096452 tempest-GroupSnapshotsTest-1687096452-project] MySQL server mode set to STRICT_TRANS_TABLES,STRICT_ALL_TABLES,NO_ZERO_IN_DATE,NO_ZERO_DATE,ERROR_FOR_DIVISION_BY_ZERO,TRADITIONAL,NO_ENGINE_SUBSTITUTION {{(pid=99488) _check_effective_sql_mode /usr/local/lib/python3.8/dist-packages/oslo_db/sqlalchemy/engines.py:314}}
Jun 22 08:56:44.378233 dv-cinder-797333-1-smb devstack@c-api.service[99488]: /usr/local/lib/python3.8/dist-packages/oslo_context/context.py:105: DeprecationWarning: Policy enforcement is depending on the value of is_admin. This key is deprecated. Please update your policy file to use the standard policy values.
Jun 22 08:56:44.378233 dv-cinder-797333-1-smb devstack@c-api.service[99488]: warnings.warn('Policy enforcement is depending on the value of '
Jun 22 08:56:44.385880 dv-cinder-797333-1-smb devstack@c-api.service[99489]: WARNING cinder.quota_utils [None req-d4dc0961-db77-4fe1-9606-b0635a4f9d64 tempest-VolumeQuotasNegativeTestJSON-547458813 tempest-VolumeQuotasNegativeTestJSON-547458813-project] Quota exceeded for ce24fbc927de4c809ba6b9a0127973cf, tried to create 2G volume (1G of 1G already consumed).: cinder.exception.OverQuota: Quota exceeded for resources: ['gigabytes']
Jun 22 08:56:44.393351 dv-cinder-797333-1-smb devstack@c-api.service[99489]: WARNING cinder.volume.api [None req-d4dc0961-db77-4fe1-9606-b0635a4f9d64 tempest-VolumeQuotasNegativeTestJSON-547458813 tempest-VolumeQuotasNegativeTestJSON-547458813-project] Task 'cinder.volume.flows.api.create_volume.QuotaReserveTask;volume:create' (75f3a8a4-8663-4679-a6ff-9120c80b0bff) transitioned into state 'FAILURE' from state 'RUNNING'
Jun 22 08:56:44.393351 dv-cinder-797333-1-smb devstack@c-api.service[99489]: Failure: cinder.exception.VolumeSizeExceedsAvailableQuota: Requested volume or snapshot exceeds allowed gigabytes quota. Requested 2G, quota is 1G and 1G has been consumed.
Jun 22 08:56:44.436137 dv-cinder-797333-1-smb devstack@c-api.service[99489]: DEBUG cinder.volume.api [None req-d4dc0961-db77-4fe1-9606-b0635a4f9d64 tempest-VolumeQuotasNegativeTestJSON-547458813 tempest-VolumeQuotasNegativeTestJSON-547458813-project] Task 'cinder.volume.flows.api.create_volume.QuotaReserveTask;volume:create' (75f3a8a4-8663-4679-a6ff-9120c80b0bff) transitioned into state 'REVERTING' from state 'FAILURE' {{(pid=99489) _task_receiver /usr/local/lib/python3.8/dist-packages/taskflow/listeners/logging.py:190}}
Jun 22 08:56:44.438917 dv-cinder-797333-1-smb devstack@c-api.service[99489]: WARNING cinder.volume.api [None req-d4dc0961-db77-4fe1-9606-b0635a4f9d64 tempest-VolumeQuotasNegativeTestJSON-547458813 tempest-VolumeQuotasNegativeTestJSON-547458813-project] Task 'cinder.volume.flows.api.create_volume.QuotaReserveTask;volume:create' (75f3a8a4-8663-4679-a6ff-9120c80b0bff) transitioned into state 'REVERTED' from state 'REVERTING' with result 'None'
Jun 22 08:56:44.451177 dv-cinder-797333-1-smb devstack@c-api.service[99488]: INFO cinder.api.openstack.wsgi [None req-e9abf8d3-cd9d-4f55-aa1b-e43fa094771b tempest-GroupSnapshotsTest-1687096452 tempest-GroupSnapshotsTest-1687096452-project] http://10.222.0.22/volume/v3/2995fe63a37d459ab372e5bd1d034111/volumes/detail returned with HTTP 200
Jun 22 08:56:44.462420 dv-cinder-797333-1-smb devstack@c-api.service[99489]: DEBUG cinder.volume.api [None req-d4dc0961-db77-4fe1-9606-b0635a4f9d64 tempest-VolumeQuotasNegativeTestJSON-547458813 tempest-VolumeQuotasNegativeTestJSON-547458813-project] Task 'cinder.volume.flows.api.create_volume.ExtractVolumeRequestTask;volume:create' (b59aa868-3069-4244-99ba-6c3cfae266a0) transitioned into state 'REVERTING' from state 'SUCCESS' {{(pid=99489) _task_receiver /usr/local/lib/python3.8/dist-packages/taskflow/listeners/logging.py:190}}
Jun 22 08:56:44.464354 dv-cinder-797333-1-smb devstack@c-api.service[99489]: WARNING cinder.volume.api [None req-d4dc0961-db77-4fe1-9606-b0635a4f9d64 tempest-VolumeQuotasNegativeTestJSON-547458813 tempest-VolumeQuotasNegativeTestJSON-547458813-project] Task 'cinder.volume.flows.api.create_volume.ExtractVolumeRequestTask;volume:create' (b59aa868-3069-4244-99ba-6c3cfae266a0) transitioned into state 'REVERTED' from state 'REVERTING' with result 'None'
Jun 22 08:56:44.474916 dv-cinder-797333-1-smb devstack@c-api.service[99488]: [pid: 99488|app: 0|req: 35/68] 10.222.0.22 () {60 vars in 1276 bytes} [Tue Jun 22 08:56:43 2021] GET /volume/v3/2995fe63a37d459ab372e5bd1d034111/volumes/detail => generated 1002 bytes in 525 msecs (HTTP/1.1 200) 7 headers in 287 bytes (1 switches on core 0)
Jun 22 08:56:44.475420 dv-cinder-797333-1-smb devstack@c-api.service[99489]: WARNING cinder.volume.api [None req-d4dc0961-db77-4fe1-9606-b0635a4f9d64 tempest-VolumeQuotasNegativeTestJSON-547458813 tempest-VolumeQuotasNegativeTestJSON-547458813-project] Flow 'volume_create_api' (12969c99-eeb1-499e-bd2b-3105478e1008) transitioned into state 'REVERTED' from state 'RUNNING'
Jun 22 08:56:44.475420 dv-cinder-797333-1-smb devstack@c-api.service[99489]: INFO cinder.api.middleware.fault [None req-d4dc0961-db77-4fe1-9606-b0635a4f9d64 tempest-VolumeQuotasNegativeTestJSON-547458813 tempest-VolumeQuotasNegativeTestJSON-547458813-project] http://10.222.0.22/volume/v3/ce24fbc927de4c809ba6b9a0127973cf/volumes returned with HTTP 413
Jun 22 08:56:44.475995 dv-cinder-797333-1-smb devstack@c-api.service[99489]: [pid: 99489|app: 0|req: 34/69] 10.222.0.22 () {60 vars in 1235 bytes} [Tue Jun 22 08:56:44 2021] POST /volume/v3/ce24fbc927de4c809ba6b9a0127973cf/volumes => generated 208 bytes in 334 msecs (HTTP/1.1 413) 8 headers in 323 bytes (2 switches on core 0)
Jun 22 08:56:44.485826 dv-cinder-797333-1-smb devstack@c-api.service[99488]: INFO cinder.api.openstack.wsgi [None req-3b576add-7ae4-4ce2-9ce1-e5426190beea tempest-GroupSnapshotsTest-1687096452 tempest-GroupSnapshotsTest-1687096452-project] POST http://10.222.0.22/volume/v3/2995fe63a37d459ab372e5bd1d034111/groups/9754f985-401a-4ab9-bcd9-7c5bf0113906/action
Jun 22 08:56:44.490208 dv-cinder-797333-1-smb devstack@c-api.service[99488]: /usr/local/lib/python3.8/dist-packages/webob/acceptparse.py:1047: DeprecationWarning: The behavior of AcceptValidHeader.best_match is currently being maintained for backward compatibility, but it will be deprecated in the future, as it does not conform to the RFC.
Jun 22 08:56:44.490208 dv-cinder-797333-1-smb devstack@c-api.service[99488]: warnings.warn(
Jun 22 08:56:44.493181 dv-cinder-797333-1-smb devstack@c-api.service[99488]: DEBUG cinder.api.openstack.wsgi [None req-3b576add-7ae4-4ce2-9ce1-e5426190beea tempest-GroupSnapshotsTest-1687096452 tempest-GroupSnapshotsTest-1687096452-project] Action body: b'{"delete": {"delete-volumes": true}}' {{(pid=99488) get_method /opt/stack/cinder/cinder/api/openstack/wsgi.py:981}}
Jun 22 08:56:44.493865 dv-cinder-797333-1-smb devstack@c-api.service[99488]: DEBUG cinder.api.openstack.wsgi [None req-3b576add-7ae4-4ce2-9ce1-e5426190beea tempest-GroupSnapshotsTest-1687096452 tempest-GroupSnapshotsTest-1687096452-project] Action: 'action', calling method: version_select, body: {"delete": {"delete-volumes": true}} {{(pid=99488) _process_stack /opt/stack/cinder/cinder/api/openstack/wsgi.py:864}}
Jun 22 08:56:44.494540 dv-cinder-797333-1-smb devstack@c-api.service[99489]: INFO cinder.api.openstack.wsgi [None req-02492de7-b90c-4880-9dd3-02114f747711 tempest-VolumeQuotasNegativeTestJSON-1947228979 tempest-VolumeQuotasNegativeTestJSON-1947228979-project-admin] PUT http://10.222.0.22/volume/v3/1406a939ce9e46a58256c54d5d0649c2/os-quota-sets/ce24fbc927de4c809ba6b9a0127973cf
Jun 22 08:56:44.495152 dv-cinder-797333-1-smb devstack@c-api.service[99489]: /usr/local/lib/python3.8/dist-packages/webob/acceptparse.py:1047: DeprecationWarning: The behavior of AcceptValidHeader.best_match is currently being maintained for backward compatibility, but it will be deprecated in the future, as it does not conform to the RFC.
Jun 22 08:56:44.495152 dv-cinder-797333-1-smb devstack@c-api.service[99489]: warnings.warn(
Jun 22 08:56:44.495596 dv-cinder-797333-1-smb devstack@c-api.service[99488]: DEBUG cinder.api.v3.groups [None req-3b576add-7ae4-4ce2-9ce1-e5426190beea tempest-GroupSnapshotsTest-1687096452 tempest-GroupSnapshotsTest-1687096452-project] delete called for group 9754f985-401a-4ab9-bcd9-7c5bf0113906 {{(pid=99488) _delete /opt/stack/cinder/cinder/api/v3/groups.py:117}}
Jun 22 08:56:44.495910 dv-cinder-797333-1-smb devstack@c-api.service[99489]: DEBUG cinder.api.openstack.wsgi [None req-02492de7-b90c-4880-9dd3-02114f747711 tempest-VolumeQuotasNegativeTestJSON-1947228979 tempest-VolumeQuotasNegativeTestJSON-1947228979-project-admin] Action: 'update', calling method: update, body: {"quota_set": {"volumes": 1, "gigabytes": -1}} {{(pid=99489) _process_stack /opt/stack/cinder/cinder/api/openstack/wsgi.py:864}}
Jun 22 08:56:44.496228 dv-cinder-797333-1-smb devstack@c-api.service[99488]: INFO cinder.api.v3.groups [None req-3b576add-7ae4-4ce2-9ce1-e5426190beea tempest-GroupSnapshotsTest-1687096452 tempest-GroupSnapshotsTest-1687096452-project] Delete group with id: 9754f985-401a-4ab9-bcd9-7c5bf0113906
Jun 22 08:56:44.503585 dv-cinder-797333-1-smb devstack@c-api.service[99488]: /usr/local/lib/python3.8/dist-packages/oslo_context/context.py:105: DeprecationWarning: Policy enforcement is depending on the value of is_admin. This key is deprecated. Please update your policy file to use the standard policy values.
Jun 22 08:56:44.503585 dv-cinder-797333-1-smb devstack@c-api.service[99488]: warnings.warn('Policy enforcement is depending on the value of '
Jun 22 08:56:44.516820 dv-cinder-797333-1-smb devstack@c-api.service[99489]: /usr/local/lib/python3.8/dist-packages/oslo_context/context.py:105: DeprecationWarning: Policy enforcement is depending on the value of is_admin. This key is deprecated. Please update your policy file to use the standard policy values.
Jun 22 08:56:44.516820 dv-cinder-797333-1-smb devstack@c-api.service[99489]: warnings.warn('Policy enforcement is depending on the value of '
Jun 22 08:56:44.646815 dv-cinder-797333-1-smb devstack@c-api.service[99489]: INFO cinder.api.openstack.wsgi [None req-02492de7-b90c-4880-9dd3-02114f747711 tempest-VolumeQuotasNegativeTestJSON-1947228979 tempest-VolumeQuotasNegativeTestJSON-1947228979-project-admin] http://10.222.0.22/volume/v3/1406a939ce9e46a58256c54d5d0649c2/os-quota-sets/ce24fbc927de4c809ba6b9a0127973cf returned with HTTP 200
Jun 22 08:56:44.651563 dv-cinder-797333-1-smb devstack@c-api.service[99489]: [pid: 99489|app: 0|req: 35/70] 10.222.0.22 () {60 vars in 1351 bytes} [Tue Jun 22 08:56:44 2021] PUT /volume/v3/1406a939ce9e46a58256c54d5d0649c2/os-quota-sets/ce24fbc927de4c809ba6b9a0127973cf => generated 512 bytes in 168 msecs (HTTP/1.1 200) 7 headers in 285 bytes (1 switches on core 0)
Jun 22 08:56:44.665220 dv-cinder-797333-1-smb devstack@c-api.service[99489]: INFO cinder.api.openstack.wsgi [None req-cf4ba6f9-c320-4abe-ba19-eff39d840a11 tempest-VolumeQuotasNegativeTestJSON-547458813 tempest-VolumeQuotasNegativeTestJSON-547458813-project] POST http://10.222.0.22/volume/v3/ce24fbc927de4c809ba6b9a0127973cf/volumes
Jun 22 08:56:44.668861 dv-cinder-797333-1-smb devstack@c-api.service[99489]: DEBUG cinder.api.openstack.wsgi [None req-cf4ba6f9-c320-4abe-ba19-eff39d840a11 tempest-VolumeQuotasNegativeTestJSON-547458813 tempest-VolumeQuotasNegativeTestJSON-547458813-project] Action: 'create', calling method: create, body: {"volume": {"size": 1}} {{(pid=99489) _process_stack /opt/stack/cinder/cinder/api/openstack/wsgi.py:864}}
Jun 22 08:56:44.670868 dv-cinder-797333-1-smb devstack@c-api.service[99489]: DEBUG cinder.api.v3.volumes [None req-cf4ba6f9-c320-4abe-ba19-eff39d840a11 tempest-VolumeQuotasNegativeTestJSON-547458813 tempest-VolumeQuotasNegativeTestJSON-547458813-project] Create volume request body: {'volume': {'size': 1}} {{(pid=99489) create /opt/stack/cinder/cinder/api/v3/volumes.py:289}}
Jun 22 08:56:44.671480 dv-cinder-797333-1-smb devstack@c-api.service[99489]: INFO cinder.api.v3.volumes [None req-cf4ba6f9-c320-4abe-ba19-eff39d840a11 tempest-VolumeQuotasNegativeTestJSON-547458813 tempest-VolumeQuotasNegativeTestJSON-547458813-project] Create volume of 1 GB
Jun 22 08:56:44.680755 dv-cinder-797333-1-smb devstack@c-api.service[99489]: INFO cinder.volume.api [None req-cf4ba6f9-c320-4abe-ba19-eff39d840a11 tempest-VolumeQuotasNegativeTestJSON-547458813 tempest-VolumeQuotasNegativeTestJSON-547458813-project] Availability Zones retrieved successfully.
Jun 22 08:56:44.703092 dv-cinder-797333-1-smb devstack@c-api.service[99489]: DEBUG cinder.volume.api [None req-cf4ba6f9-c320-4abe-ba19-eff39d840a11 tempest-VolumeQuotasNegativeTestJSON-547458813 tempest-VolumeQuotasNegativeTestJSON-547458813-project] Flow 'volume_create_api' (520a11b4-262d-45f6-a336-7871710be055) transitioned into state 'RUNNING' from state 'PENDING' {{(pid=99489) _flow_receiver /usr/local/lib/python3.8/dist-packages/taskflow/listeners/logging.py:141}}
Jun 22 08:56:44.716727 dv-cinder-797333-1-smb devstack@c-api.service[99489]: DEBUG cinder.volume.api [None req-cf4ba6f9-c320-4abe-ba19-eff39d840a11 tempest-VolumeQuotasNegativeTestJSON-547458813 tempest-VolumeQuotasNegativeTestJSON-547458813-project] Task 'cinder.volume.flows.api.create_volume.ExtractVolumeRequestTask;volume:create' (1801bcfa-d3a9-480c-889a-d893c1112ea1) transitioned into state 'RUNNING' from state 'PENDING' {{(pid=99489) _task_receiver /usr/local/lib/python3.8/dist-packages/taskflow/listeners/logging.py:190}}
Jun 22 08:56:44.719477 dv-cinder-797333-1-smb devstack@c-api.service[99489]: DEBUG cinder.volume.flows.api.create_volume [None req-cf4ba6f9-c320-4abe-ba19-eff39d840a11 tempest-VolumeQuotasNegativeTestJSON-547458813 tempest-VolumeQuotasNegativeTestJSON-547458813-project] Validating volume size '1' using validate_int {{(pid=99489) _extract_size /opt/stack/cinder/cinder/volume/flows/api/create_volume.py:201}}
Jun 22 08:56:44.742968 dv-cinder-797333-1-smb devstack@c-api.service[99488]: INFO cinder.api.openstack.wsgi [None req-3b576add-7ae4-4ce2-9ce1-e5426190beea tempest-GroupSnapshotsTest-1687096452 tempest-GroupSnapshotsTest-1687096452-project] http://10.222.0.22/volume/v3/2995fe63a37d459ab372e5bd1d034111/groups/9754f985-401a-4ab9-bcd9-7c5bf0113906/action returned with HTTP 202
Jun 22 08:56:44.767257 dv-cinder-797333-1-smb devstack@c-api.service[99488]: [pid: 99488|app: 0|req: 36/71] 10.222.0.22 () {62 vars in 1405 bytes} [Tue Jun 22 08:56:44 2021] POST /volume/v3/2995fe63a37d459ab372e5bd1d034111/groups/9754f985-401a-4ab9-bcd9-7c5bf0113906/action => generated 0 bytes in 286 msecs (HTTP/1.1 202) 6 headers in 234 bytes (1 switches on core 0)
Jun 22 08:56:44.778713 dv-cinder-797333-1-smb devstack@c-api.service[99488]: INFO cinder.api.openstack.wsgi [None req-42f612f5-78a6-4fd7-8ee6-92768406f3ee tempest-GroupSnapshotsTest-1687096452 tempest-GroupSnapshotsTest-1687096452-project] GET http://10.222.0.22/volume/v3/2995fe63a37d459ab372e5bd1d034111/volumes/34cd4212-7fd4-4ad3-b184-0d95bc620a17
Jun 22 08:56:44.779314 dv-cinder-797333-1-smb devstack@c-api.service[99488]: DEBUG cinder.api.openstack.wsgi [None req-42f612f5-78a6-4fd7-8ee6-92768406f3ee tempest-GroupSnapshotsTest-1687096452 tempest-GroupSnapshotsTest-1687096452-project] Empty body provided in request {{(pid=99488) get_body /opt/stack/cinder/cinder/api/openstack/wsgi.py:713}}
Jun 22 08:56:44.779529 dv-cinder-797333-1-smb devstack@c-api.service[99488]: /usr/local/lib/python3.8/dist-packages/webob/acceptparse.py:1047: DeprecationWarning: The behavior of AcceptValidHeader.best_match is currently being maintained for backward compatibility, but it will be deprecated in the future, as it does not conform to the RFC.
Jun 22 08:56:44.779529 dv-cinder-797333-1-smb devstack@c-api.service[99488]: warnings.warn(
Jun 22 08:56:44.779814 dv-cinder-797333-1-smb devstack@c-api.service[99488]: DEBUG cinder.api.openstack.wsgi [None req-42f612f5-78a6-4fd7-8ee6-92768406f3ee tempest-GroupSnapshotsTest-1687096452 tempest-GroupSnapshotsTest-1687096452-project] Calling method 'show' {{(pid=99488) _process_stack /opt/stack/cinder/cinder/api/openstack/wsgi.py:866}}
Jun 22 08:56:44.818751 dv-cinder-797333-1-smb devstack@c-api.service[99489]: DEBUG cinder.volume.api [None req-cf4ba6f9-c320-4abe-ba19-eff39d840a11 tempest-VolumeQuotasNegativeTestJSON-547458813 tempest-VolumeQuotasNegativeTestJSON-547458813-project] Task 'cinder.volume.flows.api.create_volume.ExtractVolumeRequestTask;volume:create' (1801bcfa-d3a9-480c-889a-d893c1112ea1) transitioned into state 'SUCCESS' from state 'RUNNING' with result '{'size': 1, 'snapshot_id': None, 'source_volid': None, 'volume_type': VolumeType(created_at=2021-06-22T08:47:13Z,deleted=False,deleted_at=None,description='Default Volume Type',extra_specs={},id=f7ed837c-3ed4-443b-a4ff-525cc5cb5e0d,is_public=True,name='__DEFAULT__',projects=[],qos_specs=,qos_specs_id=None,updated_at=2021-06-22T08:47:13Z), 'volume_type_id': 'f7ed837c-3ed4-443b-a4ff-525cc5cb5e0d', 'encryption_key_id': None, 'qos_specs': None, 'consistencygroup_id': None, 'cgsnapshot_id': None, 'group_id': None, 'replication_status': 'disabled', 'refresh_az': False, 'backup_id': None, 'multiattach': False, 'availability_zones': ['nova']}' {{(pid=99489) _task_receiver /usr/local/lib/python3.8/dist-packages/taskflow/listeners/logging.py:178}}
Jun 22 08:56:44.844470 dv-cinder-797333-1-smb devstack@c-api.service[99489]: DEBUG cinder.volume.api [None req-cf4ba6f9-c320-4abe-ba19-eff39d840a11 tempest-VolumeQuotasNegativeTestJSON-547458813 tempest-VolumeQuotasNegativeTestJSON-547458813-project] Task 'cinder.volume.flows.api.create_volume.QuotaReserveTask;volume:create' (57a2bd02-d95a-4071-800b-1a4584c48382) transitioned into state 'RUNNING' from state 'PENDING' {{(pid=99489) _task_receiver /usr/local/lib/python3.8/dist-packages/taskflow/listeners/logging.py:190}}
Jun 22 08:56:44.886003 dv-cinder-797333-1-smb devstack@c-api.service[99488]: /usr/local/lib/python3.8/dist-packages/oslo_context/context.py:105: DeprecationWarning: Policy enforcement is depending on the value of is_admin. This key is deprecated. Please update your policy file to use the standard policy values.
Jun 22 08:56:44.886003 dv-cinder-797333-1-smb devstack@c-api.service[99488]: warnings.warn('Policy enforcement is depending on the value of '
Jun 22 08:56:44.924856 dv-cinder-797333-1-smb devstack@c-api.service[99488]: INFO cinder.volume.api [None req-42f612f5-78a6-4fd7-8ee6-92768406f3ee tempest-GroupSnapshotsTest-1687096452 tempest-GroupSnapshotsTest-1687096452-project] Volume info retrieved successfully.
Jun 22 08:56:44.957103 dv-cinder-797333-1-smb devstack@c-api.service[99488]: WARNING stevedore.named [None req-42f612f5-78a6-4fd7-8ee6-92768406f3ee tempest-GroupSnapshotsTest-1687096452 tempest-GroupSnapshotsTest-1687096452-project] Could not load cinder.keymgr.conf_key_mgr.ConfKeyManager
Jun 22 08:56:44.957913 dv-cinder-797333-1-smb devstack@c-api.service[99488]: WARNING castellan.key_manager [None req-42f612f5-78a6-4fd7-8ee6-92768406f3ee tempest-GroupSnapshotsTest-1687096452 tempest-GroupSnapshotsTest-1687096452-project] Deprecation Warning : cinder.keymgr.conf_key_mgr.ConfKeyManager is not a stevedore based driver, trying to load it as a class: stevedore.exception.NoMatches: No 'castellan.drivers' driver found, looking for 'cinder.keymgr.conf_key_mgr.ConfKeyManager'
Jun 22 08:56:44.973532 dv-cinder-797333-1-smb devstack@c-api.service[99488]: DEBUG oslo_db.sqlalchemy.engines [None req-42f612f5-78a6-4fd7-8ee6-92768406f3ee tempest-GroupSnapshotsTest-1687096452 tempest-GroupSnapshotsTest-1687096452-project] MySQL server mode set to STRICT_TRANS_TABLES,STRICT_ALL_TABLES,NO_ZERO_IN_DATE,NO_ZERO_DATE,ERROR_FOR_DIVISION_BY_ZERO,TRADITIONAL,NO_ENGINE_SUBSTITUTION {{(pid=99488) _check_effective_sql_mode /usr/local/lib/python3.8/dist-packages/oslo_db/sqlalchemy/engines.py:314}}
Jun 22 08:56:44.988980 dv-cinder-797333-1-smb devstack@c-api.service[99489]: WARNING cinder.quota_utils [None req-cf4ba6f9-c320-4abe-ba19-eff39d840a11 tempest-VolumeQuotasNegativeTestJSON-547458813 tempest-VolumeQuotasNegativeTestJSON-547458813-project] Quota exceeded for ce24fbc927de4c809ba6b9a0127973cf, tried to create volume (1 volumes already consumed).: cinder.exception.OverQuota: Quota exceeded for resources: ['volumes']
Jun 22 08:56:44.992217 dv-cinder-797333-1-smb devstack@c-api.service[99489]: WARNING cinder.volume.api [None req-cf4ba6f9-c320-4abe-ba19-eff39d840a11 tempest-VolumeQuotasNegativeTestJSON-547458813 tempest-VolumeQuotasNegativeTestJSON-547458813-project] Task 'cinder.volume.flows.api.create_volume.QuotaReserveTask;volume:create' (57a2bd02-d95a-4071-800b-1a4584c48382) transitioned into state 'FAILURE' from state 'RUNNING'
Jun 22 08:56:44.992217 dv-cinder-797333-1-smb devstack@c-api.service[99489]: Failure: cinder.exception.VolumeLimitExceeded: Maximum number of volumes allowed (1) exceeded for quota 'volumes'.
Jun 22 08:56:45.003694 dv-cinder-797333-1-smb devstack@c-api.service[99489]: DEBUG cinder.volume.api [None req-cf4ba6f9-c320-4abe-ba19-eff39d840a11 tempest-VolumeQuotasNegativeTestJSON-547458813 tempest-VolumeQuotasNegativeTestJSON-547458813-project] Task 'cinder.volume.flows.api.create_volume.QuotaReserveTask;volume:create' (57a2bd02-d95a-4071-800b-1a4584c48382) transitioned into state 'REVERTING' from state 'FAILURE' {{(pid=99489) _task_receiver /usr/local/lib/python3.8/dist-packages/taskflow/listeners/logging.py:190}}
Jun 22 08:56:45.007217 dv-cinder-797333-1-smb devstack@c-api.service[99489]: WARNING cinder.volume.api [None req-cf4ba6f9-c320-4abe-ba19-eff39d840a11 tempest-VolumeQuotasNegativeTestJSON-547458813 tempest-VolumeQuotasNegativeTestJSON-547458813-project] Task 'cinder.volume.flows.api.create_volume.QuotaReserveTask;volume:create' (57a2bd02-d95a-4071-800b-1a4584c48382) transitioned into state 'REVERTED' from state 'REVERTING' with result 'None'
Jun 22 08:56:45.022518 dv-cinder-797333-1-smb devstack@c-api.service[99489]: DEBUG cinder.volume.api [None req-cf4ba6f9-c320-4abe-ba19-eff39d840a11 tempest-VolumeQuotasNegativeTestJSON-547458813 tempest-VolumeQuotasNegativeTestJSON-547458813-project] Task 'cinder.volume.flows.api.create_volume.ExtractVolumeRequestTask;volume:create' (1801bcfa-d3a9-480c-889a-d893c1112ea1) transitioned into state 'REVERTING' from state 'SUCCESS' {{(pid=99489) _task_receiver /usr/local/lib/python3.8/dist-packages/taskflow/listeners/logging.py:190}}
Jun 22 08:56:45.025793 dv-cinder-797333-1-smb devstack@c-api.service[99489]: WARNING cinder.volume.api [None req-cf4ba6f9-c320-4abe-ba19-eff39d840a11 tempest-VolumeQuotasNegativeTestJSON-547458813 tempest-VolumeQuotasNegativeTestJSON-547458813-project] Task 'cinder.volume.flows.api.create_volume.ExtractVolumeRequestTask;volume:create' (1801bcfa-d3a9-480c-889a-d893c1112ea1) transitioned into state 'REVERTED' from state 'REVERTING' with result 'None'
Jun 22 08:56:45.029100 dv-cinder-797333-1-smb devstack@c-api.service[99489]: WARNING cinder.volume.api [None req-cf4ba6f9-c320-4abe-ba19-eff39d840a11 tempest-VolumeQuotasNegativeTestJSON-547458813 tempest-VolumeQuotasNegativeTestJSON-547458813-project] Flow 'volume_create_api' (520a11b4-262d-45f6-a336-7871710be055) transitioned into state 'REVERTED' from state 'RUNNING'
Jun 22 08:56:45.030130 dv-cinder-797333-1-smb devstack@c-api.service[99489]: INFO cinder.api.middleware.fault [None req-cf4ba6f9-c320-4abe-ba19-eff39d840a11 tempest-VolumeQuotasNegativeTestJSON-547458813 tempest-VolumeQuotasNegativeTestJSON-547458813-project] http://10.222.0.22/volume/v3/ce24fbc927de4c809ba6b9a0127973cf/volumes returned with HTTP 413
Jun 22 08:56:45.032102 dv-cinder-797333-1-smb devstack@c-api.service[99489]: [pid: 99489|app: 0|req: 36/72] 10.222.0.22 () {60 vars in 1235 bytes} [Tue Jun 22 08:56:44 2021] POST /volume/v3/ce24fbc927de4c809ba6b9a0127973cf/volumes => generated 150 bytes in 378 msecs (HTTP/1.1 413) 8 headers in 323 bytes (1 switches on core 0)
Jun 22 08:56:45.034853 dv-cinder-797333-1-smb devstack@c-api.service[99488]: /usr/local/lib/python3.8/dist-packages/oslo_context/context.py:105: DeprecationWarning: Policy enforcement is depending on the value of is_admin. This key is deprecated. Please update your policy file to use the standard policy values.
Jun 22 08:56:45.034853 dv-cinder-797333-1-smb devstack@c-api.service[99488]: warnings.warn('Policy enforcement is depending on the value of '
Jun 22 08:56:45.104441 dv-cinder-797333-1-smb devstack@c-api.service[99488]: INFO cinder.api.openstack.wsgi [None req-42f612f5-78a6-4fd7-8ee6-92768406f3ee tempest-GroupSnapshotsTest-1687096452 tempest-GroupSnapshotsTest-1687096452-project] http://10.222.0.22/volume/v3/2995fe63a37d459ab372e5bd1d034111/volumes/34cd4212-7fd4-4ad3-b184-0d95bc620a17 returned with HTTP 200
Jun 22 08:56:45.117331 dv-cinder-797333-1-smb devstack@c-api.service[99488]: [pid: 99488|app: 0|req: 37/73] 10.222.0.22 () {60 vars in 1366 bytes} [Tue Jun 22 08:56:44 2021] GET /volume/v3/2995fe63a37d459ab372e5bd1d034111/volumes/34cd4212-7fd4-4ad3-b184-0d95bc620a17 => generated 998 bytes in 349 msecs (HTTP/1.1 200) 7 headers in 286 bytes (1 switches on core 0)
Jun 22 08:56:45.136756 dv-cinder-797333-1-smb devstack@c-api.service[99488]: INFO cinder.api.openstack.wsgi [None req-09ed90cc-f464-45d0-a701-b7564ccbc54b tempest-VolumeQuotasNegativeTestJSON-1947228979 tempest-VolumeQuotasNegativeTestJSON-1947228979-project-admin] PUT http://10.222.0.22/volume/v3/1406a939ce9e46a58256c54d5d0649c2/os-quota-sets/ce24fbc927de4c809ba6b9a0127973cf
Jun 22 08:56:45.140065 dv-cinder-797333-1-smb devstack@c-api.service[99488]: /usr/local/lib/python3.8/dist-packages/webob/acceptparse.py:1047: DeprecationWarning: The behavior of AcceptValidHeader.best_match is currently being maintained for backward compatibility, but it will be deprecated in the future, as it does not conform to the RFC.
Jun 22 08:56:45.140065 dv-cinder-797333-1-smb devstack@c-api.service[99488]: warnings.warn(
Jun 22 08:56:45.154142 dv-cinder-797333-1-smb devstack@c-api.service[99488]: DEBUG cinder.api.openstack.wsgi [None req-09ed90cc-f464-45d0-a701-b7564ccbc54b tempest-VolumeQuotasNegativeTestJSON-1947228979 tempest-VolumeQuotasNegativeTestJSON-1947228979-project-admin] Action: 'update', calling method: update, body: {"quota_set": {"gigabytes": 1}} {{(pid=99488) _process_stack /opt/stack/cinder/cinder/api/openstack/wsgi.py:864}}
Jun 22 08:56:45.292540 dv-cinder-797333-1-smb devstack@c-api.service[99489]: INFO cinder.api.openstack.wsgi [None req-d2980472-228e-470d-ab38-2ad61492c7ac tempest-VolumePoolsAdminTestsJSON-1651304920 tempest-VolumePoolsAdminTestsJSON-1651304920-project-admin] GET http://10.222.0.22/volume/v3/30eecfedb993461da38df10f73c34596/scheduler-stats/get_pools?detail=True
Jun 22 08:56:45.293085 dv-cinder-797333-1-smb devstack@c-api.service[99489]: DEBUG cinder.api.openstack.wsgi [None req-d2980472-228e-470d-ab38-2ad61492c7ac tempest-VolumePoolsAdminTestsJSON-1651304920 tempest-VolumePoolsAdminTestsJSON-1651304920-project-admin] Empty body provided in request {{(pid=99489) get_body /opt/stack/cinder/cinder/api/openstack/wsgi.py:713}}
Jun 22 08:56:45.293282 dv-cinder-797333-1-smb devstack@c-api.service[99489]: /usr/local/lib/python3.8/dist-packages/webob/acceptparse.py:1047: DeprecationWarning: The behavior of AcceptValidHeader.best_match is currently being maintained for backward compatibility, but it will be deprecated in the future, as it does not conform to the RFC.
Jun 22 08:56:45.293282 dv-cinder-797333-1-smb devstack@c-api.service[99489]: warnings.warn(
Jun 22 08:56:45.293677 dv-cinder-797333-1-smb devstack@c-api.service[99489]: DEBUG cinder.api.openstack.wsgi [None req-d2980472-228e-470d-ab38-2ad61492c7ac tempest-VolumePoolsAdminTestsJSON-1651304920 tempest-VolumePoolsAdminTestsJSON-1651304920-project-admin] Calling method 'get_pools' {{(pid=99489) _process_stack /opt/stack/cinder/cinder/api/openstack/wsgi.py:866}}
Jun 22 08:56:45.294419 dv-cinder-797333-1-smb devstack@c-api.service[99489]: /usr/local/lib/python3.8/dist-packages/oslo_context/context.py:105: DeprecationWarning: Policy enforcement is depending on the value of is_admin. This key is deprecated. Please update your policy file to use the standard policy values.
Jun 22 08:56:45.294419 dv-cinder-797333-1-smb devstack@c-api.service[99489]: warnings.warn('Policy enforcement is depending on the value of '
Jun 22 08:56:45.315899 dv-cinder-797333-1-smb devstack@c-api.service[99489]: INFO cinder.api.openstack.wsgi [None req-d2980472-228e-470d-ab38-2ad61492c7ac tempest-VolumePoolsAdminTestsJSON-1651304920 tempest-VolumePoolsAdminTestsJSON-1651304920-project-admin] http://10.222.0.22/volume/v3/30eecfedb993461da38df10f73c34596/scheduler-stats/get_pools?detail=True returned with HTTP 200
Jun 22 08:56:45.316940 dv-cinder-797333-1-smb devstack@c-api.service[99489]: [pid: 99489|app: 0|req: 37/74] 10.222.0.22 () {58 vars in 1291 bytes} [Tue Jun 22 08:56:45 2021] GET /volume/v3/30eecfedb993461da38df10f73c34596/scheduler-stats/get_pools?detail=True => generated 618 bytes in 284 msecs (HTTP/1.1 200) 7 headers in 285 bytes (1 switches on core 0)
Jun 22 08:56:45.331381 dv-cinder-797333-1-smb devstack@c-api.service[99489]: INFO cinder.api.openstack.wsgi [None req-8483721b-7ed1-4bca-9212-a7c343a8d3f5 tempest-VolumePoolsAdminTestsJSON-1651304920 tempest-VolumePoolsAdminTestsJSON-1651304920-project-admin] GET http://10.222.0.22/volume/v3/30eecfedb993461da38df10f73c34596/scheduler-stats/get_pools
Jun 22 08:56:45.331952 dv-cinder-797333-1-smb devstack@c-api.service[99489]: DEBUG cinder.api.openstack.wsgi [None req-8483721b-7ed1-4bca-9212-a7c343a8d3f5 tempest-VolumePoolsAdminTestsJSON-1651304920 tempest-VolumePoolsAdminTestsJSON-1651304920-project-admin] Empty body provided in request {{(pid=99489) get_body /opt/stack/cinder/cinder/api/openstack/wsgi.py:713}}
Jun 22 08:56:45.332903 dv-cinder-797333-1-smb devstack@c-api.service[99489]: DEBUG cinder.api.openstack.wsgi [None req-8483721b-7ed1-4bca-9212-a7c343a8d3f5 tempest-VolumePoolsAdminTestsJSON-1651304920 tempest-VolumePoolsAdminTestsJSON-1651304920-project-admin] Calling method 'get_pools' {{(pid=99489) _process_stack /opt/stack/cinder/cinder/api/openstack/wsgi.py:866}}
Jun 22 08:56:45.340163 dv-cinder-797333-1-smb devstack@c-api.service[99488]: INFO cinder.api.openstack.wsgi [None req-09ed90cc-f464-45d0-a701-b7564ccbc54b tempest-VolumeQuotasNegativeTestJSON-1947228979 tempest-VolumeQuotasNegativeTestJSON-1947228979-project-admin] http://10.222.0.22/volume/v3/1406a939ce9e46a58256c54d5d0649c2/os-quota-sets/ce24fbc927de4c809ba6b9a0127973cf returned with HTTP 200
Jun 22 08:56:45.341455 dv-cinder-797333-1-smb devstack@c-api.service[99488]: [pid: 99488|app: 0|req: 38/75] 10.222.0.22 () {60 vars in 1351 bytes} [Tue Jun 22 08:56:45 2021] PUT /volume/v3/1406a939ce9e46a58256c54d5d0649c2/os-quota-sets/ce24fbc927de4c809ba6b9a0127973cf => generated 511 bytes in 224 msecs (HTTP/1.1 200) 7 headers in 285 bytes (1 switches on core 0)
Jun 22 08:56:45.353110 dv-cinder-797333-1-smb devstack@c-api.service[99488]: INFO cinder.api.openstack.wsgi [None req-f54f96be-0a8c-4e2e-85f8-cbf26f697d3e tempest-VolumeQuotasNegativeTestJSON-547458813 tempest-VolumeQuotasNegativeTestJSON-547458813-project] POST http://10.222.0.22/volume/v3/ce24fbc927de4c809ba6b9a0127973cf/volumes/5a6fa258-3f56-41f5-a7d9-3abbbb95bf8d/action
Jun 22 08:56:45.354213 dv-cinder-797333-1-smb devstack@c-api.service[99488]: DEBUG cinder.api.openstack.wsgi [None req-f54f96be-0a8c-4e2e-85f8-cbf26f697d3e tempest-VolumeQuotasNegativeTestJSON-547458813 tempest-VolumeQuotasNegativeTestJSON-547458813-project] Action body: b'{"os-extend": {"new_size": 2}}' {{(pid=99488) get_method /opt/stack/cinder/cinder/api/openstack/wsgi.py:981}}
Jun 22 08:56:45.354716 dv-cinder-797333-1-smb devstack@c-api.service[99488]: DEBUG cinder.api.openstack.wsgi [None req-f54f96be-0a8c-4e2e-85f8-cbf26f697d3e tempest-VolumeQuotasNegativeTestJSON-547458813 tempest-VolumeQuotasNegativeTestJSON-547458813-project] Action: 'action', calling method: _extend, body: {"os-extend": {"new_size": 2}} {{(pid=99488) _process_stack /opt/stack/cinder/cinder/api/openstack/wsgi.py:864}}
Jun 22 08:56:45.369974 dv-cinder-797333-1-smb devstack@c-api.service[99489]: INFO cinder.api.openstack.wsgi [None req-8483721b-7ed1-4bca-9212-a7c343a8d3f5 tempest-VolumePoolsAdminTestsJSON-1651304920 tempest-VolumePoolsAdminTestsJSON-1651304920-project-admin] http://10.222.0.22/volume/v3/30eecfedb993461da38df10f73c34596/scheduler-stats/get_pools returned with HTTP 200
Jun 22 08:56:45.371419 dv-cinder-797333-1-smb devstack@c-api.service[99489]: [pid: 99489|app: 0|req: 38/76] 10.222.0.22 () {58 vars in 1268 bytes} [Tue Jun 22 08:56:45 2021] GET /volume/v3/30eecfedb993461da38df10f73c34596/scheduler-stats/get_pools => generated 56 bytes in 47 msecs (HTTP/1.1 200) 7 headers in 284 bytes (2 switches on core 0)
Jun 22 08:56:45.415152 dv-cinder-797333-1-smb devstack@c-api.service[99488]: /usr/local/lib/python3.8/dist-packages/oslo_context/context.py:105: DeprecationWarning: Policy enforcement is depending on the value of is_admin. This key is deprecated. Please update your policy file to use the standard policy values.
Jun 22 08:56:45.415152 dv-cinder-797333-1-smb devstack@c-api.service[99488]: warnings.warn('Policy enforcement is depending on the value of '
Jun 22 08:56:45.416362 dv-cinder-797333-1-smb devstack@c-api.service[99488]: INFO cinder.volume.api [None req-f54f96be-0a8c-4e2e-85f8-cbf26f697d3e tempest-VolumeQuotasNegativeTestJSON-547458813 tempest-VolumeQuotasNegativeTestJSON-547458813-project] Volume info retrieved successfully.
Jun 22 08:56:45.579817 dv-cinder-797333-1-smb devstack@c-api.service[99488]: ERROR cinder.volume.api [None req-f54f96be-0a8c-4e2e-85f8-cbf26f697d3e tempest-VolumeQuotasNegativeTestJSON-547458813 tempest-VolumeQuotasNegativeTestJSON-547458813-project] Quota exceeded for ce24fbc927de4c809ba6b9a0127973cf, tried to extend volume by 1G, (1G of 1G already consumed).: cinder.exception.OverQuota: Quota exceeded for resources: ['gigabytes']
Jun 22 08:56:45.597158 dv-cinder-797333-1-smb devstack@c-api.service[99488]: INFO cinder.api.middleware.fault [None req-f54f96be-0a8c-4e2e-85f8-cbf26f697d3e tempest-VolumeQuotasNegativeTestJSON-547458813 tempest-VolumeQuotasNegativeTestJSON-547458813-project] http://10.222.0.22/volume/v3/ce24fbc927de4c809ba6b9a0127973cf/volumes/5a6fa258-3f56-41f5-a7d9-3abbbb95bf8d/action returned with HTTP 413
Jun 22 08:56:45.599629 dv-cinder-797333-1-smb devstack@c-api.service[99488]: [pid: 99488|app: 0|req: 39/77] 10.222.0.22 () {60 vars in 1367 bytes} [Tue Jun 22 08:56:45 2021] POST /volume/v3/ce24fbc927de4c809ba6b9a0127973cf/volumes/5a6fa258-3f56-41f5-a7d9-3abbbb95bf8d/action => generated 208 bytes in 251 msecs (HTTP/1.1 413) 8 headers in 323 bytes (2 switches on core 0)
Jun 22 08:56:45.608076 dv-cinder-797333-1-smb devstack@c-api.service[99489]: INFO cinder.api.openstack.wsgi [None req-467f95e8-7f4e-4f90-bd61-4d29b0fc004d tempest-VolumeQuotasNegativeTestJSON-547458813 tempest-VolumeQuotasNegativeTestJSON-547458813-project] DELETE http://10.222.0.22/volume/v3/ce24fbc927de4c809ba6b9a0127973cf/volumes/5a6fa258-3f56-41f5-a7d9-3abbbb95bf8d
Jun 22 08:56:45.608540 dv-cinder-797333-1-smb devstack@c-api.service[99489]: DEBUG cinder.api.openstack.wsgi [None req-467f95e8-7f4e-4f90-bd61-4d29b0fc004d tempest-VolumeQuotasNegativeTestJSON-547458813 tempest-VolumeQuotasNegativeTestJSON-547458813-project] Empty body provided in request {{(pid=99489) get_body /opt/stack/cinder/cinder/api/openstack/wsgi.py:713}}
Jun 22 08:56:45.608959 dv-cinder-797333-1-smb devstack@c-api.service[99489]: DEBUG cinder.api.openstack.wsgi [None req-467f95e8-7f4e-4f90-bd61-4d29b0fc004d tempest-VolumeQuotasNegativeTestJSON-547458813 tempest-VolumeQuotasNegativeTestJSON-547458813-project] Calling method 'delete' {{(pid=99489) _process_stack /opt/stack/cinder/cinder/api/openstack/wsgi.py:866}}
Jun 22 08:56:45.609469 dv-cinder-797333-1-smb devstack@c-api.service[99489]: INFO cinder.api.v3.volumes [None req-467f95e8-7f4e-4f90-bd61-4d29b0fc004d tempest-VolumeQuotasNegativeTestJSON-547458813 tempest-VolumeQuotasNegativeTestJSON-547458813-project] Delete volume with id: 5a6fa258-3f56-41f5-a7d9-3abbbb95bf8d
Jun 22 08:56:45.660921 dv-cinder-797333-1-smb devstack@c-api.service[99489]: /usr/local/lib/python3.8/dist-packages/oslo_context/context.py:105: DeprecationWarning: Policy enforcement is depending on the value of is_admin. This key is deprecated. Please update your policy file to use the standard policy values.
Jun 22 08:56:45.660921 dv-cinder-797333-1-smb devstack@c-api.service[99489]: warnings.warn('Policy enforcement is depending on the value of '
Jun 22 08:56:45.665742 dv-cinder-797333-1-smb devstack@c-api.service[99489]: INFO cinder.volume.api [None req-467f95e8-7f4e-4f90-bd61-4d29b0fc004d tempest-VolumeQuotasNegativeTestJSON-547458813 tempest-VolumeQuotasNegativeTestJSON-547458813-project] Volume info retrieved successfully.
Jun 22 08:56:45.800762 dv-cinder-797333-1-smb devstack@c-api.service[99489]: INFO cinder.volume.api [None req-467f95e8-7f4e-4f90-bd61-4d29b0fc004d tempest-VolumeQuotasNegativeTestJSON-547458813 tempest-VolumeQuotasNegativeTestJSON-547458813-project] Delete volume request issued successfully.
Jun 22 08:56:45.802873 dv-cinder-797333-1-smb devstack@c-api.service[99489]: INFO cinder.api.openstack.wsgi [None req-467f95e8-7f4e-4f90-bd61-4d29b0fc004d tempest-VolumeQuotasNegativeTestJSON-547458813 tempest-VolumeQuotasNegativeTestJSON-547458813-project] http://10.222.0.22/volume/v3/ce24fbc927de4c809ba6b9a0127973cf/volumes/5a6fa258-3f56-41f5-a7d9-3abbbb95bf8d returned with HTTP 202
Jun 22 08:56:45.806007 dv-cinder-797333-1-smb devstack@c-api.service[99489]: [pid: 99489|app: 0|req: 39/78] 10.222.0.22 () {58 vars in 1328 bytes} [Tue Jun 22 08:56:45 2021] DELETE /volume/v3/ce24fbc927de4c809ba6b9a0127973cf/volumes/5a6fa258-3f56-41f5-a7d9-3abbbb95bf8d => generated 0 bytes in 202 msecs (HTTP/1.1 202) 6 headers in 233 bytes (1 switches on core 0)
Jun 22 08:56:45.815438 dv-cinder-797333-1-smb devstack@c-api.service[99488]: INFO cinder.api.openstack.wsgi [None req-f46ed3bd-dd42-48a9-826f-ffd2385dc5ac tempest-VolumeQuotasNegativeTestJSON-547458813 tempest-VolumeQuotasNegativeTestJSON-547458813-project] GET http://10.222.0.22/volume/v3/ce24fbc927de4c809ba6b9a0127973cf/volumes/5a6fa258-3f56-41f5-a7d9-3abbbb95bf8d
Jun 22 08:56:45.816711 dv-cinder-797333-1-smb devstack@c-api.service[99488]: DEBUG cinder.api.openstack.wsgi [None req-f46ed3bd-dd42-48a9-826f-ffd2385dc5ac tempest-VolumeQuotasNegativeTestJSON-547458813 tempest-VolumeQuotasNegativeTestJSON-547458813-project] Empty body provided in request {{(pid=99488) get_body /opt/stack/cinder/cinder/api/openstack/wsgi.py:713}}
Jun 22 08:56:45.817027 dv-cinder-797333-1-smb devstack@c-api.service[99488]: /usr/local/lib/python3.8/dist-packages/webob/acceptparse.py:1047: DeprecationWarning: The behavior of AcceptValidHeader.best_match is currently being maintained for backward compatibility, but it will be deprecated in the future, as it does not conform to the RFC.
Jun 22 08:56:45.817027 dv-cinder-797333-1-smb devstack@c-api.service[99488]: warnings.warn(
Jun 22 08:56:45.817434 dv-cinder-797333-1-smb devstack@c-api.service[99488]: DEBUG cinder.api.openstack.wsgi [None req-f46ed3bd-dd42-48a9-826f-ffd2385dc5ac tempest-VolumeQuotasNegativeTestJSON-547458813 tempest-VolumeQuotasNegativeTestJSON-547458813-project] Calling method 'show' {{(pid=99488) _process_stack /opt/stack/cinder/cinder/api/openstack/wsgi.py:866}}
Jun 22 08:56:45.858431 dv-cinder-797333-1-smb devstack@c-api.service[99488]: /usr/local/lib/python3.8/dist-packages/oslo_context/context.py:105: DeprecationWarning: Policy enforcement is depending on the value of is_admin. This key is deprecated. Please update your policy file to use the standard policy values.
Jun 22 08:56:45.858431 dv-cinder-797333-1-smb devstack@c-api.service[99488]: warnings.warn('Policy enforcement is depending on the value of '
