Jun 22 08:56:34.138275 dv-cinder-797333-1-smb devstack@c-api.service[99488]: warnings.warn('Policy enforcement is depending on the value of '
Jun 22 08:56:34.144501 dv-cinder-797333-1-smb devstack@c-api.service[99489]: INFO cinder.volume.api [req-d5ea4d10-c434-4406-af98-6f69577d032c req-6b5e64bb-a484-4e01-9551-29d24aeab6ec tempest-VolumesGetTestJSON-1527163177 tempest-VolumesGetTestJSON-1527163177-project] Volume info retrieved successfully.
Jun 22 08:56:34.185399 dv-cinder-797333-1-smb devstack@c-api.service[99489]: INFO cinder.api.openstack.wsgi [req-d5ea4d10-c434-4406-af98-6f69577d032c req-6b5e64bb-a484-4e01-9551-29d24aeab6ec tempest-VolumesGetTestJSON-1527163177 tempest-VolumesGetTestJSON-1527163177-project] http://10.222.0.22/volume/v3/5980531ef79f4c19803b6877d5210cf0/volumes/775eaf4a-fac7-42b1-b456-b8313d75089d returned with HTTP 200
Jun 22 08:56:34.202726 dv-cinder-797333-1-smb devstack@c-api.service[99489]: [pid: 99489|app: 0|req: 9/20] 10.222.0.22 () {60 vars in 1579 bytes} [Tue Jun 22 08:56:34 2021] GET /volume/v3/5980531ef79f4c19803b6877d5210cf0/volumes/775eaf4a-fac7-42b1-b456-b8313d75089d => generated 924 bytes in 115 msecs (HTTP/1.1 200) 7 headers in 285 bytes (1 switches on core 0)
Jun 22 08:56:34.225351 dv-cinder-797333-1-smb devstack@c-api.service[99489]: INFO cinder.api.openstack.wsgi [req-5369c02f-8c53-4313-b596-d75cd2a7058b req-9e2a4cf7-51a2-48eb-8cfc-39fa8f06c1f7 tempest-VolumesSnapshotsTestJSON-1387240396 tempest-VolumesSnapshotsTestJSON-1387240396-project] GET http://10.222.0.22/volume/v3/893a915cd55a4a829f011340290f2de7/volumes/bf23081d-f854-4824-b9e4-8ed24b9c09aa
Jun 22 08:56:34.225875 dv-cinder-797333-1-smb devstack@c-api.service[99489]: DEBUG cinder.api.openstack.wsgi [req-5369c02f-8c53-4313-b596-d75cd2a7058b req-9e2a4cf7-51a2-48eb-8cfc-39fa8f06c1f7 tempest-VolumesSnapshotsTestJSON-1387240396 tempest-VolumesSnapshotsTestJSON-1387240396-project] Empty body provided in request {{(pid=99489) get_body /opt/stack/cinder/cinder/api/openstack/wsgi.py:713}}
Jun 22 08:56:34.226056 dv-cinder-797333-1-smb devstack@c-api.service[99489]: /usr/local/lib/python3.8/dist-packages/webob/acceptparse.py:1047: DeprecationWarning: The behavior of AcceptValidHeader.best_match is currently being maintained for backward compatibility, but it will be deprecated in the future, as it does not conform to the RFC.
Jun 22 08:56:34.226056 dv-cinder-797333-1-smb devstack@c-api.service[99489]: warnings.warn(
Jun 22 08:56:34.226384 dv-cinder-797333-1-smb devstack@c-api.service[99489]: DEBUG cinder.api.openstack.wsgi [req-5369c02f-8c53-4313-b596-d75cd2a7058b req-9e2a4cf7-51a2-48eb-8cfc-39fa8f06c1f7 tempest-VolumesSnapshotsTestJSON-1387240396 tempest-VolumesSnapshotsTestJSON-1387240396-project] Calling method 'show' {{(pid=99489) _process_stack /opt/stack/cinder/cinder/api/openstack/wsgi.py:866}}
Jun 22 08:56:34.232808 dv-cinder-797333-1-smb devstack@c-api.service[99488]: INFO cinder.api.openstack.wsgi [None req-65ad67da-835c-41a4-853a-909a474d760d tempest-GroupSnapshotsTest-1687096452 tempest-GroupSnapshotsTest-1687096452-project] http://10.222.0.22/volume/v3/2995fe63a37d459ab372e5bd1d034111/groups/9754f985-401a-4ab9-bcd9-7c5bf0113906 returned with HTTP 200
Jun 22 08:56:34.236702 dv-cinder-797333-1-smb devstack@c-api.service[99488]: [pid: 99488|app: 0|req: 12/21] 10.222.0.22 () {60 vars in 1363 bytes} [Tue Jun 22 08:56:34 2021] GET /volume/v3/2995fe63a37d459ab372e5bd1d034111/groups/9754f985-401a-4ab9-bcd9-7c5bf0113906 => generated 392 bytes in 119 msecs (HTTP/1.1 200) 7 headers in 286 bytes (2 switches on core 0)
Jun 22 08:56:34.244923 dv-cinder-797333-1-smb devstack@c-api.service[99489]: /usr/local/lib/python3.8/dist-packages/oslo_context/context.py:105: DeprecationWarning: Policy enforcement is depending on the value of is_admin. This key is deprecated. Please update your policy file to use the standard policy values.
Jun 22 08:56:34.244923 dv-cinder-797333-1-smb devstack@c-api.service[99489]: warnings.warn('Policy enforcement is depending on the value of '
Jun 22 08:56:34.258887 dv-cinder-797333-1-smb devstack@c-api.service[99489]: INFO cinder.volume.api [req-5369c02f-8c53-4313-b596-d75cd2a7058b req-9e2a4cf7-51a2-48eb-8cfc-39fa8f06c1f7 tempest-VolumesSnapshotsTestJSON-1387240396 tempest-VolumesSnapshotsTestJSON-1387240396-project] Volume info retrieved successfully.
Jun 22 08:56:34.281084 dv-cinder-797333-1-smb devstack@c-api.service[99489]: INFO cinder.api.openstack.wsgi [req-5369c02f-8c53-4313-b596-d75cd2a7058b req-9e2a4cf7-51a2-48eb-8cfc-39fa8f06c1f7 tempest-VolumesSnapshotsTestJSON-1387240396 tempest-VolumesSnapshotsTestJSON-1387240396-project] http://10.222.0.22/volume/v3/893a915cd55a4a829f011340290f2de7/volumes/bf23081d-f854-4824-b9e4-8ed24b9c09aa returned with HTTP 200
Jun 22 08:56:34.282767 dv-cinder-797333-1-smb devstack@c-api.service[99489]: [pid: 99489|app: 0|req: 10/22] 10.222.0.22 () {60 vars in 1579 bytes} [Tue Jun 22 08:56:34 2021] GET /volume/v3/893a915cd55a4a829f011340290f2de7/volumes/bf23081d-f854-4824-b9e4-8ed24b9c09aa => generated 891 bytes in 62 msecs (HTTP/1.1 200) 7 headers in 285 bytes (1 switches on core 0)
Jun 22 08:56:35.215898 dv-cinder-797333-1-smb devstack@c-api.service[99488]: INFO cinder.api.openstack.wsgi [req-64d1593f-6b32-46c4-a35d-00b46383c4b8 req-6b67821e-dbcf-4b09-9d39-38145a0417f0 tempest-VolumesGetTestJSON-1527163177 tempest-VolumesGetTestJSON-1527163177-project] GET http://10.222.0.22/volume/v3/5980531ef79f4c19803b6877d5210cf0/volumes/775eaf4a-fac7-42b1-b456-b8313d75089d
Jun 22 08:56:35.216361 dv-cinder-797333-1-smb devstack@c-api.service[99488]: DEBUG cinder.api.openstack.wsgi [req-64d1593f-6b32-46c4-a35d-00b46383c4b8 req-6b67821e-dbcf-4b09-9d39-38145a0417f0 tempest-VolumesGetTestJSON-1527163177 tempest-VolumesGetTestJSON-1527163177-project] Empty body provided in request {{(pid=99488) get_body /opt/stack/cinder/cinder/api/openstack/wsgi.py:713}}
Jun 22 08:56:35.216535 dv-cinder-797333-1-smb devstack@c-api.service[99488]: /usr/local/lib/python3.8/dist-packages/webob/acceptparse.py:1047: DeprecationWarning: The behavior of AcceptValidHeader.best_match is currently being maintained for backward compatibility, but it will be deprecated in the future, as it does not conform to the RFC.
Jun 22 08:56:35.216535 dv-cinder-797333-1-smb devstack@c-api.service[99488]: warnings.warn(
Jun 22 08:56:35.216940 dv-cinder-797333-1-smb devstack@c-api.service[99488]: DEBUG cinder.api.openstack.wsgi [req-64d1593f-6b32-46c4-a35d-00b46383c4b8 req-6b67821e-dbcf-4b09-9d39-38145a0417f0 tempest-VolumesGetTestJSON-1527163177 tempest-VolumesGetTestJSON-1527163177-project] Calling method 'show' {{(pid=99488) _process_stack /opt/stack/cinder/cinder/api/openstack/wsgi.py:866}}
Jun 22 08:56:35.242303 dv-cinder-797333-1-smb devstack@c-api.service[99488]: /usr/local/lib/python3.8/dist-packages/oslo_context/context.py:105: DeprecationWarning: Policy enforcement is depending on the value of is_admin. This key is deprecated. Please update your policy file to use the standard policy values.
Jun 22 08:56:35.242303 dv-cinder-797333-1-smb devstack@c-api.service[99488]: warnings.warn('Policy enforcement is depending on the value of '
Jun 22 08:56:35.247296 dv-cinder-797333-1-smb devstack@c-api.service[99489]: INFO cinder.api.openstack.wsgi [None req-08900f33-adbc-46f4-8e81-a79ba7411aac tempest-GroupSnapshotsTest-1687096452 tempest-GroupSnapshotsTest-1687096452-project] GET http://10.222.0.22/volume/v3/2995fe63a37d459ab372e5bd1d034111/groups/9754f985-401a-4ab9-bcd9-7c5bf0113906
Jun 22 08:56:35.250136 dv-cinder-797333-1-smb devstack@c-api.service[99489]: DEBUG cinder.api.openstack.wsgi [None req-08900f33-adbc-46f4-8e81-a79ba7411aac tempest-GroupSnapshotsTest-1687096452 tempest-GroupSnapshotsTest-1687096452-project] Empty body provided in request {{(pid=99489) get_body /opt/stack/cinder/cinder/api/openstack/wsgi.py:713}}
Jun 22 08:56:35.267996 dv-cinder-797333-1-smb devstack@c-api.service[99489]: /usr/local/lib/python3.8/dist-packages/webob/acceptparse.py:1047: DeprecationWarning: The behavior of AcceptValidHeader.best_match is currently being maintained for backward compatibility, but it will be deprecated in the future, as it does not conform to the RFC.
Jun 22 08:56:35.267996 dv-cinder-797333-1-smb devstack@c-api.service[99489]: warnings.warn(
Jun 22 08:56:35.273651 dv-cinder-797333-1-smb devstack@c-api.service[99489]: DEBUG cinder.api.openstack.wsgi [None req-08900f33-adbc-46f4-8e81-a79ba7411aac tempest-GroupSnapshotsTest-1687096452 tempest-GroupSnapshotsTest-1687096452-project] Calling method 'version_select' {{(pid=99489) _process_stack /opt/stack/cinder/cinder/api/openstack/wsgi.py:866}}
Jun 22 08:56:35.274304 dv-cinder-797333-1-smb devstack@c-api.service[99489]: DEBUG cinder.api.v3.groups [None req-08900f33-adbc-46f4-8e81-a79ba7411aac tempest-GroupSnapshotsTest-1687096452 tempest-GroupSnapshotsTest-1687096452-project] show called for member 9754f985-401a-4ab9-bcd9-7c5bf0113906 {{(pid=99489) show /opt/stack/cinder/cinder/api/v3/groups.py:58}}
Jun 22 08:56:35.274892 dv-cinder-797333-1-smb devstack@c-api.service[99488]: INFO cinder.volume.api [req-64d1593f-6b32-46c4-a35d-00b46383c4b8 req-6b67821e-dbcf-4b09-9d39-38145a0417f0 tempest-VolumesGetTestJSON-1527163177 tempest-VolumesGetTestJSON-1527163177-project] Volume info retrieved successfully.
Jun 22 08:56:35.305495 dv-cinder-797333-1-smb devstack@c-api.service[99489]: /usr/local/lib/python3.8/dist-packages/oslo_context/context.py:105: DeprecationWarning: Policy enforcement is depending on the value of is_admin. This key is deprecated. Please update your policy file to use the standard policy values.
Jun 22 08:56:35.305495 dv-cinder-797333-1-smb devstack@c-api.service[99489]: warnings.warn('Policy enforcement is depending on the value of '
Jun 22 08:56:35.315158 dv-cinder-797333-1-smb devstack@c-api.service[99488]: INFO cinder.api.openstack.wsgi [req-64d1593f-6b32-46c4-a35d-00b46383c4b8 req-6b67821e-dbcf-4b09-9d39-38145a0417f0 tempest-VolumesGetTestJSON-1527163177 tempest-VolumesGetTestJSON-1527163177-project] http://10.222.0.22/volume/v3/5980531ef79f4c19803b6877d5210cf0/volumes/775eaf4a-fac7-42b1-b456-b8313d75089d returned with HTTP 200
Jun 22 08:56:35.319217 dv-cinder-797333-1-smb devstack@c-api.service[99488]: [pid: 99488|app: 0|req: 13/23] 10.222.0.22 () {60 vars in 1579 bytes} [Tue Jun 22 08:56:35 2021] GET /volume/v3/5980531ef79f4c19803b6877d5210cf0/volumes/775eaf4a-fac7-42b1-b456-b8313d75089d => generated 925 bytes in 108 msecs (HTTP/1.1 200) 7 headers in 285 bytes (1 switches on core 0)
Jun 22 08:56:35.361617 dv-cinder-797333-1-smb devstack@c-api.service[99488]: INFO cinder.api.openstack.wsgi [req-1451c58a-b822-498b-9a88-c706f2dad46a req-abff6805-6b7b-4746-9973-526e5ab72710 tempest-VolumesSnapshotsTestJSON-1387240396 tempest-VolumesSnapshotsTestJSON-1387240396-project] GET http://10.222.0.22/volume/v3/893a915cd55a4a829f011340290f2de7/volumes/bf23081d-f854-4824-b9e4-8ed24b9c09aa
Jun 22 08:56:35.362096 dv-cinder-797333-1-smb devstack@c-api.service[99488]: DEBUG cinder.api.openstack.wsgi [req-1451c58a-b822-498b-9a88-c706f2dad46a req-abff6805-6b7b-4746-9973-526e5ab72710 tempest-VolumesSnapshotsTestJSON-1387240396 tempest-VolumesSnapshotsTestJSON-1387240396-project] Empty body provided in request {{(pid=99488) get_body /opt/stack/cinder/cinder/api/openstack/wsgi.py:713}}
Jun 22 08:56:35.362297 dv-cinder-797333-1-smb devstack@c-api.service[99488]: /usr/local/lib/python3.8/dist-packages/webob/acceptparse.py:1047: DeprecationWarning: The behavior of AcceptValidHeader.best_match is currently being maintained for backward compatibility, but it will be deprecated in the future, as it does not conform to the RFC.
Jun 22 08:56:35.362297 dv-cinder-797333-1-smb devstack@c-api.service[99488]: warnings.warn(
Jun 22 08:56:35.362631 dv-cinder-797333-1-smb devstack@c-api.service[99488]: DEBUG cinder.api.openstack.wsgi [req-1451c58a-b822-498b-9a88-c706f2dad46a req-abff6805-6b7b-4746-9973-526e5ab72710 tempest-VolumesSnapshotsTestJSON-1387240396 tempest-VolumesSnapshotsTestJSON-1387240396-project] Calling method 'show' {{(pid=99488) _process_stack /opt/stack/cinder/cinder/api/openstack/wsgi.py:866}}
Jun 22 08:56:35.407806 dv-cinder-797333-1-smb devstack@c-api.service[99489]: INFO cinder.api.openstack.wsgi [None req-08900f33-adbc-46f4-8e81-a79ba7411aac tempest-GroupSnapshotsTest-1687096452 tempest-GroupSnapshotsTest-1687096452-project] http://10.222.0.22/volume/v3/2995fe63a37d459ab372e5bd1d034111/groups/9754f985-401a-4ab9-bcd9-7c5bf0113906 returned with HTTP 200
Jun 22 08:56:35.409033 dv-cinder-797333-1-smb devstack@c-api.service[99489]: [pid: 99489|app: 0|req: 11/24] 10.222.0.22 () {60 vars in 1363 bytes} [Tue Jun 22 08:56:35 2021] GET /volume/v3/2995fe63a37d459ab372e5bd1d034111/groups/9754f985-401a-4ab9-bcd9-7c5bf0113906 => generated 393 bytes in 165 msecs (HTTP/1.1 200) 7 headers in 286 bytes (1 switches on core 0)
Jun 22 08:56:35.409305 dv-cinder-797333-1-smb devstack@c-api.service[99488]: /usr/local/lib/python3.8/dist-packages/oslo_context/context.py:105: DeprecationWarning: Policy enforcement is depending on the value of is_admin. This key is deprecated. Please update your policy file to use the standard policy values.
Jun 22 08:56:35.409305 dv-cinder-797333-1-smb devstack@c-api.service[99488]: warnings.warn('Policy enforcement is depending on the value of '
Jun 22 08:56:35.419583 dv-cinder-797333-1-smb devstack@c-api.service[99489]: INFO cinder.api.openstack.wsgi [None req-4da3692e-7d87-42ad-95a3-cfe84cd6e9ab tempest-GroupSnapshotsTest-1687096452 tempest-GroupSnapshotsTest-1687096452-project] POST http://10.222.0.22/volume/v3/2995fe63a37d459ab372e5bd1d034111/volumes
Jun 22 08:56:35.419987 dv-cinder-797333-1-smb devstack@c-api.service[99489]: /usr/local/lib/python3.8/dist-packages/webob/acceptparse.py:1047: DeprecationWarning: The behavior of AcceptValidHeader.best_match is currently being maintained for backward compatibility, but it will be deprecated in the future, as it does not conform to the RFC.
Jun 22 08:56:35.419987 dv-cinder-797333-1-smb devstack@c-api.service[99489]: warnings.warn(
Jun 22 08:56:35.420383 dv-cinder-797333-1-smb devstack@c-api.service[99489]: DEBUG cinder.api.openstack.wsgi [None req-4da3692e-7d87-42ad-95a3-cfe84cd6e9ab tempest-GroupSnapshotsTest-1687096452 tempest-GroupSnapshotsTest-1687096452-project] Action: 'create', calling method: create, body: {"volume": {"volume_type": "41286784-01f8-41e6-9998-e138e700dc5d", "group_id": "9754f985-401a-4ab9-bcd9-7c5bf0113906", "size": 1, "name": "tempest-GroupSnapshotsTest-Volume-836774379"}} {{(pid=99489) _process_stack /opt/stack/cinder/cinder/api/openstack/wsgi.py:864}}
Jun 22 08:56:35.421962 dv-cinder-797333-1-smb devstack@c-api.service[99489]: DEBUG cinder.api.v3.volumes [None req-4da3692e-7d87-42ad-95a3-cfe84cd6e9ab tempest-GroupSnapshotsTest-1687096452 tempest-GroupSnapshotsTest-1687096452-project] Create volume request body: {'volume': {'volume_type': '41286784-01f8-41e6-9998-e138e700dc5d', 'group_id': '9754f985-401a-4ab9-bcd9-7c5bf0113906', 'size': 1, 'name': 'tempest-GroupSnapshotsTest-Volume-836774379'}} {{(pid=99489) create /opt/stack/cinder/cinder/api/v3/volumes.py:289}}
Jun 22 08:56:35.433515 dv-cinder-797333-1-smb devstack@c-api.service[99488]: INFO cinder.volume.api [req-1451c58a-b822-498b-9a88-c706f2dad46a req-abff6805-6b7b-4746-9973-526e5ab72710 tempest-VolumesSnapshotsTestJSON-1387240396 tempest-VolumesSnapshotsTestJSON-1387240396-project] Volume info retrieved successfully.
Jun 22 08:56:35.463665 dv-cinder-797333-1-smb devstack@c-api.service[99489]: /usr/local/lib/python3.8/dist-packages/oslo_context/context.py:105: DeprecationWarning: Policy enforcement is depending on the value of is_admin. This key is deprecated. Please update your policy file to use the standard policy values.
Jun 22 08:56:35.463665 dv-cinder-797333-1-smb devstack@c-api.service[99489]: warnings.warn('Policy enforcement is depending on the value of '
Jun 22 08:56:35.464750 dv-cinder-797333-1-smb devstack@c-api.service[99489]: INFO cinder.api.v3.volumes [None req-4da3692e-7d87-42ad-95a3-cfe84cd6e9ab tempest-GroupSnapshotsTest-1687096452 tempest-GroupSnapshotsTest-1687096452-project] Create volume of 1 GB
Jun 22 08:56:35.475724 dv-cinder-797333-1-smb devstack@c-api.service[99488]: INFO cinder.api.openstack.wsgi [req-1451c58a-b822-498b-9a88-c706f2dad46a req-abff6805-6b7b-4746-9973-526e5ab72710 tempest-VolumesSnapshotsTestJSON-1387240396 tempest-VolumesSnapshotsTestJSON-1387240396-project] http://10.222.0.22/volume/v3/893a915cd55a4a829f011340290f2de7/volumes/bf23081d-f854-4824-b9e4-8ed24b9c09aa returned with HTTP 200
Jun 22 08:56:35.478139 dv-cinder-797333-1-smb devstack@c-api.service[99488]: [pid: 99488|app: 0|req: 14/25] 10.222.0.22 () {60 vars in 1579 bytes} [Tue Jun 22 08:56:35 2021] GET /volume/v3/893a915cd55a4a829f011340290f2de7/volumes/bf23081d-f854-4824-b9e4-8ed24b9c09aa => generated 916 bytes in 122 msecs (HTTP/1.1 200) 7 headers in 285 bytes (1 switches on core 0)
Jun 22 08:56:35.503622 dv-cinder-797333-1-smb devstack@c-api.service[99489]: INFO cinder.volume.api [None req-4da3692e-7d87-42ad-95a3-cfe84cd6e9ab tempest-GroupSnapshotsTest-1687096452 tempest-GroupSnapshotsTest-1687096452-project] Availability Zones retrieved successfully.
Jun 22 08:56:35.510719 dv-cinder-797333-1-smb devstack@c-api.service[99488]: INFO cinder.api.openstack.wsgi [req-c367274b-4c22-489b-aed6-9204a9ca6210 req-eef79a0f-74a3-4e9d-aa2d-f751326e60b1 tempest-VolumesGetTestJSON-1527163177 tempest-VolumesGetTestJSON-1527163177-project] GET http://10.222.0.22/volume/v3/5980531ef79f4c19803b6877d5210cf0/volumes/775eaf4a-fac7-42b1-b456-b8313d75089d
Jun 22 08:56:35.511310 dv-cinder-797333-1-smb devstack@c-api.service[99488]: DEBUG cinder.api.openstack.wsgi [req-c367274b-4c22-489b-aed6-9204a9ca6210 req-eef79a0f-74a3-4e9d-aa2d-f751326e60b1 tempest-VolumesGetTestJSON-1527163177 tempest-VolumesGetTestJSON-1527163177-project] Empty body provided in request {{(pid=99488) get_body /opt/stack/cinder/cinder/api/openstack/wsgi.py:713}}
Jun 22 08:56:35.511491 dv-cinder-797333-1-smb devstack@c-api.service[99488]: /usr/local/lib/python3.8/dist-packages/webob/acceptparse.py:1047: DeprecationWarning: The behavior of AcceptValidHeader.best_match is currently being maintained for backward compatibility, but it will be deprecated in the future, as it does not conform to the RFC.
Jun 22 08:56:35.511491 dv-cinder-797333-1-smb devstack@c-api.service[99488]: warnings.warn(
Jun 22 08:56:35.511823 dv-cinder-797333-1-smb devstack@c-api.service[99488]: DEBUG cinder.api.openstack.wsgi [req-c367274b-4c22-489b-aed6-9204a9ca6210 req-eef79a0f-74a3-4e9d-aa2d-f751326e60b1 tempest-VolumesGetTestJSON-1527163177 tempest-VolumesGetTestJSON-1527163177-project] Calling method 'show' {{(pid=99488) _process_stack /opt/stack/cinder/cinder/api/openstack/wsgi.py:866}}
Jun 22 08:56:35.533182 dv-cinder-797333-1-smb devstack@c-api.service[99488]: /usr/local/lib/python3.8/dist-packages/oslo_context/context.py:105: DeprecationWarning: Policy enforcement is depending on the value of is_admin. This key is deprecated. Please update your policy file to use the standard policy values.
Jun 22 08:56:35.533182 dv-cinder-797333-1-smb devstack@c-api.service[99488]: warnings.warn('Policy enforcement is depending on the value of '
Jun 22 08:56:35.543362 dv-cinder-797333-1-smb devstack@c-api.service[99488]: INFO cinder.volume.api [req-c367274b-4c22-489b-aed6-9204a9ca6210 req-eef79a0f-74a3-4e9d-aa2d-f751326e60b1 tempest-VolumesGetTestJSON-1527163177 tempest-VolumesGetTestJSON-1527163177-project] Volume info retrieved successfully.
Jun 22 08:56:35.561165 dv-cinder-797333-1-smb devstack@c-api.service[99489]: DEBUG cinder.volume.api [None req-4da3692e-7d87-42ad-95a3-cfe84cd6e9ab tempest-GroupSnapshotsTest-1687096452 tempest-GroupSnapshotsTest-1687096452-project] Flow 'volume_create_api' (016462eb-6f4d-47ab-b90e-b54b6f24f604) transitioned into state 'RUNNING' from state 'PENDING' {{(pid=99489) _flow_receiver /usr/local/lib/python3.8/dist-packages/taskflow/listeners/logging.py:141}}
Jun 22 08:56:35.567277 dv-cinder-797333-1-smb devstack@c-api.service[99488]: INFO cinder.api.openstack.wsgi [req-c367274b-4c22-489b-aed6-9204a9ca6210 req-eef79a0f-74a3-4e9d-aa2d-f751326e60b1 tempest-VolumesGetTestJSON-1527163177 tempest-VolumesGetTestJSON-1527163177-project] http://10.222.0.22/volume/v3/5980531ef79f4c19803b6877d5210cf0/volumes/775eaf4a-fac7-42b1-b456-b8313d75089d returned with HTTP 200
Jun 22 08:56:35.568290 dv-cinder-797333-1-smb devstack@c-api.service[99488]: [pid: 99488|app: 0|req: 15/26] 10.222.0.22 () {60 vars in 1579 bytes} [Tue Jun 22 08:56:35 2021] GET /volume/v3/5980531ef79f4c19803b6877d5210cf0/volumes/775eaf4a-fac7-42b1-b456-b8313d75089d => generated 925 bytes in 62 msecs (HTTP/1.1 200) 7 headers in 285 bytes (2 switches on core 0)
Jun 22 08:56:35.571003 dv-cinder-797333-1-smb devstack@c-api.service[99489]: DEBUG cinder.volume.api [None req-4da3692e-7d87-42ad-95a3-cfe84cd6e9ab tempest-GroupSnapshotsTest-1687096452 tempest-GroupSnapshotsTest-1687096452-project] Task 'cinder.volume.flows.api.create_volume.ExtractVolumeRequestTask;volume:create' (196323a1-6d43-44e1-9393-5148b911c80d) transitioned into state 'RUNNING' from state 'PENDING' {{(pid=99489) _task_receiver /usr/local/lib/python3.8/dist-packages/taskflow/listeners/logging.py:190}}
Jun 22 08:56:35.573822 dv-cinder-797333-1-smb devstack@c-api.service[99489]: /usr/local/lib/python3.8/dist-packages/oslo_context/context.py:105: DeprecationWarning: Policy enforcement is depending on the value of is_admin. This key is deprecated. Please update your policy file to use the standard policy values.
Jun 22 08:56:35.573822 dv-cinder-797333-1-smb devstack@c-api.service[99489]: warnings.warn('Policy enforcement is depending on the value of '
Jun 22 08:56:35.574912 dv-cinder-797333-1-smb devstack@c-api.service[99489]: DEBUG cinder.volume.flows.api.create_volume [None req-4da3692e-7d87-42ad-95a3-cfe84cd6e9ab tempest-GroupSnapshotsTest-1687096452 tempest-GroupSnapshotsTest-1687096452-project] Validating volume size '1' using validate_int {{(pid=99489) _extract_size /opt/stack/cinder/cinder/volume/flows/api/create_volume.py:201}}
Jun 22 08:56:35.608630 dv-cinder-797333-1-smb devstack@c-api.service[99489]: DEBUG cinder.volume.api [None req-4da3692e-7d87-42ad-95a3-cfe84cd6e9ab tempest-GroupSnapshotsTest-1687096452 tempest-GroupSnapshotsTest-1687096452-project] Task 'cinder.volume.flows.api.create_volume.ExtractVolumeRequestTask;volume:create' (196323a1-6d43-44e1-9393-5148b911c80d) transitioned into state 'SUCCESS' from state 'RUNNING' with result '{'size': 1, 'snapshot_id': None, 'source_volid': None, 'volume_type': VolumeType(created_at=2021-06-22T08:56:33Z,deleted=False,deleted_at=None,description=None,extra_specs={},id=41286784-01f8-41e6-9998-e138e700dc5d,is_public=True,name='tempest-GroupSnapshotsTest-volume-type-747243904',projects=[],qos_specs=,qos_specs_id=None,updated_at=None), 'volume_type_id': '41286784-01f8-41e6-9998-e138e700dc5d', 'encryption_key_id': None, 'qos_specs': None, 'consistencygroup_id': None, 'cgsnapshot_id': None, 'group_id': '9754f985-401a-4ab9-bcd9-7c5bf0113906', 'replication_status': 'disabled', 'refresh_az': False, 'backup_id': None, 'multiattach': False, 'availability_zones': ['nova']}' {{(pid=99489) _task_receiver /usr/local/lib/python3.8/dist-packages/taskflow/listeners/logging.py:178}}
Jun 22 08:56:35.611123 dv-cinder-797333-1-smb devstack@c-api.service[99489]: DEBUG cinder.volume.api [None req-4da3692e-7d87-42ad-95a3-cfe84cd6e9ab tempest-GroupSnapshotsTest-1687096452 tempest-GroupSnapshotsTest-1687096452-project] Task 'cinder.volume.flows.api.create_volume.QuotaReserveTask;volume:create' (a0327566-544b-42b9-9ec8-2ad89c1789c6) transitioned into state 'RUNNING' from state 'PENDING' {{(pid=99489) _task_receiver /usr/local/lib/python3.8/dist-packages/taskflow/listeners/logging.py:190}}
Jun 22 08:56:35.617183 dv-cinder-797333-1-smb devstack@c-api.service[99488]: INFO cinder.api.openstack.wsgi [req-238ec2f5-7f43-44c1-b537-a18f85f8669f req-4d0322bc-6794-4b85-9ac8-fd70e72d6691 tempest-VolumesSnapshotsTestJSON-1387240396 tempest-VolumesSnapshotsTestJSON-1387240396-project] POST http://10.222.0.22/volume/v3/893a915cd55a4a829f011340290f2de7/snapshots
Jun 22 08:56:35.617898 dv-cinder-797333-1-smb devstack@c-api.service[99488]: /usr/local/lib/python3.8/dist-packages/webob/acceptparse.py:1047: DeprecationWarning: The behavior of AcceptValidHeader.best_match is currently being maintained for backward compatibility, but it will be deprecated in the future, as it does not conform to the RFC.
Jun 22 08:56:35.617898 dv-cinder-797333-1-smb devstack@c-api.service[99488]: warnings.warn(
Jun 22 08:56:35.619385 dv-cinder-797333-1-smb devstack@c-api.service[99488]: DEBUG cinder.api.openstack.wsgi [req-238ec2f5-7f43-44c1-b537-a18f85f8669f req-4d0322bc-6794-4b85-9ac8-fd70e72d6691 tempest-VolumesSnapshotsTestJSON-1387240396 tempest-VolumesSnapshotsTestJSON-1387240396-project] Action: 'create', calling method: create, body: {"snapshot": {"volume_id": "bf23081d-f854-4824-b9e4-8ed24b9c09aa", "force": false, "name": "tempest-VolumesSnapshotsTestJSON-Snapshot-1375843400", "description": null, "metadata": {}}} {{(pid=99488) _process_stack /opt/stack/cinder/cinder/api/openstack/wsgi.py:864}}
Jun 22 08:56:35.638774 dv-cinder-797333-1-smb devstack@c-api.service[99488]: /usr/local/lib/python3.8/dist-packages/oslo_context/context.py:105: DeprecationWarning: Policy enforcement is depending on the value of is_admin. This key is deprecated. Please update your policy file to use the standard policy values.
Jun 22 08:56:35.638774 dv-cinder-797333-1-smb devstack@c-api.service[99488]: warnings.warn('Policy enforcement is depending on the value of '
Jun 22 08:56:35.641191 dv-cinder-797333-1-smb devstack@c-api.service[99488]: INFO cinder.volume.api [req-238ec2f5-7f43-44c1-b537-a18f85f8669f req-4d0322bc-6794-4b85-9ac8-fd70e72d6691 tempest-VolumesSnapshotsTestJSON-1387240396 tempest-VolumesSnapshotsTestJSON-1387240396-project] Volume info retrieved successfully.
Jun 22 08:56:35.642224 dv-cinder-797333-1-smb devstack@c-api.service[99488]: INFO cinder.api.v2.snapshots [req-238ec2f5-7f43-44c1-b537-a18f85f8669f req-4d0322bc-6794-4b85-9ac8-fd70e72d6691 tempest-VolumesSnapshotsTestJSON-1387240396 tempest-VolumesSnapshotsTestJSON-1387240396-project] Create snapshot from volume bf23081d-f854-4824-b9e4-8ed24b9c09aa
Jun 22 08:56:35.681469 dv-cinder-797333-1-smb devstack@c-api.service[99489]: WARNING cinder.quota [None req-4da3692e-7d87-42ad-95a3-cfe84cd6e9ab tempest-GroupSnapshotsTest-1687096452 tempest-GroupSnapshotsTest-1687096452-project] Deprecated: Default quota for resource: volumes_tempest-GroupSnapshotsTest-volume-type-747243904 is set by the default quota flag: quota_volumes_tempest-GroupSnapshotsTest-volume-type-747243904, it is now deprecated. Please use the default quota class for default quota.
Jun 22 08:56:35.683448 dv-cinder-797333-1-smb devstack@c-api.service[99489]: WARNING cinder.quota [None req-4da3692e-7d87-42ad-95a3-cfe84cd6e9ab tempest-GroupSnapshotsTest-1687096452 tempest-GroupSnapshotsTest-1687096452-project] Deprecated: Default quota for resource: gigabytes_tempest-GroupSnapshotsTest-volume-type-747243904 is set by the default quota flag: quota_gigabytes_tempest-GroupSnapshotsTest-volume-type-747243904, it is now deprecated. Please use the default quota class for default quota.
Jun 22 08:56:35.712366 dv-cinder-797333-1-smb devstack@c-api.service[99488]: WARNING cinder.quota [req-238ec2f5-7f43-44c1-b537-a18f85f8669f req-4d0322bc-6794-4b85-9ac8-fd70e72d6691 tempest-VolumesSnapshotsTestJSON-1387240396 tempest-VolumesSnapshotsTestJSON-1387240396-project] Deprecated: Default quota for resource: snapshots___DEFAULT__ is set by the default quota flag: quota_snapshots___DEFAULT__, it is now deprecated. Please use the default quota class for default quota.
Jun 22 08:56:35.772820 dv-cinder-797333-1-smb devstack@c-api.service[99489]: DEBUG cinder.quota [None req-4da3692e-7d87-42ad-95a3-cfe84cd6e9ab tempest-GroupSnapshotsTest-1687096452 tempest-GroupSnapshotsTest-1687096452-project] Created reservations ['ddef7eac-b96f-4faf-9504-86c1d74e9102', '136d95f8-4926-43df-bc38-245444824212', '045dd915-99aa-4ff6-a28a-4653d9db4f51', '2db8d29b-45c0-4a40-8088-5998960823f7'] {{(pid=99489) reserve /opt/stack/cinder/cinder/quota.py:755}}
Jun 22 08:56:35.780821 dv-cinder-797333-1-smb devstack@c-api.service[99489]: DEBUG cinder.volume.api [None req-4da3692e-7d87-42ad-95a3-cfe84cd6e9ab tempest-GroupSnapshotsTest-1687096452 tempest-GroupSnapshotsTest-1687096452-project] Task 'cinder.volume.flows.api.create_volume.QuotaReserveTask;volume:create' (a0327566-544b-42b9-9ec8-2ad89c1789c6) transitioned into state 'SUCCESS' from state 'RUNNING' with result '{'reservations': ['ddef7eac-b96f-4faf-9504-86c1d74e9102', '136d95f8-4926-43df-bc38-245444824212', '045dd915-99aa-4ff6-a28a-4653d9db4f51', '2db8d29b-45c0-4a40-8088-5998960823f7']}' {{(pid=99489) _task_receiver /usr/local/lib/python3.8/dist-packages/taskflow/listeners/logging.py:178}}
Jun 22 08:56:35.784989 dv-cinder-797333-1-smb devstack@c-api.service[99489]: DEBUG cinder.volume.api [None req-4da3692e-7d87-42ad-95a3-cfe84cd6e9ab tempest-GroupSnapshotsTest-1687096452 tempest-GroupSnapshotsTest-1687096452-project] Task 'cinder.volume.flows.api.create_volume.EntryCreateTask;volume:create' (618e66ac-9046-442e-8a51-cea9343c667c) transitioned into state 'RUNNING' from state 'PENDING' {{(pid=99489) _task_receiver /usr/local/lib/python3.8/dist-packages/taskflow/listeners/logging.py:190}}
Jun 22 08:56:35.811530 dv-cinder-797333-1-smb devstack@c-api.service[99488]: DEBUG cinder.quota [req-238ec2f5-7f43-44c1-b537-a18f85f8669f req-4d0322bc-6794-4b85-9ac8-fd70e72d6691 tempest-VolumesSnapshotsTestJSON-1387240396 tempest-VolumesSnapshotsTestJSON-1387240396-project] Created reservations ['f9685f4e-9d88-4b79-99b9-49b9bd96db7e', 'c6217ec4-8782-4205-859c-6a60d05c619d', 'c70d69da-afd8-45a6-80ce-10f076191ddb', '0b560096-a690-496a-9c0b-c2775328d258'] {{(pid=99488) reserve /opt/stack/cinder/cinder/quota.py:755}}
Jun 22 08:56:35.843131 dv-cinder-797333-1-smb devstack@c-api.service[99489]: DEBUG cinder.volume.api [None req-4da3692e-7d87-42ad-95a3-cfe84cd6e9ab tempest-GroupSnapshotsTest-1687096452 tempest-GroupSnapshotsTest-1687096452-project] Task 'cinder.volume.flows.api.create_volume.EntryCreateTask;volume:create' (618e66ac-9046-442e-8a51-cea9343c667c) transitioned into state 'SUCCESS' from state 'RUNNING' with result '{'volume_id': '34cd4212-7fd4-4ad3-b184-0d95bc620a17', 'volume_properties': VolumeProperties(attach_status='detached',availability_zone='nova',cgsnapshot_id=None,consistencygroup_id=None,display_description=None,display_name='tempest-GroupSnapshotsTest-Volume-836774379',encryption_key_id=None,group_id=9754f985-401a-4ab9-bcd9-7c5bf0113906,group_type_id=,metadata={},multiattach=False,project_id='2995fe63a37d459ab372e5bd1d034111',qos_specs=None,replication_status=,reservations=['ddef7eac-b96f-4faf-9504-86c1d74e9102','136d95f8-4926-43df-bc38-245444824212','045dd915-99aa-4ff6-a28a-4653d9db4f51','2db8d29b-45c0-4a40-8088-5998960823f7'],size=1,snapshot_id=None,source_replicaid=,source_volid=None,status='creating',user_id='d8d8898e5b06487684eb1e0b525c0591',volume_type_id=41286784-01f8-41e6-9998-e138e700dc5d), 'volume': Volume(_name_id=None,admin_metadata=,attach_status='detached',availability_zone='nova',bootable=False,cluster=,cluster_name=None,consistencygroup=,consistencygroup_id=None,created_at=2021-06-22T08:56:35Z,deleted=False,deleted_at=None,display_description=None,display_name='tempest-GroupSnapshotsTest-Volume-836774379',ec2_id=None,encryption_key_id=None,glance_metadata=,group=,group_id=9754f985-401a-4ab9-bcd9-7c5bf0113906,host=None,id=34cd4212-7fd4-4ad3-b184-0d95bc620a17,launched_at=None,metadata={},migration_status=None,multiattach=False,previous_status=None,project_id='2995fe63a37d459ab372e5bd1d034111',provider_auth=None,provider_geometry=None,provider_id=None,provider_location=None,replication_driver_data=None,replication_extended_status=None,replication_status=None,scheduled_at=None,service_uuid=None,shared_targets=True,size=1,snapshot_id=None,snapshots=,source_volid=None,status='creating',terminated_at=None,updated_at=None,user_id='d8d8898e5b06487684eb1e0b525c0591',volume_attachment=,volume_type=VolumeType(41286784-01f8-41e6-9998-e138e700dc5d),volume_type_id=41286784-01f8-41e6-9998-e138e700dc5d)}' {{(pid=99489) _task_receiver /usr/local/lib/python3.8/dist-packages/taskflow/listeners/logging.py:178}}
Jun 22 08:56:35.845543 dv-cinder-797333-1-smb devstack@c-api.service[99489]: DEBUG cinder.volume.api [None req-4da3692e-7d87-42ad-95a3-cfe84cd6e9ab tempest-GroupSnapshotsTest-1687096452 tempest-GroupSnapshotsTest-1687096452-project] Task 'cinder.volume.flows.api.create_volume.QuotaCommitTask;volume:create' (9925756b-e8a8-4f9d-984d-83a261f63b2e) transitioned into state 'RUNNING' from state 'PENDING' {{(pid=99489) _task_receiver /usr/local/lib/python3.8/dist-packages/taskflow/listeners/logging.py:190}}
Jun 22 08:56:35.934990 dv-cinder-797333-1-smb devstack@c-api.service[99489]: DEBUG cinder.volume.api [None req-4da3692e-7d87-42ad-95a3-cfe84cd6e9ab tempest-GroupSnapshotsTest-1687096452 tempest-GroupSnapshotsTest-1687096452-project] Task 'cinder.volume.flows.api.create_volume.QuotaCommitTask;volume:create' (9925756b-e8a8-4f9d-984d-83a261f63b2e) transitioned into state 'SUCCESS' from state 'RUNNING' with result '{'volume_properties': VolumeProperties(attach_status='detached',availability_zone='nova',cgsnapshot_id=None,consistencygroup_id=None,display_description=None,display_name='tempest-GroupSnapshotsTest-Volume-836774379',encryption_key_id=None,group_id=9754f985-401a-4ab9-bcd9-7c5bf0113906,group_type_id=,metadata={},multiattach=False,project_id='2995fe63a37d459ab372e5bd1d034111',qos_specs=None,replication_status=,reservations=['ddef7eac-b96f-4faf-9504-86c1d74e9102','136d95f8-4926-43df-bc38-245444824212','045dd915-99aa-4ff6-a28a-4653d9db4f51','2db8d29b-45c0-4a40-8088-5998960823f7'],size=1,snapshot_id=None,source_replicaid=,source_volid=None,status='creating',user_id='d8d8898e5b06487684eb1e0b525c0591',volume_type_id=41286784-01f8-41e6-9998-e138e700dc5d)}' {{(pid=99489) _task_receiver /usr/local/lib/python3.8/dist-packages/taskflow/listeners/logging.py:178}}
Jun 22 08:56:35.936919 dv-cinder-797333-1-smb devstack@c-api.service[99489]: DEBUG cinder.volume.api [None req-4da3692e-7d87-42ad-95a3-cfe84cd6e9ab tempest-GroupSnapshotsTest-1687096452 tempest-GroupSnapshotsTest-1687096452-project] Task 'cinder.volume.flows.api.create_volume.VolumeCastTask;volume:create' (2be759b3-5c1f-4134-b961-02281c5a4771) transitioned into state 'RUNNING' from state 'PENDING' {{(pid=99489) _task_receiver /usr/local/lib/python3.8/dist-packages/taskflow/listeners/logging.py:190}}
Jun 22 08:56:36.005091 dv-cinder-797333-1-smb devstack@c-api.service[99489]: DEBUG cinder.volume.api [None req-4da3692e-7d87-42ad-95a3-cfe84cd6e9ab tempest-GroupSnapshotsTest-1687096452 tempest-GroupSnapshotsTest-1687096452-project] Task 'cinder.volume.flows.api.create_volume.VolumeCastTask;volume:create' (2be759b3-5c1f-4134-b961-02281c5a4771) transitioned into state 'SUCCESS' from state 'RUNNING' with result 'None' {{(pid=99489) _task_receiver /usr/local/lib/python3.8/dist-packages/taskflow/listeners/logging.py:178}}
Jun 22 08:56:36.011001 dv-cinder-797333-1-smb devstack@c-api.service[99489]: DEBUG cinder.volume.api [None req-4da3692e-7d87-42ad-95a3-cfe84cd6e9ab tempest-GroupSnapshotsTest-1687096452 tempest-GroupSnapshotsTest-1687096452-project] Flow 'volume_create_api' (016462eb-6f4d-47ab-b90e-b54b6f24f604) transitioned into state 'SUCCESS' from state 'RUNNING' {{(pid=99489) _flow_receiver /usr/local/lib/python3.8/dist-packages/taskflow/listeners/logging.py:141}}
Jun 22 08:56:36.013207 dv-cinder-797333-1-smb devstack@c-api.service[99489]: INFO cinder.volume.api [None req-4da3692e-7d87-42ad-95a3-cfe84cd6e9ab tempest-GroupSnapshotsTest-1687096452 tempest-GroupSnapshotsTest-1687096452-project] Create volume request issued successfully.
Jun 22 08:56:36.031124 dv-cinder-797333-1-smb devstack@c-api.service[99488]: INFO cinder.volume.api [req-238ec2f5-7f43-44c1-b537-a18f85f8669f req-4d0322bc-6794-4b85-9ac8-fd70e72d6691 tempest-VolumesSnapshotsTestJSON-1387240396 tempest-VolumesSnapshotsTestJSON-1387240396-project] Snapshot create request issued successfully.
Jun 22 08:56:36.033743 dv-cinder-797333-1-smb devstack@c-api.service[99488]: INFO cinder.api.openstack.wsgi [req-238ec2f5-7f43-44c1-b537-a18f85f8669f req-4d0322bc-6794-4b85-9ac8-fd70e72d6691 tempest-VolumesSnapshotsTestJSON-1387240396 tempest-VolumesSnapshotsTestJSON-1387240396-project] http://10.222.0.22/volume/v3/893a915cd55a4a829f011340290f2de7/snapshots returned with HTTP 202
Jun 22 08:56:36.035185 dv-cinder-797333-1-smb devstack@c-api.service[99488]: [pid: 99488|app: 0|req: 16/27] 10.222.0.22 () {64 vars in 1528 bytes} [Tue Jun 22 08:56:35 2021] POST /volume/v3/893a915cd55a4a829f011340290f2de7/snapshots => generated 311 bytes in 432 msecs (HTTP/1.1 202) 7 headers in 291 bytes (1 switches on core 0)
Jun 22 08:56:36.049382 dv-cinder-797333-1-smb devstack@c-api.service[99489]: WARNING stevedore.named [None req-4da3692e-7d87-42ad-95a3-cfe84cd6e9ab tempest-GroupSnapshotsTest-1687096452 tempest-GroupSnapshotsTest-1687096452-project] Could not load cinder.keymgr.conf_key_mgr.ConfKeyManager
Jun 22 08:56:36.049382 dv-cinder-797333-1-smb devstack@c-api.service[99489]: WARNING castellan.key_manager [None req-4da3692e-7d87-42ad-95a3-cfe84cd6e9ab tempest-GroupSnapshotsTest-1687096452 tempest-GroupSnapshotsTest-1687096452-project] Deprecation Warning : cinder.keymgr.conf_key_mgr.ConfKeyManager is not a stevedore based driver, trying to load it as a class: stevedore.exception.NoMatches: No 'castellan.drivers' driver found, looking for 'cinder.keymgr.conf_key_mgr.ConfKeyManager'
Jun 22 08:56:36.063227 dv-cinder-797333-1-smb devstack@c-api.service[99489]: DEBUG oslo_db.sqlalchemy.engines [None req-4da3692e-7d87-42ad-95a3-cfe84cd6e9ab tempest-GroupSnapshotsTest-1687096452 tempest-GroupSnapshotsTest-1687096452-project] MySQL server mode set to STRICT_TRANS_TABLES,STRICT_ALL_TABLES,NO_ZERO_IN_DATE,NO_ZERO_DATE,ERROR_FOR_DIVISION_BY_ZERO,TRADITIONAL,NO_ENGINE_SUBSTITUTION {{(pid=99489) _check_effective_sql_mode /usr/local/lib/python3.8/dist-packages/oslo_db/sqlalchemy/engines.py:314}}
Jun 22 08:56:36.070124 dv-cinder-797333-1-smb devstack@c-api.service[99489]: /usr/local/lib/python3.8/dist-packages/oslo_context/context.py:105: DeprecationWarning: Policy enforcement is depending on the value of is_admin. This key is deprecated. Please update your policy file to use the standard policy values.
Jun 22 08:56:36.070124 dv-cinder-797333-1-smb devstack@c-api.service[99489]: warnings.warn('Policy enforcement is depending on the value of '
Jun 22 08:56:36.085404 dv-cinder-797333-1-smb devstack@c-api.service[99488]: INFO cinder.api.openstack.wsgi [req-b30b03d7-969a-47ac-935f-04d6e3c0b23d req-ca6864fd-7ef5-44a6-88fc-1362156c5e87 tempest-VolumesGetTestJSON-1527163177 tempest-VolumesGetTestJSON-1527163177-project] DELETE http://10.222.0.22/volume/v3/5980531ef79f4c19803b6877d5210cf0/volumes/775eaf4a-fac7-42b1-b456-b8313d75089d
Jun 22 08:56:36.085964 dv-cinder-797333-1-smb devstack@c-api.service[99488]: DEBUG cinder.api.openstack.wsgi [req-b30b03d7-969a-47ac-935f-04d6e3c0b23d req-ca6864fd-7ef5-44a6-88fc-1362156c5e87 tempest-VolumesGetTestJSON-1527163177 tempest-VolumesGetTestJSON-1527163177-project] Empty body provided in request {{(pid=99488) get_body /opt/stack/cinder/cinder/api/openstack/wsgi.py:713}}
Jun 22 08:56:36.086330 dv-cinder-797333-1-smb devstack@c-api.service[99488]: /usr/local/lib/python3.8/dist-packages/webob/acceptparse.py:1047: DeprecationWarning: The behavior of AcceptValidHeader.best_match is currently being maintained for backward compatibility, but it will be deprecated in the future, as it does not conform to the RFC.
Jun 22 08:56:36.086330 dv-cinder-797333-1-smb devstack@c-api.service[99488]: warnings.warn(
Jun 22 08:56:36.086475 dv-cinder-797333-1-smb devstack@c-api.service[99488]: DEBUG cinder.api.openstack.wsgi [req-b30b03d7-969a-47ac-935f-04d6e3c0b23d req-ca6864fd-7ef5-44a6-88fc-1362156c5e87 tempest-VolumesGetTestJSON-1527163177 tempest-VolumesGetTestJSON-1527163177-project] Calling method 'delete' {{(pid=99488) _process_stack /opt/stack/cinder/cinder/api/openstack/wsgi.py:866}}
Jun 22 08:56:36.086863 dv-cinder-797333-1-smb devstack@c-api.service[99488]: INFO cinder.api.v3.volumes [req-b30b03d7-969a-47ac-935f-04d6e3c0b23d req-ca6864fd-7ef5-44a6-88fc-1362156c5e87 tempest-VolumesGetTestJSON-1527163177 tempest-VolumesGetTestJSON-1527163177-project] Delete volume with id: 775eaf4a-fac7-42b1-b456-b8313d75089d
Jun 22 08:56:36.101797 dv-cinder-797333-1-smb devstack@c-api.service[99489]: INFO cinder.api.openstack.wsgi [None req-4da3692e-7d87-42ad-95a3-cfe84cd6e9ab tempest-GroupSnapshotsTest-1687096452 tempest-GroupSnapshotsTest-1687096452-project] http://10.222.0.22/volume/v3/2995fe63a37d459ab372e5bd1d034111/volumes returned with HTTP 202
Jun 22 08:56:36.102983 dv-cinder-797333-1-smb devstack@c-api.service[99489]: [pid: 99489|app: 0|req: 12/28] 10.222.0.22 () {62 vars in 1277 bytes} [Tue Jun 22 08:56:35 2021] POST /volume/v3/2995fe63a37d459ab372e5bd1d034111/volumes => generated 906 bytes in 687 msecs (HTTP/1.1 202) 7 headers in 292 bytes (1 switches on core 0)
Jun 22 08:56:36.106437 dv-cinder-797333-1-smb devstack@c-api.service[99488]: /usr/local/lib/python3.8/dist-packages/oslo_context/context.py:105: DeprecationWarning: Policy enforcement is depending on the value of is_admin. This key is deprecated. Please update your policy file to use the standard policy values.
Jun 22 08:56:36.106437 dv-cinder-797333-1-smb devstack@c-api.service[99488]: warnings.warn('Policy enforcement is depending on the value of '
Jun 22 08:56:36.107663 dv-cinder-797333-1-smb devstack@c-api.service[99488]: INFO cinder.volume.api [req-b30b03d7-969a-47ac-935f-04d6e3c0b23d req-ca6864fd-7ef5-44a6-88fc-1362156c5e87 tempest-VolumesGetTestJSON-1527163177 tempest-VolumesGetTestJSON-1527163177-project] Volume info retrieved successfully.
Jun 22 08:56:36.117047 dv-cinder-797333-1-smb devstack@c-api.service[99489]: INFO cinder.api.openstack.wsgi [None req-019d8bce-3159-42fe-bc09-9b768c669959 tempest-GroupSnapshotsTest-1687096452 tempest-GroupSnapshotsTest-1687096452-project] GET http://10.222.0.22/volume/v3/2995fe63a37d459ab372e5bd1d034111/volumes/34cd4212-7fd4-4ad3-b184-0d95bc620a17
Jun 22 08:56:36.117605 dv-cinder-797333-1-smb devstack@c-api.service[99489]: DEBUG cinder.api.openstack.wsgi [None req-019d8bce-3159-42fe-bc09-9b768c669959 tempest-GroupSnapshotsTest-1687096452 tempest-GroupSnapshotsTest-1687096452-project] Empty body provided in request {{(pid=99489) get_body /opt/stack/cinder/cinder/api/openstack/wsgi.py:713}}
Jun 22 08:56:36.117775 dv-cinder-797333-1-smb devstack@c-api.service[99489]: /usr/local/lib/python3.8/dist-packages/webob/acceptparse.py:1047: DeprecationWarning: The behavior of AcceptValidHeader.best_match is currently being maintained for backward compatibility, but it will be deprecated in the future, as it does not conform to the RFC.
Jun 22 08:56:36.117775 dv-cinder-797333-1-smb devstack@c-api.service[99489]: warnings.warn(
Jun 22 08:56:36.118099 dv-cinder-797333-1-smb devstack@c-api.service[99489]: DEBUG cinder.api.openstack.wsgi [None req-019d8bce-3159-42fe-bc09-9b768c669959 tempest-GroupSnapshotsTest-1687096452 tempest-GroupSnapshotsTest-1687096452-project] Calling method 'show' {{(pid=99489) _process_stack /opt/stack/cinder/cinder/api/openstack/wsgi.py:866}}
Jun 22 08:56:36.177676 dv-cinder-797333-1-smb devstack@c-api.service[99489]: /usr/local/lib/python3.8/dist-packages/oslo_context/context.py:105: DeprecationWarning: Policy enforcement is depending on the value of is_admin. This key is deprecated. Please update your policy file to use the standard policy values.
Jun 22 08:56:36.177676 dv-cinder-797333-1-smb devstack@c-api.service[99489]: warnings.warn('Policy enforcement is depending on the value of '
Jun 22 08:56:36.198498 dv-cinder-797333-1-smb devstack@c-api.service[99489]: INFO cinder.volume.api [None req-019d8bce-3159-42fe-bc09-9b768c669959 tempest-GroupSnapshotsTest-1687096452 tempest-GroupSnapshotsTest-1687096452-project] Volume info retrieved successfully.
Jun 22 08:56:36.210679 dv-cinder-797333-1-smb devstack@c-api.service[99489]: WARNING stevedore.named [None req-019d8bce-3159-42fe-bc09-9b768c669959 tempest-GroupSnapshotsTest-1687096452 tempest-GroupSnapshotsTest-1687096452-project] Could not load cinder.keymgr.conf_key_mgr.ConfKeyManager
Jun 22 08:56:36.211288 dv-cinder-797333-1-smb devstack@c-api.service[99489]: WARNING castellan.key_manager [None req-019d8bce-3159-42fe-bc09-9b768c669959 tempest-GroupSnapshotsTest-1687096452 tempest-GroupSnapshotsTest-1687096452-project] Deprecation Warning : cinder.keymgr.conf_key_mgr.ConfKeyManager is not a stevedore based driver, trying to load it as a class: stevedore.exception.NoMatches: No 'castellan.drivers' driver found, looking for 'cinder.keymgr.conf_key_mgr.ConfKeyManager'
Jun 22 08:56:36.215851 dv-cinder-797333-1-smb devstack@c-api.service[99488]: INFO cinder.volume.api [req-b30b03d7-969a-47ac-935f-04d6e3c0b23d req-ca6864fd-7ef5-44a6-88fc-1362156c5e87 tempest-VolumesGetTestJSON-1527163177 tempest-VolumesGetTestJSON-1527163177-project] Delete volume request issued successfully.
Jun 22 08:56:36.220456 dv-cinder-797333-1-smb devstack@c-api.service[99488]: INFO cinder.api.openstack.wsgi [req-b30b03d7-969a-47ac-935f-04d6e3c0b23d req-ca6864fd-7ef5-44a6-88fc-1362156c5e87 tempest-VolumesGetTestJSON-1527163177 tempest-VolumesGetTestJSON-1527163177-project] http://10.222.0.22/volume/v3/5980531ef79f4c19803b6877d5210cf0/volumes/775eaf4a-fac7-42b1-b456-b8313d75089d returned with HTTP 202
Jun 22 08:56:36.222745 dv-cinder-797333-1-smb devstack@c-api.service[99488]: [pid: 99488|app: 0|req: 17/29] 10.222.0.22 () {62 vars in 1601 bytes} [Tue Jun 22 08:56:36 2021] DELETE /volume/v3/5980531ef79f4c19803b6877d5210cf0/volumes/775eaf4a-fac7-42b1-b456-b8313d75089d => generated 0 bytes in 142 msecs (HTTP/1.1 202) 6 headers in 233 bytes (2 switches on core 0)
Jun 22 08:56:36.229853 dv-cinder-797333-1-smb devstack@c-api.service[99489]: DEBUG oslo_db.sqlalchemy.engines [None req-019d8bce-3159-42fe-bc09-9b768c669959 tempest-GroupSnapshotsTest-1687096452 tempest-GroupSnapshotsTest-1687096452-project] MySQL server mode set to STRICT_TRANS_TABLES,STRICT_ALL_TABLES,NO_ZERO_IN_DATE,NO_ZERO_DATE,ERROR_FOR_DIVISION_BY_ZERO,TRADITIONAL,NO_ENGINE_SUBSTITUTION {{(pid=99489) _check_effective_sql_mode /usr/local/lib/python3.8/dist-packages/oslo_db/sqlalchemy/engines.py:314}}
Jun 22 08:56:36.247985 dv-cinder-797333-1-smb devstack@c-api.service[99489]: /usr/local/lib/python3.8/dist-packages/oslo_context/context.py:105: DeprecationWarning: Policy enforcement is depending on the value of is_admin. This key is deprecated. Please update your policy file to use the standard policy values.
Jun 22 08:56:36.247985 dv-cinder-797333-1-smb devstack@c-api.service[99489]: warnings.warn('Policy enforcement is depending on the value of '
Jun 22 08:56:36.268297 dv-cinder-797333-1-smb devstack@c-api.service[99488]: INFO cinder.api.openstack.wsgi [req-a158c013-5347-4366-a0c9-c3d1262d962a req-66396410-ae24-4d1b-aaf8-ff048be87c0c tempest-VolumesSnapshotsTestJSON-1387240396 tempest-VolumesSnapshotsTestJSON-1387240396-project] GET http://10.222.0.22/volume/v3/893a915cd55a4a829f011340290f2de7/snapshots/b1a6ffd1-a8c8-43d3-b8eb-58b92e22e57b
Jun 22 08:56:36.270163 dv-cinder-797333-1-smb devstack@c-api.service[99488]: DEBUG cinder.api.openstack.wsgi [req-a158c013-5347-4366-a0c9-c3d1262d962a req-66396410-ae24-4d1b-aaf8-ff048be87c0c tempest-VolumesSnapshotsTestJSON-1387240396 tempest-VolumesSnapshotsTestJSON-1387240396-project] Empty body provided in request {{(pid=99488) get_body /opt/stack/cinder/cinder/api/openstack/wsgi.py:713}}
Jun 22 08:56:36.270599 dv-cinder-797333-1-smb devstack@c-api.service[99488]: /usr/local/lib/python3.8/dist-packages/webob/acceptparse.py:1047: DeprecationWarning: The behavior of AcceptValidHeader.best_match is currently being maintained for backward compatibility, but it will be deprecated in the future, as it does not conform to the RFC.
Jun 22 08:56:36.270599 dv-cinder-797333-1-smb devstack@c-api.service[99488]: warnings.warn(
Jun 22 08:56:36.272398 dv-cinder-797333-1-smb devstack@c-api.service[99488]: DEBUG cinder.api.openstack.wsgi [req-a158c013-5347-4366-a0c9-c3d1262d962a req-66396410-ae24-4d1b-aaf8-ff048be87c0c tempest-VolumesSnapshotsTestJSON-1387240396 tempest-VolumesSnapshotsTestJSON-1387240396-project] Calling method 'show' {{(pid=99488) _process_stack /opt/stack/cinder/cinder/api/openstack/wsgi.py:866}}
Jun 22 08:56:36.280777 dv-cinder-797333-1-smb devstack@c-api.service[99489]: INFO cinder.api.openstack.wsgi [None req-019d8bce-3159-42fe-bc09-9b768c669959 tempest-GroupSnapshotsTest-1687096452 tempest-GroupSnapshotsTest-1687096452-project] http://10.222.0.22/volume/v3/2995fe63a37d459ab372e5bd1d034111/volumes/34cd4212-7fd4-4ad3-b184-0d95bc620a17 returned with HTTP 200
Jun 22 08:56:36.281552 dv-cinder-797333-1-smb devstack@c-api.service[99489]: [pid: 99489|app: 0|req: 13/30] 10.222.0.22 () {60 vars in 1366 bytes} [Tue Jun 22 08:56:36 2021] GET /volume/v3/2995fe63a37d459ab372e5bd1d034111/volumes/34cd4212-7fd4-4ad3-b184-0d95bc620a17 => generated 974 bytes in 169 msecs (HTTP/1.1 200) 7 headers in 286 bytes (2 switches on core 0)
Jun 22 08:56:36.291270 dv-cinder-797333-1-smb devstack@c-api.service[99488]: /usr/local/lib/python3.8/dist-packages/oslo_context/context.py:105: DeprecationWarning: Policy enforcement is depending on the value of is_admin. This key is deprecated. Please update your policy file to use the standard policy values.
