Jun 29 03:28:01.803809 dv-cinder-797245-8-iscsi neutron-server[92918]: DEBUG neutron_lib.callbacks.manager [None req-56776a7a-96f7-4850-b683-a1c1225590c8 admin admin] Notify callbacks [] for port, precommit_create {{(pid=92918) _notify_loop /usr/local/lib/python3.8/dist-packages/neutron_lib/callbacks/manager.py:192}}
Jun 29 03:28:01.898488 dv-cinder-797245-8-iscsi neutron-server[92918]: DEBUG neutron_lib.callbacks.manager [None req-fb179f2d-cf8d-4313-bb9c-39060cb40b7f admin admin] Notify callbacks ['neutron.plugins.ml2.plugin.External_net_db_mixin._before_network_delete_handler-1772370'] for network, before_delete {{(pid=92918) _notify_loop /usr/local/lib/python3.8/dist-packages/neutron_lib/callbacks/manager.py:192}}
Jun 29 03:28:02.006784 dv-cinder-797245-8-iscsi neutron-server[92918]: INFO neutron.wsgi [req-44116910-a613-43e4-84db-26a9402a611f req-a72e4bc9-9bef-4e89-ac18-7ebf8ff92597 tempest-DeleteServersTestJSON-675958751 tempest-DeleteServersTestJSON-675958751-project] 10.222.0.39 "GET /v2.0/ports?device_id=671c2a54-fb55-407f-af9b-9bf1c56b4c46 HTTP/1.1" status: 200 len: 210 time: 0.0821667
Jun 29 03:28:02.108441 dv-cinder-797245-8-iscsi neutron-server[92919]: INFO neutron.wsgi [req-c38cd17e-ef9c-44a2-9a3d-2dde750912ac req-521f4266-4c1f-4ef0-b30e-88f42903eb21 tempest-AttachVolumeNegativeTest-205152925 tempest-AttachVolumeNegativeTest-205152925-project] 10.222.0.39 "GET /v2.0/ports?device_id=4d93af6e-9cdd-420d-856e-38054fa5b1d7 HTTP/1.1" status: 200 len: 210 time: 0.0556848
Jun 29 03:28:02.135955 dv-cinder-797245-8-iscsi neutron-server[92919]: DEBUG neutron_lib.callbacks.manager [None req-4702c2ed-17d9-4d27-bc6f-6f53efd83cb7 admin admin] Notify callbacks ['neutron.services.l3_router.l3_router_plugin.L3_HA_NAT_db_mixin._after_router_create-673548', 'neutron.services.l3_router.l3_router_plugin.DVRResourceOperationHandler._create_snat_interfaces_after_change-769002'] for router, after_create {{(pid=92919) _notify_loop /usr/local/lib/python3.8/dist-packages/neutron_lib/callbacks/manager.py:192}}
Jun 29 03:28:02.157927 dv-cinder-797245-8-iscsi neutron-server[92918]: DEBUG neutron_lib.callbacks.manager [None req-56776a7a-96f7-4850-b683-a1c1225590c8 admin admin] Notify callbacks ['neutron.plugins.ml2.plugin.SecurityGroupServerNotifierRpcMixin._notify_sg_on_port_after_update-1609323', 'neutron.plugins.ml2.ovo_rpc._ObjectChangeHandler.handle_payload_event-94923', 'neutron.api.rpc.agentnotifiers.dhcp_rpc_agent_api.DhcpAgentNotifyAPI._native_event_send_dhcp_notification_payload-560051', 'neutron.db.l3_dvrscheduler_db._notify_l3_agent_new_port-8740965565175'] for port, after_create {{(pid=92918) _notify_loop /usr/local/lib/python3.8/dist-packages/neutron_lib/callbacks/manager.py:192}}
Jun 29 03:28:02.162535 dv-cinder-797245-8-iscsi neutron-server[92918]: DEBUG neutron_lib.callbacks.manager [None req-fb179f2d-cf8d-4313-bb9c-39060cb40b7f admin admin] Notify callbacks ['neutron.plugins.ml2.plugin.Ml2Plugin._network_delete_precommit_handler-1635449', 'neutron.services.segments.db._delete_segments_for_network-8740965926449'] for network, precommit_delete {{(pid=92918) _notify_loop /usr/local/lib/python3.8/dist-packages/neutron_lib/callbacks/manager.py:192}}
Jun 29 03:28:02.164709 dv-cinder-797245-8-iscsi neutron-server[92918]: DEBUG oslo_concurrency.lockutils [-] Lock "event-dispatch" acquired by "neutron.plugins.ml2.ovo_rpc._ObjectChangeHandler.dispatch_events" :: waited 0.000s {{(pid=92918) inner /usr/local/lib/python3.8/dist-packages/oslo_concurrency/lockutils.py:355}}
Jun 29 03:28:02.223304 dv-cinder-797245-8-iscsi neutron-server[92918]: DEBUG neutron_lib.callbacks.manager [None req-fb179f2d-cf8d-4313-bb9c-39060cb40b7f admin admin] Subscribe: > segment before_delete 55550000 {{(pid=92918) subscribe /usr/local/lib/python3.8/dist-packages/neutron_lib/callbacks/manager.py:45}}
Jun 29 03:28:02.223669 dv-cinder-797245-8-iscsi neutron-server[92918]: DEBUG neutron_lib.callbacks.manager [None req-fb179f2d-cf8d-4313-bb9c-39060cb40b7f admin admin] Subscribe: > subnet precommit_delete_associations 55550000 {{(pid=92918) subscribe /usr/local/lib/python3.8/dist-packages/neutron_lib/callbacks/manager.py:45}}
Jun 29 03:28:02.224473 dv-cinder-797245-8-iscsi neutron-server[92918]: DEBUG neutron_lib.callbacks.manager [None req-fb179f2d-cf8d-4313-bb9c-39060cb40b7f admin admin] Subscribe: > segment_host_mapping after_create 55550000 {{(pid=92918) subscribe /usr/local/lib/python3.8/dist-packages/neutron_lib/callbacks/manager.py:45}}
Jun 29 03:28:02.224820 dv-cinder-797245-8-iscsi neutron-server[92918]: DEBUG neutron_lib.callbacks.manager [None req-fb179f2d-cf8d-4313-bb9c-39060cb40b7f admin admin] Subscribe: > port after_create 55550000 {{(pid=92918) subscribe /usr/local/lib/python3.8/dist-packages/neutron_lib/callbacks/manager.py:45}}
Jun 29 03:28:02.225166 dv-cinder-797245-8-iscsi neutron-server[92918]: DEBUG neutron_lib.callbacks.manager [None req-fb179f2d-cf8d-4313-bb9c-39060cb40b7f admin admin] Subscribe: > port after_delete 55550000 {{(pid=92918) subscribe /usr/local/lib/python3.8/dist-packages/neutron_lib/callbacks/manager.py:45}}
Jun 29 03:28:02.225511 dv-cinder-797245-8-iscsi neutron-server[92918]: DEBUG neutron_lib.callbacks.manager [None req-fb179f2d-cf8d-4313-bb9c-39060cb40b7f admin admin] Subscribe: > port after_update 55550000 {{(pid=92918) subscribe /usr/local/lib/python3.8/dist-packages/neutron_lib/callbacks/manager.py:45}}
Jun 29 03:28:02.225846 dv-cinder-797245-8-iscsi neutron-server[92918]: DEBUG neutron_lib.callbacks.manager [None req-fb179f2d-cf8d-4313-bb9c-39060cb40b7f admin admin] Subscribe: > segment after_delete 55550000 {{(pid=92918) subscribe /usr/local/lib/python3.8/dist-packages/neutron_lib/callbacks/manager.py:45}}
Jun 29 03:28:02.226415 dv-cinder-797245-8-iscsi neutron-server[92918]: DEBUG neutron_lib.callbacks.manager [None req-fb179f2d-cf8d-4313-bb9c-39060cb40b7f admin admin] Subscribe: > subnet after_create 55550000 {{(pid=92918) subscribe /usr/local/lib/python3.8/dist-packages/neutron_lib/callbacks/manager.py:45}}
Jun 29 03:28:02.226910 dv-cinder-797245-8-iscsi neutron-server[92918]: DEBUG neutron_lib.callbacks.manager [None req-fb179f2d-cf8d-4313-bb9c-39060cb40b7f admin admin] Subscribe: > subnet after_delete 55550000 {{(pid=92918) subscribe /usr/local/lib/python3.8/dist-packages/neutron_lib/callbacks/manager.py:45}}
Jun 29 03:28:02.227383 dv-cinder-797245-8-iscsi neutron-server[92918]: DEBUG neutron_lib.callbacks.manager [None req-fb179f2d-cf8d-4313-bb9c-39060cb40b7f admin admin] Subscribe: > subnet after_update 55550000 {{(pid=92918) subscribe /usr/local/lib/python3.8/dist-packages/neutron_lib/callbacks/manager.py:45}}
Jun 29 03:28:02.279278 dv-cinder-797245-8-iscsi neutron-server[92919]: DEBUG neutron.db.db_base_plugin_common [None req-e8565645-ea25-4889-92e4-10e77541682f admin admin] Allocated IP 172.27.1.204 (f51c5211-9e47-48bd-999b-9f8ea905804c/f04d9874-e86b-453e-8035-96fcd5cd1b2e/8a9fbdd6-bcee-40e9-adc0-6f18f4e3439e) {{(pid=92919) _store_ip_allocation /opt/stack/neutron/neutron/db/db_base_plugin_common.py:131}}
Jun 29 03:28:02.389281 dv-cinder-797245-8-iscsi neutron-server[92918]: DEBUG neutron_lib.callbacks.manager [None req-fb179f2d-cf8d-4313-bb9c-39060cb40b7f admin admin] Subscribe: > subnet after_create 55550000 {{(pid=92918) subscribe /usr/local/lib/python3.8/dist-packages/neutron_lib/callbacks/manager.py:45}}
Jun 29 03:28:02.389914 dv-cinder-797245-8-iscsi neutron-server[92918]: DEBUG neutron_lib.callbacks.manager [None req-fb179f2d-cf8d-4313-bb9c-39060cb40b7f admin admin] Subscribe: > subnet after_delete 55550000 {{(pid=92918) subscribe /usr/local/lib/python3.8/dist-packages/neutron_lib/callbacks/manager.py:45}}
Jun 29 03:28:02.392317 dv-cinder-797245-8-iscsi neutron-server[92918]: DEBUG neutron_lib.callbacks.manager [None req-fb179f2d-cf8d-4313-bb9c-39060cb40b7f admin admin] Subscribe: > subnet before_create 55550000 {{(pid=92918) subscribe /usr/local/lib/python3.8/dist-packages/neutron_lib/callbacks/manager.py:45}}
Jun 29 03:28:02.392830 dv-cinder-797245-8-iscsi neutron-server[92918]: DEBUG neutron_lib.callbacks.manager [None req-fb179f2d-cf8d-4313-bb9c-39060cb40b7f admin admin] Subscribe: > subnet before_update 55550000 {{(pid=92918) subscribe /usr/local/lib/python3.8/dist-packages/neutron_lib/callbacks/manager.py:45}}
Jun 29 03:28:02.393389 dv-cinder-797245-8-iscsi neutron-server[92918]: DEBUG neutron.services.segments.db [None req-fb179f2d-cf8d-4313-bb9c-39060cb40b7f admin admin] neutron.services.segments.plugin.Plugin method get_segments called with arguments (,) {'filters': {'network_id': ['b0fba2c0-9515-44d5-911f-50329ecf7e60']}} {{(pid=92918) wrapper /usr/local/lib/python3.8/dist-packages/oslo_log/helpers.py:65}}
Jun 29 03:28:02.429286 dv-cinder-797245-8-iscsi neutron-server[92918]: DEBUG neutron.services.segments.db [None req-fb179f2d-cf8d-4313-bb9c-39060cb40b7f admin admin] neutron.services.segments.plugin.Plugin method delete_segment called with arguments (, 'e60eec90-e48f-46aa-90e2-c7b5047e8d6f') {'for_net_delete': True} {{(pid=92918) wrapper /usr/local/lib/python3.8/dist-packages/oslo_log/helpers.py:65}}
Jun 29 03:28:02.429581 dv-cinder-797245-8-iscsi neutron-server[92918]: DEBUG neutron.services.segments.db [None req-fb179f2d-cf8d-4313-bb9c-39060cb40b7f admin admin] neutron.services.segments.plugin.Plugin method get_segment called with arguments (, 'e60eec90-e48f-46aa-90e2-c7b5047e8d6f') {} {{(pid=92918) wrapper /usr/local/lib/python3.8/dist-packages/oslo_log/helpers.py:65}}
Jun 29 03:28:02.433900 dv-cinder-797245-8-iscsi neutron-server[92919]: DEBUG neutron.scheduler.l3_agent_scheduler [None req-4702c2ed-17d9-4d27-bc6f-6f53efd83cb7 admin admin] Router 53856f47-ac24-4c8b-a5ef-7d23eab957f2 is scheduled to L3 agent 1a05c492-9058-4fb5-aad5-c363f878efb3 with binding_index 1 {{(pid=92919) bind_router /opt/stack/neutron/neutron/scheduler/l3_agent_scheduler.py:210}}
Jun 29 03:28:02.442126 dv-cinder-797245-8-iscsi neutron-server[92919]: DEBUG neutron_lib.callbacks.manager [None req-e8565645-ea25-4889-92e4-10e77541682f admin admin] Notify callbacks [] for port, precommit_create {{(pid=92919) _notify_loop /usr/local/lib/python3.8/dist-packages/neutron_lib/callbacks/manager.py:192}}
Jun 29 03:28:02.456910 dv-cinder-797245-8-iscsi neutron-server[92918]: DEBUG neutron.scheduler.dhcp_agent_scheduler [None req-56776a7a-96f7-4850-b683-a1c1225590c8 admin admin] Network f51c5211-9e47-48bd-999b-9f8ea905804c is already hosted by enough agents. {{(pid=92918) _get_dhcp_agents_hosting_network /opt/stack/neutron/neutron/scheduler/dhcp_agent_scheduler.py:275}}
Jun 29 03:28:02.465802 dv-cinder-797245-8-iscsi neutron-server[92918]: DEBUG neutron_lib.callbacks.manager [None req-fb179f2d-cf8d-4313-bb9c-39060cb40b7f admin admin] Notify callbacks ['neutron.plugins.ml2.db._prevent_segment_delete_with_port_bound-8740965921428', 'neutron.services.segments.plugin.Plugin._prevent_segment_delete_with_subnet_associated-2136143'] for segment, before_delete {{(pid=92918) _notify_loop /usr/local/lib/python3.8/dist-packages/neutron_lib/callbacks/manager.py:192}}
Jun 29 03:28:02.469735 dv-cinder-797245-8-iscsi neutron-server[92918]: DEBUG neutron.scheduler.base_scheduler [None req-56776a7a-96f7-4850-b683-a1c1225590c8 admin admin] Resources bound (agent type, host, resource id): {{(pid=92918) schedule /opt/stack/neutron/neutron/scheduler/base_scheduler.py:57}}
Jun 29 03:28:02.514543 dv-cinder-797245-8-iscsi neutron-server[92918]: DEBUG neutron.db.l3_dvrscheduler_db [None req-56776a7a-96f7-4850-b683-a1c1225590c8 admin admin] Received port after_create {{(pid=92918) _notify_l3_agent_new_port /opt/stack/neutron/neutron/db/l3_dvrscheduler_db.py:535}}
Jun 29 03:28:02.519135 dv-cinder-797245-8-iscsi neutron-server[92918]: DEBUG neutron.api.rpc.handlers.resources_rpc [None req-56776a7a-96f7-4850-b683-a1c1225590c8 admin admin] Pushing event updated for resources: {'Port': ['ID=f4200a66-0b13-4185-b8f6-53a9fd8724c0,revision_number=1']} {{(pid=92918) push /opt/stack/neutron/neutron/api/rpc/handlers/resources_rpc.py:237}}
Jun 29 03:28:02.553585 dv-cinder-797245-8-iscsi neutron-server[92918]: DEBUG neutron_lib.callbacks.manager [None req-fb179f2d-cf8d-4313-bb9c-39060cb40b7f admin admin] Notify callbacks ['neutron.plugins.ml2.plugin.Ml2Plugin._handle_segment_change-1631009'] for segment, precommit_delete {{(pid=92918) _notify_loop /usr/local/lib/python3.8/dist-packages/neutron_lib/callbacks/manager.py:192}}
Jun 29 03:28:02.560728 dv-cinder-797245-8-iscsi neutron-server[92918]: DEBUG oslo_concurrency.lockutils [None req-56776a7a-96f7-4850-b683-a1c1225590c8 admin admin] Lock "event-dispatch" released by "neutron.plugins.ml2.ovo_rpc._ObjectChangeHandler.dispatch_events" :: held 0.396s {{(pid=92918) inner /usr/local/lib/python3.8/dist-packages/oslo_concurrency/lockutils.py:367}}
Jun 29 03:28:02.595369 dv-cinder-797245-8-iscsi neutron-server[92918]: DEBUG neutron.plugins.ml2.drivers.type_vlan [None req-fb179f2d-cf8d-4313-bb9c-39060cb40b7f admin admin] Releasing vlan 242 on physical network physnet1 to pool {{(pid=92918) release_segment /opt/stack/neutron/neutron/plugins/ml2/drivers/type_vlan.py:304}}
Jun 29 03:28:02.596050 dv-cinder-797245-8-iscsi neutron-server[92918]: DEBUG neutron_lib.callbacks.manager [None req-fb179f2d-cf8d-4313-bb9c-39060cb40b7f admin admin] Notify callbacks ['neutron.plugins.ml2.plugin.Ml2Plugin._handle_segment_change-1631009', 'neutron.services.segments.plugin.NovaSegmentNotifier._notify_segment_deleted-2558768'] for segment, after_delete {{(pid=92918) _notify_loop /usr/local/lib/python3.8/dist-packages/neutron_lib/callbacks/manager.py:192}}
Jun 29 03:28:02.599955 dv-cinder-797245-8-iscsi neutron-server[92918]: /usr/lib/python3/dist-packages/secretstorage/dhcrypto.py:15: CryptographyDeprecationWarning: int_from_bytes is deprecated, use int.from_bytes instead
Jun 29 03:28:02.599955 dv-cinder-797245-8-iscsi neutron-server[92918]: from cryptography.utils import int_from_bytes
Jun 29 03:28:02.599955 dv-cinder-797245-8-iscsi neutron-server[92918]: /usr/lib/python3/dist-packages/secretstorage/util.py:19: CryptographyDeprecationWarning: int_from_bytes is deprecated, use int.from_bytes instead
Jun 29 03:28:02.599955 dv-cinder-797245-8-iscsi neutron-server[92918]: from cryptography.utils import int_from_bytes
Jun 29 03:28:02.599955 dv-cinder-797245-8-iscsi neutron-server[92918]: /opt/stack/neutron/neutron/db/db_base_plugin_v2.py:114: SAWarning: Coercing Subquery object into a select() for use in IN(); please pass a select() construct explicitly
Jun 29 03:28:02.599955 dv-cinder-797245-8-iscsi neutron-server[92918]: conditions |= (models_v2.Port.network_id.in_(
Jun 29 03:28:02.599955 dv-cinder-797245-8-iscsi neutron-server[92918]: Traceback (most recent call last):
Jun 29 03:28:02.599955 dv-cinder-797245-8-iscsi neutron-server[92918]: File "/usr/local/lib/python3.8/dist-packages/eventlet/hubs/hub.py", line 476, in fire_timers
Jun 29 03:28:02.599955 dv-cinder-797245-8-iscsi neutron-server[92918]: timer()
Jun 29 03:28:02.599955 dv-cinder-797245-8-iscsi neutron-server[92918]: File "/usr/local/lib/python3.8/dist-packages/eventlet/hubs/timer.py", line 59, in __call__
Jun 29 03:28:02.599955 dv-cinder-797245-8-iscsi neutron-server[92918]: cb(*args, **kw)
Jun 29 03:28:02.599955 dv-cinder-797245-8-iscsi neutron-server[92918]: File "/opt/stack/neutron/neutron/common/utils.py", line 905, in wrapper
Jun 29 03:28:02.599955 dv-cinder-797245-8-iscsi neutron-server[92918]: return func(*args, **kwargs)
Jun 29 03:28:02.599955 dv-cinder-797245-8-iscsi neutron-server[92918]: File "/opt/stack/neutron/neutron/notifiers/batch_notifier.py", line 58, in synced_send
Jun 29 03:28:02.599955 dv-cinder-797245-8-iscsi neutron-server[92918]: self._notify()
Jun 29 03:28:02.599955 dv-cinder-797245-8-iscsi neutron-server[92918]: File "/opt/stack/neutron/neutron/notifiers/batch_notifier.py", line 69, in _notify
Jun 29 03:28:02.599955 dv-cinder-797245-8-iscsi neutron-server[92918]: self.callback(batched_events)
Jun 29 03:28:02.599955 dv-cinder-797245-8-iscsi neutron-server[92918]: File "/opt/stack/neutron/neutron/services/segments/plugin.py", line 211, in _send_notifications
Jun 29 03:28:02.599955 dv-cinder-797245-8-iscsi neutron-server[92918]: event.method(event)
Jun 29 03:28:02.599955 dv-cinder-797245-8-iscsi neutron-server[92918]: File "/opt/stack/neutron/neutron/services/segments/plugin.py", line 383, in _delete_nova_inventory
Jun 29 03:28:02.599955 dv-cinder-797245-8-iscsi neutron-server[92918]: aggregate_id = self._get_aggregate_id(event.segment_id)
Jun 29 03:28:02.599955 dv-cinder-797245-8-iscsi neutron-server[92918]: File "/opt/stack/neutron/neutron/services/segments/plugin.py", line 370, in _get_aggregate_id
Jun 29 03:28:02.599955 dv-cinder-797245-8-iscsi neutron-server[92918]: aggregate_uuid = self.p_client.list_aggregates(
Jun 29 03:28:02.599955 dv-cinder-797245-8-iscsi neutron-server[92918]: File "/usr/local/lib/python3.8/dist-packages/neutron_lib/placement/client.py", line 57, in wrapper
Jun 29 03:28:02.599955 dv-cinder-797245-8-iscsi neutron-server[92918]: return f(self, *a, **k)
Jun 29 03:28:02.599955 dv-cinder-797245-8-iscsi neutron-server[92918]: File "/usr/local/lib/python3.8/dist-packages/neutron_lib/placement/client.py", line 553, in list_aggregates
Jun 29 03:28:02.599955 dv-cinder-797245-8-iscsi neutron-server[92918]: return self._get(url).json()
Jun 29 03:28:02.599955 dv-cinder-797245-8-iscsi neutron-server[92918]: File "/usr/local/lib/python3.8/dist-packages/neutron_lib/placement/client.py", line 189, in _get
Jun 29 03:28:02.599955 dv-cinder-797245-8-iscsi neutron-server[92918]: return self._client.get(url, endpoint_filter=self._ks_filter,
Jun 29 03:28:02.599955 dv-cinder-797245-8-iscsi neutron-server[92918]: File "/usr/local/lib/python3.8/dist-packages/keystoneauth1/session.py", line 1141, in get
Jun 29 03:28:02.599955 dv-cinder-797245-8-iscsi neutron-server[92918]: return self.request(url, 'GET', **kwargs)
Jun 29 03:28:02.599955 dv-cinder-797245-8-iscsi neutron-server[92918]: File "/usr/local/lib/python3.8/dist-packages/keystoneauth1/session.py", line 811, in request
Jun 29 03:28:02.599955 dv-cinder-797245-8-iscsi neutron-server[92918]: base_url = self.get_endpoint(auth, allow=allow,
Jun 29 03:28:02.599955 dv-cinder-797245-8-iscsi neutron-server[92918]: File "/usr/local/lib/python3.8/dist-packages/keystoneauth1/session.py", line 1241, in get_endpoint
Jun 29 03:28:02.599955 dv-cinder-797245-8-iscsi neutron-server[92918]: auth = self._auth_required(auth, 'determine endpoint URL')
Jun 29 03:28:02.599955 dv-cinder-797245-8-iscsi neutron-server[92918]: File "/usr/local/lib/python3.8/dist-packages/keystoneauth1/session.py", line 1181, in _auth_required
Jun 29 03:28:02.599955 dv-cinder-797245-8-iscsi neutron-server[92918]: raise exceptions.MissingAuthPlugin(msg_fmt % msg)
Jun 29 03:28:02.599955 dv-cinder-797245-8-iscsi neutron-server[92918]: keystoneauth1.exceptions.auth_plugins.MissingAuthPlugin: An auth plugin is required to determine endpoint URL
Jun 29 03:28:02.603210 dv-cinder-797245-8-iscsi neutron-server[92919]: DEBUG neutron_lib.callbacks.manager [None req-e8565645-ea25-4889-92e4-10e77541682f admin admin] Notify callbacks ['neutron.plugins.ml2.plugin.SecurityGroupServerNotifierRpcMixin._notify_sg_on_port_after_update-1609323', 'neutron.plugins.ml2.ovo_rpc._ObjectChangeHandler.handle_payload_event-94923', 'neutron.api.rpc.agentnotifiers.dhcp_rpc_agent_api.DhcpAgentNotifyAPI._native_event_send_dhcp_notification_payload-560051', 'neutron.db.l3_dvrscheduler_db._notify_l3_agent_new_port-8740965565175'] for port, after_create {{(pid=92919) _notify_loop /usr/local/lib/python3.8/dist-packages/neutron_lib/callbacks/manager.py:192}}
Jun 29 03:28:02.608289 dv-cinder-797245-8-iscsi neutron-server[92919]: DEBUG oslo_concurrency.lockutils [-] Lock "event-dispatch" acquired by "neutron.plugins.ml2.ovo_rpc._ObjectChangeHandler.dispatch_events" :: waited 0.000s {{(pid=92919) inner /usr/local/lib/python3.8/dist-packages/oslo_concurrency/lockutils.py:355}}
Jun 29 03:28:02.636866 dv-cinder-797245-8-iscsi neutron-server[92919]: DEBUG neutron.api.rpc.agentnotifiers.l3_rpc_agent_api [None req-4702c2ed-17d9-4d27-bc6f-6f53efd83cb7 admin admin] Notify agent at l3_agent.dv-cinder-797245-8-iscsi the message routers_updated {{(pid=92919) _agent_notification /opt/stack/neutron/neutron/api/rpc/agentnotifiers/l3_rpc_agent_api.py:65}}
Jun 29 03:28:02.650645 dv-cinder-797245-8-iscsi neutron-server[92921]: DEBUG neutron.api.rpc.handlers.l3_rpc [None req-7902d3f4-2bea-4159-9f25-6ef1e3da692d None None] Sync routers for ids ['53856f47-ac24-4c8b-a5ef-7d23eab957f2'] in dv-cinder-797245-8-iscsi {{(pid=92921) sync_routers /opt/stack/neutron/neutron/api/rpc/handlers/l3_rpc.py:125}}
Jun 29 03:28:02.653747 dv-cinder-797245-8-iscsi neutron-server[92919]: DEBUG neutron.scheduler.dhcp_agent_scheduler [None req-e8565645-ea25-4889-92e4-10e77541682f admin admin] Network f51c5211-9e47-48bd-999b-9f8ea905804c is already hosted by enough agents. {{(pid=92919) _get_dhcp_agents_hosting_network /opt/stack/neutron/neutron/scheduler/dhcp_agent_scheduler.py:275}}
Jun 29 03:28:02.661507 dv-cinder-797245-8-iscsi neutron-server[92919]: DEBUG neutron.scheduler.base_scheduler [None req-e8565645-ea25-4889-92e4-10e77541682f admin admin] Resources bound (agent type, host, resource id): {{(pid=92919) schedule /opt/stack/neutron/neutron/scheduler/base_scheduler.py:57}}
Jun 29 03:28:02.663885 dv-cinder-797245-8-iscsi neutron-server[92919]: DEBUG neutron.db.l3_dvrscheduler_db [None req-e8565645-ea25-4889-92e4-10e77541682f admin admin] Received port after_create {{(pid=92919) _notify_l3_agent_new_port /opt/stack/neutron/neutron/db/l3_dvrscheduler_db.py:535}}
Jun 29 03:28:02.667259 dv-cinder-797245-8-iscsi neutron-server[92921]: DEBUG neutron.db.l3_dvrscheduler_db [None req-7902d3f4-2bea-4159-9f25-6ef1e3da692d None None] Routers {'53856f47-ac24-4c8b-a5ef-7d23eab957f2'} bound to L3 agent in host dv-cinder-797245-8-iscsi {{(pid=92921) _get_router_ids_for_agent /opt/stack/neutron/neutron/db/l3_dvrscheduler_db.py:420}}
Jun 29 03:28:02.668019 dv-cinder-797245-8-iscsi neutron-server[92921]: DEBUG neutron.db.l3_hamode_db [None req-7902d3f4-2bea-4159-9f25-6ef1e3da692d None None] neutron.services.l3_router.l3_router_plugin.L3RouterPlugin method get_ha_sync_data_for_host called with arguments (, 'dv-cinder-797245-8-iscsi', Agent(admin_state_up=True,agent_type='L3 agent',availability_zone='nova',binary='neutron-l3-agent',configurations={"agent_mode": "legacy", "ex_gw_ports": 1, "extensions": [], "floating_ips": 0, "handle_internal_only_routers": true, "interface_driver": "openvswitch", "interfaces": 1, "log_agent_heartbeats": false, "routers": 1},created_at=2021-06-29T03:20:18Z,description=,heartbeat_timestamp=2021-06-29T03:27:48Z,host='dv-cinder-797245-8-iscsi',id=1a05c492-9058-4fb5-aad5-c363f878efb3,load=0,resource_versions=,resources_synced=,started_at=2021-06-29T03:20:18Z,topic='l3_agent')) {'router_ids': ['53856f47-ac24-4c8b-a5ef-7d23eab957f2'], 'active': True} {{(pid=92921) wrapper /usr/local/lib/python3.8/dist-packages/oslo_log/helpers.py:65}}
Jun 29 03:28:02.775051 dv-cinder-797245-8-iscsi neutron-server[92919]: DEBUG neutron_lib.callbacks.manager [None req-4702c2ed-17d9-4d27-bc6f-6f53efd83cb7 admin admin] Notify callbacks [] for router, before_response {{(pid=92919) _notify_loop /usr/local/lib/python3.8/dist-packages/neutron_lib/callbacks/manager.py:192}}
Jun 29 03:28:02.780484 dv-cinder-797245-8-iscsi neutron-server[92918]: DEBUG neutron.wsgi [-] (92918) accepted ('10.222.0.39', 43064) {{(pid=92918) server /usr/local/lib/python3.8/dist-packages/eventlet/wsgi.py:982}}
Jun 29 03:28:02.780795 dv-cinder-797245-8-iscsi neutron-server[92919]: INFO neutron.wsgi [None req-4702c2ed-17d9-4d27-bc6f-6f53efd83cb7 admin admin] 10.222.0.39 "POST /v2.0/routers HTTP/1.1" status: 201 len: 923 time: 4.2044537
Jun 29 03:28:02.787136 dv-cinder-797245-8-iscsi neutron-server[92919]: DEBUG neutron.api.rpc.handlers.resources_rpc [None req-e8565645-ea25-4889-92e4-10e77541682f admin admin] Pushing event updated for resources: {'Port': ['ID=8a9fbdd6-bcee-40e9-adc0-6f18f4e3439e,revision_number=1']} {{(pid=92919) push /opt/stack/neutron/neutron/api/rpc/handlers/resources_rpc.py:237}}
Jun 29 03:28:02.791740 dv-cinder-797245-8-iscsi neutron-server[92919]: DEBUG oslo_concurrency.lockutils [None req-e8565645-ea25-4889-92e4-10e77541682f admin admin] Lock "event-dispatch" released by "neutron.plugins.ml2.ovo_rpc._ObjectChangeHandler.dispatch_events" :: held 0.183s {{(pid=92919) inner /usr/local/lib/python3.8/dist-packages/oslo_concurrency/lockutils.py:367}}
Jun 29 03:28:02.914910 dv-cinder-797245-8-iscsi neutron-server[92921]: DEBUG neutron.db.l3_dvr_db [None req-7902d3f4-2bea-4159-9f25-6ef1e3da692d None None] Set router 53856f47-ac24-4c8b-a5ef-7d23eab957f2 gateway port host: dv-cinder-797245-8-iscsi {{(pid=92921) _build_routers_list /opt/stack/neutron/neutron/db/l3_dvr_db.py:894}}
Jun 29 03:28:02.942294 dv-cinder-797245-8-iscsi neutron-server[92918]: DEBUG neutron_lib.callbacks.manager [None req-fb179f2d-cf8d-4313-bb9c-39060cb40b7f admin admin] Notify callbacks ['neutron.plugins.ml2.plugin.Ml2Plugin._network_delete_after_delete_handler-1632906', 'neutron.plugins.ml2.ovo_rpc._ObjectChangeHandler.handle_payload_event-713619', 'neutron.api.rpc.agentnotifiers.dhcp_rpc_agent_api.DhcpAgentNotifyAPI._native_event_send_dhcp_notification_payload-560051', 'neutron.services.l3_router.l3_router_plugin.DVRResourceOperationHandler.delete_fip_namespaces_for_ext_net-673934'] for network, after_delete {{(pid=92918) _notify_loop /usr/local/lib/python3.8/dist-packages/neutron_lib/callbacks/manager.py:192}}
Jun 29 03:28:02.979719 dv-cinder-797245-8-iscsi neutron-server[92920]: DEBUG neutron.api.rpc.handlers.dhcp_rpc [None req-dfce793c-4913-4e95-94ef-fe1b43341e6a None None] Network 785192c7-749d-4ba0-a5e1-ac42527baabb requested from dv-cinder-797245-8-iscsi {{(pid=92920) get_network_info /opt/stack/neutron/neutron/api/rpc/handlers/dhcp_rpc.py:218}}
Jun 29 03:28:03.057916 dv-cinder-797245-8-iscsi neutron-server[92918]: DEBUG oslo_concurrency.lockutils [-] Lock "event-dispatch" acquired by "neutron.plugins.ml2.ovo_rpc._ObjectChangeHandler.dispatch_events" :: waited 0.000s {{(pid=92918) inner /usr/local/lib/python3.8/dist-packages/oslo_concurrency/lockutils.py:355}}
Jun 29 03:28:03.094421 dv-cinder-797245-8-iscsi neutron-server[92918]: DEBUG neutron_lib.callbacks.manager [None req-fb179f2d-cf8d-4313-bb9c-39060cb40b7f admin admin] Notify callbacks ['neutron.api.rpc.agentnotifiers.dhcp_rpc_agent_api.DhcpAgentNotifyAPI._send_dhcp_notification-560022'] for network, before_response {{(pid=92918) _notify_loop /usr/local/lib/python3.8/dist-packages/neutron_lib/callbacks/manager.py:192}}
Jun 29 03:28:03.099095 dv-cinder-797245-8-iscsi neutron-server[92918]: INFO neutron.wsgi [None req-fb179f2d-cf8d-4313-bb9c-39060cb40b7f admin admin] 10.222.0.39 "DELETE /v2.0/networks/b0fba2c0-9515-44d5-911f-50329ecf7e60 HTTP/1.1" status: 204 len: 168 time: 1.4524167
Jun 29 03:28:03.148201 dv-cinder-797245-8-iscsi neutron-server[92918]: DEBUG neutron.wsgi [-] (92918) accepted ('10.222.0.39', 43074) {{(pid=92918) server /usr/local/lib/python3.8/dist-packages/eventlet/wsgi.py:982}}
Jun 29 03:28:03.188123 dv-cinder-797245-8-iscsi neutron-server[92918]: DEBUG neutron.api.rpc.handlers.resources_rpc [None req-fb179f2d-cf8d-4313-bb9c-39060cb40b7f admin admin] Pushing event deleted for resources: {'Network': ['ID=b0fba2c0-9515-44d5-911f-50329ecf7e60,revision_number=None']} {{(pid=92918) push /opt/stack/neutron/neutron/api/rpc/handlers/resources_rpc.py:237}}
Jun 29 03:28:03.254752 dv-cinder-797245-8-iscsi neutron-server[92921]: DEBUG neutron.db.l3_hamode_db [None req-7902d3f4-2bea-4159-9f25-6ef1e3da692d None None] neutron.services.l3_router.l3_router_plugin.L3RouterPlugin method _process_sync_ha_data called with arguments (, [{'id': '53856f47-ac24-4c8b-a5ef-7d23eab957f2', 'name': 'tempest-AttachVolumeTestJSON-2018692238-router', 'tenant_id': '42b4127104ef4f549c06b765167084a1', 'admin_state_up': True, 'status': 'ACTIVE', 'external_gateway_info': {'network_id': 'f51c5211-9e47-48bd-999b-9f8ea905804c', 'external_fixed_ips': [{'subnet_id': 'f04d9874-e86b-453e-8035-96fcd5cd1b2e', 'ip_address': '172.27.1.250'}], 'enable_snat': True}, 'gw_port_id': '3620c0b0-bc78-4ab6-a979-f8fda5091cd6', 'description': '', 'availability_zones': ['nova'], 'distributed': False, 'ha': False, 'ha_vr_id': 0, 'availability_zone_hints': [], 'routes': [], 'flavor_id': None, 'tags': [], 'created_at': '2021-06-29T03:27:58Z', 'updated_at': '2021-06-29T03:28:01Z', 'revision_number': 3, 'project_id': '42b4127104ef4f549c06b765167084a1', 'gw_port': {'id': '3620c0b0-bc78-4ab6-a979-f8fda5091cd6', 'name': '', 'network_id': 'f51c5211-9e47-48bd-999b-9f8ea905804c', 'tenant_id': '', 'mac_address': 'fa:16:3e:c9:d9:94', 'admin_state_up': True, 'status': 'DOWN', 'device_id': '53856f47-ac24-4c8b-a5ef-7d23eab957f2', 'device_owner': 'network:router_gateway', 'standard_attr_id': 92, 'fixed_ips': [{'subnet_id': 'f04d9874-e86b-453e-8035-96fcd5cd1b2e', 'ip_address': '172.27.1.250', 'prefixlen': 24}], 'allowed_address_pairs': [], 'extra_dhcp_opts': [], 'security_groups': [], 'description': '', 'binding:vnic_type': 'normal', 'binding:profile': {}, 'binding:host_id': '', 'binding:vif_type': 'unbound', 'binding:vif_details': {}, 'port_security_enabled': False, 'tags': [], 'created_at': '2021-06-29T03:28:00Z', 'updated_at': '2021-06-29T03:28:00Z', 'revision_number': 1, 'project_id': '', 'subnets': [{'id': 'f04d9874-e86b-453e-8035-96fcd5cd1b2e', 'cidr': '172.27.1.0/24', 'gateway_ip': '172.27.1.1', 'dns_nameservers': [], 'ipv6_ra_mode': None, 'subnetpool_id': None}], 'extra_subnets': [], 'address_scopes': {4: None, 6: None}, 'mtu': 1500}, 'enable_snat': True, 'gw_port_host': 'dv-cinder-797245-8-iscsi'}], 'dv-cinder-797245-8-iscsi', False) {} {{(pid=92921) wrapper /usr/local/lib/python3.8/dist-packages/oslo_log/helpers.py:65}}
Jun 29 03:28:03.289870 dv-cinder-797245-8-iscsi neutron-server[92921]: DEBUG neutron.api.rpc.handlers.l3_rpc [None req-7902d3f4-2bea-4159-9f25-6ef1e3da692d None None] Checking router: 53856f47-ac24-4c8b-a5ef-7d23eab957f2 for host: dv-cinder-797245-8-iscsi {{(pid=92921) _ensure_host_set_on_ports /opt/stack/neutron/neutron/api/rpc/handlers/l3_rpc.py:155}}
Jun 29 03:28:03.290724 dv-cinder-797245-8-iscsi neutron-server[92921]: DEBUG neutron.api.rpc.handlers.l3_rpc [None req-7902d3f4-2bea-4159-9f25-6ef1e3da692d None None] Updating router 53856f47-ac24-4c8b-a5ef-7d23eab957f2 port 3620c0b0-bc78-4ab6-a979-f8fda5091cd6 binding host dv-cinder-797245-8-iscsi {{(pid=92921) _ensure_host_set_on_port /opt/stack/neutron/neutron/api/rpc/handlers/l3_rpc.py:205}}
Jun 29 03:28:03.304091 dv-cinder-797245-8-iscsi neutron-server[92919]: DEBUG neutron_lib.callbacks.manager [None req-e8565645-ea25-4889-92e4-10e77541682f admin admin] Notify callbacks [] for router_gateway, after_create {{(pid=92919) _notify_loop /usr/local/lib/python3.8/dist-packages/neutron_lib/callbacks/manager.py:192}}
Jun 29 03:28:03.331689 dv-cinder-797245-8-iscsi neutron-server[92921]: DEBUG neutron_lib.callbacks.manager [None req-7902d3f4-2bea-4159-9f25-6ef1e3da692d None None] Notify callbacks ['neutron.plugins.ml2.plugin.SecurityGroupDbMixin._ensure_default_security_group_handler-1609256'] for port, before_update {{(pid=92921) _notify_loop /usr/local/lib/python3.8/dist-packages/neutron_lib/callbacks/manager.py:192}}
Jun 29 03:28:03.366422 dv-cinder-797245-8-iscsi neutron-server[92920]: DEBUG neutron.plugins.ml2.rpc [None req-8599abf3-3c4e-4545-bd74-c7a4a0ad5495 None None] Device 11fa37a5-b069-4797-b031-232e7754a980 up at agent ovs-agent-dv-cinder-797245-8-iscsi {{(pid=92920) update_device_up /opt/stack/neutron/neutron/plugins/ml2/rpc.py:296}}
Jun 29 03:28:03.394162 dv-cinder-797245-8-iscsi neutron-server[92918]: DEBUG oslo_concurrency.lockutils [None req-fb179f2d-cf8d-4313-bb9c-39060cb40b7f admin admin] Lock "event-dispatch" released by "neutron.plugins.ml2.ovo_rpc._ObjectChangeHandler.dispatch_events" :: held 0.336s {{(pid=92918) inner /usr/local/lib/python3.8/dist-packages/oslo_concurrency/lockutils.py:367}}
Jun 29 03:28:03.454673 dv-cinder-797245-8-iscsi neutron-server[92920]: DEBUG neutron.db.provisioning_blocks [None req-99752d9e-87a4-4854-b3ef-806f84888b0e None None] Provisioning for port 6d77cb74-0558-4026-b580-4a209770a941 completed by entity DHCP. {{(pid=92920) provisioning_complete /opt/stack/neutron/neutron/db/provisioning_blocks.py:133}}
Jun 29 03:28:03.473207 dv-cinder-797245-8-iscsi neutron-server[92918]: INFO neutron.wsgi [req-3954ad84-cafd-4242-b3b5-1a95033e77b9 req-54b51397-a125-482d-b27e-ffd9daf905b4 tempest-DeleteServersTestJSON-675958751 tempest-DeleteServersTestJSON-675958751-project] 10.222.0.39 "GET /v2.0/ports?device_id=671c2a54-fb55-407f-af9b-9bf1c56b4c46 HTTP/1.1" status: 200 len: 210 time: 0.0780559
Jun 29 03:28:03.474386 dv-cinder-797245-8-iscsi neutron-server[92920]: DEBUG neutron.api.rpc.handlers.dhcp_rpc [None req-4b1f6587-8f4c-44b9-bcdb-6edf38df6b75 None None] Network a16d7e30-f69f-4058-b150-43ccbc7efc7b requested from dv-cinder-797245-8-iscsi {{(pid=92920) get_network_info /opt/stack/neutron/neutron/api/rpc/handlers/dhcp_rpc.py:218}}
Jun 29 03:28:03.489726 dv-cinder-797245-8-iscsi neutron-server[92920]: DEBUG neutron.db.provisioning_blocks [None req-8599abf3-3c4e-4545-bd74-c7a4a0ad5495 None None] Provisioning for port 11fa37a5-b069-4797-b031-232e7754a980 completed by entity L2. {{(pid=92920) provisioning_complete /opt/stack/neutron/neutron/db/provisioning_blocks.py:133}}
Jun 29 03:28:03.517555 dv-cinder-797245-8-iscsi neutron-server[92919]: INFO neutron.wsgi [req-a3cb5727-1069-4df7-a33b-44fbef3419f4 req-348bf0e2-0442-4b74-80e0-be696c825f2f tempest-AttachVolumeNegativeTest-205152925 tempest-AttachVolumeNegativeTest-205152925-project] 10.222.0.39 "GET /v2.0/ports?device_id=4d93af6e-9cdd-420d-856e-38054fa5b1d7 HTTP/1.1" status: 200 len: 210 time: 0.0709453
Jun 29 03:28:03.539683 dv-cinder-797245-8-iscsi neutron-server[92920]: DEBUG neutron.plugins.ml2.rpc [None req-8599abf3-3c4e-4545-bd74-c7a4a0ad5495 None None] Device 6d77cb74-0558-4026-b580-4a209770a941 up at agent ovs-agent-dv-cinder-797245-8-iscsi {{(pid=92920) update_device_up /opt/stack/neutron/neutron/plugins/ml2/rpc.py:296}}
Jun 29 03:28:03.664363 dv-cinder-797245-8-iscsi neutron-server[92919]: DEBUG neutron_lib.callbacks.manager [None req-e8565645-ea25-4889-92e4-10e77541682f admin admin] Notify callbacks ['neutron.services.l3_router.l3_router_plugin.L3_HA_NAT_db_mixin._after_router_create-673548', 'neutron.services.l3_router.l3_router_plugin.DVRResourceOperationHandler._create_snat_interfaces_after_change-769002'] for router, after_create {{(pid=92919) _notify_loop /usr/local/lib/python3.8/dist-packages/neutron_lib/callbacks/manager.py:192}}
Jun 29 03:28:03.746081 dv-cinder-797245-8-iscsi neutron-server[92920]: DEBUG neutron.db.provisioning_blocks [None req-5cfb2dfe-6bff-4936-abc9-18c689460f3d None None] Provisioning for port 11fa37a5-b069-4797-b031-232e7754a980 completed by entity DHCP. {{(pid=92920) provisioning_complete /opt/stack/neutron/neutron/db/provisioning_blocks.py:133}}
Jun 29 03:28:03.749171 dv-cinder-797245-8-iscsi neutron-server[92918]: DEBUG neutron.db.db_base_plugin_v2 [None req-fa6db79d-7305-4fe0-9add-a0d3aad11fc6 admin admin] Deleting subnet 7d8a5e75-d57b-4440-be6e-760ecaeefac1 {{(pid=92918) delete_subnet /opt/stack/neutron/neutron/db/db_base_plugin_v2.py:1055}}
Jun 29 03:28:03.759793 dv-cinder-797245-8-iscsi neutron-server[92920]: DEBUG neutron.db.provisioning_blocks [None req-5cfb2dfe-6bff-4936-abc9-18c689460f3d None None] Provisioning complete for port 11fa37a5-b069-4797-b031-232e7754a980 triggered by entity DHCP. {{(pid=92920) provisioning_complete /opt/stack/neutron/neutron/db/provisioning_blocks.py:139}}
Jun 29 03:28:03.760243 dv-cinder-797245-8-iscsi neutron-server[92920]: DEBUG neutron_lib.callbacks.manager [None req-5cfb2dfe-6bff-4936-abc9-18c689460f3d None None] Notify callbacks ['neutron.plugins.ml2.plugin.Ml2Plugin._port_provisioned-1636862'] for port, provisioning_complete {{(pid=92920) _notify_loop /usr/local/lib/python3.8/dist-packages/neutron_lib/callbacks/manager.py:192}}
Jun 29 03:28:03.768563 dv-cinder-797245-8-iscsi neutron-server[92918]: DEBUG neutron_lib.callbacks.manager [None req-56776a7a-96f7-4850-b683-a1c1225590c8 admin admin] Notify callbacks [] for router_gateway, after_create {{(pid=92918) _notify_loop /usr/local/lib/python3.8/dist-packages/neutron_lib/callbacks/manager.py:192}}
Jun 29 03:28:03.770197 dv-cinder-797245-8-iscsi neutron-server[92918]: DEBUG neutron_lib.callbacks.manager [None req-fa6db79d-7305-4fe0-9add-a0d3aad11fc6 admin admin] Notify callbacks [] for subnet, before_delete {{(pid=92918) _notify_loop /usr/local/lib/python3.8/dist-packages/neutron_lib/callbacks/manager.py:192}}
Jun 29 03:28:03.835983 dv-cinder-797245-8-iscsi neutron-server[92921]: DEBUG neutron_lib.callbacks.manager [None req-7902d3f4-2bea-4159-9f25-6ef1e3da692d None None] Notify callbacks [] for port, precommit_update {{(pid=92921) _notify_loop /usr/local/lib/python3.8/dist-packages/neutron_lib/callbacks/manager.py:192}}
Jun 29 03:28:03.848558 dv-cinder-797245-8-iscsi neutron-server[92921]: DEBUG neutron.db.provisioning_blocks [None req-7902d3f4-2bea-4159-9f25-6ef1e3da692d None None] Transition to ACTIVE for port object 3620c0b0-bc78-4ab6-a979-f8fda5091cd6 will not be triggered until provisioned by entity L2. {{(pid=92921) add_provisioning_component /opt/stack/neutron/neutron/db/provisioning_blocks.py:73}}
Jun 29 03:28:03.858260 dv-cinder-797245-8-iscsi neutron-server[92921]: DEBUG neutron_lib.callbacks.manager [None req-7902d3f4-2bea-4159-9f25-6ef1e3da692d None None] Notify callbacks ['neutron.plugins.ml2.plugin.SecurityGroupServerNotifierRpcMixin.notify_sg_on_port_change-1609312', 'neutron.plugins.ml2.ovo_rpc._ObjectChangeHandler.handle_event-94912', 'neutron.api.rpc.agentnotifiers.dhcp_rpc_agent_api.DhcpAgentNotifyAPI._native_event_send_dhcp_notification-560040', 'neutron.db.l3_db.L3RpcNotifierMixin._notify_gateway_port_ip_changed-8740966102995', 'neutron.db.l3_dvrscheduler_db._notify_l3_agent_port_update-8740965565709', 'neutron.db.l3_hascheduler_db._notify_l3_agent_ha_port_update-8740965565754'] for port, after_update {{(pid=92921) _notify_loop /usr/local/lib/python3.8/dist-packages/neutron_lib/callbacks/manager.py:192}}
Jun 29 03:28:03.887064 dv-cinder-797245-8-iscsi neutron-server[92921]: DEBUG oslo_concurrency.lockutils [None req-1c8c55d3-7873-4126-80ba-46516046f33d None None] Lock "event-dispatch" acquired by "neutron.plugins.ml2.ovo_rpc._ObjectChangeHandler.dispatch_events" :: waited 0.000s {{(pid=92921) inner /usr/local/lib/python3.8/dist-packages/oslo_concurrency/lockutils.py:355}}
Jun 29 03:28:03.920267 dv-cinder-797245-8-iscsi neutron-server[92919]: DEBUG neutron.scheduler.l3_agent_scheduler [None req-e8565645-ea25-4889-92e4-10e77541682f admin admin] Router 9f874a82-36d8-47c4-8645-b378ee98e7b4 is scheduled to L3 agent 1a05c492-9058-4fb5-aad5-c363f878efb3 with binding_index 1 {{(pid=92919) bind_router /opt/stack/neutron/neutron/scheduler/l3_agent_scheduler.py:210}}
Jun 29 03:28:03.946156 dv-cinder-797245-8-iscsi neutron-server[92920]: DEBUG neutron.db.provisioning_blocks [None req-8599abf3-3c4e-4545-bd74-c7a4a0ad5495 None None] Provisioning for port 6d77cb74-0558-4026-b580-4a209770a941 completed by entity L2. {{(pid=92920) provisioning_complete /opt/stack/neutron/neutron/db/provisioning_blocks.py:133}}
Jun 29 03:28:03.960125 dv-cinder-797245-8-iscsi neutron-server[92918]: DEBUG neutron_lib.callbacks.manager [None req-fa6db79d-7305-4fe0-9add-a0d3aad11fc6 admin admin] Notify callbacks ['neutron.services.segments.plugin.Plugin._validate_auto_address_subnet_delete-2136132'] for subnet, precommit_delete_associations {{(pid=92918) _notify_loop /usr/local/lib/python3.8/dist-packages/neutron_lib/callbacks/manager.py:192}}
Jun 29 03:28:03.972701 dv-cinder-797245-8-iscsi neutron-server[92920]: DEBUG neutron.db.provisioning_blocks [None req-8599abf3-3c4e-4545-bd74-c7a4a0ad5495 None None] Provisioning complete for port 6d77cb74-0558-4026-b580-4a209770a941 triggered by entity L2. {{(pid=92920) provisioning_complete /opt/stack/neutron/neutron/db/provisioning_blocks.py:139}}
Jun 29 03:28:03.973127 dv-cinder-797245-8-iscsi neutron-server[92920]: DEBUG neutron_lib.callbacks.manager [None req-8599abf3-3c4e-4545-bd74-c7a4a0ad5495 None None] Notify callbacks ['neutron.plugins.ml2.plugin.Ml2Plugin._port_provisioned-1636862'] for port, provisioning_complete {{(pid=92920) _notify_loop /usr/local/lib/python3.8/dist-packages/neutron_lib/callbacks/manager.py:192}}
Jun 29 03:28:03.975424 dv-cinder-797245-8-iscsi neutron-server[92921]: DEBUG neutron.plugins.ml2.managers [None req-7902d3f4-2bea-4159-9f25-6ef1e3da692d None None] Attempting to bind port 3620c0b0-bc78-4ab6-a979-f8fda5091cd6 on host dv-cinder-797245-8-iscsi for vnic_type normal with profile {{(pid=92921) bind_port /opt/stack/neutron/neutron/plugins/ml2/managers.py:790}}
Jun 29 03:28:03.979488 dv-cinder-797245-8-iscsi neutron-server[92921]: DEBUG neutron.plugins.ml2.managers [None req-7902d3f4-2bea-4159-9f25-6ef1e3da692d None None] Attempting to bind port 3620c0b0-bc78-4ab6-a979-f8fda5091cd6 by drivers openvswitch,hyperv on host dv-cinder-797245-8-iscsi at level 0 using segments [{'id': '0a47a543-103b-4728-b8af-e18cdd3b4e33', 'network_type': 'flat', 'physical_network': 'physnet1', 'segmentation_id': None, 'network_id': 'f51c5211-9e47-48bd-999b-9f8ea905804c'}] {{(pid=92921) _bind_port_level /opt/stack/neutron/neutron/plugins/ml2/managers.py:815}}
Jun 29 03:28:03.979883 dv-cinder-797245-8-iscsi neutron-server[92921]: DEBUG neutron.plugins.ml2.drivers.mech_agent [None req-7902d3f4-2bea-4159-9f25-6ef1e3da692d None None] Attempting to bind port 3620c0b0-bc78-4ab6-a979-f8fda5091cd6 on network f51c5211-9e47-48bd-999b-9f8ea905804c {{(pid=92921) bind_port /opt/stack/neutron/neutron/plugins/ml2/drivers/mech_agent.py:86}}
Jun 29 03:28:04.010553 dv-cinder-797245-8-iscsi neutron-server[92921]: DEBUG neutron.plugins.ml2.drivers.mech_agent [None req-7902d3f4-2bea-4159-9f25-6ef1e3da692d None None] Checking agent: {'id': '30c4cb96-813e-4827-ac78-2919fa315d45', 'agent_type': 'Open vSwitch agent', 'binary': 'neutron-openvswitch-agent', 'topic': 'N/A', 'host': 'dv-cinder-797245-8-iscsi', 'admin_state_up': True, 'created_at': datetime.datetime(2021, 6, 29, 3, 20, 19), 'started_at': datetime.datetime(2021, 6, 29, 3, 20, 49), 'heartbeat_timestamp': datetime.datetime(2021, 6, 29, 3, 27, 49), 'description': None, 'resources_synced': None, 'availability_zone': None, 'alive': True, 'configurations': {'arp_responder_enabled': False, 'baremetal_smartnic': False, 'bridge_mappings': {'physnet1': 'br-data'}, 'datapath_type': 'system', 'devices': 0, 'enable_distributed_routing': False, 'extensions': [], 'in_distributed_mode': False, 'integration_bridge': 'br-int', 'l2_population': False, 'log_agent_heartbeats': False, 'ovs_capabilities': {'datapath_types': ['netdev', 'system'], 'iface_types': ['erspan', 'geneve', 'gre', 'internal', 'ip6erspan', 'ip6gre', 'lisp', 'patch', 'stt', 'system', 'tap', 'vxlan']}, 'ovs_hybrid_plug': False, 'resource_provider_bandwidths': {}, 'resource_provider_hypervisors': {'br-data': 'dv-cinder-797245-8-iscsi'}, 'resource_provider_inventory_defaults': {'allocation_ratio': 1.0, 'min_unit': 1, 'step_size': 1, 'reserved': 0}, 'tunnel_types': [], 'tunneling_ip': None, 'vhostuser_socket_dir': '/var/run/openvswitch'}, 'resource_versions': {'AddressGroup': '1.2', 'ConntrackHelper': '1.0', 'Log': '1.0', 'Network': '1.1', 'Port': '1.7', 'PortForwarding': '1.2', 'QosPolicy': '1.8', 'SecurityGroup': '1.4', 'SecurityGroupRule': '1.2', 'SubPort': '1.0', 'Subnet': '1.1', 'Trunk': '1.1'}} {{(pid=92921) bind_port /opt/stack/neutron/neutron/plugins/ml2/drivers/mech_agent.py:105}}
Jun 29 03:28:04.011254 dv-cinder-797245-8-iscsi neutron-server[92921]: DEBUG neutron.plugins.ml2.drivers.mech_agent [None req-7902d3f4-2bea-4159-9f25-6ef1e3da692d None None] Checking segment: {'id': '0a47a543-103b-4728-b8af-e18cdd3b4e33', 'network_type': 'flat', 'physical_network': 'physnet1', 'segmentation_id': None, 'network_id': 'f51c5211-9e47-48bd-999b-9f8ea905804c'} for mappings: {'physnet1': 'br-data'} with network types: ['local', 'flat', 'vlan'] {{(pid=92921) check_segment_for_agent /opt/stack/neutron/neutron/plugins/ml2/drivers/mech_agent.py:341}}
Jun 29 03:28:04.011374 dv-cinder-797245-8-iscsi neutron-server[92921]: DEBUG neutron_lib.callbacks.manager [None req-7902d3f4-2bea-4159-9f25-6ef1e3da692d None None] Notify callbacks [] for ovs_bridge_name, before_read {{(pid=92921) _notify_loop /usr/local/lib/python3.8/dist-packages/neutron_lib/callbacks/manager.py:192}}
Jun 29 03:28:04.011718 dv-cinder-797245-8-iscsi neutron-server[92921]: DEBUG neutron.plugins.ml2.drivers.mech_agent [None req-7902d3f4-2bea-4159-9f25-6ef1e3da692d None None] Bound using segment: {'id': '0a47a543-103b-4728-b8af-e18cdd3b4e33', 'network_type': 'flat', 'physical_network': 'physnet1', 'segmentation_id': None, 'network_id': 'f51c5211-9e47-48bd-999b-9f8ea905804c'} {{(pid=92921) bind_port /opt/stack/neutron/neutron/plugins/ml2/drivers/mech_agent.py:115}}
Jun 29 03:28:04.012236 dv-cinder-797245-8-iscsi neutron-server[92921]: DEBUG neutron.plugins.ml2.managers [None req-7902d3f4-2bea-4159-9f25-6ef1e3da692d None None] Bound port: 3620c0b0-bc78-4ab6-a979-f8fda5091cd6, host: dv-cinder-797245-8-iscsi, vif_type: ovs, vif_details: {"connectivity": "l2", "port_filter": true, "ovs_hybrid_plug": false, "datapath_type": "system", "bridge_name": "br-int"}, binding_levels: [{'bound_driver': 'openvswitch', 'bound_segment': {'id': '0a47a543-103b-4728-b8af-e18cdd3b4e33', 'network_type': 'flat', 'physical_network': 'physnet1', 'segmentation_id': None, 'network_id': 'f51c5211-9e47-48bd-999b-9f8ea905804c'}}] {{(pid=92921) _bind_port_level /opt/stack/neutron/neutron/plugins/ml2/managers.py:928}}
Jun 29 03:28:04.012614 dv-cinder-797245-8-iscsi neutron-server[92921]: DEBUG neutron_lib.callbacks.manager [None req-7902d3f4-2bea-4159-9f25-6ef1e3da692d None None] Notify callbacks ['neutron.plugins.ml2.plugin.SecurityGroupDbMixin._ensure_default_security_group_handler-1609256'] for port, before_update {{(pid=92921) _notify_loop /usr/local/lib/python3.8/dist-packages/neutron_lib/callbacks/manager.py:192}}
Jun 29 03:28:04.076927 dv-cinder-797245-8-iscsi neutron-server[92918]: DEBUG neutron_lib.callbacks.manager [None req-fa6db79d-7305-4fe0-9add-a0d3aad11fc6 admin admin] Notify callbacks ['neutron.plugins.ml2.plugin.Ml2Plugin._subnet_delete_precommit_handler-1632847'] for subnet, precommit_delete {{(pid=92918) _notify_loop /usr/local/lib/python3.8/dist-packages/neutron_lib/callbacks/manager.py:192}}
Jun 29 03:28:04.090572 dv-cinder-797245-8-iscsi neutron-server[92921]: DEBUG neutron.api.rpc.handlers.resources_rpc [None req-64b792c8-905b-4c8e-835a-cce817819d1a None None] Pushing event updated for resources: {'Port': ['ID=3620c0b0-bc78-4ab6-a979-f8fda5091cd6,revision_number=2']} {{(pid=92921) push /opt/stack/neutron/neutron/api/rpc/handlers/resources_rpc.py:237}}
Jun 29 03:28:04.102020 dv-cinder-797245-8-iscsi neutron-server[92919]: DEBUG neutron.api.rpc.agentnotifiers.l3_rpc_agent_api [None req-e8565645-ea25-4889-92e4-10e77541682f admin admin] Notify agent at l3_agent.dv-cinder-797245-8-iscsi the message routers_updated {{(pid=92919) _agent_notification /opt/stack/neutron/neutron/api/rpc/agentnotifiers/l3_rpc_agent_api.py:65}}
Jun 29 03:28:04.134038 dv-cinder-797245-8-iscsi neutron-server[92919]: DEBUG neutron_lib.callbacks.manager [None req-e8565645-ea25-4889-92e4-10e77541682f admin admin] Notify callbacks [] for router, before_response {{(pid=92919) _notify_loop /usr/local/lib/python3.8/dist-packages/neutron_lib/callbacks/manager.py:192}}
Jun 29 03:28:04.135517 dv-cinder-797245-8-iscsi neutron-server[92919]: INFO neutron.wsgi [None req-e8565645-ea25-4889-92e4-10e77541682f admin admin] 10.222.0.39 "POST /v2.0/routers HTTP/1.1" status: 201 len: 930 time: 5.6641905
Jun 29 03:28:04.137951 dv-cinder-797245-8-iscsi neutron-server[92919]: DEBUG neutron.wsgi [-] (92919) accepted ('10.222.0.39', 43088) {{(pid=92919) server /usr/local/lib/python3.8/dist-packages/eventlet/wsgi.py:982}}
Jun 29 03:28:04.145810 dv-cinder-797245-8-iscsi neutron-server[92920]: DEBUG neutron.api.rpc.handlers.l3_rpc [None req-c67d00d3-6da5-4438-82a7-b4cef816964f None None] Sync routers for ids ['9f874a82-36d8-47c4-8645-b378ee98e7b4'] in dv-cinder-797245-8-iscsi {{(pid=92920) sync_routers /opt/stack/neutron/neutron/api/rpc/handlers/l3_rpc.py:125}}
Jun 29 03:28:04.153435 dv-cinder-797245-8-iscsi neutron-server[92921]: DEBUG neutron.api.rpc.callbacks.version_manager [None req-64b792c8-905b-4c8e-835a-cce817819d1a None None] Version for resource type AddressGroup changed None to 1.2 on consumer Open vSwitch agent@dv-cinder-797245-8-iscsi {{(pid=92921) _set_version /opt/stack/neutron/neutron/api/rpc/callbacks/version_manager.py:113}}
Jun 29 03:28:04.153842 dv-cinder-797245-8-iscsi neutron-server[92921]: DEBUG neutron.api.rpc.callbacks.version_manager [None req-64b792c8-905b-4c8e-835a-cce817819d1a None None] Version for resource type ConntrackHelper changed None to 1.0 on consumer Open vSwitch agent@dv-cinder-797245-8-iscsi {{(pid=92921) _set_version /opt/stack/neutron/neutron/api/rpc/callbacks/version_manager.py:113}}
Jun 29 03:28:04.154086 dv-cinder-797245-8-iscsi neutron-server[92921]: DEBUG neutron.api.rpc.callbacks.version_manager [None req-64b792c8-905b-4c8e-835a-cce817819d1a None None] Version for resource type Log changed None to 1.0 on consumer Open vSwitch agent@dv-cinder-797245-8-iscsi {{(pid=92921) _set_version /opt/stack/neutron/neutron/api/rpc/callbacks/version_manager.py:113}}
