Jun 21 10:11:17.533325 dv-cinder-797245-3-iscsi devstack@c-api.service[99799]: WARNING stevedore.named [None req-d8aaee21-902d-4135-b3da-7c331a27e99e tempest-GroupSnapshotsTest-1448186411 tempest-GroupSnapshotsTest-1448186411-project] Could not load cinder.keymgr.conf_key_mgr.ConfKeyManager
Jun 21 10:11:17.534238 dv-cinder-797245-3-iscsi devstack@c-api.service[99800]: INFO cinder.api.openstack.wsgi [None req-9171542b-a1cf-4bbc-b801-f628424f3f8f tempest-QosSpecsTestJSON-168752428 tempest-QosSpecsTestJSON-168752428-project-admin] DELETE http://10.222.0.50/volume/v3/8a00697c0d1a49fe8ec833b861ae54a4/types/6d20e75c-d0e9-4599-b18a-b3afe80973ad
Jun 21 10:11:17.534604 dv-cinder-797245-3-iscsi devstack@c-api.service[99799]: WARNING castellan.key_manager [None req-d8aaee21-902d-4135-b3da-7c331a27e99e tempest-GroupSnapshotsTest-1448186411 tempest-GroupSnapshotsTest-1448186411-project] Deprecation Warning : cinder.keymgr.conf_key_mgr.ConfKeyManager is not a stevedore based driver, trying to load it as a class: stevedore.exception.NoMatches: No 'castellan.drivers' driver found, looking for 'cinder.keymgr.conf_key_mgr.ConfKeyManager'
Jun 21 10:11:17.535257 dv-cinder-797245-3-iscsi devstack@c-api.service[99800]: DEBUG cinder.api.openstack.wsgi [None req-9171542b-a1cf-4bbc-b801-f628424f3f8f tempest-QosSpecsTestJSON-168752428 tempest-QosSpecsTestJSON-168752428-project-admin] Empty body provided in request {{(pid=99800) get_body /opt/stack/cinder/cinder/api/openstack/wsgi.py:713}}
Jun 21 10:11:17.536544 dv-cinder-797245-3-iscsi devstack@c-api.service[99800]: DEBUG cinder.api.openstack.wsgi [None req-9171542b-a1cf-4bbc-b801-f628424f3f8f tempest-QosSpecsTestJSON-168752428 tempest-QosSpecsTestJSON-168752428-project-admin] Calling method '_delete' {{(pid=99800) _process_stack /opt/stack/cinder/cinder/api/openstack/wsgi.py:866}}
Jun 21 10:11:17.548160 dv-cinder-797245-3-iscsi devstack@c-api.service[99799]: DEBUG oslo_db.sqlalchemy.engines [None req-d8aaee21-902d-4135-b3da-7c331a27e99e tempest-GroupSnapshotsTest-1448186411 tempest-GroupSnapshotsTest-1448186411-project] MySQL server mode set to STRICT_TRANS_TABLES,STRICT_ALL_TABLES,NO_ZERO_IN_DATE,NO_ZERO_DATE,ERROR_FOR_DIVISION_BY_ZERO,TRADITIONAL,NO_ENGINE_SUBSTITUTION {{(pid=99799) _check_effective_sql_mode /usr/local/lib/python3.8/dist-packages/oslo_db/sqlalchemy/engines.py:314}}
Jun 21 10:11:17.558282 dv-cinder-797245-3-iscsi devstack@c-api.service[99799]: /usr/local/lib/python3.8/dist-packages/oslo_context/context.py:105: DeprecationWarning: Policy enforcement is depending on the value of is_admin. This key is deprecated. Please update your policy file to use the standard policy values.
Jun 21 10:11:17.558282 dv-cinder-797245-3-iscsi devstack@c-api.service[99799]: warnings.warn('Policy enforcement is depending on the value of '
Jun 21 10:11:17.576471 dv-cinder-797245-3-iscsi devstack@c-api.service[99799]: INFO cinder.api.openstack.wsgi [None req-d8aaee21-902d-4135-b3da-7c331a27e99e tempest-GroupSnapshotsTest-1448186411 tempest-GroupSnapshotsTest-1448186411-project] http://10.222.0.50/volume/v3/b3cddfe23d8147f89d9cfee34a95bbfa/volumes returned with HTTP 202
Jun 21 10:11:17.594562 dv-cinder-797245-3-iscsi devstack@c-api.service[99799]: [pid: 99799|app: 0|req: 56/139] 10.222.0.50 () {62 vars in 1277 bytes} [Mon Jun 21 10:11:16 2021] POST /volume/v3/b3cddfe23d8147f89d9cfee34a95bbfa/volumes => generated 907 bytes in 927 msecs (HTTP/1.1 202) 7 headers in 292 bytes (1 switches on core 0)
Jun 21 10:11:17.614257 dv-cinder-797245-3-iscsi devstack@c-api.service[99799]: INFO cinder.api.openstack.wsgi [None req-9a35f418-7950-4286-8801-f5383bd6cbe9 tempest-GroupSnapshotsTest-1448186411 tempest-GroupSnapshotsTest-1448186411-project] GET http://10.222.0.50/volume/v3/b3cddfe23d8147f89d9cfee34a95bbfa/volumes/9996b4d5-2069-4c7e-97cf-805829042670
Jun 21 10:11:17.616581 dv-cinder-797245-3-iscsi devstack@c-api.service[99799]: DEBUG cinder.api.openstack.wsgi [None req-9a35f418-7950-4286-8801-f5383bd6cbe9 tempest-GroupSnapshotsTest-1448186411 tempest-GroupSnapshotsTest-1448186411-project] Empty body provided in request {{(pid=99799) get_body /opt/stack/cinder/cinder/api/openstack/wsgi.py:713}}
Jun 21 10:11:17.617129 dv-cinder-797245-3-iscsi devstack@c-api.service[99799]: /usr/local/lib/python3.8/dist-packages/webob/acceptparse.py:1047: DeprecationWarning: The behavior of AcceptValidHeader.best_match is currently being maintained for backward compatibility, but it will be deprecated in the future, as it does not conform to the RFC.
Jun 21 10:11:17.617129 dv-cinder-797245-3-iscsi devstack@c-api.service[99799]: warnings.warn(
Jun 21 10:11:17.617746 dv-cinder-797245-3-iscsi devstack@c-api.service[99799]: DEBUG cinder.api.openstack.wsgi [None req-9a35f418-7950-4286-8801-f5383bd6cbe9 tempest-GroupSnapshotsTest-1448186411 tempest-GroupSnapshotsTest-1448186411-project] Calling method 'show' {{(pid=99799) _process_stack /opt/stack/cinder/cinder/api/openstack/wsgi.py:866}}
Jun 21 10:11:17.660015 dv-cinder-797245-3-iscsi devstack@c-api.service[99800]: INFO cinder.api.openstack.wsgi [None req-9171542b-a1cf-4bbc-b801-f628424f3f8f tempest-QosSpecsTestJSON-168752428 tempest-QosSpecsTestJSON-168752428-project-admin] http://10.222.0.50/volume/v3/8a00697c0d1a49fe8ec833b861ae54a4/types/6d20e75c-d0e9-4599-b18a-b3afe80973ad returned with HTTP 202
Jun 21 10:11:17.662384 dv-cinder-797245-3-iscsi devstack@c-api.service[99800]: [pid: 99800|app: 0|req: 84/140] 10.222.0.50 () {58 vars in 1322 bytes} [Mon Jun 21 10:11:17 2021] DELETE /volume/v3/8a00697c0d1a49fe8ec833b861ae54a4/types/6d20e75c-d0e9-4599-b18a-b3afe80973ad => generated 0 bytes in 141 msecs (HTTP/1.1 202) 6 headers in 233 bytes (1 switches on core 0)
Jun 21 10:11:17.670685 dv-cinder-797245-3-iscsi devstack@c-api.service[99799]: /usr/local/lib/python3.8/dist-packages/oslo_context/context.py:105: DeprecationWarning: Policy enforcement is depending on the value of is_admin. This key is deprecated. Please update your policy file to use the standard policy values.
Jun 21 10:11:17.670685 dv-cinder-797245-3-iscsi devstack@c-api.service[99799]: warnings.warn('Policy enforcement is depending on the value of '
Jun 21 10:11:17.673406 dv-cinder-797245-3-iscsi devstack@c-api.service[99800]: INFO cinder.api.openstack.wsgi [None req-35ceb198-6369-40a4-9b24-447fb97b6337 tempest-QosSpecsTestJSON-168752428 tempest-QosSpecsTestJSON-168752428-project-admin] GET http://10.222.0.50/volume/v3/8a00697c0d1a49fe8ec833b861ae54a4/types/6d20e75c-d0e9-4599-b18a-b3afe80973ad
Jun 21 10:11:17.673830 dv-cinder-797245-3-iscsi devstack@c-api.service[99800]: DEBUG cinder.api.openstack.wsgi [None req-35ceb198-6369-40a4-9b24-447fb97b6337 tempest-QosSpecsTestJSON-168752428 tempest-QosSpecsTestJSON-168752428-project-admin] Empty body provided in request {{(pid=99800) get_body /opt/stack/cinder/cinder/api/openstack/wsgi.py:713}}
Jun 21 10:11:17.674307 dv-cinder-797245-3-iscsi devstack@c-api.service[99800]: DEBUG cinder.api.openstack.wsgi [None req-35ceb198-6369-40a4-9b24-447fb97b6337 tempest-QosSpecsTestJSON-168752428 tempest-QosSpecsTestJSON-168752428-project-admin] Calling method 'show' {{(pid=99800) _process_stack /opt/stack/cinder/cinder/api/openstack/wsgi.py:866}}
Jun 21 10:11:17.693182 dv-cinder-797245-3-iscsi devstack@c-api.service[99800]: INFO cinder.api.openstack.wsgi [None req-35ceb198-6369-40a4-9b24-447fb97b6337 tempest-QosSpecsTestJSON-168752428 tempest-QosSpecsTestJSON-168752428-project-admin] http://10.222.0.50/volume/v3/8a00697c0d1a49fe8ec833b861ae54a4/types/6d20e75c-d0e9-4599-b18a-b3afe80973ad returned with HTTP 404
Jun 21 10:11:17.696520 dv-cinder-797245-3-iscsi devstack@c-api.service[99800]: [pid: 99800|app: 0|req: 85/141] 10.222.0.50 () {58 vars in 1319 bytes} [Mon Jun 21 10:11:17 2021] GET /volume/v3/8a00697c0d1a49fe8ec833b861ae54a4/types/6d20e75c-d0e9-4599-b18a-b3afe80973ad => generated 114 bytes in 29 msecs (HTTP/1.1 404) 7 headers in 292 bytes (2 switches on core 0)
Jun 21 10:11:17.702272 dv-cinder-797245-3-iscsi devstack@c-api.service[99799]: INFO cinder.volume.api [None req-9a35f418-7950-4286-8801-f5383bd6cbe9 tempest-GroupSnapshotsTest-1448186411 tempest-GroupSnapshotsTest-1448186411-project] Volume info retrieved successfully.
Jun 21 10:11:17.713381 dv-cinder-797245-3-iscsi devstack@c-api.service[99800]: INFO cinder.api.openstack.wsgi [None req-3ff40a6c-4aa5-4d4a-a88f-37b74fffac99 tempest-QosSpecsTestJSON-168752428 tempest-QosSpecsTestJSON-168752428-project-admin] DELETE http://10.222.0.50/volume/v3/8a00697c0d1a49fe8ec833b861ae54a4/qos-specs/4edd897d-843d-4cb4-8591-7b3018b30917?force=False
Jun 21 10:11:17.714417 dv-cinder-797245-3-iscsi devstack@c-api.service[99800]: DEBUG cinder.api.openstack.wsgi [None req-3ff40a6c-4aa5-4d4a-a88f-37b74fffac99 tempest-QosSpecsTestJSON-168752428 tempest-QosSpecsTestJSON-168752428-project-admin] Empty body provided in request {{(pid=99800) get_body /opt/stack/cinder/cinder/api/openstack/wsgi.py:713}}
Jun 21 10:11:17.715391 dv-cinder-797245-3-iscsi devstack@c-api.service[99800]: DEBUG cinder.api.openstack.wsgi [None req-3ff40a6c-4aa5-4d4a-a88f-37b74fffac99 tempest-QosSpecsTestJSON-168752428 tempest-QosSpecsTestJSON-168752428-project-admin] Calling method 'delete' {{(pid=99800) _process_stack /opt/stack/cinder/cinder/api/openstack/wsgi.py:866}}
Jun 21 10:11:17.717986 dv-cinder-797245-3-iscsi devstack@c-api.service[99800]: DEBUG cinder.api.contrib.qos_specs_manage [None req-3ff40a6c-4aa5-4d4a-a88f-37b74fffac99 tempest-QosSpecsTestJSON-168752428 tempest-QosSpecsTestJSON-168752428-project-admin] Delete qos_spec: 4edd897d-843d-4cb4-8591-7b3018b30917, force: False {{(pid=99800) delete /opt/stack/cinder/cinder/api/contrib/qos_specs_manage.py:168}}
Jun 21 10:11:17.753110 dv-cinder-797245-3-iscsi devstack@c-api.service[99799]: WARNING stevedore.named [None req-9a35f418-7950-4286-8801-f5383bd6cbe9 tempest-GroupSnapshotsTest-1448186411 tempest-GroupSnapshotsTest-1448186411-project] Could not load cinder.keymgr.conf_key_mgr.ConfKeyManager
Jun 21 10:11:17.753903 dv-cinder-797245-3-iscsi devstack@c-api.service[99799]: WARNING castellan.key_manager [None req-9a35f418-7950-4286-8801-f5383bd6cbe9 tempest-GroupSnapshotsTest-1448186411 tempest-GroupSnapshotsTest-1448186411-project] Deprecation Warning : cinder.keymgr.conf_key_mgr.ConfKeyManager is not a stevedore based driver, trying to load it as a class: stevedore.exception.NoMatches: No 'castellan.drivers' driver found, looking for 'cinder.keymgr.conf_key_mgr.ConfKeyManager'
Jun 21 10:11:17.782961 dv-cinder-797245-3-iscsi devstack@c-api.service[99799]: DEBUG oslo_db.sqlalchemy.engines [None req-9a35f418-7950-4286-8801-f5383bd6cbe9 tempest-GroupSnapshotsTest-1448186411 tempest-GroupSnapshotsTest-1448186411-project] MySQL server mode set to STRICT_TRANS_TABLES,STRICT_ALL_TABLES,NO_ZERO_IN_DATE,NO_ZERO_DATE,ERROR_FOR_DIVISION_BY_ZERO,TRADITIONAL,NO_ENGINE_SUBSTITUTION {{(pid=99799) _check_effective_sql_mode /usr/local/lib/python3.8/dist-packages/oslo_db/sqlalchemy/engines.py:314}}
Jun 21 10:11:17.795184 dv-cinder-797245-3-iscsi devstack@c-api.service[99799]: /usr/local/lib/python3.8/dist-packages/oslo_context/context.py:105: DeprecationWarning: Policy enforcement is depending on the value of is_admin. This key is deprecated. Please update your policy file to use the standard policy values.
Jun 21 10:11:17.795184 dv-cinder-797245-3-iscsi devstack@c-api.service[99799]: warnings.warn('Policy enforcement is depending on the value of '
Jun 21 10:11:17.797522 dv-cinder-797245-3-iscsi devstack@c-api.service[99800]: INFO cinder.api.openstack.wsgi [None req-3ff40a6c-4aa5-4d4a-a88f-37b74fffac99 tempest-QosSpecsTestJSON-168752428 tempest-QosSpecsTestJSON-168752428-project-admin] http://10.222.0.50/volume/v3/8a00697c0d1a49fe8ec833b861ae54a4/qos-specs/4edd897d-843d-4cb4-8591-7b3018b30917?force=False returned with HTTP 202
Jun 21 10:11:17.799110 dv-cinder-797245-3-iscsi devstack@c-api.service[99800]: [pid: 99800|app: 0|req: 86/142] 10.222.0.50 () {58 vars in 1357 bytes} [Mon Jun 21 10:11:17 2021] DELETE /volume/v3/8a00697c0d1a49fe8ec833b861ae54a4/qos-specs/4edd897d-843d-4cb4-8591-7b3018b30917?force=False => generated 0 bytes in 96 msecs (HTTP/1.1 202) 6 headers in 233 bytes (1 switches on core 0)
Jun 21 10:11:17.807313 dv-cinder-797245-3-iscsi devstack@c-api.service[99800]: INFO cinder.api.openstack.wsgi [None req-6265dd77-ce84-4e23-b421-53d1157cd1b1 tempest-UserMessagesTest-1473941636 tempest-UserMessagesTest-1473941636-project] GET http://10.222.0.50/volume/v3/94c875d46e23496dbaf845644bfb2bbc/volumes/21d59d2b-8ae6-4738-93af-76bce1aff083
Jun 21 10:11:17.813262 dv-cinder-797245-3-iscsi devstack@c-api.service[99800]: DEBUG cinder.api.openstack.wsgi [None req-6265dd77-ce84-4e23-b421-53d1157cd1b1 tempest-UserMessagesTest-1473941636 tempest-UserMessagesTest-1473941636-project] Empty body provided in request {{(pid=99800) get_body /opt/stack/cinder/cinder/api/openstack/wsgi.py:713}}
Jun 21 10:11:17.813725 dv-cinder-797245-3-iscsi devstack@c-api.service[99800]: /usr/local/lib/python3.8/dist-packages/webob/acceptparse.py:1047: DeprecationWarning: The behavior of AcceptValidHeader.best_match is currently being maintained for backward compatibility, but it will be deprecated in the future, as it does not conform to the RFC.
Jun 21 10:11:17.813725 dv-cinder-797245-3-iscsi devstack@c-api.service[99800]: warnings.warn(
Jun 21 10:11:17.814343 dv-cinder-797245-3-iscsi devstack@c-api.service[99800]: DEBUG cinder.api.openstack.wsgi [None req-6265dd77-ce84-4e23-b421-53d1157cd1b1 tempest-UserMessagesTest-1473941636 tempest-UserMessagesTest-1473941636-project] Calling method 'show' {{(pid=99800) _process_stack /opt/stack/cinder/cinder/api/openstack/wsgi.py:866}}
Jun 21 10:11:17.854398 dv-cinder-797245-3-iscsi devstack@c-api.service[99799]: INFO cinder.api.openstack.wsgi [None req-9a35f418-7950-4286-8801-f5383bd6cbe9 tempest-GroupSnapshotsTest-1448186411 tempest-GroupSnapshotsTest-1448186411-project] http://10.222.0.50/volume/v3/b3cddfe23d8147f89d9cfee34a95bbfa/volumes/9996b4d5-2069-4c7e-97cf-805829042670 returned with HTTP 200
Jun 21 10:11:17.864972 dv-cinder-797245-3-iscsi devstack@c-api.service[99799]: [pid: 99799|app: 0|req: 57/143] 10.222.0.50 () {60 vars in 1366 bytes} [Mon Jun 21 10:11:17 2021] GET /volume/v3/b3cddfe23d8147f89d9cfee34a95bbfa/volumes/9996b4d5-2069-4c7e-97cf-805829042670 => generated 975 bytes in 266 msecs (HTTP/1.1 200) 7 headers in 286 bytes (2 switches on core 0)
Jun 21 10:11:17.885721 dv-cinder-797245-3-iscsi devstack@c-api.service[99799]: INFO cinder.api.openstack.wsgi [None req-60be36f2-fd87-4b76-bd32-7780de5a6be7 tempest-QosSpecsTestJSON-168752428 tempest-QosSpecsTestJSON-168752428-project-admin] GET http://10.222.0.50/volume/v3/8a00697c0d1a49fe8ec833b861ae54a4/qos-specs/4edd897d-843d-4cb4-8591-7b3018b30917
Jun 21 10:11:17.886473 dv-cinder-797245-3-iscsi devstack@c-api.service[99799]: DEBUG cinder.api.openstack.wsgi [None req-60be36f2-fd87-4b76-bd32-7780de5a6be7 tempest-QosSpecsTestJSON-168752428 tempest-QosSpecsTestJSON-168752428-project-admin] Empty body provided in request {{(pid=99799) get_body /opt/stack/cinder/cinder/api/openstack/wsgi.py:713}}
Jun 21 10:11:17.886762 dv-cinder-797245-3-iscsi devstack@c-api.service[99799]: /usr/local/lib/python3.8/dist-packages/webob/acceptparse.py:1047: DeprecationWarning: The behavior of AcceptValidHeader.best_match is currently being maintained for backward compatibility, but it will be deprecated in the future, as it does not conform to the RFC.
Jun 21 10:11:17.886762 dv-cinder-797245-3-iscsi devstack@c-api.service[99799]: warnings.warn(
Jun 21 10:11:17.887321 dv-cinder-797245-3-iscsi devstack@c-api.service[99799]: DEBUG cinder.api.openstack.wsgi [None req-60be36f2-fd87-4b76-bd32-7780de5a6be7 tempest-QosSpecsTestJSON-168752428 tempest-QosSpecsTestJSON-168752428-project-admin] Calling method 'show' {{(pid=99799) _process_stack /opt/stack/cinder/cinder/api/openstack/wsgi.py:866}}
Jun 21 10:11:17.910177 dv-cinder-797245-3-iscsi devstack@c-api.service[99799]: INFO cinder.api.openstack.wsgi [None req-60be36f2-fd87-4b76-bd32-7780de5a6be7 tempest-QosSpecsTestJSON-168752428 tempest-QosSpecsTestJSON-168752428-project-admin] http://10.222.0.50/volume/v3/8a00697c0d1a49fe8ec833b861ae54a4/qos-specs/4edd897d-843d-4cb4-8591-7b3018b30917 returned with HTTP 404
Jun 21 10:11:17.912059 dv-cinder-797245-3-iscsi devstack@c-api.service[99799]: [pid: 99799|app: 0|req: 58/144] 10.222.0.50 () {58 vars in 1331 bytes} [Mon Jun 21 10:11:17 2021] GET /volume/v3/8a00697c0d1a49fe8ec833b861ae54a4/qos-specs/4edd897d-843d-4cb4-8591-7b3018b30917 => generated 100 bytes in 50 msecs (HTTP/1.1 404) 7 headers in 292 bytes (1 switches on core 0)
Jun 21 10:11:17.919738 dv-cinder-797245-3-iscsi devstack@c-api.service[99800]: /usr/local/lib/python3.8/dist-packages/oslo_context/context.py:105: DeprecationWarning: Policy enforcement is depending on the value of is_admin. This key is deprecated. Please update your policy file to use the standard policy values.
Jun 21 10:11:17.919738 dv-cinder-797245-3-iscsi devstack@c-api.service[99800]: warnings.warn('Policy enforcement is depending on the value of '
Jun 21 10:11:17.973140 dv-cinder-797245-3-iscsi devstack@c-api.service[99800]: INFO cinder.volume.api [None req-6265dd77-ce84-4e23-b421-53d1157cd1b1 tempest-UserMessagesTest-1473941636 tempest-UserMessagesTest-1473941636-project] Volume info retrieved successfully.
Jun 21 10:11:18.079311 dv-cinder-797245-3-iscsi devstack@c-api.service[99800]: INFO cinder.api.openstack.wsgi [None req-6265dd77-ce84-4e23-b421-53d1157cd1b1 tempest-UserMessagesTest-1473941636 tempest-UserMessagesTest-1473941636-project] http://10.222.0.50/volume/v3/94c875d46e23496dbaf845644bfb2bbc/volumes/21d59d2b-8ae6-4738-93af-76bce1aff083 returned with HTTP 200
Jun 21 10:11:18.085014 dv-cinder-797245-3-iscsi devstack@c-api.service[99800]: [pid: 99800|app: 0|req: 87/145] 10.222.0.50 () {60 vars in 1365 bytes} [Mon Jun 21 10:11:17 2021] GET /volume/v3/94c875d46e23496dbaf845644bfb2bbc/volumes/21d59d2b-8ae6-4738-93af-76bce1aff083 => generated 940 bytes in 285 msecs (HTTP/1.1 200) 7 headers in 285 bytes (1 switches on core 0)
Jun 21 10:11:18.110945 dv-cinder-797245-3-iscsi devstack@c-api.service[99799]: INFO cinder.api.openstack.wsgi [None req-82dbcf25-382b-4a37-a754-ae81d74113a5 tempest-UserMessagesTest-1473941636 tempest-UserMessagesTest-1473941636-project] GET http://10.222.0.50/volume/v3/94c875d46e23496dbaf845644bfb2bbc/messages
Jun 21 10:11:18.111529 dv-cinder-797245-3-iscsi devstack@c-api.service[99799]: DEBUG cinder.api.openstack.wsgi [None req-82dbcf25-382b-4a37-a754-ae81d74113a5 tempest-UserMessagesTest-1473941636 tempest-UserMessagesTest-1473941636-project] Empty body provided in request {{(pid=99799) get_body /opt/stack/cinder/cinder/api/openstack/wsgi.py:713}}
Jun 21 10:11:18.111970 dv-cinder-797245-3-iscsi devstack@c-api.service[99799]: DEBUG cinder.api.openstack.wsgi [None req-82dbcf25-382b-4a37-a754-ae81d74113a5 tempest-UserMessagesTest-1473941636 tempest-UserMessagesTest-1473941636-project] Calling method 'version_select' {{(pid=99799) _process_stack /opt/stack/cinder/cinder/api/openstack/wsgi.py:866}}
Jun 21 10:11:18.137694 dv-cinder-797245-3-iscsi devstack@c-api.service[99799]: INFO cinder.api.openstack.wsgi [None req-82dbcf25-382b-4a37-a754-ae81d74113a5 tempest-UserMessagesTest-1473941636 tempest-UserMessagesTest-1473941636-project] http://10.222.0.50/volume/v3/94c875d46e23496dbaf845644bfb2bbc/messages returned with HTTP 200
Jun 21 10:11:18.157696 dv-cinder-797245-3-iscsi devstack@c-api.service[99799]: [pid: 99799|app: 0|req: 59/146] 10.222.0.50 () {60 vars in 1257 bytes} [Mon Jun 21 10:11:18 2021] GET /volume/v3/94c875d46e23496dbaf845644bfb2bbc/messages => generated 736 bytes in 45 msecs (HTTP/1.1 200) 7 headers in 285 bytes (1 switches on core 0)
Jun 21 10:11:18.157994 dv-cinder-797245-3-iscsi devstack@c-api.service[99800]: INFO cinder.api.openstack.wsgi [None req-8b123f26-b21d-4e71-bf54-078ce0a09252 tempest-UserMessagesTest-1473941636 tempest-UserMessagesTest-1473941636-project] DELETE http://10.222.0.50/volume/v3/94c875d46e23496dbaf845644bfb2bbc/messages/3a25733f-44bf-4df2-935a-dd2719326b9e
Jun 21 10:11:18.157994 dv-cinder-797245-3-iscsi devstack@c-api.service[99800]: DEBUG cinder.api.openstack.wsgi [None req-8b123f26-b21d-4e71-bf54-078ce0a09252 tempest-UserMessagesTest-1473941636 tempest-UserMessagesTest-1473941636-project] Empty body provided in request {{(pid=99800) get_body /opt/stack/cinder/cinder/api/openstack/wsgi.py:713}}
Jun 21 10:11:18.157994 dv-cinder-797245-3-iscsi devstack@c-api.service[99800]: /usr/local/lib/python3.8/dist-packages/webob/acceptparse.py:1047: DeprecationWarning: The behavior of AcceptValidHeader.best_match is currently being maintained for backward compatibility, but it will be deprecated in the future, as it does not conform to the RFC.
Jun 21 10:11:18.157994 dv-cinder-797245-3-iscsi devstack@c-api.service[99800]: warnings.warn(
Jun 21 10:11:18.157994 dv-cinder-797245-3-iscsi devstack@c-api.service[99800]: DEBUG cinder.api.openstack.wsgi [None req-8b123f26-b21d-4e71-bf54-078ce0a09252 tempest-UserMessagesTest-1473941636 tempest-UserMessagesTest-1473941636-project] Calling method 'version_select' {{(pid=99800) _process_stack /opt/stack/cinder/cinder/api/openstack/wsgi.py:866}}
Jun 21 10:11:18.223955 dv-cinder-797245-3-iscsi devstack@c-api.service[99800]: INFO cinder.api.openstack.wsgi [None req-8b123f26-b21d-4e71-bf54-078ce0a09252 tempest-UserMessagesTest-1473941636 tempest-UserMessagesTest-1473941636-project] http://10.222.0.50/volume/v3/94c875d46e23496dbaf845644bfb2bbc/messages/3a25733f-44bf-4df2-935a-dd2719326b9e returned with HTTP 204
Jun 21 10:11:18.225200 dv-cinder-797245-3-iscsi devstack@c-api.service[99800]: [pid: 99800|app: 0|req: 88/147] 10.222.0.50 () {60 vars in 1371 bytes} [Mon Jun 21 10:11:18 2021] DELETE /volume/v3/94c875d46e23496dbaf845644bfb2bbc/messages/3a25733f-44bf-4df2-935a-dd2719326b9e => generated 0 bytes in 79 msecs (HTTP/1.1 204) 6 headers in 235 bytes (1 switches on core 0)
Jun 21 10:11:18.241754 dv-cinder-797245-3-iscsi devstack@c-api.service[99799]: INFO cinder.api.openstack.wsgi [None req-3935e346-3260-49ef-b573-bbfb695b599f tempest-UserMessagesTest-1473941636 tempest-UserMessagesTest-1473941636-project] GET http://10.222.0.50/volume/v3/94c875d46e23496dbaf845644bfb2bbc/messages/3a25733f-44bf-4df2-935a-dd2719326b9e
Jun 21 10:11:18.242912 dv-cinder-797245-3-iscsi devstack@c-api.service[99799]: DEBUG cinder.api.openstack.wsgi [None req-3935e346-3260-49ef-b573-bbfb695b599f tempest-UserMessagesTest-1473941636 tempest-UserMessagesTest-1473941636-project] Empty body provided in request {{(pid=99799) get_body /opt/stack/cinder/cinder/api/openstack/wsgi.py:713}}
Jun 21 10:11:18.246013 dv-cinder-797245-3-iscsi devstack@c-api.service[99799]: DEBUG cinder.api.openstack.wsgi [None req-3935e346-3260-49ef-b573-bbfb695b599f tempest-UserMessagesTest-1473941636 tempest-UserMessagesTest-1473941636-project] Calling method 'version_select' {{(pid=99799) _process_stack /opt/stack/cinder/cinder/api/openstack/wsgi.py:866}}
Jun 21 10:11:18.296711 dv-cinder-797245-3-iscsi devstack@c-api.service[99799]: INFO cinder.api.openstack.wsgi [None req-3935e346-3260-49ef-b573-bbfb695b599f tempest-UserMessagesTest-1473941636 tempest-UserMessagesTest-1473941636-project] http://10.222.0.50/volume/v3/94c875d46e23496dbaf845644bfb2bbc/messages/3a25733f-44bf-4df2-935a-dd2719326b9e returned with HTTP 404
Jun 21 10:11:18.308053 dv-cinder-797245-3-iscsi devstack@c-api.service[99799]: [pid: 99799|app: 0|req: 60/148] 10.222.0.50 () {60 vars in 1368 bytes} [Mon Jun 21 10:11:18 2021] GET /volume/v3/94c875d46e23496dbaf845644bfb2bbc/messages/3a25733f-44bf-4df2-935a-dd2719326b9e => generated 110 bytes in 70 msecs (HTTP/1.1 404) 7 headers in 292 bytes (1 switches on core 0)
Jun 21 10:11:18.316832 dv-cinder-797245-3-iscsi devstack@c-api.service[99800]: INFO cinder.api.openstack.wsgi [None req-1a11a27b-0d29-46b8-ba65-4aee03c8c103 tempest-UserMessagesTest-503399435 tempest-UserMessagesTest-503399435-project-admin] POST http://10.222.0.50/volume/v3/84d9c3d406944b56a853b71b5c48d536/types
Jun 21 10:11:18.317772 dv-cinder-797245-3-iscsi devstack@c-api.service[99800]: DEBUG cinder.api.openstack.wsgi [None req-1a11a27b-0d29-46b8-ba65-4aee03c8c103 tempest-UserMessagesTest-503399435 tempest-UserMessagesTest-503399435-project-admin] Action: 'create', calling method: _create, body: {"volume_type": {"name": "tempest-UserMessagesTest-volume-type-746959594", "extra_specs": {"storage_protocol": "tempest-storage_protocol-374507675", "vendor_name": "tempest-vendor_name-1826560176"}}} {{(pid=99800) _process_stack /opt/stack/cinder/cinder/api/openstack/wsgi.py:864}}
Jun 21 10:11:18.400476 dv-cinder-797245-3-iscsi devstack@c-api.service[99800]: INFO cinder.api.openstack.wsgi [None req-1a11a27b-0d29-46b8-ba65-4aee03c8c103 tempest-UserMessagesTest-503399435 tempest-UserMessagesTest-503399435-project-admin] http://10.222.0.50/volume/v3/84d9c3d406944b56a853b71b5c48d536/types returned with HTTP 200
Jun 21 10:11:18.408669 dv-cinder-797245-3-iscsi devstack@c-api.service[99800]: [pid: 99800|app: 0|req: 89/149] 10.222.0.50 () {60 vars in 1230 bytes} [Mon Jun 21 10:11:18 2021] POST /volume/v3/84d9c3d406944b56a853b71b5c48d536/types => generated 326 bytes in 93 msecs (HTTP/1.1 200) 7 headers in 285 bytes (1 switches on core 0)
Jun 21 10:11:18.416347 dv-cinder-797245-3-iscsi devstack@c-api.service[99799]: INFO cinder.api.openstack.wsgi [None req-9bb21a86-ecce-4a66-8a31-edbe47468cfe tempest-UserMessagesTest-1473941636 tempest-UserMessagesTest-1473941636-project] POST http://10.222.0.50/volume/v3/94c875d46e23496dbaf845644bfb2bbc/volumes
Jun 21 10:11:18.417449 dv-cinder-797245-3-iscsi devstack@c-api.service[99799]: DEBUG cinder.api.openstack.wsgi [None req-9bb21a86-ecce-4a66-8a31-edbe47468cfe tempest-UserMessagesTest-1473941636 tempest-UserMessagesTest-1473941636-project] Action: 'create', calling method: create, body: {"volume": {"volume_type": "432fafe4-a0d9-48dd-aa41-d454284b543e", "size": 1, "name": "tempest-UserMessagesTest-Volume-519145187"}} {{(pid=99799) _process_stack /opt/stack/cinder/cinder/api/openstack/wsgi.py:864}}
Jun 21 10:11:18.419170 dv-cinder-797245-3-iscsi devstack@c-api.service[99799]: DEBUG cinder.api.v3.volumes [None req-9bb21a86-ecce-4a66-8a31-edbe47468cfe tempest-UserMessagesTest-1473941636 tempest-UserMessagesTest-1473941636-project] Create volume request body: {'volume': {'volume_type': '432fafe4-a0d9-48dd-aa41-d454284b543e', 'size': 1, 'name': 'tempest-UserMessagesTest-Volume-519145187'}} {{(pid=99799) create /opt/stack/cinder/cinder/api/v3/volumes.py:289}}
Jun 21 10:11:18.432013 dv-cinder-797245-3-iscsi devstack@c-api.service[99799]: INFO cinder.api.v3.volumes [None req-9bb21a86-ecce-4a66-8a31-edbe47468cfe tempest-UserMessagesTest-1473941636 tempest-UserMessagesTest-1473941636-project] Create volume of 1 GB
Jun 21 10:11:18.433566 dv-cinder-797245-3-iscsi devstack@c-api.service[99799]: /usr/local/lib/python3.8/dist-packages/oslo_context/context.py:105: DeprecationWarning: Policy enforcement is depending on the value of is_admin. This key is deprecated. Please update your policy file to use the standard policy values.
Jun 21 10:11:18.433566 dv-cinder-797245-3-iscsi devstack@c-api.service[99799]: warnings.warn('Policy enforcement is depending on the value of '
Jun 21 10:11:18.434247 dv-cinder-797245-3-iscsi devstack@c-api.service[99799]: INFO cinder.volume.api [None req-9bb21a86-ecce-4a66-8a31-edbe47468cfe tempest-UserMessagesTest-1473941636 tempest-UserMessagesTest-1473941636-project] Availability Zones retrieved successfully.
Jun 21 10:11:18.451992 dv-cinder-797245-3-iscsi devstack@c-api.service[99799]: DEBUG cinder.volume.api [None req-9bb21a86-ecce-4a66-8a31-edbe47468cfe tempest-UserMessagesTest-1473941636 tempest-UserMessagesTest-1473941636-project] Flow 'volume_create_api' (fb3abf2e-52be-4bcc-9900-b926ec3b6d04) transitioned into state 'RUNNING' from state 'PENDING' {{(pid=99799) _flow_receiver /usr/local/lib/python3.8/dist-packages/taskflow/listeners/logging.py:141}}
Jun 21 10:11:18.455672 dv-cinder-797245-3-iscsi devstack@c-api.service[99799]: DEBUG cinder.volume.api [None req-9bb21a86-ecce-4a66-8a31-edbe47468cfe tempest-UserMessagesTest-1473941636 tempest-UserMessagesTest-1473941636-project] Task 'cinder.volume.flows.api.create_volume.ExtractVolumeRequestTask;volume:create' (5c0c7b0f-e349-4789-b403-00110c12d002) transitioned into state 'RUNNING' from state 'PENDING' {{(pid=99799) _task_receiver /usr/local/lib/python3.8/dist-packages/taskflow/listeners/logging.py:190}}
Jun 21 10:11:18.457945 dv-cinder-797245-3-iscsi devstack@c-api.service[99799]: DEBUG cinder.volume.flows.api.create_volume [None req-9bb21a86-ecce-4a66-8a31-edbe47468cfe tempest-UserMessagesTest-1473941636 tempest-UserMessagesTest-1473941636-project] Validating volume size '1' using validate_int {{(pid=99799) _extract_size /opt/stack/cinder/cinder/volume/flows/api/create_volume.py:201}}
Jun 21 10:11:18.509979 dv-cinder-797245-3-iscsi devstack@c-api.service[99799]: DEBUG cinder.volume.api [None req-9bb21a86-ecce-4a66-8a31-edbe47468cfe tempest-UserMessagesTest-1473941636 tempest-UserMessagesTest-1473941636-project] Task 'cinder.volume.flows.api.create_volume.ExtractVolumeRequestTask;volume:create' (5c0c7b0f-e349-4789-b403-00110c12d002) transitioned into state 'SUCCESS' from state 'RUNNING' with result '{'size': 1, 'snapshot_id': None, 'source_volid': None, 'volume_type': VolumeType(created_at=2021-06-21T10:11:18Z,deleted=False,deleted_at=None,description=None,extra_specs={storage_protocol='tempest-storage_protocol-374507675',vendor_name='tempest-vendor_name-1826560176'},id=432fafe4-a0d9-48dd-aa41-d454284b543e,is_public=True,name='tempest-UserMessagesTest-volume-type-746959594',projects=[],qos_specs=,qos_specs_id=None,updated_at=None), 'volume_type_id': '432fafe4-a0d9-48dd-aa41-d454284b543e', 'encryption_key_id': None, 'qos_specs': None, 'consistencygroup_id': None, 'cgsnapshot_id': None, 'group_id': None, 'replication_status': 'disabled', 'refresh_az': False, 'backup_id': None, 'multiattach': False, 'availability_zones': ['nova']}' {{(pid=99799) _task_receiver /usr/local/lib/python3.8/dist-packages/taskflow/listeners/logging.py:178}}
Jun 21 10:11:18.512348 dv-cinder-797245-3-iscsi devstack@c-api.service[99799]: DEBUG cinder.volume.api [None req-9bb21a86-ecce-4a66-8a31-edbe47468cfe tempest-UserMessagesTest-1473941636 tempest-UserMessagesTest-1473941636-project] Task 'cinder.volume.flows.api.create_volume.QuotaReserveTask;volume:create' (fc009fa9-fc78-456a-ab02-86ba33f354e5) transitioned into state 'RUNNING' from state 'PENDING' {{(pid=99799) _task_receiver /usr/local/lib/python3.8/dist-packages/taskflow/listeners/logging.py:190}}
Jun 21 10:11:18.704331 dv-cinder-797245-3-iscsi devstack@c-api.service[99799]: WARNING cinder.quota [None req-9bb21a86-ecce-4a66-8a31-edbe47468cfe tempest-UserMessagesTest-1473941636 tempest-UserMessagesTest-1473941636-project] Deprecated: Default quota for resource: volumes_tempest-UserMessagesTest-volume-type-746959594 is set by the default quota flag: quota_volumes_tempest-UserMessagesTest-volume-type-746959594, it is now deprecated. Please use the default quota class for default quota.
Jun 21 10:11:18.706313 dv-cinder-797245-3-iscsi devstack@c-api.service[99799]: WARNING cinder.quota [None req-9bb21a86-ecce-4a66-8a31-edbe47468cfe tempest-UserMessagesTest-1473941636 tempest-UserMessagesTest-1473941636-project] Deprecated: Default quota for resource: gigabytes_tempest-UserMessagesTest-volume-type-746959594 is set by the default quota flag: quota_gigabytes_tempest-UserMessagesTest-volume-type-746959594, it is now deprecated. Please use the default quota class for default quota.
Jun 21 10:11:18.819485 dv-cinder-797245-3-iscsi devstack@c-api.service[99799]: DEBUG cinder.quota [None req-9bb21a86-ecce-4a66-8a31-edbe47468cfe tempest-UserMessagesTest-1473941636 tempest-UserMessagesTest-1473941636-project] Created reservations ['26891f2a-c3b5-464e-bd9b-5a6aed58f959', 'b20da304-7503-44d5-a657-3ba4bfef2825', 'e289b90c-a7cc-4cb4-abcc-2f6f86c4b448', 'c5082675-30eb-4e26-83e6-1dbde8fc3a1a'] {{(pid=99799) reserve /opt/stack/cinder/cinder/quota.py:755}}
Jun 21 10:11:18.828855 dv-cinder-797245-3-iscsi devstack@c-api.service[99799]: DEBUG cinder.volume.api [None req-9bb21a86-ecce-4a66-8a31-edbe47468cfe tempest-UserMessagesTest-1473941636 tempest-UserMessagesTest-1473941636-project] Task 'cinder.volume.flows.api.create_volume.QuotaReserveTask;volume:create' (fc009fa9-fc78-456a-ab02-86ba33f354e5) transitioned into state 'SUCCESS' from state 'RUNNING' with result '{'reservations': ['26891f2a-c3b5-464e-bd9b-5a6aed58f959', 'b20da304-7503-44d5-a657-3ba4bfef2825', 'e289b90c-a7cc-4cb4-abcc-2f6f86c4b448', 'c5082675-30eb-4e26-83e6-1dbde8fc3a1a']}' {{(pid=99799) _task_receiver /usr/local/lib/python3.8/dist-packages/taskflow/listeners/logging.py:178}}
Jun 21 10:11:18.835623 dv-cinder-797245-3-iscsi devstack@c-api.service[99799]: DEBUG cinder.volume.api [None req-9bb21a86-ecce-4a66-8a31-edbe47468cfe tempest-UserMessagesTest-1473941636 tempest-UserMessagesTest-1473941636-project] Task 'cinder.volume.flows.api.create_volume.EntryCreateTask;volume:create' (cfbfa7c9-3967-4adb-adbd-7ee0728aad88) transitioned into state 'RUNNING' from state 'PENDING' {{(pid=99799) _task_receiver /usr/local/lib/python3.8/dist-packages/taskflow/listeners/logging.py:190}}
Jun 21 10:11:18.876042 dv-cinder-797245-3-iscsi devstack@c-api.service[99800]: INFO cinder.api.openstack.wsgi [None req-eb407392-a266-4eb5-b27b-345a65d6d3d8 tempest-GroupSnapshotsTest-1448186411 tempest-GroupSnapshotsTest-1448186411-project] GET http://10.222.0.50/volume/v3/b3cddfe23d8147f89d9cfee34a95bbfa/volumes/9996b4d5-2069-4c7e-97cf-805829042670
Jun 21 10:11:18.877860 dv-cinder-797245-3-iscsi devstack@c-api.service[99800]: DEBUG cinder.api.openstack.wsgi [None req-eb407392-a266-4eb5-b27b-345a65d6d3d8 tempest-GroupSnapshotsTest-1448186411 tempest-GroupSnapshotsTest-1448186411-project] Empty body provided in request {{(pid=99800) get_body /opt/stack/cinder/cinder/api/openstack/wsgi.py:713}}
Jun 21 10:11:18.878742 dv-cinder-797245-3-iscsi devstack@c-api.service[99800]: DEBUG cinder.api.openstack.wsgi [None req-eb407392-a266-4eb5-b27b-345a65d6d3d8 tempest-GroupSnapshotsTest-1448186411 tempest-GroupSnapshotsTest-1448186411-project] Calling method 'show' {{(pid=99800) _process_stack /opt/stack/cinder/cinder/api/openstack/wsgi.py:866}}
Jun 21 10:11:18.953920 dv-cinder-797245-3-iscsi devstack@c-api.service[99800]: /usr/local/lib/python3.8/dist-packages/oslo_context/context.py:105: DeprecationWarning: Policy enforcement is depending on the value of is_admin. This key is deprecated. Please update your policy file to use the standard policy values.
Jun 21 10:11:18.953920 dv-cinder-797245-3-iscsi devstack@c-api.service[99800]: warnings.warn('Policy enforcement is depending on the value of '
Jun 21 10:11:18.976750 dv-cinder-797245-3-iscsi devstack@c-api.service[99799]: DEBUG cinder.volume.api [None req-9bb21a86-ecce-4a66-8a31-edbe47468cfe tempest-UserMessagesTest-1473941636 tempest-UserMessagesTest-1473941636-project] Task 'cinder.volume.flows.api.create_volume.EntryCreateTask;volume:create' (cfbfa7c9-3967-4adb-adbd-7ee0728aad88) transitioned into state 'SUCCESS' from state 'RUNNING' with result '{'volume_id': '4673bcd4-245f-499f-8a90-4c894b8bcf67', 'volume_properties': VolumeProperties(attach_status='detached',availability_zone='nova',cgsnapshot_id=None,consistencygroup_id=None,display_description=None,display_name='tempest-UserMessagesTest-Volume-519145187',encryption_key_id=None,group_id=None,group_type_id=,metadata={},multiattach=False,project_id='94c875d46e23496dbaf845644bfb2bbc',qos_specs=None,replication_status=,reservations=['26891f2a-c3b5-464e-bd9b-5a6aed58f959','b20da304-7503-44d5-a657-3ba4bfef2825','e289b90c-a7cc-4cb4-abcc-2f6f86c4b448','c5082675-30eb-4e26-83e6-1dbde8fc3a1a'],size=1,snapshot_id=None,source_replicaid=,source_volid=None,status='creating',user_id='e786eb4018134bef90ccf391fdaf4087',volume_type_id=432fafe4-a0d9-48dd-aa41-d454284b543e), 'volume': Volume(_name_id=None,admin_metadata=,attach_status='detached',availability_zone='nova',bootable=False,cluster=,cluster_name=None,consistencygroup=,consistencygroup_id=None,created_at=2021-06-21T10:11:18Z,deleted=False,deleted_at=None,display_description=None,display_name='tempest-UserMessagesTest-Volume-519145187',ec2_id=None,encryption_key_id=None,glance_metadata=,group=,group_id=None,host=None,id=4673bcd4-245f-499f-8a90-4c894b8bcf67,launched_at=None,metadata={},migration_status=None,multiattach=False,previous_status=None,project_id='94c875d46e23496dbaf845644bfb2bbc',provider_auth=None,provider_geometry=None,provider_id=None,provider_location=None,replication_driver_data=None,replication_extended_status=None,replication_status=None,scheduled_at=None,service_uuid=None,shared_targets=True,size=1,snapshot_id=None,snapshots=,source_volid=None,status='creating',terminated_at=None,updated_at=None,user_id='e786eb4018134bef90ccf391fdaf4087',volume_attachment=,volume_type=VolumeType(432fafe4-a0d9-48dd-aa41-d454284b543e),volume_type_id=432fafe4-a0d9-48dd-aa41-d454284b543e)}' {{(pid=99799) _task_receiver /usr/local/lib/python3.8/dist-packages/taskflow/listeners/logging.py:178}}
Jun 21 10:11:18.998402 dv-cinder-797245-3-iscsi devstack@c-api.service[99800]: INFO cinder.volume.api [None req-eb407392-a266-4eb5-b27b-345a65d6d3d8 tempest-GroupSnapshotsTest-1448186411 tempest-GroupSnapshotsTest-1448186411-project] Volume info retrieved successfully.
Jun 21 10:11:19.011588 dv-cinder-797245-3-iscsi devstack@c-api.service[99799]: DEBUG cinder.volume.api [None req-9bb21a86-ecce-4a66-8a31-edbe47468cfe tempest-UserMessagesTest-1473941636 tempest-UserMessagesTest-1473941636-project] Task 'cinder.volume.flows.api.create_volume.QuotaCommitTask;volume:create' (e9d5ad61-906b-48aa-8790-6a99a947e079) transitioned into state 'RUNNING' from state 'PENDING' {{(pid=99799) _task_receiver /usr/local/lib/python3.8/dist-packages/taskflow/listeners/logging.py:190}}
Jun 21 10:11:19.037957 dv-cinder-797245-3-iscsi devstack@c-api.service[99800]: WARNING stevedore.named [None req-eb407392-a266-4eb5-b27b-345a65d6d3d8 tempest-GroupSnapshotsTest-1448186411 tempest-GroupSnapshotsTest-1448186411-project] Could not load cinder.keymgr.conf_key_mgr.ConfKeyManager
Jun 21 10:11:19.038725 dv-cinder-797245-3-iscsi devstack@c-api.service[99800]: WARNING castellan.key_manager [None req-eb407392-a266-4eb5-b27b-345a65d6d3d8 tempest-GroupSnapshotsTest-1448186411 tempest-GroupSnapshotsTest-1448186411-project] Deprecation Warning : cinder.keymgr.conf_key_mgr.ConfKeyManager is not a stevedore based driver, trying to load it as a class: stevedore.exception.NoMatches: No 'castellan.drivers' driver found, looking for 'cinder.keymgr.conf_key_mgr.ConfKeyManager'
Jun 21 10:11:19.095429 dv-cinder-797245-3-iscsi devstack@c-api.service[99800]: DEBUG oslo_db.sqlalchemy.engines [None req-eb407392-a266-4eb5-b27b-345a65d6d3d8 tempest-GroupSnapshotsTest-1448186411 tempest-GroupSnapshotsTest-1448186411-project] MySQL server mode set to STRICT_TRANS_TABLES,STRICT_ALL_TABLES,NO_ZERO_IN_DATE,NO_ZERO_DATE,ERROR_FOR_DIVISION_BY_ZERO,TRADITIONAL,NO_ENGINE_SUBSTITUTION {{(pid=99800) _check_effective_sql_mode /usr/local/lib/python3.8/dist-packages/oslo_db/sqlalchemy/engines.py:314}}
Jun 21 10:11:19.121655 dv-cinder-797245-3-iscsi devstack@c-api.service[99800]: /usr/local/lib/python3.8/dist-packages/oslo_context/context.py:105: DeprecationWarning: Policy enforcement is depending on the value of is_admin. This key is deprecated. Please update your policy file to use the standard policy values.
Jun 21 10:11:19.121655 dv-cinder-797245-3-iscsi devstack@c-api.service[99800]: warnings.warn('Policy enforcement is depending on the value of '
Jun 21 10:11:19.180400 dv-cinder-797245-3-iscsi devstack@c-api.service[99799]: DEBUG cinder.volume.api [None req-9bb21a86-ecce-4a66-8a31-edbe47468cfe tempest-UserMessagesTest-1473941636 tempest-UserMessagesTest-1473941636-project] Task 'cinder.volume.flows.api.create_volume.QuotaCommitTask;volume:create' (e9d5ad61-906b-48aa-8790-6a99a947e079) transitioned into state 'SUCCESS' from state 'RUNNING' with result '{'volume_properties': VolumeProperties(attach_status='detached',availability_zone='nova',cgsnapshot_id=None,consistencygroup_id=None,display_description=None,display_name='tempest-UserMessagesTest-Volume-519145187',encryption_key_id=None,group_id=None,group_type_id=,metadata={},multiattach=False,project_id='94c875d46e23496dbaf845644bfb2bbc',qos_specs=None,replication_status=,reservations=['26891f2a-c3b5-464e-bd9b-5a6aed58f959','b20da304-7503-44d5-a657-3ba4bfef2825','e289b90c-a7cc-4cb4-abcc-2f6f86c4b448','c5082675-30eb-4e26-83e6-1dbde8fc3a1a'],size=1,snapshot_id=None,source_replicaid=,source_volid=None,status='creating',user_id='e786eb4018134bef90ccf391fdaf4087',volume_type_id=432fafe4-a0d9-48dd-aa41-d454284b543e)}' {{(pid=99799) _task_receiver /usr/local/lib/python3.8/dist-packages/taskflow/listeners/logging.py:178}}
Jun 21 10:11:19.189501 dv-cinder-797245-3-iscsi devstack@c-api.service[99799]: DEBUG cinder.volume.api [None req-9bb21a86-ecce-4a66-8a31-edbe47468cfe tempest-UserMessagesTest-1473941636 tempest-UserMessagesTest-1473941636-project] Task 'cinder.volume.flows.api.create_volume.VolumeCastTask;volume:create' (b7136668-8233-4826-9105-c405e49fa264) transitioned into state 'RUNNING' from state 'PENDING' {{(pid=99799) _task_receiver /usr/local/lib/python3.8/dist-packages/taskflow/listeners/logging.py:190}}
Jun 21 10:11:19.210411 dv-cinder-797245-3-iscsi devstack@c-api.service[99800]: INFO cinder.api.openstack.wsgi [None req-eb407392-a266-4eb5-b27b-345a65d6d3d8 tempest-GroupSnapshotsTest-1448186411 tempest-GroupSnapshotsTest-1448186411-project] http://10.222.0.50/volume/v3/b3cddfe23d8147f89d9cfee34a95bbfa/volumes/9996b4d5-2069-4c7e-97cf-805829042670 returned with HTTP 200
Jun 21 10:11:19.238786 dv-cinder-797245-3-iscsi devstack@c-api.service[99800]: [pid: 99800|app: 0|req: 90/150] 10.222.0.50 () {60 vars in 1366 bytes} [Mon Jun 21 10:11:18 2021] GET /volume/v3/b3cddfe23d8147f89d9cfee34a95bbfa/volumes/9996b4d5-2069-4c7e-97cf-805829042670 => generated 1000 bytes in 369 msecs (HTTP/1.1 200) 7 headers in 287 bytes (1 switches on core 0)
Jun 21 10:11:19.259499 dv-cinder-797245-3-iscsi devstack@c-api.service[99800]: INFO cinder.api.openstack.wsgi [req-d3a47e22-3000-401f-b7ee-ae7ebc394608 req-46fe22f6-7640-4d63-a8dc-e1966e8ce9c0 tempest-VolumesTestJSON-2118115052 tempest-VolumesTestJSON-2118115052-project] GET http://10.222.0.50/volume/v3/04c67d996e454f07bf30ab5eff59e463/volumes/detail
Jun 21 10:11:19.260357 dv-cinder-797245-3-iscsi devstack@c-api.service[99800]: DEBUG cinder.api.openstack.wsgi [req-d3a47e22-3000-401f-b7ee-ae7ebc394608 req-46fe22f6-7640-4d63-a8dc-e1966e8ce9c0 tempest-VolumesTestJSON-2118115052 tempest-VolumesTestJSON-2118115052-project] Empty body provided in request {{(pid=99800) get_body /opt/stack/cinder/cinder/api/openstack/wsgi.py:713}}
Jun 21 10:11:19.264575 dv-cinder-797245-3-iscsi devstack@c-api.service[99800]: /usr/local/lib/python3.8/dist-packages/webob/acceptparse.py:1047: DeprecationWarning: The behavior of AcceptValidHeader.best_match is currently being maintained for backward compatibility, but it will be deprecated in the future, as it does not conform to the RFC.
Jun 21 10:11:19.264575 dv-cinder-797245-3-iscsi devstack@c-api.service[99800]: warnings.warn(
Jun 21 10:11:19.265414 dv-cinder-797245-3-iscsi devstack@c-api.service[99800]: DEBUG cinder.api.openstack.wsgi [req-d3a47e22-3000-401f-b7ee-ae7ebc394608 req-46fe22f6-7640-4d63-a8dc-e1966e8ce9c0 tempest-VolumesTestJSON-2118115052 tempest-VolumesTestJSON-2118115052-project] Calling method 'detail' {{(pid=99800) _process_stack /opt/stack/cinder/cinder/api/openstack/wsgi.py:866}}
Jun 21 10:11:19.266671 dv-cinder-797245-3-iscsi devstack@c-api.service[99800]: DEBUG cinder.api.api_utils [req-d3a47e22-3000-401f-b7ee-ae7ebc394608 req-46fe22f6-7640-4d63-a8dc-e1966e8ce9c0 tempest-VolumesTestJSON-2118115052 tempest-VolumesTestJSON-2118115052-project] Removing options '' from query. {{(pid=99800) remove_invalid_filter_options /opt/stack/cinder/cinder/api/api_utils.py:73}}
Jun 21 10:11:19.281026 dv-cinder-797245-3-iscsi devstack@c-api.service[99799]: DEBUG cinder.volume.api [None req-9bb21a86-ecce-4a66-8a31-edbe47468cfe tempest-UserMessagesTest-1473941636 tempest-UserMessagesTest-1473941636-project] Task 'cinder.volume.flows.api.create_volume.VolumeCastTask;volume:create' (b7136668-8233-4826-9105-c405e49fa264) transitioned into state 'SUCCESS' from state 'RUNNING' with result 'None' {{(pid=99799) _task_receiver /usr/local/lib/python3.8/dist-packages/taskflow/listeners/logging.py:178}}
Jun 21 10:11:19.296565 dv-cinder-797245-3-iscsi devstack@c-api.service[99799]: DEBUG cinder.volume.api [None req-9bb21a86-ecce-4a66-8a31-edbe47468cfe tempest-UserMessagesTest-1473941636 tempest-UserMessagesTest-1473941636-project] Flow 'volume_create_api' (fb3abf2e-52be-4bcc-9900-b926ec3b6d04) transitioned into state 'SUCCESS' from state 'RUNNING' {{(pid=99799) _flow_receiver /usr/local/lib/python3.8/dist-packages/taskflow/listeners/logging.py:141}}
Jun 21 10:11:19.303041 dv-cinder-797245-3-iscsi devstack@c-api.service[99799]: INFO cinder.volume.api [None req-9bb21a86-ecce-4a66-8a31-edbe47468cfe tempest-UserMessagesTest-1473941636 tempest-UserMessagesTest-1473941636-project] Create volume request issued successfully.
Jun 21 10:11:19.305894 dv-cinder-797245-3-iscsi devstack@c-api.service[99800]: DEBUG cinder.volume.api [req-d3a47e22-3000-401f-b7ee-ae7ebc394608 req-46fe22f6-7640-4d63-a8dc-e1966e8ce9c0 tempest-VolumesTestJSON-2118115052 tempest-VolumesTestJSON-2118115052-project] Searching by: MultiDict([('no_migration_targets', True)]). {{(pid=99800) get_all /opt/stack/cinder/cinder/volume/api.py:617}}
Jun 21 10:11:19.344812 dv-cinder-797245-3-iscsi devstack@c-api.service[99799]: INFO cinder.api.openstack.wsgi [None req-9bb21a86-ecce-4a66-8a31-edbe47468cfe tempest-UserMessagesTest-1473941636 tempest-UserMessagesTest-1473941636-project] http://10.222.0.50/volume/v3/94c875d46e23496dbaf845644bfb2bbc/volumes returned with HTTP 202
Jun 21 10:11:19.352377 dv-cinder-797245-3-iscsi devstack@c-api.service[99799]: [pid: 99799|app: 0|req: 61/151] 10.222.0.50 () {62 vars in 1276 bytes} [Mon Jun 21 10:11:18 2021] POST /volume/v3/94c875d46e23496dbaf845644bfb2bbc/volumes => generated 850 bytes in 942 msecs (HTTP/1.1 202) 7 headers in 291 bytes (1 switches on core 0)
Jun 21 10:11:19.362764 dv-cinder-797245-3-iscsi devstack@c-api.service[99799]: INFO cinder.api.openstack.wsgi [None req-61715593-759e-4742-8245-927202f4d27f tempest-GroupSnapshotsTest-1448186411 tempest-GroupSnapshotsTest-1448186411-project] POST http://10.222.0.50/volume/v3/b3cddfe23d8147f89d9cfee34a95bbfa/volumes
Jun 21 10:11:19.363481 dv-cinder-797245-3-iscsi devstack@c-api.service[99799]: /usr/local/lib/python3.8/dist-packages/webob/acceptparse.py:1047: DeprecationWarning: The behavior of AcceptValidHeader.best_match is currently being maintained for backward compatibility, but it will be deprecated in the future, as it does not conform to the RFC.
Jun 21 10:11:19.363481 dv-cinder-797245-3-iscsi devstack@c-api.service[99799]: warnings.warn(
Jun 21 10:11:19.364077 dv-cinder-797245-3-iscsi devstack@c-api.service[99799]: DEBUG cinder.api.openstack.wsgi [None req-61715593-759e-4742-8245-927202f4d27f tempest-GroupSnapshotsTest-1448186411 tempest-GroupSnapshotsTest-1448186411-project] Action: 'create', calling method: create, body: {"volume": {"volume_type": "4cd76793-d406-4612-97dc-7f180e1b9b26", "group_id": "1cff4692-406c-45a3-a837-f372de149bb1", "size": 1, "name": "tempest-GroupSnapshotsTest-Volume-780632248"}} {{(pid=99799) _process_stack /opt/stack/cinder/cinder/api/openstack/wsgi.py:864}}
Jun 21 10:11:19.365855 dv-cinder-797245-3-iscsi devstack@c-api.service[99799]: DEBUG cinder.api.v3.volumes [None req-61715593-759e-4742-8245-927202f4d27f tempest-GroupSnapshotsTest-1448186411 tempest-GroupSnapshotsTest-1448186411-project] Create volume request body: {'volume': {'volume_type': '4cd76793-d406-4612-97dc-7f180e1b9b26', 'group_id': '1cff4692-406c-45a3-a837-f372de149bb1', 'size': 1, 'name': 'tempest-GroupSnapshotsTest-Volume-780632248'}} {{(pid=99799) create /opt/stack/cinder/cinder/api/v3/volumes.py:289}}
Jun 21 10:11:19.390446 dv-cinder-797245-3-iscsi devstack@c-api.service[99799]: /usr/local/lib/python3.8/dist-packages/oslo_context/context.py:105: DeprecationWarning: Policy enforcement is depending on the value of is_admin. This key is deprecated. Please update your policy file to use the standard policy values.
Jun 21 10:11:19.390446 dv-cinder-797245-3-iscsi devstack@c-api.service[99799]: warnings.warn('Policy enforcement is depending on the value of '
Jun 21 10:11:19.392284 dv-cinder-797245-3-iscsi devstack@c-api.service[99799]: INFO cinder.api.v3.volumes [None req-61715593-759e-4742-8245-927202f4d27f tempest-GroupSnapshotsTest-1448186411 tempest-GroupSnapshotsTest-1448186411-project] Create volume of 1 GB
Jun 21 10:11:19.413708 dv-cinder-797245-3-iscsi devstack@c-api.service[99799]: INFO cinder.volume.api [None req-61715593-759e-4742-8245-927202f4d27f tempest-GroupSnapshotsTest-1448186411 tempest-GroupSnapshotsTest-1448186411-project] Availability Zones retrieved successfully.
Jun 21 10:11:19.452796 dv-cinder-797245-3-iscsi devstack@c-api.service[99799]: DEBUG cinder.volume.api [None req-61715593-759e-4742-8245-927202f4d27f tempest-GroupSnapshotsTest-1448186411 tempest-GroupSnapshotsTest-1448186411-project] Flow 'volume_create_api' (5f9480cb-b728-400f-9594-c3ef44a9271c) transitioned into state 'RUNNING' from state 'PENDING' {{(pid=99799) _flow_receiver /usr/local/lib/python3.8/dist-packages/taskflow/listeners/logging.py:141}}
