Jun 21 04:28:43.209247 dv-cinder-797170-3-smb neutron-server[92745]: DEBUG neutron.plugins.ml2.rpc [None req-4012d97e-cc42-4dbc-9e58-aa726a204530 None None] Device 881f194b-8606-4621-a9e2-d58a10bc4ceb up at agent ovs-agent-dv-cinder-797170-3-smb {{(pid=92745) update_device_up /opt/stack/neutron/neutron/plugins/ml2/rpc.py:278}}
Jun 21 04:28:43.227596 dv-cinder-797170-3-smb neutron-server[92744]: DEBUG neutron_lib.callbacks.manager [None req-afbec30d-8d13-47b2-bf21-0d01869de11b admin admin] Notify callbacks ['neutron.plugins.ml2.ovo_rpc._ObjectChangeHandler.handle_event-354822'] for security_group, after_delete {{(pid=92744) _notify_loop /usr/local/lib/python3.8/dist-packages/neutron_lib/callbacks/manager.py:192}}
Jun 21 04:28:43.234214 dv-cinder-797170-3-smb neutron-server[92744]: DEBUG neutron_lib.callbacks.manager [None req-afbec30d-8d13-47b2-bf21-0d01869de11b admin admin] Notify callbacks [] for security_group, before_response {{(pid=92744) _notify_loop /usr/local/lib/python3.8/dist-packages/neutron_lib/callbacks/manager.py:192}}
Jun 21 04:28:43.235724 dv-cinder-797170-3-smb neutron-server[92744]: INFO neutron.wsgi [None req-afbec30d-8d13-47b2-bf21-0d01869de11b admin admin] 10.222.0.60 "DELETE /v2.0/security-groups/abd131b9-adb5-45c2-9a94-25bbe20d63e1 HTTP/1.1" status: 204 len: 168 time: 0.8439465
Jun 21 04:28:43.236973 dv-cinder-797170-3-smb neutron-server[92744]: DEBUG oslo_concurrency.lockutils [None req-a31cd66b-21cb-4073-aff5-8ee0e634a76d admin admin] Lock "event-dispatch" acquired by "neutron.plugins.ml2.ovo_rpc._ObjectChangeHandler.dispatch_events" :: waited 0.000s {{(pid=92744) inner /usr/local/lib/python3.8/dist-packages/oslo_concurrency/lockutils.py:355}}
Jun 21 04:28:43.298233 dv-cinder-797170-3-smb neutron-server[92744]: DEBUG neutron.api.rpc.handlers.resources_rpc [None req-afbec30d-8d13-47b2-bf21-0d01869de11b admin admin] Pushing event deleted for resources: {'SecurityGroup': ['ID=abd131b9-adb5-45c2-9a94-25bbe20d63e1,revision_number=None']} {{(pid=92744) push /opt/stack/neutron/neutron/api/rpc/handlers/resources_rpc.py:237}}
Jun 21 04:28:43.302589 dv-cinder-797170-3-smb neutron-server[92744]: DEBUG oslo_concurrency.lockutils [None req-afbec30d-8d13-47b2-bf21-0d01869de11b admin admin] Lock "event-dispatch" released by "neutron.plugins.ml2.ovo_rpc._ObjectChangeHandler.dispatch_events" :: held 0.066s {{(pid=92744) inner /usr/local/lib/python3.8/dist-packages/oslo_concurrency/lockutils.py:367}}
Jun 21 04:28:43.493142 dv-cinder-797170-3-smb neutron-server[92743]: DEBUG neutron.wsgi [req-6ae195e6-7803-476c-ac05-cd2f4356239f req-83d083a9-bb8a-4a24-8ac7-cc77c0a70cce service neutron] http://10.222.0.60:9696/v2.0/extensions returned with HTTP 200 {{(pid=92743) __call__ /opt/stack/neutron/neutron/wsgi.py:729}}
Jun 21 04:28:43.509646 dv-cinder-797170-3-smb neutron-server[92743]: INFO neutron.wsgi [req-6ae195e6-7803-476c-ac05-cd2f4356239f req-83d083a9-bb8a-4a24-8ac7-cc77c0a70cce service neutron] 10.222.0.60 "GET /v2.0/extensions HTTP/1.1" status: 200 len: 13640 time: 0.2914219
Jun 21 04:28:43.526203 dv-cinder-797170-3-smb neutron-server[92745]: DEBUG neutron.db.provisioning_blocks [None req-4012d97e-cc42-4dbc-9e58-aa726a204530 None None] Provisioning for port 881f194b-8606-4621-a9e2-d58a10bc4ceb completed by entity L2. {{(pid=92745) provisioning_complete /opt/stack/neutron/neutron/db/provisioning_blocks.py:133}}
Jun 21 04:28:43.603973 dv-cinder-797170-3-smb neutron-server[92744]: DEBUG neutron_lib.callbacks.manager [None req-8849a01d-9203-40c0-b4ea-9bc5900a4d23 admin admin] Notify callbacks [] for router_gateway, after_create {{(pid=92744) _notify_loop /usr/local/lib/python3.8/dist-packages/neutron_lib/callbacks/manager.py:192}}
Jun 21 04:28:43.794343 dv-cinder-797170-3-smb neutron-server[92746]: DEBUG neutron_lib.callbacks.manager [None req-34ed8f27-316c-4ab0-b22d-1b63ba0e0bd1 None None] Notify callbacks [] for port, precommit_update {{(pid=92746) _notify_loop /usr/local/lib/python3.8/dist-packages/neutron_lib/callbacks/manager.py:192}}
Jun 21 04:28:43.820063 dv-cinder-797170-3-smb neutron-server[92746]: DEBUG neutron.db.provisioning_blocks [None req-34ed8f27-316c-4ab0-b22d-1b63ba0e0bd1 None None] Transition to ACTIVE for port object 0b0bd2af-8c8a-46b0-a411-a39591525acf will not be triggered until provisioned by entity L2. {{(pid=92746) add_provisioning_component /opt/stack/neutron/neutron/db/provisioning_blocks.py:73}}
Jun 21 04:28:43.839304 dv-cinder-797170-3-smb neutron-server[92746]: DEBUG neutron_lib.callbacks.manager [None req-34ed8f27-316c-4ab0-b22d-1b63ba0e0bd1 None None] Notify callbacks ['neutron.plugins.ml2.plugin.SecurityGroupServerNotifierRpcMixin.notify_sg_on_port_change-551503', 'neutron.plugins.ml2.ovo_rpc._ObjectChangeHandler.handle_event-9096', 'neutron.api.rpc.agentnotifiers.dhcp_rpc_agent_api.DhcpAgentNotifyAPI._native_event_send_dhcp_notification-1645849', 'neutron.db.l3_db.L3RpcNotifierMixin._notify_gateway_port_ip_changed-8772645744083', 'neutron.db.l3_dvrscheduler_db._notify_l3_agent_port_update-8772645313648', 'neutron.db.l3_hascheduler_db._notify_l3_agent_ha_port_update-8772645313693'] for port, after_update {{(pid=92746) _notify_loop /usr/local/lib/python3.8/dist-packages/neutron_lib/callbacks/manager.py:192}}
Jun 21 04:28:43.865234 dv-cinder-797170-3-smb neutron-server[92746]: DEBUG oslo_concurrency.lockutils [None req-a58143ad-753a-428e-bb1f-216b027da1ac None None] Lock "event-dispatch" acquired by "neutron.plugins.ml2.ovo_rpc._ObjectChangeHandler.dispatch_events" :: waited 0.000s {{(pid=92746) inner /usr/local/lib/python3.8/dist-packages/oslo_concurrency/lockutils.py:355}}
Jun 21 04:28:43.967303 dv-cinder-797170-3-smb neutron-server[92743]: INFO neutron.wsgi [req-6ae195e6-7803-476c-ac05-cd2f4356239f req-2ac1f77e-c2ce-4492-8678-463fc71b4478 service neutron] 10.222.0.60 "GET /v2.0/networks/b3a70d8b-9a6b-46f3-b309-bba38707cca4?fields=segments HTTP/1.1" status: 200 len: 212 time: 0.4264965
Jun 21 04:28:43.990439 dv-cinder-797170-3-smb neutron-server[92746]: DEBUG neutron.api.rpc.handlers.resources_rpc [None req-efcff475-488a-4d29-aecf-3bf3c989195e None None] Pushing event updated for resources: {'Port': ['ID=0b0bd2af-8c8a-46b0-a411-a39591525acf,revision_number=2']} {{(pid=92746) push /opt/stack/neutron/neutron/api/rpc/handlers/resources_rpc.py:237}}
Jun 21 04:28:44.034871 dv-cinder-797170-3-smb neutron-server[92746]: DEBUG neutron.api.rpc.callbacks.version_manager [None req-efcff475-488a-4d29-aecf-3bf3c989195e None None] Version for resource type AddressGroup changed None to 1.2 on consumer Open vSwitch agent@dv-cinder-797170-3-smb {{(pid=92746) _set_version /opt/stack/neutron/neutron/api/rpc/callbacks/version_manager.py:113}}
Jun 21 04:28:44.035913 dv-cinder-797170-3-smb neutron-server[92746]: DEBUG neutron.api.rpc.callbacks.version_manager [None req-efcff475-488a-4d29-aecf-3bf3c989195e None None] Version for resource type ConntrackHelper changed None to 1.0 on consumer Open vSwitch agent@dv-cinder-797170-3-smb {{(pid=92746) _set_version /opt/stack/neutron/neutron/api/rpc/callbacks/version_manager.py:113}}
Jun 21 04:28:44.036858 dv-cinder-797170-3-smb neutron-server[92746]: DEBUG neutron.api.rpc.callbacks.version_manager [None req-efcff475-488a-4d29-aecf-3bf3c989195e None None] Version for resource type Log changed None to 1.0 on consumer Open vSwitch agent@dv-cinder-797170-3-smb {{(pid=92746) _set_version /opt/stack/neutron/neutron/api/rpc/callbacks/version_manager.py:113}}
Jun 21 04:28:44.038059 dv-cinder-797170-3-smb neutron-server[92746]: DEBUG neutron.api.rpc.callbacks.version_manager [None req-efcff475-488a-4d29-aecf-3bf3c989195e None None] Version for resource type Network changed None to 1.1 on consumer Open vSwitch agent@dv-cinder-797170-3-smb {{(pid=92746) _set_version /opt/stack/neutron/neutron/api/rpc/callbacks/version_manager.py:113}}
Jun 21 04:28:44.039498 dv-cinder-797170-3-smb neutron-server[92746]: DEBUG neutron.api.rpc.callbacks.version_manager [None req-efcff475-488a-4d29-aecf-3bf3c989195e None None] Version for resource type Port changed None to 1.7 on consumer Open vSwitch agent@dv-cinder-797170-3-smb {{(pid=92746) _set_version /opt/stack/neutron/neutron/api/rpc/callbacks/version_manager.py:113}}
Jun 21 04:28:44.040459 dv-cinder-797170-3-smb neutron-server[92746]: DEBUG neutron.api.rpc.callbacks.version_manager [None req-efcff475-488a-4d29-aecf-3bf3c989195e None None] Version for resource type PortForwarding changed None to 1.2 on consumer Open vSwitch agent@dv-cinder-797170-3-smb {{(pid=92746) _set_version /opt/stack/neutron/neutron/api/rpc/callbacks/version_manager.py:113}}
Jun 21 04:28:44.041370 dv-cinder-797170-3-smb neutron-server[92746]: DEBUG neutron.api.rpc.callbacks.version_manager [None req-efcff475-488a-4d29-aecf-3bf3c989195e None None] Version for resource type QosPolicy changed None to 1.8 on consumer Open vSwitch agent@dv-cinder-797170-3-smb {{(pid=92746) _set_version /opt/stack/neutron/neutron/api/rpc/callbacks/version_manager.py:113}}
Jun 21 04:28:44.042301 dv-cinder-797170-3-smb neutron-server[92746]: DEBUG neutron.api.rpc.callbacks.version_manager [None req-efcff475-488a-4d29-aecf-3bf3c989195e None None] Version for resource type SecurityGroup changed None to 1.4 on consumer Open vSwitch agent@dv-cinder-797170-3-smb {{(pid=92746) _set_version /opt/stack/neutron/neutron/api/rpc/callbacks/version_manager.py:113}}
Jun 21 04:28:44.043199 dv-cinder-797170-3-smb neutron-server[92746]: DEBUG neutron.api.rpc.callbacks.version_manager [None req-efcff475-488a-4d29-aecf-3bf3c989195e None None] Version for resource type SecurityGroupRule changed None to 1.2 on consumer Open vSwitch agent@dv-cinder-797170-3-smb {{(pid=92746) _set_version /opt/stack/neutron/neutron/api/rpc/callbacks/version_manager.py:113}}
Jun 21 04:28:44.044294 dv-cinder-797170-3-smb neutron-server[92746]: DEBUG neutron.api.rpc.callbacks.version_manager [None req-efcff475-488a-4d29-aecf-3bf3c989195e None None] Version for resource type SubPort changed None to 1.0 on consumer Open vSwitch agent@dv-cinder-797170-3-smb {{(pid=92746) _set_version /opt/stack/neutron/neutron/api/rpc/callbacks/version_manager.py:113}}
Jun 21 04:28:44.045415 dv-cinder-797170-3-smb neutron-server[92746]: DEBUG neutron.api.rpc.callbacks.version_manager [None req-efcff475-488a-4d29-aecf-3bf3c989195e None None] Version for resource type Subnet changed None to 1.1 on consumer Open vSwitch agent@dv-cinder-797170-3-smb {{(pid=92746) _set_version /opt/stack/neutron/neutron/api/rpc/callbacks/version_manager.py:113}}
Jun 21 04:28:44.046329 dv-cinder-797170-3-smb neutron-server[92746]: DEBUG neutron.api.rpc.callbacks.version_manager [None req-efcff475-488a-4d29-aecf-3bf3c989195e None None] Version for resource type Trunk changed None to 1.1 on consumer Open vSwitch agent@dv-cinder-797170-3-smb {{(pid=92746) _set_version /opt/stack/neutron/neutron/api/rpc/callbacks/version_manager.py:113}}
Jun 21 04:28:44.050884 dv-cinder-797170-3-smb neutron-server[92746]: DEBUG neutron.api.rpc.callbacks.version_manager [None req-efcff475-488a-4d29-aecf-3bf3c989195e None None] Tracked resource versions report:
Jun 21 04:28:44.050884 dv-cinder-797170-3-smb neutron-server[92746]: pushed versions:
Jun 21 04:28:44.050884 dv-cinder-797170-3-smb neutron-server[92746]: { 'AddressGroup': {'1.2'},
Jun 21 04:28:44.050884 dv-cinder-797170-3-smb neutron-server[92746]: 'ConntrackHelper': {'1.0'},
Jun 21 04:28:44.050884 dv-cinder-797170-3-smb neutron-server[92746]: 'Log': {'1.0'},
Jun 21 04:28:44.050884 dv-cinder-797170-3-smb neutron-server[92746]: 'Network': {'1.1'},
Jun 21 04:28:44.050884 dv-cinder-797170-3-smb neutron-server[92746]: 'Port': {'1.7'},
Jun 21 04:28:44.050884 dv-cinder-797170-3-smb neutron-server[92746]: 'PortForwarding': {'1.2'},
Jun 21 04:28:44.050884 dv-cinder-797170-3-smb neutron-server[92746]: 'QosPolicy': {'1.8'},
Jun 21 04:28:44.050884 dv-cinder-797170-3-smb neutron-server[92746]: 'SecurityGroup': {'1.4'},
Jun 21 04:28:44.050884 dv-cinder-797170-3-smb neutron-server[92746]: 'SecurityGroupRule': {'1.2'},
Jun 21 04:28:44.050884 dv-cinder-797170-3-smb neutron-server[92746]: 'SubPort': {'1.0'},
Jun 21 04:28:44.050884 dv-cinder-797170-3-smb neutron-server[92746]: 'Subnet': {'1.1'},
Jun 21 04:28:44.050884 dv-cinder-797170-3-smb neutron-server[92746]: 'Trunk': {'1.1'}}
Jun 21 04:28:44.050884 dv-cinder-797170-3-smb neutron-server[92746]: consumer versions:
Jun 21 04:28:44.050884 dv-cinder-797170-3-smb neutron-server[92746]: { DHCP agent@dv-cinder-797170-3-smb: {},
Jun 21 04:28:44.050884 dv-cinder-797170-3-smb neutron-server[92746]: HyperV agent@hv-cinder-79717: {},
Jun 21 04:28:44.050884 dv-cinder-797170-3-smb neutron-server[92746]: L3 agent@dv-cinder-797170-3-smb: {},
Jun 21 04:28:44.050884 dv-cinder-797170-3-smb neutron-server[92746]: Metadata agent@dv-cinder-797170-3-smb: {},
Jun 21 04:28:44.050884 dv-cinder-797170-3-smb neutron-server[92746]: Metering agent@dv-cinder-797170-3-smb: {},
Jun 21 04:28:44.050884 dv-cinder-797170-3-smb neutron-server[92746]: Open vSwitch agent@dv-cinder-797170-3-smb: { 'AddressGroup': '1.2',
Jun 21 04:28:44.050884 dv-cinder-797170-3-smb neutron-server[92746]: 'ConntrackHelper': '1.0',
Jun 21 04:28:44.050884 dv-cinder-797170-3-smb neutron-server[92746]: 'Log': '1.0',
Jun 21 04:28:44.050884 dv-cinder-797170-3-smb neutron-server[92746]: 'Network': '1.1',
Jun 21 04:28:44.050884 dv-cinder-797170-3-smb neutron-server[92746]: 'Port': '1.7',
Jun 21 04:28:44.050884 dv-cinder-797170-3-smb neutron-server[92746]: 'PortForwarding': '1.2',
Jun 21 04:28:44.050884 dv-cinder-797170-3-smb neutron-server[92746]: 'QosPolicy': '1.8',
Jun 21 04:28:44.050884 dv-cinder-797170-3-smb neutron-server[92746]: 'SecurityGroup': '1.4',
Jun 21 04:28:44.050884 dv-cinder-797170-3-smb neutron-server[92746]: 'SecurityGroupRule': '1.2',
Jun 21 04:28:44.050884 dv-cinder-797170-3-smb neutron-server[92746]: 'SubPort': '1.0',
Jun 21 04:28:44.050884 dv-cinder-797170-3-smb neutron-server[92746]: 'Subnet': '1.1',
Jun 21 04:28:44.050884 dv-cinder-797170-3-smb neutron-server[92746]: 'Trunk': '1.1'}}
Jun 21 04:28:44.050884 dv-cinder-797170-3-smb neutron-server[92746]: {{(pid=92746) report /opt/stack/neutron/neutron/api/rpc/callbacks/version_manager.py:175}}
Jun 21 04:28:44.076573 dv-cinder-797170-3-smb neutron-server[92746]: DEBUG neutron.plugins.ml2.managers [None req-34ed8f27-316c-4ab0-b22d-1b63ba0e0bd1 None None] Attempting to bind port 0b0bd2af-8c8a-46b0-a411-a39591525acf on host dv-cinder-797170-3-smb for vnic_type normal with profile {{(pid=92746) bind_port /opt/stack/neutron/neutron/plugins/ml2/managers.py:790}}
Jun 21 04:28:44.080813 dv-cinder-797170-3-smb neutron-server[92746]: DEBUG neutron.plugins.ml2.managers [None req-34ed8f27-316c-4ab0-b22d-1b63ba0e0bd1 None None] Attempting to bind port 0b0bd2af-8c8a-46b0-a411-a39591525acf by drivers openvswitch,hyperv on host dv-cinder-797170-3-smb at level 0 using segments [{'id': '187c97c0-b126-42a1-9dd9-08d372d10f19', 'network_type': 'flat', 'physical_network': 'physnet1', 'segmentation_id': None, 'network_id': 'b03547ff-bdb5-4cf0-b910-6012328878f7'}] {{(pid=92746) _bind_port_level /opt/stack/neutron/neutron/plugins/ml2/managers.py:815}}
Jun 21 04:28:44.082563 dv-cinder-797170-3-smb neutron-server[92746]: DEBUG neutron.plugins.ml2.drivers.mech_agent [None req-34ed8f27-316c-4ab0-b22d-1b63ba0e0bd1 None None] Attempting to bind port 0b0bd2af-8c8a-46b0-a411-a39591525acf on network b03547ff-bdb5-4cf0-b910-6012328878f7 {{(pid=92746) bind_port /opt/stack/neutron/neutron/plugins/ml2/drivers/mech_agent.py:86}}
Jun 21 04:28:44.093150 dv-cinder-797170-3-smb neutron-server[92746]: DEBUG oslo_concurrency.lockutils [None req-efcff475-488a-4d29-aecf-3bf3c989195e None None] Lock "event-dispatch" released by "neutron.plugins.ml2.ovo_rpc._ObjectChangeHandler.dispatch_events" :: held 0.228s {{(pid=92746) inner /usr/local/lib/python3.8/dist-packages/oslo_concurrency/lockutils.py:367}}
Jun 21 04:28:44.100364 dv-cinder-797170-3-smb neutron-server[92746]: DEBUG neutron.plugins.ml2.drivers.mech_agent [None req-34ed8f27-316c-4ab0-b22d-1b63ba0e0bd1 None None] Checking agent: {'id': '0a7d828d-f304-46d9-99e1-7df9121aa7cb', 'agent_type': 'Open vSwitch agent', 'binary': 'neutron-openvswitch-agent', 'topic': 'N/A', 'host': 'dv-cinder-797170-3-smb', 'admin_state_up': True, 'created_at': datetime.datetime(2021, 6, 21, 4, 20, 18), 'started_at': datetime.datetime(2021, 6, 21, 4, 20, 48), 'heartbeat_timestamp': datetime.datetime(2021, 6, 21, 4, 28, 18), 'description': None, 'resources_synced': None, 'availability_zone': None, 'alive': True, 'configurations': {'arp_responder_enabled': False, 'baremetal_smartnic': False, 'bridge_mappings': {'physnet1': 'br-data'}, 'datapath_type': 'system', 'devices': 0, 'enable_distributed_routing': False, 'extensions': [], 'in_distributed_mode': False, 'integration_bridge': 'br-int', 'l2_population': False, 'log_agent_heartbeats': False, 'ovs_capabilities': {'datapath_types': ['netdev', 'system'], 'iface_types': ['erspan', 'geneve', 'gre', 'internal', 'ip6erspan', 'ip6gre', 'lisp', 'patch', 'stt', 'system', 'tap', 'vxlan']}, 'ovs_hybrid_plug': False, 'resource_provider_bandwidths': {}, 'resource_provider_hypervisors': {'br-data': 'dv-cinder-797170-3-smb'}, 'resource_provider_inventory_defaults': {'allocation_ratio': 1.0, 'min_unit': 1, 'step_size': 1, 'reserved': 0}, 'tunnel_types': [], 'tunneling_ip': None, 'vhostuser_socket_dir': '/var/run/openvswitch'}, 'resource_versions': {'AddressGroup': '1.2', 'ConntrackHelper': '1.0', 'Log': '1.0', 'Network': '1.1', 'Port': '1.7', 'PortForwarding': '1.2', 'QosPolicy': '1.8', 'SecurityGroup': '1.4', 'SecurityGroupRule': '1.2', 'SubPort': '1.0', 'Subnet': '1.1', 'Trunk': '1.1'}} {{(pid=92746) bind_port /opt/stack/neutron/neutron/plugins/ml2/drivers/mech_agent.py:105}}
Jun 21 04:28:44.101473 dv-cinder-797170-3-smb neutron-server[92746]: DEBUG neutron.plugins.ml2.drivers.mech_agent [None req-34ed8f27-316c-4ab0-b22d-1b63ba0e0bd1 None None] Checking segment: {'id': '187c97c0-b126-42a1-9dd9-08d372d10f19', 'network_type': 'flat', 'physical_network': 'physnet1', 'segmentation_id': None, 'network_id': 'b03547ff-bdb5-4cf0-b910-6012328878f7'} for mappings: {'physnet1': 'br-data'} with network types: ['local', 'flat', 'vlan'] {{(pid=92746) check_segment_for_agent /opt/stack/neutron/neutron/plugins/ml2/drivers/mech_agent.py:341}}
Jun 21 04:28:44.102902 dv-cinder-797170-3-smb neutron-server[92746]: DEBUG neutron_lib.callbacks.manager [None req-34ed8f27-316c-4ab0-b22d-1b63ba0e0bd1 None None] Notify callbacks [] for ovs_bridge_name, before_read {{(pid=92746) _notify_loop /usr/local/lib/python3.8/dist-packages/neutron_lib/callbacks/manager.py:192}}
Jun 21 04:28:44.103952 dv-cinder-797170-3-smb neutron-server[92746]: DEBUG neutron.plugins.ml2.drivers.mech_agent [None req-34ed8f27-316c-4ab0-b22d-1b63ba0e0bd1 None None] Bound using segment: {'id': '187c97c0-b126-42a1-9dd9-08d372d10f19', 'network_type': 'flat', 'physical_network': 'physnet1', 'segmentation_id': None, 'network_id': 'b03547ff-bdb5-4cf0-b910-6012328878f7'} {{(pid=92746) bind_port /opt/stack/neutron/neutron/plugins/ml2/drivers/mech_agent.py:115}}
Jun 21 04:28:44.105213 dv-cinder-797170-3-smb neutron-server[92746]: DEBUG neutron.plugins.ml2.managers [None req-34ed8f27-316c-4ab0-b22d-1b63ba0e0bd1 None None] Bound port: 0b0bd2af-8c8a-46b0-a411-a39591525acf, host: dv-cinder-797170-3-smb, vif_type: ovs, vif_details: {"connectivity": "l2", "port_filter": true, "ovs_hybrid_plug": false, "datapath_type": "system", "bridge_name": "br-int"}, binding_levels: [{'bound_driver': 'openvswitch', 'bound_segment': {'id': '187c97c0-b126-42a1-9dd9-08d372d10f19', 'network_type': 'flat', 'physical_network': 'physnet1', 'segmentation_id': None, 'network_id': 'b03547ff-bdb5-4cf0-b910-6012328878f7'}}] {{(pid=92746) _bind_port_level /opt/stack/neutron/neutron/plugins/ml2/managers.py:928}}
Jun 21 04:28:44.106194 dv-cinder-797170-3-smb neutron-server[92746]: DEBUG neutron_lib.callbacks.manager [None req-34ed8f27-316c-4ab0-b22d-1b63ba0e0bd1 None None] Notify callbacks ['neutron.plugins.ml2.plugin.SecurityGroupDbMixin._ensure_default_security_group_handler_port-562861'] for port, before_update {{(pid=92746) _notify_loop /usr/local/lib/python3.8/dist-packages/neutron_lib/callbacks/manager.py:192}}
Jun 21 04:28:44.140458 dv-cinder-797170-3-smb neutron-server[92744]: DEBUG neutron_lib.callbacks.manager [None req-8849a01d-9203-40c0-b4ea-9bc5900a4d23 admin admin] Notify callbacks ['neutron.services.l3_router.l3_router_plugin.L3_HA_NAT_db_mixin._after_router_create-445340', 'neutron.services.l3_router.l3_router_plugin.DVRResourceOperationHandler._create_snat_interfaces_after_change-515328'] for router, after_create {{(pid=92744) _notify_loop /usr/local/lib/python3.8/dist-packages/neutron_lib/callbacks/manager.py:192}}
Jun 21 04:28:44.232539 dv-cinder-797170-3-smb neutron-server[92743]: DEBUG neutron_lib.callbacks.manager [None req-be95525d-ef8f-4351-9245-6a22801bff6c admin admin] Notify callbacks ['neutron.plugins.ml2.plugin.SecurityGroupDbMixin._ensure_default_security_group_handler_before_create-562875'] for port, before_create {{(pid=92743) _notify_loop /usr/local/lib/python3.8/dist-packages/neutron_lib/callbacks/manager.py:192}}
Jun 21 04:28:44.233661 dv-cinder-797170-3-smb neutron-server[92746]: DEBUG neutron.plugins.ml2.db [None req-34ed8f27-316c-4ab0-b22d-1b63ba0e0bd1 None None] For port 0b0bd2af-8c8a-46b0-a411-a39591525acf, host dv-cinder-797170-3-smb, cleared binding levels {{(pid=92746) clear_binding_levels /opt/stack/neutron/neutron/plugins/ml2/db.py:87}}
Jun 21 04:28:44.244361 dv-cinder-797170-3-smb neutron-server[92746]: DEBUG neutron.plugins.ml2.db [None req-34ed8f27-316c-4ab0-b22d-1b63ba0e0bd1 None None] For port 0b0bd2af-8c8a-46b0-a411-a39591525acf, host dv-cinder-797170-3-smb, set binding levels [PortBindingLevel(driver='openvswitch',host='dv-cinder-797170-3-smb',level=0,port_id=0b0bd2af-8c8a-46b0-a411-a39591525acf,segment=NetworkSegment(187c97c0-b126-42a1-9dd9-08d372d10f19),segment_id=187c97c0-b126-42a1-9dd9-08d372d10f19)] {{(pid=92746) set_binding_levels /opt/stack/neutron/neutron/plugins/ml2/db.py:59}}
Jun 21 04:28:44.261282 dv-cinder-797170-3-smb neutron-server[92746]: DEBUG neutron_lib.callbacks.manager [None req-34ed8f27-316c-4ab0-b22d-1b63ba0e0bd1 None None] Notify callbacks ['neutron.plugins.ml2.plugin.SecurityGroupServerNotifierRpcMixin.notify_sg_on_port_change-551503', 'neutron.plugins.ml2.ovo_rpc._ObjectChangeHandler.handle_event-9096', 'neutron.api.rpc.agentnotifiers.dhcp_rpc_agent_api.DhcpAgentNotifyAPI._native_event_send_dhcp_notification-1645849', 'neutron.db.l3_db.L3RpcNotifierMixin._notify_gateway_port_ip_changed-8772645744083', 'neutron.db.l3_dvrscheduler_db._notify_l3_agent_port_update-8772645313648', 'neutron.db.l3_hascheduler_db._notify_l3_agent_ha_port_update-8772645313693'] for port, after_update {{(pid=92746) _notify_loop /usr/local/lib/python3.8/dist-packages/neutron_lib/callbacks/manager.py:192}}
Jun 21 04:28:44.273022 dv-cinder-797170-3-smb neutron-server[92746]: DEBUG oslo_concurrency.lockutils [None req-a58143ad-753a-428e-bb1f-216b027da1ac None None] Lock "event-dispatch" acquired by "neutron.plugins.ml2.ovo_rpc._ObjectChangeHandler.dispatch_events" :: waited 0.000s {{(pid=92746) inner /usr/local/lib/python3.8/dist-packages/oslo_concurrency/lockutils.py:355}}
Jun 21 04:28:44.278145 dv-cinder-797170-3-smb neutron-server[92745]: DEBUG neutron.api.rpc.handlers.dhcp_rpc [None req-51357608-e28a-45fd-a9fd-a71fe5549869 None None] Network 3be8ed7a-a62f-4c2a-9b4d-410174e064d0 requested from dv-cinder-797170-3-smb {{(pid=92745) get_network_info /opt/stack/neutron/neutron/api/rpc/handlers/dhcp_rpc.py:218}}
Jun 21 04:28:44.402364 dv-cinder-797170-3-smb neutron-server[92746]: DEBUG neutron.db.l3_dvrscheduler_db [None req-34ed8f27-316c-4ab0-b22d-1b63ba0e0bd1 None None] Routers {'bf7e2b38-ccf0-41ba-94dc-ec404de7d99d'} bound to L3 agent in host dv-cinder-797170-3-smb {{(pid=92746) _get_router_ids_for_agent /opt/stack/neutron/neutron/db/l3_dvrscheduler_db.py:420}}
Jun 21 04:28:44.403900 dv-cinder-797170-3-smb neutron-server[92746]: DEBUG neutron.db.l3_hamode_db [None req-34ed8f27-316c-4ab0-b22d-1b63ba0e0bd1 None None] neutron.services.l3_router.l3_router_plugin.L3RouterPlugin method get_ha_sync_data_for_host called with arguments (, 'dv-cinder-797170-3-smb', Agent(admin_state_up=True,agent_type='L3 agent',availability_zone='nova',binary='neutron-l3-agent',configurations={"agent_mode": "legacy", "ex_gw_ports": 1, "extensions": [], "floating_ips": 0, "handle_internal_only_routers": true, "interface_driver": "openvswitch", "interfaces": 1, "log_agent_heartbeats": false, "routers": 1},created_at=2021-06-21T04:20:18Z,description=,heartbeat_timestamp=2021-06-21T04:28:18Z,host='dv-cinder-797170-3-smb',id=9dce2371-c7d1-4554-82f1-934c71a73a6a,load=0,resource_versions=,resources_synced=,started_at=2021-06-21T04:20:18Z,topic='l3_agent')) {'router_ids': ['bf7e2b38-ccf0-41ba-94dc-ec404de7d99d'], 'active': True} {{(pid=92746) wrapper /usr/local/lib/python3.8/dist-packages/oslo_log/helpers.py:65}}
Jun 21 04:28:44.412401 dv-cinder-797170-3-smb neutron-server[92744]: DEBUG neutron.wsgi [-] (92744) accepted ('10.222.0.60', 48842) {{(pid=92744) server /usr/local/lib/python3.8/dist-packages/eventlet/wsgi.py:992}}
Jun 21 04:28:44.480328 dv-cinder-797170-3-smb neutron-server[92744]: DEBUG neutron_lib.callbacks.manager [None req-d47b338a-5c8f-46b8-b33b-7d6f32e8c572 admin admin] Notify callbacks [] for security_group, before_create {{(pid=92744) _notify_loop /usr/local/lib/python3.8/dist-packages/neutron_lib/callbacks/manager.py:192}}
Jun 21 04:28:44.502392 dv-cinder-797170-3-smb neutron-server[92746]: DEBUG neutron.api.rpc.handlers.resources_rpc [None req-efcff475-488a-4d29-aecf-3bf3c989195e None None] Pushing event updated for resources: {'Port': ['ID=0b0bd2af-8c8a-46b0-a411-a39591525acf,revision_number=3']} {{(pid=92746) push /opt/stack/neutron/neutron/api/rpc/handlers/resources_rpc.py:237}}
Jun 21 04:28:44.557312 dv-cinder-797170-3-smb neutron-server[92746]: DEBUG oslo_concurrency.lockutils [None req-efcff475-488a-4d29-aecf-3bf3c989195e None None] Lock "event-dispatch" released by "neutron.plugins.ml2.ovo_rpc._ObjectChangeHandler.dispatch_events" :: held 0.287s {{(pid=92746) inner /usr/local/lib/python3.8/dist-packages/oslo_concurrency/lockutils.py:367}}
Jun 21 04:28:44.667001 dv-cinder-797170-3-smb neutron-server[92745]: DEBUG neutron.db.provisioning_blocks [None req-7fd16cb5-d099-45ac-a5fa-4adb7c2c5de8 None None] Provisioning for port 881f194b-8606-4621-a9e2-d58a10bc4ceb completed by entity DHCP. {{(pid=92745) provisioning_complete /opt/stack/neutron/neutron/db/provisioning_blocks.py:133}}
Jun 21 04:28:44.671903 dv-cinder-797170-3-smb neutron-server[92744]: DEBUG neutron.scheduler.l3_agent_scheduler [None req-8849a01d-9203-40c0-b4ea-9bc5900a4d23 admin admin] Router ecb5c198-6f3c-4a04-ac85-5c9d899b01f9 is scheduled to L3 agent 9dce2371-c7d1-4554-82f1-934c71a73a6a with binding_index 1 {{(pid=92744) bind_router /opt/stack/neutron/neutron/scheduler/l3_agent_scheduler.py:210}}
Jun 21 04:28:44.683515 dv-cinder-797170-3-smb neutron-server[92745]: DEBUG neutron.db.provisioning_blocks [None req-7fd16cb5-d099-45ac-a5fa-4adb7c2c5de8 None None] Provisioning complete for port 881f194b-8606-4621-a9e2-d58a10bc4ceb triggered by entity DHCP. {{(pid=92745) provisioning_complete /opt/stack/neutron/neutron/db/provisioning_blocks.py:139}}
Jun 21 04:28:44.684296 dv-cinder-797170-3-smb neutron-server[92745]: DEBUG neutron_lib.callbacks.manager [None req-7fd16cb5-d099-45ac-a5fa-4adb7c2c5de8 None None] Notify callbacks ['neutron.plugins.ml2.plugin.Ml2Plugin._port_provisioned-1538726'] for port, provisioning_complete {{(pid=92745) _notify_loop /usr/local/lib/python3.8/dist-packages/neutron_lib/callbacks/manager.py:192}}
Jun 21 04:28:44.697783 dv-cinder-797170-3-smb neutron-server[92743]: INFO neutron.wsgi [req-6ae195e6-7803-476c-ac05-cd2f4356239f req-74643de4-b6a5-4982-bb34-3c131de99a81 service neutron] 10.222.0.60 "GET /v2.0/networks/b3a70d8b-9a6b-46f3-b309-bba38707cca4?fields=provider%3Aphysical_network&fields=provider%3Anetwork_type HTTP/1.1" status: 200 len: 281 time: 0.7135708
Jun 21 04:28:44.739506 dv-cinder-797170-3-smb neutron-server[92746]: DEBUG neutron.db.l3_dvr_db [None req-34ed8f27-316c-4ab0-b22d-1b63ba0e0bd1 None None] Set router bf7e2b38-ccf0-41ba-94dc-ec404de7d99d gateway port host: dv-cinder-797170-3-smb {{(pid=92746) _build_routers_list /opt/stack/neutron/neutron/db/l3_dvr_db.py:837}}
Jun 21 04:28:44.964730 dv-cinder-797170-3-smb neutron-server[92743]: DEBUG neutron.db.db_base_plugin_common [None req-be95525d-ef8f-4351-9245-6a22801bff6c admin admin] Allocated IP 172.20.0.1 (eacf42c2-00ce-42e3-89dd-853a4c6fa08a/5ed4de96-1760-4ad9-bdcc-bd30812b5a13/4740ed74-9d3a-4fa5-b21b-5e89458c4a63) {{(pid=92743) _store_ip_allocation /opt/stack/neutron/neutron/db/db_base_plugin_common.py:131}}
Jun 21 04:28:45.174825 dv-cinder-797170-3-smb neutron-server[92745]: DEBUG neutron_lib.callbacks.manager [None req-7fd16cb5-d099-45ac-a5fa-4adb7c2c5de8 None None] Notify callbacks ['neutron.plugins.ml2.plugin.SecurityGroupDbMixin._ensure_default_security_group_handler_port-562861'] for port, before_update {{(pid=92745) _notify_loop /usr/local/lib/python3.8/dist-packages/neutron_lib/callbacks/manager.py:192}}
Jun 21 04:28:45.187444 dv-cinder-797170-3-smb neutron-server[92745]: DEBUG neutron_lib.callbacks.manager [None req-b32b8b79-a243-4a4d-b579-6abb1b69bf2b None None] Notify callbacks ['neutron.services.segments.db._update_segment_host_mapping_for_agent-8772645825729', 'neutron.plugins.ml2.plugin.Ml2Plugin._retry_binding_revived_agents-1533809'] for agent, after_update {{(pid=92745) _notify_loop /usr/local/lib/python3.8/dist-packages/neutron_lib/callbacks/manager.py:192}}
Jun 21 04:28:45.224853 dv-cinder-797170-3-smb neutron-server[92744]: DEBUG neutron_lib.callbacks.manager [None req-d47b338a-5c8f-46b8-b33b-7d6f32e8c572 admin admin] Notify callbacks [] for security_group, precommit_create {{(pid=92744) _notify_loop /usr/local/lib/python3.8/dist-packages/neutron_lib/callbacks/manager.py:192}}
Jun 21 04:28:45.240704 dv-cinder-797170-3-smb neutron-server[92744]: DEBUG neutron_lib.callbacks.manager [None req-d47b338a-5c8f-46b8-b33b-7d6f32e8c572 admin admin] Notify callbacks ['neutron.plugins.ml2.ovo_rpc._ObjectChangeHandler.handle_event-354822'] for security_group, after_create {{(pid=92744) _notify_loop /usr/local/lib/python3.8/dist-packages/neutron_lib/callbacks/manager.py:192}}
Jun 21 04:28:45.245048 dv-cinder-797170-3-smb neutron-server[92744]: DEBUG neutron.api.rpc.agentnotifiers.l3_rpc_agent_api [None req-8849a01d-9203-40c0-b4ea-9bc5900a4d23 admin admin] Notify agent at l3_agent.dv-cinder-797170-3-smb the message routers_updated {{(pid=92744) _agent_notification /opt/stack/neutron/neutron/api/rpc/agentnotifiers/l3_rpc_agent_api.py:65}}
Jun 21 04:28:45.288011 dv-cinder-797170-3-smb neutron-server[92745]: DEBUG neutron.api.rpc.handlers.l3_rpc [None req-82f167c2-b391-4ed2-8e13-f95dbe0b9456 None None] Sync routers for ids ['ecb5c198-6f3c-4a04-ac85-5c9d899b01f9'] in dv-cinder-797170-3-smb {{(pid=92745) sync_routers /opt/stack/neutron/neutron/api/rpc/handlers/l3_rpc.py:125}}
Jun 21 04:28:45.306230 dv-cinder-797170-3-smb neutron-server[92743]: DEBUG neutron_lib.callbacks.manager [None req-be95525d-ef8f-4351-9245-6a22801bff6c admin admin] Notify callbacks [] for port, precommit_create {{(pid=92743) _notify_loop /usr/local/lib/python3.8/dist-packages/neutron_lib/callbacks/manager.py:192}}
Jun 21 04:28:45.338500 dv-cinder-797170-3-smb neutron-server[92744]: DEBUG oslo_concurrency.lockutils [None req-26e4bb0a-4503-46bb-ac88-5bebc3e1d359 admin admin] Lock "event-dispatch" acquired by "neutron.plugins.ml2.ovo_rpc._ObjectChangeHandler.dispatch_events" :: waited 0.000s {{(pid=92744) inner /usr/local/lib/python3.8/dist-packages/oslo_concurrency/lockutils.py:355}}
Jun 21 04:28:45.380912 dv-cinder-797170-3-smb neutron-server[92744]: DEBUG neutron_lib.callbacks.manager [None req-8849a01d-9203-40c0-b4ea-9bc5900a4d23 admin admin] Notify callbacks [] for router, before_response {{(pid=92744) _notify_loop /usr/local/lib/python3.8/dist-packages/neutron_lib/callbacks/manager.py:192}}
Jun 21 04:28:45.383655 dv-cinder-797170-3-smb neutron-server[92744]: INFO neutron.wsgi [None req-8849a01d-9203-40c0-b4ea-9bc5900a4d23 admin admin] 10.222.0.60 "POST /v2.0/routers HTTP/1.1" status: 201 len: 928 time: 6.0866661
Jun 21 04:28:45.388031 dv-cinder-797170-3-smb neutron-server[92743]: DEBUG neutron.wsgi [-] (92743) accepted ('10.222.0.60', 48860) {{(pid=92743) server /usr/local/lib/python3.8/dist-packages/eventlet/wsgi.py:992}}
Jun 21 04:28:45.409856 dv-cinder-797170-3-smb neutron-server[92745]: DEBUG neutron.plugins.ml2.db [None req-7fd16cb5-d099-45ac-a5fa-4adb7c2c5de8 None None] For port 881f194b-8606-4621-a9e2-d58a10bc4ceb, host dv-cinder-797170-3-smb, got binding levels [PortBindingLevel(driver='openvswitch',host='dv-cinder-797170-3-smb',level=0,port_id=881f194b-8606-4621-a9e2-d58a10bc4ceb,segment=NetworkSegment(4265b031-63f1-488b-b782-3a6497268026),segment_id=4265b031-63f1-488b-b782-3a6497268026)] {{(pid=92745) get_binding_level_objs /opt/stack/neutron/neutron/plugins/ml2/db.py:74}}
Jun 21 04:28:45.434489 dv-cinder-797170-3-smb neutron-server[92745]: DEBUG neutron_lib.callbacks.manager [None req-7fd16cb5-d099-45ac-a5fa-4adb7c2c5de8 None None] Notify callbacks ['neutron.plugins.ml2.plugin.SecurityGroupServerNotifierRpcMixin.notify_sg_on_port_change-551503', 'neutron.plugins.ml2.ovo_rpc._ObjectChangeHandler.handle_event-9096', 'neutron.api.rpc.agentnotifiers.dhcp_rpc_agent_api.DhcpAgentNotifyAPI._native_event_send_dhcp_notification-1645849', 'neutron.db.l3_db.L3RpcNotifierMixin._notify_gateway_port_ip_changed-8772645744083', 'neutron.db.l3_dvrscheduler_db._notify_l3_agent_port_update-8772645313648', 'neutron.db.l3_hascheduler_db._notify_l3_agent_ha_port_update-8772645313693'] for port, after_update {{(pid=92745) _notify_loop /usr/local/lib/python3.8/dist-packages/neutron_lib/callbacks/manager.py:192}}
Jun 21 04:28:45.440503 dv-cinder-797170-3-smb neutron-server[92745]: DEBUG neutron.db.l3_dvrscheduler_db [None req-82f167c2-b391-4ed2-8e13-f95dbe0b9456 None None] Routers {'ecb5c198-6f3c-4a04-ac85-5c9d899b01f9'} bound to L3 agent in host dv-cinder-797170-3-smb {{(pid=92745) _get_router_ids_for_agent /opt/stack/neutron/neutron/db/l3_dvrscheduler_db.py:420}}
Jun 21 04:28:45.441733 dv-cinder-797170-3-smb neutron-server[92745]: DEBUG neutron.db.l3_hamode_db [None req-82f167c2-b391-4ed2-8e13-f95dbe0b9456 None None] neutron.services.l3_router.l3_router_plugin.L3RouterPlugin method get_ha_sync_data_for_host called with arguments (, 'dv-cinder-797170-3-smb', Agent(admin_state_up=True,agent_type='L3 agent',availability_zone='nova',binary='neutron-l3-agent',configurations={"agent_mode": "legacy", "ex_gw_ports": 1, "extensions": [], "floating_ips": 0, "handle_internal_only_routers": true, "interface_driver": "openvswitch", "interfaces": 1, "log_agent_heartbeats": false, "routers": 1},created_at=2021-06-21T04:20:18Z,description=,heartbeat_timestamp=2021-06-21T04:28:18Z,host='dv-cinder-797170-3-smb',id=9dce2371-c7d1-4554-82f1-934c71a73a6a,load=0,resource_versions=,resources_synced=,started_at=2021-06-21T04:20:18Z,topic='l3_agent')) {'router_ids': ['ecb5c198-6f3c-4a04-ac85-5c9d899b01f9'], 'active': True} {{(pid=92745) wrapper /usr/local/lib/python3.8/dist-packages/oslo_log/helpers.py:65}}
Jun 21 04:28:45.446410 dv-cinder-797170-3-smb neutron-server[92744]: INFO neutron.wsgi [None req-d47b338a-5c8f-46b8-b33b-7d6f32e8c572 admin admin] 10.222.0.60 "GET /v2.0/security-groups?tenant_id=9616f68249874722ad0e34154280316d&name=default HTTP/1.1" status: 200 len: 2975 time: 1.0133016
Jun 21 04:28:45.447386 dv-cinder-797170-3-smb neutron-server[92743]: DEBUG neutron.db.provisioning_blocks [None req-be95525d-ef8f-4351-9245-6a22801bff6c admin admin] Transition to ACTIVE for port object 4740ed74-9d3a-4fa5-b21b-5e89458c4a63 will not be triggered until provisioned by entity DHCP. {{(pid=92743) add_provisioning_component /opt/stack/neutron/neutron/db/provisioning_blocks.py:73}}
Jun 21 04:28:45.450760 dv-cinder-797170-3-smb neutron-server[92744]: DEBUG neutron.wsgi [-] (92744) accepted ('10.222.0.60', 48866) {{(pid=92744) server /usr/local/lib/python3.8/dist-packages/eventlet/wsgi.py:992}}
Jun 21 04:28:45.477821 dv-cinder-797170-3-smb neutron-server[92744]: DEBUG neutron.api.rpc.handlers.resources_rpc [None req-d47b338a-5c8f-46b8-b33b-7d6f32e8c572 admin admin] Pushing event updated for resources: {'SecurityGroup': ['ID=f78a17f9-4856-4c1e-82a9-795e6daeadc8,revision_number=1']} {{(pid=92744) push /opt/stack/neutron/neutron/api/rpc/handlers/resources_rpc.py:237}}
Jun 21 04:28:45.510497 dv-cinder-797170-3-smb neutron-server[92744]: DEBUG oslo_concurrency.lockutils [None req-d47b338a-5c8f-46b8-b33b-7d6f32e8c572 admin admin] Lock "event-dispatch" released by "neutron.plugins.ml2.ovo_rpc._ObjectChangeHandler.dispatch_events" :: held 0.172s {{(pid=92744) inner /usr/local/lib/python3.8/dist-packages/oslo_concurrency/lockutils.py:367}}
Jun 21 04:28:45.625925 dv-cinder-797170-3-smb neutron-server[92744]: DEBUG neutron.wsgi [-] (92744) accepted ('10.222.0.60', 48872) {{(pid=92744) server /usr/local/lib/python3.8/dist-packages/eventlet/wsgi.py:992}}
Jun 21 04:28:45.632321 dv-cinder-797170-3-smb neutron-server[92744]: WARNING keystonemiddleware.auth_token [-] A valid token was submitted as a service token, but it was not a valid service token. This is incorrect but backwards compatible behaviour. This will be removed in future releases.
Jun 21 04:28:45.668907 dv-cinder-797170-3-smb neutron-server[92746]: DEBUG neutron.db.l3_hamode_db [None req-34ed8f27-316c-4ab0-b22d-1b63ba0e0bd1 None None] neutron.services.l3_router.l3_router_plugin.L3RouterPlugin method _process_sync_ha_data called with arguments (, [{'id': 'bf7e2b38-ccf0-41ba-94dc-ec404de7d99d', 'name': 'tempest-AttachVolumeTestJSON-1399362206-router', 'tenant_id': '98ac6444112049ffbeb07ee05d60964f', 'admin_state_up': True, 'status': 'ACTIVE', 'external_gateway_info': {'network_id': 'b03547ff-bdb5-4cf0-b910-6012328878f7', 'external_fixed_ips': [{'subnet_id': '077b926c-3bf0-4e4d-825c-99f0c2191e19', 'ip_address': '172.28.3.104'}], 'enable_snat': True}, 'gw_port_id': '0b0bd2af-8c8a-46b0-a411-a39591525acf', 'description': '', 'availability_zones': ['nova'], 'distributed': False, 'ha': False, 'ha_vr_id': 0, 'availability_zone_hints': [], 'routes': [], 'flavor_id': None, 'tags': [], 'created_at': '2021-06-21T04:28:34Z', 'updated_at': '2021-06-21T04:28:39Z', 'revision_number': 3, 'project_id': '98ac6444112049ffbeb07ee05d60964f', 'gw_port': {'id': '0b0bd2af-8c8a-46b0-a411-a39591525acf', 'name': '', 'network_id': 'b03547ff-bdb5-4cf0-b910-6012328878f7', 'tenant_id': '', 'mac_address': 'fa:16:3e:7d:25:b6', 'admin_state_up': True, 'status': 'DOWN', 'device_id': 'bf7e2b38-ccf0-41ba-94dc-ec404de7d99d', 'device_owner': 'network:router_gateway', 'standard_attr_id': 55, 'fixed_ips': [{'subnet_id': '077b926c-3bf0-4e4d-825c-99f0c2191e19', 'ip_address': '172.28.3.104', 'prefixlen': 24}], 'allowed_address_pairs': [], 'extra_dhcp_opts': [], 'security_groups': [], 'description': '', 'binding:vnic_type': 'normal', 'binding:profile': {}, 'binding:host_id': 'dv-cinder-797170-3-smb', 'binding:vif_type': 'ovs', 'binding:vif_details': {'connectivity': 'l2', 'port_filter': True, 'ovs_hybrid_plug': False, 'datapath_type': 'system', 'bridge_name': 'br-int'}, 'port_security_enabled': False, 'tags': [], 'created_at': '2021-06-21T04:28:36Z', 'updated_at': '2021-06-21T04:28:44Z', 'revision_number': 3, 'project_id': '', 'subnets': [{'id': '077b926c-3bf0-4e4d-825c-99f0c2191e19', 'cidr': '172.28.3.0/24', 'gateway_ip': '172.28.3.1', 'dns_nameservers': [], 'ipv6_ra_mode': None, 'subnetpool_id': None}], 'extra_subnets': [], 'address_scopes': {4: None, 6: None}, 'mtu': 1500}, 'enable_snat': True, 'gw_port_host': 'dv-cinder-797170-3-smb'}], 'dv-cinder-797170-3-smb', False) {} {{(pid=92746) wrapper /usr/local/lib/python3.8/dist-packages/oslo_log/helpers.py:65}}
Jun 21 04:28:45.678089 dv-cinder-797170-3-smb neutron-server[92745]: DEBUG oslo_concurrency.lockutils [None req-ec5f5fcd-4fc4-40fb-a026-3da51ab822dc None None] Lock "event-dispatch" acquired by "neutron.plugins.ml2.ovo_rpc._ObjectChangeHandler.dispatch_events" :: waited 0.000s {{(pid=92745) inner /usr/local/lib/python3.8/dist-packages/oslo_concurrency/lockutils.py:355}}
Jun 21 04:28:45.807066 dv-cinder-797170-3-smb neutron-server[92744]: INFO neutron.wsgi [req-062e2e5a-a917-4840-bc0e-2eba5224388d req-bddef8e8-0893-40a4-b65d-d285c4ab8921 tempest-DeleteServersTestJSON-1760058911 tempest-DeleteServersTestJSON-1760058911-project] 10.222.0.60 "GET /v2.0/ports?device_id=0718336c-5155-4e04-914c-1f31bfff4d3e HTTP/1.1" status: 200 len: 210 time: 0.1737456
Jun 21 04:28:45.820853 dv-cinder-797170-3-smb neutron-server[92744]: DEBUG neutron_lib.callbacks.manager [None req-d8772a11-76bd-4aa8-bbbd-49a4a32abc3d admin admin] Notify callbacks [] for security_group, before_delete {{(pid=92744) _notify_loop /usr/local/lib/python3.8/dist-packages/neutron_lib/callbacks/manager.py:192}}
Jun 21 04:28:45.894947 dv-cinder-797170-3-smb neutron-server[92744]: DEBUG neutron_lib.callbacks.manager [None req-d8772a11-76bd-4aa8-bbbd-49a4a32abc3d admin admin] Notify callbacks [] for security_group, precommit_delete {{(pid=92744) _notify_loop /usr/local/lib/python3.8/dist-packages/neutron_lib/callbacks/manager.py:192}}
Jun 21 04:28:45.988938 dv-cinder-797170-3-smb neutron-server[92745]: DEBUG neutron.db.l3_dvr_db [None req-82f167c2-b391-4ed2-8e13-f95dbe0b9456 None None] Set router ecb5c198-6f3c-4a04-ac85-5c9d899b01f9 gateway port host: dv-cinder-797170-3-smb {{(pid=92745) _build_routers_list /opt/stack/neutron/neutron/db/l3_dvr_db.py:837}}
Jun 21 04:28:45.993308 dv-cinder-797170-3-smb neutron-server[92743]: DEBUG neutron_lib.callbacks.manager [None req-be95525d-ef8f-4351-9245-6a22801bff6c admin admin] Notify callbacks ['neutron.plugins.ml2.plugin.SecurityGroupServerNotifierRpcMixin._notify_sg_on_port_after_update-551544', 'neutron.plugins.ml2.ovo_rpc._ObjectChangeHandler.handle_payload_event-9139', 'neutron.api.rpc.agentnotifiers.dhcp_rpc_agent_api.DhcpAgentNotifyAPI._native_event_send_dhcp_notification_payload-1645842', 'neutron.db.l3_dvrscheduler_db._notify_l3_agent_new_port-8772645313630'] for port, after_create {{(pid=92743) _notify_loop /usr/local/lib/python3.8/dist-packages/neutron_lib/callbacks/manager.py:192}}
Jun 21 04:28:46.018617 dv-cinder-797170-3-smb neutron-server[92743]: DEBUG oslo_concurrency.lockutils [None req-23734ae2-b073-478f-94fc-5f2b05985f6d admin admin] Lock "event-dispatch" acquired by "neutron.plugins.ml2.ovo_rpc._ObjectChangeHandler.dispatch_events" :: waited 0.000s {{(pid=92743) inner /usr/local/lib/python3.8/dist-packages/oslo_concurrency/lockutils.py:355}}
Jun 21 04:28:46.063626 dv-cinder-797170-3-smb neutron-server[92746]: DEBUG neutron.api.rpc.handlers.l3_rpc [None req-34ed8f27-316c-4ab0-b22d-1b63ba0e0bd1 None None] The sync data for ids ['bf7e2b38-ccf0-41ba-94dc-ec404de7d99d'] in dv-cinder-797170-3-smb is: [{'id': 'bf7e2b38-ccf0-41ba-94dc-ec404de7d99d', 'name': 'tempest-AttachVolumeTestJSON-1399362206-router', 'tenant_id': '98ac6444112049ffbeb07ee05d60964f', 'admin_state_up': True, 'status': 'ACTIVE', 'external_gateway_info': {'network_id': 'b03547ff-bdb5-4cf0-b910-6012328878f7', 'external_fixed_ips': [{'subnet_id': '077b926c-3bf0-4e4d-825c-99f0c2191e19', 'ip_address': '172.28.3.104'}], 'enable_snat': True}, 'gw_port_id': '0b0bd2af-8c8a-46b0-a411-a39591525acf', 'description': '', 'availability_zones': ['nova'], 'distributed': False, 'ha': False, 'ha_vr_id': 0, 'availability_zone_hints': [], 'routes': [], 'flavor_id': None, 'tags': [], 'created_at': '2021-06-21T04:28:34Z', 'updated_at': '2021-06-21T04:28:39Z', 'revision_number': 3, 'project_id': '98ac6444112049ffbeb07ee05d60964f', 'gw_port': {'id': '0b0bd2af-8c8a-46b0-a411-a39591525acf', 'name': '', 'network_id': 'b03547ff-bdb5-4cf0-b910-6012328878f7', 'tenant_id': '', 'mac_address': 'fa:16:3e:7d:25:b6', 'admin_state_up': True, 'status': 'DOWN', 'device_id': 'bf7e2b38-ccf0-41ba-94dc-ec404de7d99d', 'device_owner': 'network:router_gateway', 'standard_attr_id': 55, 'fixed_ips': [{'subnet_id': '077b926c-3bf0-4e4d-825c-99f0c2191e19', 'ip_address': '172.28.3.104', 'prefixlen': 24}], 'allowed_address_pairs': [], 'extra_dhcp_opts': [], 'security_groups': [], 'description': '', 'binding:vnic_type': 'normal', 'binding:profile': {}, 'binding:host_id': 'dv-cinder-797170-3-smb', 'binding:vif_type': 'ovs', 'binding:vif_details': {'connectivity': 'l2', 'port_filter': True, 'ovs_hybrid_plug': False, 'datapath_type': 'system', 'bridge_name': 'br-int'}, 'port_security_enabled': False, 'tags': [], 'created_at': '2021-06-21T04:28:36Z', 'updated_at': '2021-06-21T04:28:44Z', 'revision_number': 3, 'project_id': '', 'subnets': [{'id': '077b926c-3bf0-4e4d-825c-99f0c2191e19', 'cidr': '172.28.3.0/24', 'gateway_ip': '172.28.3.1', 'dns_nameservers': [], 'ipv6_ra_mode': None, 'subnetpool_id': None}], 'extra_subnets': [], 'address_scopes': {4: None, 6: None}, 'mtu': 1500}, 'enable_snat': True, 'gw_port_host': 'dv-cinder-797170-3-smb'}] {{(pid=92746) sync_routers /opt/stack/neutron/neutron/api/rpc/handlers/l3_rpc.py:137}}
Jun 21 04:28:46.065491 dv-cinder-797170-3-smb neutron-server[92744]: DEBUG neutron_lib.callbacks.manager [None req-d8772a11-76bd-4aa8-bbbd-49a4a32abc3d admin admin] Notify callbacks ['neutron.plugins.ml2.ovo_rpc._ObjectChangeHandler.handle_event-354822'] for security_group, after_delete {{(pid=92744) _notify_loop /usr/local/lib/python3.8/dist-packages/neutron_lib/callbacks/manager.py:192}}
Jun 21 04:28:46.083417 dv-cinder-797170-3-smb neutron-server[92744]: DEBUG neutron_lib.callbacks.manager [None req-d8772a11-76bd-4aa8-bbbd-49a4a32abc3d admin admin] Notify callbacks [] for security_group, before_response {{(pid=92744) _notify_loop /usr/local/lib/python3.8/dist-packages/neutron_lib/callbacks/manager.py:192}}
Jun 21 04:28:46.091407 dv-cinder-797170-3-smb neutron-server[92744]: INFO neutron.wsgi [None req-d8772a11-76bd-4aa8-bbbd-49a4a32abc3d admin admin] 10.222.0.60 "DELETE /v2.0/security-groups/f78a17f9-4856-4c1e-82a9-795e6daeadc8 HTTP/1.1" status: 204 len: 168 time: 0.6243067
Jun 21 04:28:46.091739 dv-cinder-797170-3-smb neutron-server[92744]: DEBUG oslo_concurrency.lockutils [-] Lock "event-dispatch" acquired by "neutron.plugins.ml2.ovo_rpc._ObjectChangeHandler.dispatch_events" :: waited 0.000s {{(pid=92744) inner /usr/local/lib/python3.8/dist-packages/oslo_concurrency/lockutils.py:355}}
Jun 21 04:28:46.105533 dv-cinder-797170-3-smb neutron-server[92745]: DEBUG neutron.api.rpc.handlers.resources_rpc [None req-7fd16cb5-d099-45ac-a5fa-4adb7c2c5de8 None None] Pushing event updated for resources: {'Port': ['ID=881f194b-8606-4621-a9e2-d58a10bc4ceb,revision_number=3']} {{(pid=92745) push /opt/stack/neutron/neutron/api/rpc/handlers/resources_rpc.py:237}}
Jun 21 04:28:46.113827 dv-cinder-797170-3-smb neutron-server[92745]: DEBUG oslo_concurrency.lockutils [None req-7fd16cb5-d099-45ac-a5fa-4adb7c2c5de8 None None] Lock "event-dispatch" released by "neutron.plugins.ml2.ovo_rpc._ObjectChangeHandler.dispatch_events" :: held 0.451s {{(pid=92745) inner /usr/local/lib/python3.8/dist-packages/oslo_concurrency/lockutils.py:367}}
Jun 21 04:28:46.130623 dv-cinder-797170-3-smb neutron-server[92744]: DEBUG neutron.api.rpc.handlers.resources_rpc [None req-d8772a11-76bd-4aa8-bbbd-49a4a32abc3d admin admin] Pushing event deleted for resources: {'SecurityGroup': ['ID=f78a17f9-4856-4c1e-82a9-795e6daeadc8,revision_number=None']} {{(pid=92744) push /opt/stack/neutron/neutron/api/rpc/handlers/resources_rpc.py:237}}
Jun 21 04:28:46.143298 dv-cinder-797170-3-smb neutron-server[92744]: DEBUG oslo_concurrency.lockutils [None req-d8772a11-76bd-4aa8-bbbd-49a4a32abc3d admin admin] Lock "event-dispatch" released by "neutron.plugins.ml2.ovo_rpc._ObjectChangeHandler.dispatch_events" :: held 0.051s {{(pid=92744) inner /usr/local/lib/python3.8/dist-packages/oslo_concurrency/lockutils.py:367}}
Jun 21 04:28:46.185147 dv-cinder-797170-3-smb neutron-server[92744]: DEBUG neutron.wsgi [-] (92744) accepted ('10.222.0.60', 48888) {{(pid=92744) server /usr/local/lib/python3.8/dist-packages/eventlet/wsgi.py:992}}
Jun 21 04:28:46.217522 dv-cinder-797170-3-smb neutron-server[92743]: DEBUG neutron.scheduler.dhcp_agent_scheduler [None req-be95525d-ef8f-4351-9245-6a22801bff6c admin admin] Network eacf42c2-00ce-42e3-89dd-853a4c6fa08a is already hosted by enough agents. {{(pid=92743) _get_dhcp_agents_hosting_network /opt/stack/neutron/neutron/scheduler/dhcp_agent_scheduler.py:275}}
Jun 21 04:28:46.245435 dv-cinder-797170-3-smb neutron-server[92743]: DEBUG neutron.scheduler.base_scheduler [None req-be95525d-ef8f-4351-9245-6a22801bff6c admin admin] Resources bound (agent type, host, resource id): {{(pid=92743) schedule /opt/stack/neutron/neutron/scheduler/base_scheduler.py:57}}
Jun 21 04:28:46.267085 dv-cinder-797170-3-smb neutron-server[92743]: DEBUG neutron.db.l3_dvrscheduler_db [None req-be95525d-ef8f-4351-9245-6a22801bff6c admin admin] Received port after_create {{(pid=92743) _notify_l3_agent_new_port /opt/stack/neutron/neutron/db/l3_dvrscheduler_db.py:535}}
Jun 21 04:28:46.267986 dv-cinder-797170-3-smb neutron-server[92743]: DEBUG neutron_lib.callbacks.manager [None req-be95525d-ef8f-4351-9245-6a22801bff6c admin admin] Notify callbacks ['neutron.services.l3_router.l3_router_plugin.DVRResourceOperationHandler._add_csnat_on_interface_create-513839'] for router_interface, before_create {{(pid=92743) _notify_loop /usr/local/lib/python3.8/dist-packages/neutron_lib/callbacks/manager.py:192}}
Jun 21 04:28:46.291711 dv-cinder-797170-3-smb neutron-server[92744]: DEBUG neutron.wsgi [-] (92744) accepted ('10.222.0.60', 48896) {{(pid=92744) server /usr/local/lib/python3.8/dist-packages/eventlet/wsgi.py:992}}
