Jun 19 20:24:05.004001 dv-cinder-797170-2-iscsi neutron-server[93445]: DEBUG neutron.plugins.ml2.managers [req-f66b0934-fad2-4ebd-b898-6022d3ee7792 req-3c05a5c6-e2ea-4cf3-afde-3afd3b7ab0b4 service neutron] Attempting to bind port 35a63877-b9bb-4cc3-8f9c-1b46ad6d5a75 by drivers openvswitch,hyperv on host hv-cinder-79717 at level 0 using segments [{'id': 'b67ddca0-8080-417a-a33c-81da830a3692', 'network_type': 'vlan', 'physical_network': 'physnet1', 'segmentation_id': 225, 'network_id': '2d2c3888-3180-4bc7-8b84-b94dabaf8427'}] {{(pid=93445) _bind_port_level /opt/stack/neutron/neutron/plugins/ml2/managers.py:815}}
Jun 19 20:24:05.004001 dv-cinder-797170-2-iscsi neutron-server[93445]: DEBUG neutron.plugins.ml2.drivers.mech_agent [req-f66b0934-fad2-4ebd-b898-6022d3ee7792 req-3c05a5c6-e2ea-4cf3-afde-3afd3b7ab0b4 service neutron] Attempting to bind port 35a63877-b9bb-4cc3-8f9c-1b46ad6d5a75 on network 2d2c3888-3180-4bc7-8b84-b94dabaf8427 {{(pid=93445) bind_port /opt/stack/neutron/neutron/plugins/ml2/drivers/mech_agent.py:86}}
Jun 19 20:24:05.004001 dv-cinder-797170-2-iscsi neutron-server[93445]: DEBUG neutron.plugins.ml2.drivers.mech_agent [req-f66b0934-fad2-4ebd-b898-6022d3ee7792 req-3c05a5c6-e2ea-4cf3-afde-3afd3b7ab0b4 service neutron] Port 35a63877-b9bb-4cc3-8f9c-1b46ad6d5a75 on network 2d2c3888-3180-4bc7-8b84-b94dabaf8427 not bound, no agent of type Open vSwitch agent registered on host hv-cinder-79717 {{(pid=93445) bind_port /opt/stack/neutron/neutron/plugins/ml2/drivers/mech_agent.py:98}}
Jun 19 20:24:05.004001 dv-cinder-797170-2-iscsi neutron-server[93445]: DEBUG neutron.plugins.ml2.drivers.mech_agent [req-f66b0934-fad2-4ebd-b898-6022d3ee7792 req-3c05a5c6-e2ea-4cf3-afde-3afd3b7ab0b4 service neutron] Attempting to bind port 35a63877-b9bb-4cc3-8f9c-1b46ad6d5a75 on network 2d2c3888-3180-4bc7-8b84-b94dabaf8427 {{(pid=93445) bind_port /opt/stack/neutron/neutron/plugins/ml2/drivers/mech_agent.py:86}}
Jun 19 20:24:05.007161 dv-cinder-797170-2-iscsi neutron-server[93445]: DEBUG neutron.plugins.ml2.drivers.mech_agent [req-f66b0934-fad2-4ebd-b898-6022d3ee7792 req-3c05a5c6-e2ea-4cf3-afde-3afd3b7ab0b4 service neutron] Checking agent: {'id': 'a27e1496-afc5-48c6-8cc1-be3101bafef4', 'agent_type': 'HyperV agent', 'binary': 'neutron-hyperv-agent', 'topic': 'N/A', 'host': 'hv-cinder-79717', 'admin_state_up': True, 'created_at': datetime.datetime(2021, 6, 19, 20, 22, 7), 'started_at': datetime.datetime(2021, 6, 19, 20, 22, 7), 'heartbeat_timestamp': datetime.datetime(2021, 6, 19, 20, 23, 37), 'description': None, 'resources_synced': None, 'availability_zone': None, 'alive': True, 'configurations': {'vswitch_mappings': {'physnet1$': 'br-data'}}, 'resource_versions': {}} {{(pid=93445) bind_port /opt/stack/neutron/neutron/plugins/ml2/drivers/mech_agent.py:105}}
Jun 19 20:24:05.007583 dv-cinder-797170-2-iscsi neutron-server[93445]: DEBUG neutron.plugins.ml2.drivers.mech_agent [req-f66b0934-fad2-4ebd-b898-6022d3ee7792 req-3c05a5c6-e2ea-4cf3-afde-3afd3b7ab0b4 service neutron] Checking segment: {'id': 'b67ddca0-8080-417a-a33c-81da830a3692', 'network_type': 'vlan', 'physical_network': 'physnet1', 'segmentation_id': 225, 'network_id': '2d2c3888-3180-4bc7-8b84-b94dabaf8427'} for mappings: {'physnet1$': 'br-data'} with network types: ['local', 'flat', 'vlan'] {{(pid=93445) check_segment_for_agent /opt/stack/neutron/neutron/plugins/ml2/drivers/mech_agent.py:341}}
Jun 19 20:24:05.007900 dv-cinder-797170-2-iscsi neutron-server[93445]: DEBUG neutron.plugins.ml2.drivers.mech_agent [req-f66b0934-fad2-4ebd-b898-6022d3ee7792 req-3c05a5c6-e2ea-4cf3-afde-3afd3b7ab0b4 service neutron] Bound using segment: {'id': 'b67ddca0-8080-417a-a33c-81da830a3692', 'network_type': 'vlan', 'physical_network': 'physnet1', 'segmentation_id': 225, 'network_id': '2d2c3888-3180-4bc7-8b84-b94dabaf8427'} {{(pid=93445) bind_port /opt/stack/neutron/neutron/plugins/ml2/drivers/mech_agent.py:115}}
Jun 19 20:24:05.008382 dv-cinder-797170-2-iscsi neutron-server[93445]: DEBUG neutron.plugins.ml2.managers [req-f66b0934-fad2-4ebd-b898-6022d3ee7792 req-3c05a5c6-e2ea-4cf3-afde-3afd3b7ab0b4 service neutron] Bound port: 35a63877-b9bb-4cc3-8f9c-1b46ad6d5a75, host: hv-cinder-79717, vif_type: hyperv, vif_details: {"connectivity": "legacy", "port_filter": false}, binding_levels: [{'bound_driver': 'hyperv', 'bound_segment': {'id': 'b67ddca0-8080-417a-a33c-81da830a3692', 'network_type': 'vlan', 'physical_network': 'physnet1', 'segmentation_id': 225, 'network_id': '2d2c3888-3180-4bc7-8b84-b94dabaf8427'}}] {{(pid=93445) _bind_port_level /opt/stack/neutron/neutron/plugins/ml2/managers.py:928}}
Jun 19 20:24:05.008717 dv-cinder-797170-2-iscsi neutron-server[93445]: DEBUG neutron_lib.callbacks.manager [req-f66b0934-fad2-4ebd-b898-6022d3ee7792 req-3c05a5c6-e2ea-4cf3-afde-3afd3b7ab0b4 service neutron] Notify callbacks ['neutron.plugins.ml2.plugin.SecurityGroupDbMixin._ensure_default_security_group_handler_port-651156'] for port, before_update {{(pid=93445) _notify_loop /usr/local/lib/python3.8/dist-packages/neutron_lib/callbacks/manager.py:192}}
Jun 19 20:24:05.223749 dv-cinder-797170-2-iscsi neutron-server[93445]: DEBUG neutron.plugins.ml2.db [req-f66b0934-fad2-4ebd-b898-6022d3ee7792 req-3c05a5c6-e2ea-4cf3-afde-3afd3b7ab0b4 service neutron] For port 35a63877-b9bb-4cc3-8f9c-1b46ad6d5a75, host hv-cinder-79717, cleared binding levels {{(pid=93445) clear_binding_levels /opt/stack/neutron/neutron/plugins/ml2/db.py:87}}
Jun 19 20:24:05.231171 dv-cinder-797170-2-iscsi neutron-server[93445]: DEBUG neutron.plugins.ml2.db [req-f66b0934-fad2-4ebd-b898-6022d3ee7792 req-3c05a5c6-e2ea-4cf3-afde-3afd3b7ab0b4 service neutron] For port 35a63877-b9bb-4cc3-8f9c-1b46ad6d5a75, host hv-cinder-79717, set binding levels [PortBindingLevel(driver='hyperv',host='hv-cinder-79717',level=0,port_id=35a63877-b9bb-4cc3-8f9c-1b46ad6d5a75,segment=NetworkSegment(b67ddca0-8080-417a-a33c-81da830a3692),segment_id=b67ddca0-8080-417a-a33c-81da830a3692)] {{(pid=93445) set_binding_levels /opt/stack/neutron/neutron/plugins/ml2/db.py:59}}
Jun 19 20:24:05.276376 dv-cinder-797170-2-iscsi neutron-server[93444]: DEBUG neutron.pecan_wsgi.hooks.policy_enforcement [req-9a38c355-d111-4b1b-a699-9b92a627fa91 req-ac9028a4-ab1b-4c50-8d09-c9788930a933 tempest-ServerRescueNegativeTestJSON-1455537356 tempest-ServerRescueNegativeTestJSON-1455537356-project] Attributes excluded by policy engine: ['standard_attr_id', 'binding:profile', 'binding:host_id', 'binding:vif_type', 'binding:vif_details'] {{(pid=93444) _exclude_attributes_by_policy /opt/stack/neutron/neutron/pecan_wsgi/hooks/policy_enforcement.py:255}}
Jun 19 20:24:05.276644 dv-cinder-797170-2-iscsi neutron-server[93445]: DEBUG neutron.pecan_wsgi.hooks.policy_enforcement [req-2a456f3a-fc9a-4ca7-88a2-9128492ad06a req-eb2a00a1-a6d0-453e-939c-3dc2374d5ff2 tempest-AttachVolumeNegativeTest-788140500 tempest-AttachVolumeNegativeTest-788140500-project] Attributes excluded by policy engine: ['standard_attr_id', 'binding:profile', 'binding:host_id', 'binding:vif_type', 'binding:vif_details'] {{(pid=93445) _exclude_attributes_by_policy /opt/stack/neutron/neutron/pecan_wsgi/hooks/policy_enforcement.py:255}}
Jun 19 20:24:05.277868 dv-cinder-797170-2-iscsi neutron-server[93444]: INFO neutron.wsgi [req-9a38c355-d111-4b1b-a699-9b92a627fa91 req-ac9028a4-ab1b-4c50-8d09-c9788930a933 tempest-ServerRescueNegativeTestJSON-1455537356 tempest-ServerRescueNegativeTestJSON-1455537356-project] 10.222.0.25 "GET /v2.0/ports?device_id=70d36ecf-9598-4bce-9fd1-dbde6bafce4f HTTP/1.1" status: 200 len: 932 time: 0.0839195
Jun 19 20:24:05.278110 dv-cinder-797170-2-iscsi neutron-server[93445]: INFO neutron.wsgi [req-2a456f3a-fc9a-4ca7-88a2-9128492ad06a req-eb2a00a1-a6d0-453e-939c-3dc2374d5ff2 tempest-AttachVolumeNegativeTest-788140500 tempest-AttachVolumeNegativeTest-788140500-project] 10.222.0.25 "GET /v2.0/ports?device_id=3d4b9917-592f-4dda-9e06-fd6b1718aad6 HTTP/1.1" status: 200 len: 944 time: 0.1500802
Jun 19 20:24:05.279522 dv-cinder-797170-2-iscsi neutron-server[93445]: DEBUG neutron_lib.callbacks.manager [None req-e52584b3-fc57-480d-998c-be250ac34cf4 tempest-AttachVolumeShelveTestJSON-788871967 tempest-AttachVolumeShelveTestJSON-788871967-project] Notify callbacks ['neutron.plugins.ml2.plugin.SecurityGroupDbMixin._ensure_default_security_group_handler_before_create-651138'] for port, before_create {{(pid=93445) _notify_loop /usr/local/lib/python3.8/dist-packages/neutron_lib/callbacks/manager.py:192}}
Jun 19 20:24:05.304443 dv-cinder-797170-2-iscsi neutron-server[93444]: DEBUG neutron_lib.callbacks.manager [None req-deed52fe-3748-4547-8279-84acdf30832d admin admin] Notify callbacks ['neutron.plugins.ml2.ovo_rpc._ObjectChangeHandler.handle_event-2024241'] for security_group, after_delete {{(pid=93444) _notify_loop /usr/local/lib/python3.8/dist-packages/neutron_lib/callbacks/manager.py:192}}
Jun 19 20:24:05.307552 dv-cinder-797170-2-iscsi neutron-server[93444]: DEBUG neutron_lib.callbacks.manager [None req-deed52fe-3748-4547-8279-84acdf30832d admin admin] Notify callbacks [] for security_group, before_response {{(pid=93444) _notify_loop /usr/local/lib/python3.8/dist-packages/neutron_lib/callbacks/manager.py:192}}
Jun 19 20:24:05.311242 dv-cinder-797170-2-iscsi neutron-server[93444]: INFO neutron.wsgi [None req-deed52fe-3748-4547-8279-84acdf30832d admin admin] 10.222.0.25 "DELETE /v2.0/security-groups/cb302058-411f-4167-b3fb-4fc3e35f1306 HTTP/1.1" status: 204 len: 168 time: 0.6620092
Jun 19 20:24:05.311242 dv-cinder-797170-2-iscsi neutron-server[93444]: DEBUG oslo_concurrency.lockutils [-] Lock "event-dispatch" acquired by "neutron.plugins.ml2.ovo_rpc._ObjectChangeHandler.dispatch_events" :: waited 0.000s {{(pid=93444) inner /usr/local/lib/python3.8/dist-packages/oslo_concurrency/lockutils.py:355}}
Jun 19 20:24:05.324758 dv-cinder-797170-2-iscsi neutron-server[93444]: DEBUG neutron.api.rpc.handlers.resources_rpc [None req-deed52fe-3748-4547-8279-84acdf30832d admin admin] Pushing event deleted for resources: {'SecurityGroup': ['ID=cb302058-411f-4167-b3fb-4fc3e35f1306,revision_number=None']} {{(pid=93444) push /opt/stack/neutron/neutron/api/rpc/handlers/resources_rpc.py:237}}
Jun 19 20:24:05.328745 dv-cinder-797170-2-iscsi neutron-server[93444]: DEBUG oslo_concurrency.lockutils [None req-deed52fe-3748-4547-8279-84acdf30832d admin admin] Lock "event-dispatch" released by "neutron.plugins.ml2.ovo_rpc._ObjectChangeHandler.dispatch_events" :: held 0.019s {{(pid=93444) inner /usr/local/lib/python3.8/dist-packages/oslo_concurrency/lockutils.py:367}}
Jun 19 20:24:05.344410 dv-cinder-797170-2-iscsi neutron-server[93444]: INFO neutron.wsgi [req-9a38c355-d111-4b1b-a699-9b92a627fa91 req-3fd38308-5db9-4e53-befc-32ba0716dbfe tempest-ServerRescueNegativeTestJSON-1455537356 tempest-ServerRescueNegativeTestJSON-1455537356-project] 10.222.0.25 "GET /v2.0/security-groups?id=f37ff686-e95b-4ce7-8abe-0eeca64a9d1d&fields=id&fields=name HTTP/1.1" status: 200 len: 286 time: 0.0576589
Jun 19 20:24:05.368826 dv-cinder-797170-2-iscsi neutron-server[93445]: INFO neutron.wsgi [req-2a456f3a-fc9a-4ca7-88a2-9128492ad06a req-57486885-377d-4d39-9230-fb9ff0dca866 tempest-AttachVolumeNegativeTest-788140500 tempest-AttachVolumeNegativeTest-788140500-project] 10.222.0.25 "GET /v2.0/security-groups?id=523505a5-055a-4270-ba6f-fa050c603369&fields=id&fields=name HTTP/1.1" status: 200 len: 286 time: 0.0791831
Jun 19 20:24:05.444813 dv-cinder-797170-2-iscsi neutron-server[93445]: DEBUG neutron.db.db_base_plugin_common [None req-e52584b3-fc57-480d-998c-be250ac34cf4 tempest-AttachVolumeShelveTestJSON-788871967 tempest-AttachVolumeShelveTestJSON-788871967-project] Allocated IP 172.27.2.133 (e900000a-5acd-4e0b-9c91-57381f1bf252/8402dcde-c09d-4ab8-9adc-4faf9710c3bc/49a9fa80-1e37-4e9e-99bd-de8a9d946f6d) {{(pid=93445) _store_ip_allocation /opt/stack/neutron/neutron/db/db_base_plugin_common.py:131}}
Jun 19 20:24:05.587428 dv-cinder-797170-2-iscsi neutron-server[93445]: DEBUG neutron_lib.callbacks.manager [None req-e52584b3-fc57-480d-998c-be250ac34cf4 tempest-AttachVolumeShelveTestJSON-788871967 tempest-AttachVolumeShelveTestJSON-788871967-project] Notify callbacks [] for port, precommit_create {{(pid=93445) _notify_loop /usr/local/lib/python3.8/dist-packages/neutron_lib/callbacks/manager.py:192}}
Jun 19 20:24:05.638951 dv-cinder-797170-2-iscsi neutron-server[93445]: DEBUG neutron_lib.callbacks.manager [req-f66b0934-fad2-4ebd-b898-6022d3ee7792 req-3c05a5c6-e2ea-4cf3-afde-3afd3b7ab0b4 service neutron] Notify callbacks ['neutron.plugins.ml2.plugin.SecurityGroupServerNotifierRpcMixin.notify_sg_on_port_change-649590', 'neutron.plugins.ml2.ovo_rpc._ObjectChangeHandler.handle_event-5265', 'neutron.api.rpc.agentnotifiers.dhcp_rpc_agent_api.DhcpAgentNotifyAPI._native_event_send_dhcp_notification-1645056', 'neutron.db.l3_db.L3RpcNotifierMixin._notify_gateway_port_ip_changed-8777039556563', 'neutron.db.l3_dvrscheduler_db._notify_l3_agent_port_update-8777039126631', 'neutron.db.l3_hascheduler_db._notify_l3_agent_ha_port_update-8777039126676', 'neutron.services.segments.plugin.NovaSegmentNotifier._notify_port_updated-7941645'] for port, after_update {{(pid=93445) _notify_loop /usr/local/lib/python3.8/dist-packages/neutron_lib/callbacks/manager.py:192}}
Jun 19 20:24:05.643214 dv-cinder-797170-2-iscsi neutron-server[93445]: DEBUG oslo_concurrency.lockutils [None req-831afbea-c717-4e17-a428-7f733aced1f8 admin admin] Lock "event-dispatch" acquired by "neutron.plugins.ml2.ovo_rpc._ObjectChangeHandler.dispatch_events" :: waited 0.000s {{(pid=93445) inner /usr/local/lib/python3.8/dist-packages/oslo_concurrency/lockutils.py:355}}
Jun 19 20:24:05.714469 dv-cinder-797170-2-iscsi neutron-server[93445]: DEBUG neutron.pecan_wsgi.hooks.policy_enforcement [req-f66b0934-fad2-4ebd-b898-6022d3ee7792 req-3c05a5c6-e2ea-4cf3-afde-3afd3b7ab0b4 service neutron] Attributes excluded by policy engine: ['standard_attr_id'] {{(pid=93445) _exclude_attributes_by_policy /opt/stack/neutron/neutron/pecan_wsgi/hooks/policy_enforcement.py:255}}
Jun 19 20:24:05.719485 dv-cinder-797170-2-iscsi neutron-server[93445]: DEBUG neutron_lib.callbacks.manager [req-f66b0934-fad2-4ebd-b898-6022d3ee7792 req-3c05a5c6-e2ea-4cf3-afde-3afd3b7ab0b4 service neutron] Notify callbacks ['neutron.notifiers.nova.Notifier._send_nova_notification-121328', 'neutron.api.rpc.agentnotifiers.dhcp_rpc_agent_api.DhcpAgentNotifyAPI._send_dhcp_notification-1645078'] for port, before_response {{(pid=93445) _notify_loop /usr/local/lib/python3.8/dist-packages/neutron_lib/callbacks/manager.py:192}}
Jun 19 20:24:05.719485 dv-cinder-797170-2-iscsi neutron-server[93445]: INFO neutron.wsgi [req-f66b0934-fad2-4ebd-b898-6022d3ee7792 req-3c05a5c6-e2ea-4cf3-afde-3afd3b7ab0b4 service neutron] 10.222.0.22 "PUT /v2.0/ports/35a63877-b9bb-4cc3-8f9c-1b46ad6d5a75 HTTP/1.1" status: 200 len: 1093 time: 4.4173186
Jun 19 20:24:05.719485 dv-cinder-797170-2-iscsi neutron-server[93445]: DEBUG neutron.notifiers.nova [-] Sending events: [{'name': 'network-changed', 'server_uuid': '501f22e4-0a8d-4de0-8da9-364f740665bc', 'tag': '35a63877-b9bb-4cc3-8f9c-1b46ad6d5a75'}] {{(pid=93445) send_events /opt/stack/neutron/neutron/notifiers/nova.py:262}}
Jun 19 20:24:05.720498 dv-cinder-797170-2-iscsi neutron-server[93445]: DEBUG novaclient.v2.client [-] REQ: curl -g -i --cacert "/opt/stack/data/ca-bundle.pem" -X POST http://10.222.0.25/compute/v2.1/os-server-external-events -H "Accept: application/json" -H "Content-Type: application/json" -H "User-Agent: python-novaclient" -H "X-Auth-Token: {SHA256}66e25de7362d814376b7e082a0e333b0f02be4c9161ed1611860d40082f26410" -H "X-OpenStack-Nova-API-Version: 2.1" -H "X-OpenStack-Request-ID: req-0c0449a4-c4b7-40eb-a497-10bd0d7f1412" -d '{"events": [{"name": "network-changed", "server_uuid": "501f22e4-0a8d-4de0-8da9-364f740665bc", "tag": "35a63877-b9bb-4cc3-8f9c-1b46ad6d5a75"}]}' {{(pid=93445) _http_log_request /usr/local/lib/python3.8/dist-packages/keystoneauth1/session.py:519}}
Jun 19 20:24:05.728216 dv-cinder-797170-2-iscsi neutron-server[93444]: DEBUG neutron.pecan_wsgi.hooks.policy_enforcement [req-13e58092-3c03-4377-9c89-8aa0d3c8fbb3 req-68dd29de-2533-4a50-a51a-682b8e332e20 tempest-DeleteServersTestJSON-1899889925 tempest-DeleteServersTestJSON-1899889925-project] Attributes excluded by policy engine: ['standard_attr_id', 'binding:profile', 'binding:host_id', 'binding:vif_type', 'binding:vif_details'] {{(pid=93444) _exclude_attributes_by_policy /opt/stack/neutron/neutron/pecan_wsgi/hooks/policy_enforcement.py:255}}
Jun 19 20:24:05.729776 dv-cinder-797170-2-iscsi neutron-server[93444]: INFO neutron.wsgi [req-13e58092-3c03-4377-9c89-8aa0d3c8fbb3 req-68dd29de-2533-4a50-a51a-682b8e332e20 tempest-DeleteServersTestJSON-1899889925 tempest-DeleteServersTestJSON-1899889925-project] 10.222.0.25 "GET /v2.0/ports?device_id=b576b1fa-93bf-4cf4-981a-1b2a229f1bcc HTTP/1.1" status: 200 len: 944 time: 0.1018970
Jun 19 20:24:05.765891 dv-cinder-797170-2-iscsi neutron-server[93445]: DEBUG neutron.api.rpc.handlers.resources_rpc [None req-3c05a5c6-e2ea-4cf3-afde-3afd3b7ab0b4 service neutron] Pushing event updated for resources: {'Port': ['ID=35a63877-b9bb-4cc3-8f9c-1b46ad6d5a75,revision_number=3']} {{(pid=93445) push /opt/stack/neutron/neutron/api/rpc/handlers/resources_rpc.py:237}}
Jun 19 20:24:05.774086 dv-cinder-797170-2-iscsi neutron-server[93445]: DEBUG oslo_concurrency.lockutils [None req-3c05a5c6-e2ea-4cf3-afde-3afd3b7ab0b4 service neutron] Lock "event-dispatch" released by "neutron.plugins.ml2.ovo_rpc._ObjectChangeHandler.dispatch_events" :: held 0.130s {{(pid=93445) inner /usr/local/lib/python3.8/dist-packages/oslo_concurrency/lockutils.py:367}}
Jun 19 20:24:05.789465 dv-cinder-797170-2-iscsi neutron-server[93445]: DEBUG novaclient.v2.client [-] RESP: [200] Connection: close Content-Length: 179 Content-Type: application/json Date: Sat, 19 Jun 2021 20:24:05 GMT OpenStack-API-Version: compute 2.1 Server: Apache/2.4.41 (Ubuntu) Vary: OpenStack-API-Version,X-OpenStack-Nova-API-Version X-OpenStack-Nova-API-Version: 2.1 x-compute-request-id: req-29e9ac67-f025-487d-bdb3-f969c52c5f86 x-openstack-request-id: req-29e9ac67-f025-487d-bdb3-f969c52c5f86 {{(pid=93445) _http_log_response /usr/local/lib/python3.8/dist-packages/keystoneauth1/session.py:550}}
Jun 19 20:24:05.791279 dv-cinder-797170-2-iscsi neutron-server[93445]: DEBUG novaclient.v2.client [-] RESP BODY: {"events": [{"name": "network-changed", "server_uuid": "501f22e4-0a8d-4de0-8da9-364f740665bc", "tag": "35a63877-b9bb-4cc3-8f9c-1b46ad6d5a75", "status": "completed", "code": 200}]} {{(pid=93445) _http_log_response /usr/local/lib/python3.8/dist-packages/keystoneauth1/session.py:582}}
Jun 19 20:24:05.791754 dv-cinder-797170-2-iscsi neutron-server[93445]: DEBUG novaclient.v2.client [-] POST call to compute for http://10.222.0.25/compute/v2.1/os-server-external-events used request id req-29e9ac67-f025-487d-bdb3-f969c52c5f86 {{(pid=93445) request /usr/local/lib/python3.8/dist-packages/keystoneauth1/session.py:954}}
Jun 19 20:24:05.792356 dv-cinder-797170-2-iscsi neutron-server[93445]: INFO neutron.notifiers.nova [-] Nova event response: {'name': 'network-changed', 'server_uuid': '501f22e4-0a8d-4de0-8da9-364f740665bc', 'tag': '35a63877-b9bb-4cc3-8f9c-1b46ad6d5a75', 'status': 'completed', 'code': 200}
Jun 19 20:24:05.794020 dv-cinder-797170-2-iscsi neutron-server[93445]: DEBUG neutron_lib.callbacks.manager [None req-e52584b3-fc57-480d-998c-be250ac34cf4 tempest-AttachVolumeShelveTestJSON-788871967 tempest-AttachVolumeShelveTestJSON-788871967-project] Notify callbacks ['neutron.plugins.ml2.plugin.SecurityGroupServerNotifierRpcMixin._notify_sg_on_port_after_update-649537', 'neutron.plugins.ml2.ovo_rpc._ObjectChangeHandler.handle_payload_event-5290', 'neutron.api.rpc.agentnotifiers.dhcp_rpc_agent_api.DhcpAgentNotifyAPI._native_event_send_dhcp_notification_payload-1645067', 'neutron.db.l3_dvrscheduler_db._notify_l3_agent_new_port-8777039126613', 'neutron.services.segments.plugin.NovaSegmentNotifier._notify_port_created-7941691'] for port, after_create {{(pid=93445) _notify_loop /usr/local/lib/python3.8/dist-packages/neutron_lib/callbacks/manager.py:192}}
Jun 19 20:24:05.798270 dv-cinder-797170-2-iscsi neutron-server[93445]: DEBUG oslo_concurrency.lockutils [-] Lock "event-dispatch" acquired by "neutron.plugins.ml2.ovo_rpc._ObjectChangeHandler.dispatch_events" :: waited 0.000s {{(pid=93445) inner /usr/local/lib/python3.8/dist-packages/oslo_concurrency/lockutils.py:355}}
Jun 19 20:24:05.808655 dv-cinder-797170-2-iscsi neutron-server[93444]: INFO neutron.wsgi [req-13e58092-3c03-4377-9c89-8aa0d3c8fbb3 req-6a2280e5-4e48-447a-9826-1e6ffdfd2888 tempest-DeleteServersTestJSON-1899889925 tempest-DeleteServersTestJSON-1899889925-project] 10.222.0.25 "GET /v2.0/security-groups?id=226f22b6-3b2c-4bb7-aa16-03cb43c30966&fields=id&fields=name HTTP/1.1" status: 200 len: 286 time: 0.0542314
Jun 19 20:24:05.856056 dv-cinder-797170-2-iscsi neutron-server[93445]: DEBUG neutron.scheduler.dhcp_agent_scheduler [None req-e52584b3-fc57-480d-998c-be250ac34cf4 tempest-AttachVolumeShelveTestJSON-788871967 tempest-AttachVolumeShelveTestJSON-788871967-project] Network e900000a-5acd-4e0b-9c91-57381f1bf252 is already hosted by enough agents. {{(pid=93445) _get_dhcp_agents_hosting_network /opt/stack/neutron/neutron/scheduler/dhcp_agent_scheduler.py:275}}
Jun 19 20:24:05.866509 dv-cinder-797170-2-iscsi neutron-server[93445]: DEBUG neutron.scheduler.base_scheduler [None req-e52584b3-fc57-480d-998c-be250ac34cf4 tempest-AttachVolumeShelveTestJSON-788871967 tempest-AttachVolumeShelveTestJSON-788871967-project] Resources bound (agent type, host, resource id): {{(pid=93445) schedule /opt/stack/neutron/neutron/scheduler/base_scheduler.py:57}}
Jun 19 20:24:05.869645 dv-cinder-797170-2-iscsi neutron-server[93445]: DEBUG neutron.db.l3_dvrscheduler_db [None req-e52584b3-fc57-480d-998c-be250ac34cf4 tempest-AttachVolumeShelveTestJSON-788871967 tempest-AttachVolumeShelveTestJSON-788871967-project] Received port after_create {{(pid=93445) _notify_l3_agent_new_port /opt/stack/neutron/neutron/db/l3_dvrscheduler_db.py:535}}
Jun 19 20:24:05.875923 dv-cinder-797170-2-iscsi neutron-server[93445]: DEBUG neutron.api.rpc.handlers.resources_rpc [None req-e52584b3-fc57-480d-998c-be250ac34cf4 tempest-AttachVolumeShelveTestJSON-788871967 tempest-AttachVolumeShelveTestJSON-788871967-project] Pushing event updated for resources: {'Port': ['ID=49a9fa80-1e37-4e9e-99bd-de8a9d946f6d,revision_number=1']} {{(pid=93445) push /opt/stack/neutron/neutron/api/rpc/handlers/resources_rpc.py:237}}
Jun 19 20:24:05.887399 dv-cinder-797170-2-iscsi neutron-server[93445]: DEBUG oslo_concurrency.lockutils [None req-e52584b3-fc57-480d-998c-be250ac34cf4 tempest-AttachVolumeShelveTestJSON-788871967 tempest-AttachVolumeShelveTestJSON-788871967-project] Lock "event-dispatch" released by "neutron.plugins.ml2.ovo_rpc._ObjectChangeHandler.dispatch_events" :: held 0.088s {{(pid=93445) inner /usr/local/lib/python3.8/dist-packages/oslo_concurrency/lockutils.py:367}}
Jun 19 20:24:06.032053 dv-cinder-797170-2-iscsi neutron-server[93445]: DEBUG neutron_lib.callbacks.manager [None req-e52584b3-fc57-480d-998c-be250ac34cf4 tempest-AttachVolumeShelveTestJSON-788871967 tempest-AttachVolumeShelveTestJSON-788871967-project] Notify callbacks [] for floatingip, precommit_create {{(pid=93445) _notify_loop /usr/local/lib/python3.8/dist-packages/neutron_lib/callbacks/manager.py:192}}
Jun 19 20:24:06.341160 dv-cinder-797170-2-iscsi neutron-server[93445]: DEBUG neutron_lib.callbacks.manager [None req-e52584b3-fc57-480d-998c-be250ac34cf4 tempest-AttachVolumeShelveTestJSON-788871967 tempest-AttachVolumeShelveTestJSON-788871967-project] Notify callbacks ['neutron.plugins.ml2.plugin.SecurityGroupDbMixin._ensure_default_security_group_handler_port-651156'] for port, before_update {{(pid=93445) _notify_loop /usr/local/lib/python3.8/dist-packages/neutron_lib/callbacks/manager.py:192}}
Jun 19 20:24:06.754163 dv-cinder-797170-2-iscsi neutron-server[93444]: DEBUG neutron.pecan_wsgi.hooks.policy_enforcement [req-9f1058c9-60d6-40e5-bdf1-a1ee7731c3e6 req-55f5739d-35e9-4cdb-b35c-d5d1bcc3d5e7 tempest-AttachVolumeNegativeTest-788140500 tempest-AttachVolumeNegativeTest-788140500-project] Attributes excluded by policy engine: ['standard_attr_id', 'binding:profile', 'binding:host_id', 'binding:vif_type', 'binding:vif_details'] {{(pid=93444) _exclude_attributes_by_policy /opt/stack/neutron/neutron/pecan_wsgi/hooks/policy_enforcement.py:255}}
Jun 19 20:24:06.756631 dv-cinder-797170-2-iscsi neutron-server[93444]: INFO neutron.wsgi [req-9f1058c9-60d6-40e5-bdf1-a1ee7731c3e6 req-55f5739d-35e9-4cdb-b35c-d5d1bcc3d5e7 tempest-AttachVolumeNegativeTest-788140500 tempest-AttachVolumeNegativeTest-788140500-project] 10.222.0.25 "GET /v2.0/ports?device_id=3d4b9917-592f-4dda-9e06-fd6b1718aad6 HTTP/1.1" status: 200 len: 944 time: 0.1043458
Jun 19 20:24:06.800931 dv-cinder-797170-2-iscsi neutron-server[93444]: INFO neutron.wsgi [req-9f1058c9-60d6-40e5-bdf1-a1ee7731c3e6 req-4a0e07b0-dc90-4c88-975d-04529432d440 tempest-AttachVolumeNegativeTest-788140500 tempest-AttachVolumeNegativeTest-788140500-project] 10.222.0.25 "GET /v2.0/security-groups?id=523505a5-055a-4270-ba6f-fa050c603369&fields=id&fields=name HTTP/1.1" status: 200 len: 286 time: 0.0352416
Jun 19 20:24:06.884144 dv-cinder-797170-2-iscsi neutron-server[93446]: DEBUG neutron_lib.callbacks.manager [None req-56a6d9a2-1336-4c0b-9ae7-f34fec38e0fe None None] Notify callbacks ['neutron.services.segments.db._update_segment_host_mapping_for_agent-8777039637441', 'neutron.plugins.ml2.plugin.Ml2Plugin._retry_binding_revived_agents-851784'] for agent, after_update {{(pid=93446) _notify_loop /usr/local/lib/python3.8/dist-packages/neutron_lib/callbacks/manager.py:192}}
Jun 19 20:24:06.953724 dv-cinder-797170-2-iscsi neutron-server[93445]: DEBUG neutron.pecan_wsgi.hooks.policy_enforcement [req-f054597a-28d5-42fb-a7eb-1140a6d4fe1a req-1dfcbd8c-2f05-49ad-b769-fd841fb00212 tempest-ServerRescueNegativeTestJSON-1455537356 tempest-ServerRescueNegativeTestJSON-1455537356-project] Attributes excluded by policy engine: ['standard_attr_id', 'binding:profile', 'binding:host_id', 'binding:vif_type', 'binding:vif_details'] {{(pid=93445) _exclude_attributes_by_policy /opt/stack/neutron/neutron/pecan_wsgi/hooks/policy_enforcement.py:255}}
Jun 19 20:24:06.962011 dv-cinder-797170-2-iscsi neutron-server[93445]: INFO neutron.wsgi [req-f054597a-28d5-42fb-a7eb-1140a6d4fe1a req-1dfcbd8c-2f05-49ad-b769-fd841fb00212 tempest-ServerRescueNegativeTestJSON-1455537356 tempest-ServerRescueNegativeTestJSON-1455537356-project] 10.222.0.25 "GET /v2.0/ports?device_id=70d36ecf-9598-4bce-9fd1-dbde6bafce4f HTTP/1.1" status: 200 len: 932 time: 0.1589415
Jun 19 20:24:06.973167 dv-cinder-797170-2-iscsi neutron-server[93446]: DEBUG neutron_lib.callbacks.manager [None req-7870dcdc-5932-4735-bb5f-d15f3518c7e3 None None] Notify callbacks ['neutron.services.segments.db._update_segment_host_mapping_for_agent-8777039637441', 'neutron.plugins.ml2.plugin.Ml2Plugin._retry_binding_revived_agents-851784'] for agent, after_update {{(pid=93446) _notify_loop /usr/local/lib/python3.8/dist-packages/neutron_lib/callbacks/manager.py:192}}
Jun 19 20:24:07.003908 dv-cinder-797170-2-iscsi neutron-server[93445]: DEBUG neutron_lib.callbacks.manager [None req-e52584b3-fc57-480d-998c-be250ac34cf4 tempest-AttachVolumeShelveTestJSON-788871967 tempest-AttachVolumeShelveTestJSON-788871967-project] Notify callbacks [] for port, precommit_update {{(pid=93445) _notify_loop /usr/local/lib/python3.8/dist-packages/neutron_lib/callbacks/manager.py:192}}
Jun 19 20:24:07.020359 dv-cinder-797170-2-iscsi neutron-server[93445]: INFO neutron.wsgi [req-f054597a-28d5-42fb-a7eb-1140a6d4fe1a req-e470ae2f-6578-4907-92e0-1d096d84bf53 tempest-ServerRescueNegativeTestJSON-1455537356 tempest-ServerRescueNegativeTestJSON-1455537356-project] 10.222.0.25 "GET /v2.0/security-groups?id=f37ff686-e95b-4ce7-8abe-0eeca64a9d1d&fields=id&fields=name HTTP/1.1" status: 200 len: 286 time: 0.0561736
Jun 19 20:24:07.202593 dv-cinder-797170-2-iscsi neutron-server[93444]: DEBUG neutron.pecan_wsgi.hooks.policy_enforcement [req-0e433fdb-ec47-40fa-9f90-8c5e7d751091 req-b49f991d-65c2-4f7a-bbef-97ef17f547ab tempest-DeleteServersTestJSON-1899889925 tempest-DeleteServersTestJSON-1899889925-project] Attributes excluded by policy engine: ['standard_attr_id', 'binding:profile', 'binding:host_id', 'binding:vif_type', 'binding:vif_details'] {{(pid=93444) _exclude_attributes_by_policy /opt/stack/neutron/neutron/pecan_wsgi/hooks/policy_enforcement.py:255}}
Jun 19 20:24:07.202593 dv-cinder-797170-2-iscsi neutron-server[93444]: INFO neutron.wsgi [req-0e433fdb-ec47-40fa-9f90-8c5e7d751091 req-b49f991d-65c2-4f7a-bbef-97ef17f547ab tempest-DeleteServersTestJSON-1899889925 tempest-DeleteServersTestJSON-1899889925-project] 10.222.0.25 "GET /v2.0/ports?device_id=b576b1fa-93bf-4cf4-981a-1b2a229f1bcc HTTP/1.1" status: 200 len: 944 time: 0.1310058
Jun 19 20:24:07.202593 dv-cinder-797170-2-iscsi neutron-server[93444]: INFO neutron.wsgi [req-0e433fdb-ec47-40fa-9f90-8c5e7d751091 req-36e6348a-ecaf-48d4-9120-4bd8be04a285 tempest-DeleteServersTestJSON-1899889925 tempest-DeleteServersTestJSON-1899889925-project] 10.222.0.25 "GET /v2.0/security-groups?id=226f22b6-3b2c-4bb7-aa16-03cb43c30966&fields=id&fields=name HTTP/1.1" status: 200 len: 286 time: 0.0315742
Jun 19 20:24:07.342310 dv-cinder-797170-2-iscsi neutron-server[93445]: DEBUG neutron_lib.callbacks.manager [None req-e52584b3-fc57-480d-998c-be250ac34cf4 tempest-AttachVolumeShelveTestJSON-788871967 tempest-AttachVolumeShelveTestJSON-788871967-project] Notify callbacks ['neutron.plugins.ml2.plugin.SecurityGroupServerNotifierRpcMixin.notify_sg_on_port_change-649590', 'neutron.plugins.ml2.ovo_rpc._ObjectChangeHandler.handle_event-5265', 'neutron.api.rpc.agentnotifiers.dhcp_rpc_agent_api.DhcpAgentNotifyAPI._native_event_send_dhcp_notification-1645056', 'neutron.db.l3_db.L3RpcNotifierMixin._notify_gateway_port_ip_changed-8777039556563', 'neutron.db.l3_dvrscheduler_db._notify_l3_agent_port_update-8777039126631', 'neutron.db.l3_hascheduler_db._notify_l3_agent_ha_port_update-8777039126676', 'neutron.services.segments.plugin.NovaSegmentNotifier._notify_port_updated-7941645'] for port, after_update {{(pid=93445) _notify_loop /usr/local/lib/python3.8/dist-packages/neutron_lib/callbacks/manager.py:192}}
Jun 19 20:24:07.344787 dv-cinder-797170-2-iscsi neutron-server[93445]: DEBUG oslo_concurrency.lockutils [None req-01aa1460-24f9-46da-ab6f-2f1bacba5e94 service neutron] Lock "event-dispatch" acquired by "neutron.plugins.ml2.ovo_rpc._ObjectChangeHandler.dispatch_events" :: waited 0.000s {{(pid=93445) inner /usr/local/lib/python3.8/dist-packages/oslo_concurrency/lockutils.py:355}}
Jun 19 20:24:07.393765 dv-cinder-797170-2-iscsi neutron-server[93446]: DEBUG neutron_lib.callbacks.manager [None req-84d49531-13a5-4752-b461-d10de724124d None None] Notify callbacks ['neutron.services.segments.db._update_segment_host_mapping_for_agent-8777039637441', 'neutron.plugins.ml2.plugin.Ml2Plugin._retry_binding_revived_agents-851784'] for agent, after_update {{(pid=93446) _notify_loop /usr/local/lib/python3.8/dist-packages/neutron_lib/callbacks/manager.py:192}}
Jun 19 20:24:07.419868 dv-cinder-797170-2-iscsi neutron-server[93445]: DEBUG neutron.api.rpc.handlers.resources_rpc [None req-e52584b3-fc57-480d-998c-be250ac34cf4 tempest-AttachVolumeShelveTestJSON-788871967 tempest-AttachVolumeShelveTestJSON-788871967-project] Pushing event updated for resources: {'Port': ['ID=49a9fa80-1e37-4e9e-99bd-de8a9d946f6d,revision_number=2']} {{(pid=93445) push /opt/stack/neutron/neutron/api/rpc/handlers/resources_rpc.py:237}}
Jun 19 20:24:07.424193 dv-cinder-797170-2-iscsi neutron-server[93445]: DEBUG oslo_concurrency.lockutils [None req-e52584b3-fc57-480d-998c-be250ac34cf4 tempest-AttachVolumeShelveTestJSON-788871967 tempest-AttachVolumeShelveTestJSON-788871967-project] Lock "event-dispatch" released by "neutron.plugins.ml2.ovo_rpc._ObjectChangeHandler.dispatch_events" :: held 0.079s {{(pid=93445) inner /usr/local/lib/python3.8/dist-packages/oslo_concurrency/lockutils.py:367}}
Jun 19 20:24:07.428080 dv-cinder-797170-2-iscsi neutron-server[93445]: DEBUG neutron_lib.callbacks.manager [None req-e52584b3-fc57-480d-998c-be250ac34cf4 tempest-AttachVolumeShelveTestJSON-788871967 tempest-AttachVolumeShelveTestJSON-788871967-project] Notify callbacks ['neutron.services.l3_router.l3_router_plugin.DVRResourceOperationHandler._create_dvr_floating_gw_port-2087817'] for floatingip, after_update {{(pid=93445) _notify_loop /usr/local/lib/python3.8/dist-packages/neutron_lib/callbacks/manager.py:192}}
Jun 19 20:24:07.557489 dv-cinder-797170-2-iscsi neutron-server[93445]: DEBUG neutron_lib.callbacks.manager [None req-e52584b3-fc57-480d-998c-be250ac34cf4 tempest-AttachVolumeShelveTestJSON-788871967 tempest-AttachVolumeShelveTestJSON-788871967-project] Notify callbacks ['neutron.notifiers.nova.Notifier._send_nova_notification-121328'] for floatingip, before_response {{(pid=93445) _notify_loop /usr/local/lib/python3.8/dist-packages/neutron_lib/callbacks/manager.py:192}}
Jun 19 20:24:07.558799 dv-cinder-797170-2-iscsi neutron-server[93445]: INFO neutron.wsgi [None req-e52584b3-fc57-480d-998c-be250ac34cf4 tempest-AttachVolumeShelveTestJSON-788871967 tempest-AttachVolumeShelveTestJSON-788871967-project] 10.222.0.25 "POST /v2.0/floatingips HTTP/1.1" status: 201 len: 693 time: 2.8083575
Jun 19 20:24:07.918331 dv-cinder-797170-2-iscsi neutron-server[93445]: INFO neutron.wsgi [req-772f08fc-4697-40fb-925e-34dbb94eeb91 req-a9b315ee-a6d5-49cd-a90c-09bf79e2b71e tempest-AttachVolumeShelveTestJSON-788871967 tempest-AttachVolumeShelveTestJSON-788871967-project] 10.222.0.25 "GET /v2.0/security-groups?name=tempest-securitygroup--501345982&fields=id&tenant_id=face394502f545579a98e2298f013218 HTTP/1.1" status: 200 len: 267 time: 0.0477462
Jun 19 20:24:08.006560 dv-cinder-797170-2-iscsi neutron-server[93444]: DEBUG neutron.pecan_wsgi.hooks.policy_enforcement [req-1a309ecf-3e54-4813-9280-1ff9ff1e601b req-b1a631fa-73cf-4629-aa0c-36ae1bfed26b tempest-AttachVolumeNegativeTest-788140500 tempest-AttachVolumeNegativeTest-788140500-project] Attributes excluded by policy engine: ['standard_attr_id', 'binding:profile', 'binding:host_id', 'binding:vif_type', 'binding:vif_details'] {{(pid=93444) _exclude_attributes_by_policy /opt/stack/neutron/neutron/pecan_wsgi/hooks/policy_enforcement.py:255}}
Jun 19 20:24:08.009943 dv-cinder-797170-2-iscsi neutron-server[93444]: INFO neutron.wsgi [req-1a309ecf-3e54-4813-9280-1ff9ff1e601b req-b1a631fa-73cf-4629-aa0c-36ae1bfed26b tempest-AttachVolumeNegativeTest-788140500 tempest-AttachVolumeNegativeTest-788140500-project] 10.222.0.25 "GET /v2.0/ports?device_id=3d4b9917-592f-4dda-9e06-fd6b1718aad6 HTTP/1.1" status: 200 len: 944 time: 0.0855951
Jun 19 20:24:08.055682 dv-cinder-797170-2-iscsi neutron-server[93445]: DEBUG neutron.pecan_wsgi.hooks.policy_enforcement [req-772f08fc-4697-40fb-925e-34dbb94eeb91 req-f4fdecbf-d76c-4ac6-88f3-dddb9e49c79e tempest-AttachVolumeShelveTestJSON-788871967 tempest-AttachVolumeShelveTestJSON-788871967-project] Attributes excluded by policy engine: ['standard_attr_id', 'vlan_transparent', 'provider:network_type', 'provider:physical_network', 'provider:segmentation_id'] {{(pid=93445) _exclude_attributes_by_policy /opt/stack/neutron/neutron/pecan_wsgi/hooks/policy_enforcement.py:255}}
Jun 19 20:24:08.057243 dv-cinder-797170-2-iscsi neutron-server[93445]: INFO neutron.wsgi [req-772f08fc-4697-40fb-925e-34dbb94eeb91 req-f4fdecbf-d76c-4ac6-88f3-dddb9e49c79e tempest-AttachVolumeShelveTestJSON-788871967 tempest-AttachVolumeShelveTestJSON-788871967-project] 10.222.0.25 "GET /v2.0/networks?id=23288998-8f8b-4462-b776-646d9897190e HTTP/1.1" status: 200 len: 817 time: 0.1300170
Jun 19 20:24:08.058303 dv-cinder-797170-2-iscsi neutron-server[93444]: INFO neutron.wsgi [req-1a309ecf-3e54-4813-9280-1ff9ff1e601b req-4da75cfe-11bc-4293-b63b-9ba9d256ba49 tempest-AttachVolumeNegativeTest-788140500 tempest-AttachVolumeNegativeTest-788140500-project] 10.222.0.25 "GET /v2.0/security-groups?id=523505a5-055a-4270-ba6f-fa050c603369&fields=id&fields=name HTTP/1.1" status: 200 len: 286 time: 0.0422208
Jun 19 20:24:08.071473 dv-cinder-797170-2-iscsi neutron-server[93446]: DEBUG neutron_lib.callbacks.manager [None req-727979e7-cb91-4daa-9a13-7b9944ba5419 None None] Notify callbacks ['neutron.services.segments.db._update_segment_host_mapping_for_agent-8777039637441', 'neutron.plugins.ml2.plugin.Ml2Plugin._retry_binding_revived_agents-851784'] for agent, after_update {{(pid=93446) _notify_loop /usr/local/lib/python3.8/dist-packages/neutron_lib/callbacks/manager.py:192}}
Jun 19 20:24:08.099484 dv-cinder-797170-2-iscsi neutron-server[93445]: INFO neutron.wsgi [req-772f08fc-4697-40fb-925e-34dbb94eeb91 req-f02f0f19-7156-47f3-b13b-d3aa9313bca0 tempest-AttachVolumeShelveTestJSON-788871967 tempest-AttachVolumeShelveTestJSON-788871967-project] 10.222.0.25 "GET /v2.0/quotas/face394502f545579a98e2298f013218 HTTP/1.1" status: 200 len: 375 time: 0.0344155
Jun 19 20:24:08.184678 dv-cinder-797170-2-iscsi neutron-server[93445]: INFO neutron.wsgi [req-772f08fc-4697-40fb-925e-34dbb94eeb91 req-2f2ba0df-60d5-4f2a-973b-bbb455539fcc tempest-AttachVolumeShelveTestJSON-788871967 tempest-AttachVolumeShelveTestJSON-788871967-project] 10.222.0.25 "GET /v2.0/ports?tenant_id=face394502f545579a98e2298f013218&fields=id HTTP/1.1" status: 200 len: 348 time: 0.0838702
Jun 19 20:24:08.234302 dv-cinder-797170-2-iscsi neutron-server[93444]: DEBUG neutron.pecan_wsgi.hooks.policy_enforcement [req-9dc8091c-2982-44a6-a4ba-18ced7c0b128 req-3d665602-a5d6-48ac-9b0e-3edffd02c89d tempest-ServerRescueNegativeTestJSON-1455537356 tempest-ServerRescueNegativeTestJSON-1455537356-project] Attributes excluded by policy engine: ['standard_attr_id', 'binding:profile', 'binding:host_id', 'binding:vif_type', 'binding:vif_details'] {{(pid=93444) _exclude_attributes_by_policy /opt/stack/neutron/neutron/pecan_wsgi/hooks/policy_enforcement.py:255}}
Jun 19 20:24:08.234302 dv-cinder-797170-2-iscsi neutron-server[93444]: INFO neutron.wsgi [req-9dc8091c-2982-44a6-a4ba-18ced7c0b128 req-3d665602-a5d6-48ac-9b0e-3edffd02c89d tempest-ServerRescueNegativeTestJSON-1455537356 tempest-ServerRescueNegativeTestJSON-1455537356-project] 10.222.0.25 "GET /v2.0/ports?device_id=70d36ecf-9598-4bce-9fd1-dbde6bafce4f HTTP/1.1" status: 200 len: 932 time: 0.0654912
Jun 19 20:24:08.279654 dv-cinder-797170-2-iscsi neutron-server[93444]: INFO neutron.wsgi [req-9dc8091c-2982-44a6-a4ba-18ced7c0b128 req-e4ac88cb-34ac-4bcc-ac8b-7704e12e4938 tempest-ServerRescueNegativeTestJSON-1455537356 tempest-ServerRescueNegativeTestJSON-1455537356-project] 10.222.0.25 "GET /v2.0/security-groups?id=f37ff686-e95b-4ce7-8abe-0eeca64a9d1d&fields=id&fields=name HTTP/1.1" status: 200 len: 286 time: 0.0325105
Jun 19 20:24:08.293375 dv-cinder-797170-2-iscsi neutron-server[93445]: INFO neutron.wsgi [req-772f08fc-4697-40fb-925e-34dbb94eeb91 req-65681f0f-d761-4625-aa20-cd854c5e2bf1 service neutron] 10.222.0.25 "GET /v2.0/networks/23288998-8f8b-4462-b776-646d9897190e?fields=segments HTTP/1.1" status: 200 len: 212 time: 0.0950937
Jun 19 20:24:08.384992 dv-cinder-797170-2-iscsi neutron-server[93445]: INFO neutron.wsgi [req-772f08fc-4697-40fb-925e-34dbb94eeb91 req-18740584-c13f-4dbe-af53-059433a32995 service neutron] 10.222.0.25 "GET /v2.0/networks/23288998-8f8b-4462-b776-646d9897190e?fields=provider%3Aphysical_network&fields=provider%3Anetwork_type HTTP/1.1" status: 200 len: 281 time: 0.0858214
Jun 19 20:24:08.438320 dv-cinder-797170-2-iscsi neutron-server[93444]: DEBUG neutron.pecan_wsgi.hooks.policy_enforcement [req-9166fb2f-ce72-4df0-aeb9-035e141e8125 req-3fe6bb85-4aa8-442c-b610-afd58a14b882 tempest-DeleteServersTestJSON-1899889925 tempest-DeleteServersTestJSON-1899889925-project] Attributes excluded by policy engine: ['standard_attr_id', 'binding:profile', 'binding:host_id', 'binding:vif_type', 'binding:vif_details'] {{(pid=93444) _exclude_attributes_by_policy /opt/stack/neutron/neutron/pecan_wsgi/hooks/policy_enforcement.py:255}}
Jun 19 20:24:08.440142 dv-cinder-797170-2-iscsi neutron-server[93444]: INFO neutron.wsgi [req-9166fb2f-ce72-4df0-aeb9-035e141e8125 req-3fe6bb85-4aa8-442c-b610-afd58a14b882 tempest-DeleteServersTestJSON-1899889925 tempest-DeleteServersTestJSON-1899889925-project] 10.222.0.25 "GET /v2.0/ports?device_id=b576b1fa-93bf-4cf4-981a-1b2a229f1bcc HTTP/1.1" status: 200 len: 944 time: 0.0677583
Jun 19 20:24:08.479176 dv-cinder-797170-2-iscsi neutron-server[93444]: INFO neutron.wsgi [req-9166fb2f-ce72-4df0-aeb9-035e141e8125 req-942a4bb5-a9e4-4ea0-a893-b5fd7f0d74f2 tempest-DeleteServersTestJSON-1899889925 tempest-DeleteServersTestJSON-1899889925-project] 10.222.0.25 "GET /v2.0/security-groups?id=226f22b6-3b2c-4bb7-aa16-03cb43c30966&fields=id&fields=name HTTP/1.1" status: 200 len: 286 time: 0.0326321
Jun 19 20:24:08.808722 dv-cinder-797170-2-iscsi neutron-server[93444]: INFO neutron.wsgi [req-c53c1d4b-b2cc-4b0b-ab7e-f66b6f735a02 req-b50c0676-2258-40da-8f3d-769ec4b018ee tempest-AttachVolumeShelveTestJSON-788871967 tempest-AttachVolumeShelveTestJSON-788871967-project] 10.222.0.25 "GET /v2.0/ports?device_id=22e2a075-df2b-4331-a306-781d658c9ecf HTTP/1.1" status: 200 len: 210 time: 0.0289917
Jun 19 20:24:08.949260 dv-cinder-797170-2-iscsi neutron-server[93444]: DEBUG neutron.api.v2.base [req-6e8122b2-a611-4eb2-9494-57656dd92dda req-e2f0add9-062b-4bf7-b05f-fb1fcc62aa3f service neutron] Request body: {'port': {'device_id': '70d36ecf-9598-4bce-9fd1-dbde6bafce4f', 'device_owner': 'compute:nova', 'binding:host_id': 'hv-cinder-79717'}} {{(pid=93444) prepare_request_body /opt/stack/neutron/neutron/api/v2/base.py:729}}
Jun 19 20:24:08.984165 dv-cinder-797170-2-iscsi neutron-server[93445]: INFO neutron.wsgi [req-8efc9fc7-6984-487a-b7a2-16e58373f0e5 req-16d47287-a7aa-4d31-9750-2e11cca542f5 service neutron] 10.222.0.22 "GET /v2.0/ports?network_id=e659d689-690a-458a-ad02-4fb8313c0ed1&device_owner=network%3Adhcp HTTP/1.1" status: 200 len: 210 time: 0.0404987
Jun 19 20:24:09.025205 dv-cinder-797170-2-iscsi neutron-server[93444]: DEBUG neutron.pecan_wsgi.hooks.policy_enforcement [req-fb9c8988-742d-4c0f-93e9-02447ee4c2b9 req-34ebe4fe-3e92-4677-9b6e-4b252ac83602 service neutron] Attributes excluded by policy engine: ['standard_attr_id', 'shared', 'segment_id'] {{(pid=93444) _exclude_attributes_by_policy /opt/stack/neutron/neutron/pecan_wsgi/hooks/policy_enforcement.py:255}}
Jun 19 20:24:09.026718 dv-cinder-797170-2-iscsi neutron-server[93444]: INFO neutron.wsgi [req-fb9c8988-742d-4c0f-93e9-02447ee4c2b9 req-34ebe4fe-3e92-4677-9b6e-4b252ac83602 service neutron] 10.222.0.22 "GET /v2.0/subnets?id=110d42a3-fc79-45e8-8434-e81b9e8e1954 HTTP/1.1" status: 200 len: 851 time: 0.0834796
Jun 19 20:24:09.064124 dv-cinder-797170-2-iscsi neutron-server[93444]: DEBUG neutron_lib.callbacks.manager [req-6e8122b2-a611-4eb2-9494-57656dd92dda req-e2f0add9-062b-4bf7-b05f-fb1fcc62aa3f service neutron] Notify callbacks ['neutron.plugins.ml2.plugin.SecurityGroupDbMixin._ensure_default_security_group_handler_port-651156'] for port, before_update {{(pid=93444) _notify_loop /usr/local/lib/python3.8/dist-packages/neutron_lib/callbacks/manager.py:192}}
Jun 19 20:24:09.140620 dv-cinder-797170-2-iscsi neutron-server[93444]: INFO neutron.wsgi [req-fb9c8988-742d-4c0f-93e9-02447ee4c2b9 req-3c0cbded-c736-4c87-ae93-bdaa2450bfbf service neutron] 10.222.0.22 "GET /v2.0/ports?network_id=3e5f02f9-c4b3-4e41-bd46-6749b0279868&device_owner=network%3Adhcp HTTP/1.1" status: 200 len: 210 time: 0.0316408
Jun 19 20:24:09.200217 dv-cinder-797170-2-iscsi neutron-server[93445]: INFO neutron.wsgi [req-8efc9fc7-6984-487a-b7a2-16e58373f0e5 req-32096de4-639e-4e21-b3cc-a11b8ae44b4f service neutron] 10.222.0.22 "GET /v2.0/networks/e659d689-690a-458a-ad02-4fb8313c0ed1?fields=segments HTTP/1.1" status: 200 len: 212 time: 0.0944264
Jun 19 20:24:09.334768 dv-cinder-797170-2-iscsi neutron-server[93445]: INFO neutron.wsgi [req-8efc9fc7-6984-487a-b7a2-16e58373f0e5 req-c9ad0bff-144f-4710-9c78-2a1673c26381 service neutron] 10.222.0.22 "GET /v2.0/networks/e659d689-690a-458a-ad02-4fb8313c0ed1?fields=provider%3Aphysical_network&fields=provider%3Anetwork_type HTTP/1.1" status: 200 len: 281 time: 0.1264215
Jun 19 20:24:09.362946 dv-cinder-797170-2-iscsi neutron-server[93444]: INFO neutron.wsgi [req-fb9c8988-742d-4c0f-93e9-02447ee4c2b9 req-9679005c-26cd-4ab6-a32a-34458328ce20 service neutron] 10.222.0.22 "GET /v2.0/networks/3e5f02f9-c4b3-4e41-bd46-6749b0279868?fields=segments HTTP/1.1" status: 200 len: 212 time: 0.2142503
Jun 19 20:24:09.451501 dv-cinder-797170-2-iscsi neutron-server[93445]: DEBUG neutron.pecan_wsgi.hooks.policy_enforcement [req-0c0449a4-c4b7-40eb-a497-10bd0d7f1412 req-01e9123a-6a2f-4394-9a1a-05fae3d845da service neutron] Attributes excluded by policy engine: ['standard_attr_id'] {{(pid=93445) _exclude_attributes_by_policy /opt/stack/neutron/neutron/pecan_wsgi/hooks/policy_enforcement.py:255}}
Jun 19 20:24:09.453041 dv-cinder-797170-2-iscsi neutron-server[93445]: INFO neutron.wsgi [req-0c0449a4-c4b7-40eb-a497-10bd0d7f1412 req-01e9123a-6a2f-4394-9a1a-05fae3d845da service neutron] 10.222.0.22 "GET /v2.0/ports?tenant_id=d0473e7bfdaf4c3e918e9042ca91db3f&device_id=501f22e4-0a8d-4de0-8da9-364f740665bc HTTP/1.1" status: 200 len: 1096 time: 0.2522764
Jun 19 20:24:09.462550 dv-cinder-797170-2-iscsi neutron-server[93445]: DEBUG neutron.pecan_wsgi.hooks.policy_enforcement [req-d1985319-0b78-432d-b834-5c761a598713 req-23626512-2ec6-47d2-b3da-3d4f31f9b077 tempest-AttachVolumeNegativeTest-788140500 tempest-AttachVolumeNegativeTest-788140500-project] Attributes excluded by policy engine: ['standard_attr_id', 'binding:profile', 'binding:host_id', 'binding:vif_type', 'binding:vif_details'] {{(pid=93445) _exclude_attributes_by_policy /opt/stack/neutron/neutron/pecan_wsgi/hooks/policy_enforcement.py:255}}
Jun 19 20:24:09.463913 dv-cinder-797170-2-iscsi neutron-server[93445]: INFO neutron.wsgi [req-d1985319-0b78-432d-b834-5c761a598713 req-23626512-2ec6-47d2-b3da-3d4f31f9b077 tempest-AttachVolumeNegativeTest-788140500 tempest-AttachVolumeNegativeTest-788140500-project] 10.222.0.25 "GET /v2.0/ports?device_id=3d4b9917-592f-4dda-9e06-fd6b1718aad6 HTTP/1.1" status: 200 len: 944 time: 0.1274335
Jun 19 20:24:09.631300 dv-cinder-797170-2-iscsi neutron-server[93445]: INFO neutron.wsgi [req-d1985319-0b78-432d-b834-5c761a598713 req-4887bd06-c081-4b1e-b716-01ff9342db92 tempest-AttachVolumeNegativeTest-788140500 tempest-AttachVolumeNegativeTest-788140500-project] 10.222.0.25 "GET /v2.0/security-groups?id=523505a5-055a-4270-ba6f-fa050c603369&fields=id&fields=name HTTP/1.1" status: 200 len: 286 time: 0.1506317
Jun 19 20:24:09.650393 dv-cinder-797170-2-iscsi neutron-server[93444]: DEBUG neutron.pecan_wsgi.hooks.policy_enforcement [req-419eea53-7cbc-492b-b9bf-462d713661c1 req-dd3e860f-ed1b-4fd2-9ef7-18fbca3af648 tempest-ServerRescueNegativeTestJSON-1455537356 tempest-ServerRescueNegativeTestJSON-1455537356-project] Attributes excluded by policy engine: ['standard_attr_id', 'binding:profile', 'binding:host_id', 'binding:vif_type', 'binding:vif_details'] {{(pid=93444) _exclude_attributes_by_policy /opt/stack/neutron/neutron/pecan_wsgi/hooks/policy_enforcement.py:255}}
Jun 19 20:24:09.651385 dv-cinder-797170-2-iscsi neutron-server[93444]: INFO neutron.wsgi [req-419eea53-7cbc-492b-b9bf-462d713661c1 req-dd3e860f-ed1b-4fd2-9ef7-18fbca3af648 tempest-ServerRescueNegativeTestJSON-1455537356 tempest-ServerRescueNegativeTestJSON-1455537356-project] 10.222.0.25 "GET /v2.0/ports?device_id=70d36ecf-9598-4bce-9fd1-dbde6bafce4f HTTP/1.1" status: 200 len: 932 time: 0.2236671
Jun 19 20:24:09.655062 dv-cinder-797170-2-iscsi neutron-server[93444]: DEBUG neutron.notifiers.nova [req-6e8122b2-a611-4eb2-9494-57656dd92dda req-e2f0add9-062b-4bf7-b05f-fb1fcc62aa3f service neutron] Ignoring state change previous_port_status: DOWN current_port_status: DOWN port_id bd73c374-b5e5-432b-adb2-eba35e034c6f {{(pid=93444) record_port_status_changed /opt/stack/neutron/neutron/notifiers/nova.py:224}}
Jun 19 20:24:09.665953 dv-cinder-797170-2-iscsi neutron-server[93444]: DEBUG neutron_lib.callbacks.manager [req-6e8122b2-a611-4eb2-9494-57656dd92dda req-e2f0add9-062b-4bf7-b05f-fb1fcc62aa3f service neutron] Notify callbacks [] for port, precommit_update {{(pid=93444) _notify_loop /usr/local/lib/python3.8/dist-packages/neutron_lib/callbacks/manager.py:192}}
Jun 19 20:24:09.670203 dv-cinder-797170-2-iscsi neutron-server[93444]: INFO neutron.wsgi [req-fb9c8988-742d-4c0f-93e9-02447ee4c2b9 req-7d60eb32-2eeb-4035-82bc-4276ac0bf861 service neutron] 10.222.0.22 "GET /v2.0/networks/3e5f02f9-c4b3-4e41-bd46-6749b0279868?fields=provider%3Aphysical_network&fields=provider%3Anetwork_type HTTP/1.1" status: 200 len: 281 time: 0.2942376
Jun 19 20:24:09.696244 dv-cinder-797170-2-iscsi neutron-server[93445]: DEBUG neutron.pecan_wsgi.hooks.policy_enforcement [req-0c0449a4-c4b7-40eb-a497-10bd0d7f1412 req-0ea205cc-00cf-4be8-829f-d7e76bd10b97 service neutron] Attributes excluded by policy engine: ['standard_attr_id', 'vlan_transparent'] {{(pid=93445) _exclude_attributes_by_policy /opt/stack/neutron/neutron/pecan_wsgi/hooks/policy_enforcement.py:255}}
Jun 19 20:24:09.701577 dv-cinder-797170-2-iscsi neutron-server[93445]: INFO neutron.wsgi [req-0c0449a4-c4b7-40eb-a497-10bd0d7f1412 req-0ea205cc-00cf-4be8-829f-d7e76bd10b97 service neutron] 10.222.0.22 "GET /v2.0/networks?tenant_id=d0473e7bfdaf4c3e918e9042ca91db3f&shared=False HTTP/1.1" status: 200 len: 920 time: 0.2329476
Jun 19 20:24:09.712176 dv-cinder-797170-2-iscsi neutron-server[93444]: DEBUG neutron.db.provisioning_blocks [req-6e8122b2-a611-4eb2-9494-57656dd92dda req-e2f0add9-062b-4bf7-b05f-fb1fcc62aa3f service neutron] Transition to ACTIVE for port object bd73c374-b5e5-432b-adb2-eba35e034c6f will not be triggered until provisioned by entity L2. {{(pid=93444) add_provisioning_component /opt/stack/neutron/neutron/db/provisioning_blocks.py:73}}
