Jun 19 20:17:11.415474 dv-cinder-797170-2-iscsi devstack@n-api.service[92752]: DEBUG nova.api.openstack.wsgi [None req-d03acd6a-b444-475c-807a-44d3aebc9b46 admin admin] Action: 'create', calling method: >, body: {"flavor": {"rxtx_factor": 1.0, "swap": 0, "OS-FLV-EXT-DATA:ephemeral": 0, "os-flavor-access:is_public": true, "vcpus": 1, "disk": 5, "name": "ds512M", "ram": 512, "id": "d1"}} {{(pid=92752) _process_stack /opt/stack/nova/nova/api/openstack/wsgi.py:511}}
Jun 19 20:17:11.434139 dv-cinder-797170-2-iscsi devstack@n-api.service[92752]: /usr/local/lib/python3.8/dist-packages/oslo_policy/policy.py:1064: UserWarning: Policy os_compute_api:os-flavor-manage:create failed scope check. The token used to make the request was project scoped but the policy requires ['system'] scope. This behavior may change in the future where using the intended scope is required
Jun 19 20:17:11.434139 dv-cinder-797170-2-iscsi devstack@n-api.service[92752]: warnings.warn(msg)
Jun 19 20:17:11.757045 dv-cinder-797170-2-iscsi devstack@n-api.service[92752]: INFO nova.api.openstack.requestlog [None req-d03acd6a-b444-475c-807a-44d3aebc9b46 admin admin] 10.222.0.25 "POST /compute/v2.1/flavors" status: 200 len: 404 microversion: 2.61 time: 0.441012
Jun 19 20:17:11.757606 dv-cinder-797170-2-iscsi devstack@n-api.service[92752]: [pid: 92752|app: 0|req: 5/8] 10.222.0.25 () {64 vars in 1282 bytes} [Sat Jun 19 20:17:11 2021] POST /compute/v2.1/flavors => generated 404 bytes in 443 msecs (HTTP/1.1 200) 9 headers in 359 bytes (1 switches on core 0)
Jun 19 20:17:11.769088 dv-cinder-797170-2-iscsi devstack@n-api.service[92751]: DEBUG nova.api.openstack.wsgi [None req-eb2cd342-ede5-46fe-a437-9deb0ecd26f5 admin admin] Action: 'create', calling method: >, body: {"extra_specs": {"hw_rng:allowed": "True"}} {{(pid=92751) _process_stack /opt/stack/nova/nova/api/openstack/wsgi.py:511}}
Jun 19 20:17:11.770577 dv-cinder-797170-2-iscsi devstack@n-api.service[92751]: /usr/local/lib/python3.8/dist-packages/oslo_policy/policy.py:1064: UserWarning: Policy os_compute_api:os-flavor-extra-specs:create failed scope check. The token used to make the request was project scoped but the policy requires ['system'] scope. This behavior may change in the future where using the intended scope is required
Jun 19 20:17:11.770577 dv-cinder-797170-2-iscsi devstack@n-api.service[92751]: warnings.warn(msg)
Jun 19 20:17:12.010708 dv-cinder-797170-2-iscsi devstack@n-api.service[92751]: INFO nova.api.openstack.requestlog [None req-eb2cd342-ede5-46fe-a437-9deb0ecd26f5 admin admin] 10.222.0.25 "POST /compute/v2.1/flavors/d1/os-extra_specs" status: 200 len: 43 microversion: 2.61 time: 0.245221
Jun 19 20:17:12.011294 dv-cinder-797170-2-iscsi devstack@n-api.service[92751]: [pid: 92751|app: 0|req: 4/9] 10.222.0.25 () {64 vars in 1335 bytes} [Sat Jun 19 20:17:11 2021] POST /compute/v2.1/flavors/d1/os-extra_specs => generated 43 bytes in 246 msecs (HTTP/1.1 200) 9 headers in 358 bytes (1 switches on core 0)
Jun 19 20:17:14.169184 dv-cinder-797170-2-iscsi devstack@n-api.service[92752]: DEBUG nova.api.openstack.wsgi [None req-d03acd6a-b444-475c-807a-44d3aebc9b46 admin admin] Calling method '>' {{(pid=92752) _process_stack /opt/stack/nova/nova/api/openstack/wsgi.py:513}}
Jun 19 20:17:14.170197 dv-cinder-797170-2-iscsi devstack@n-api.service[92752]: INFO nova.api.openstack.requestlog [None req-d03acd6a-b444-475c-807a-44d3aebc9b46 admin admin] 10.222.0.25 "GET /compute/v2.1" status: 200 len: 388 microversion: 2.1 time: 0.001483
Jun 19 20:17:14.170620 dv-cinder-797170-2-iscsi devstack@n-api.service[92752]: [pid: 92752|app: 0|req: 6/10] 10.222.0.25 () {54 vars in 930 bytes} [Sat Jun 19 20:17:14 2021] GET /compute/v2.1 => generated 388 bytes in 2 msecs (HTTP/1.1 200) 9 headers in 357 bytes (1 switches on core 0)
Jun 19 20:17:14.228513 dv-cinder-797170-2-iscsi devstack@n-api.service[92751]: DEBUG nova.api.openstack.wsgi [None req-c8e73dd3-51f9-41ff-bf14-ab7de4063417 admin admin] Action: 'create', calling method: >, body: {"flavor": {"disk": 10, "ram": 1024, "OS-FLV-EXT-DATA:ephemeral": 0, "vcpus": 1, "swap": 0, "id": "d2", "rxtx_factor": 1.0, "name": "ds1G", "os-flavor-access:is_public": true}} {{(pid=92751) _process_stack /opt/stack/nova/nova/api/openstack/wsgi.py:511}}
Jun 19 20:17:14.333830 dv-cinder-797170-2-iscsi devstack@n-api.service[92751]: INFO nova.api.openstack.requestlog [None req-c8e73dd3-51f9-41ff-bf14-ab7de4063417 admin admin] 10.222.0.25 "POST /compute/v2.1/flavors" status: 200 len: 404 microversion: 2.61 time: 0.156919
Jun 19 20:17:14.334552 dv-cinder-797170-2-iscsi devstack@n-api.service[92751]: [pid: 92751|app: 0|req: 5/11] 10.222.0.25 () {64 vars in 1282 bytes} [Sat Jun 19 20:17:14 2021] POST /compute/v2.1/flavors => generated 404 bytes in 158 msecs (HTTP/1.1 200) 9 headers in 359 bytes (1 switches on core 0)
Jun 19 20:17:14.346486 dv-cinder-797170-2-iscsi devstack@n-api.service[92752]: DEBUG nova.api.openstack.wsgi [None req-64b70a3e-5326-4a43-bfdc-ae3df424d6a2 admin admin] Action: 'create', calling method: >, body: {"extra_specs": {"hw_rng:allowed": "True"}} {{(pid=92752) _process_stack /opt/stack/nova/nova/api/openstack/wsgi.py:511}}
Jun 19 20:17:14.428384 dv-cinder-797170-2-iscsi devstack@n-api.service[92752]: INFO nova.api.openstack.requestlog [None req-64b70a3e-5326-4a43-bfdc-ae3df424d6a2 admin admin] 10.222.0.25 "POST /compute/v2.1/flavors/d2/os-extra_specs" status: 200 len: 43 microversion: 2.61 time: 0.084724
Jun 19 20:17:14.429072 dv-cinder-797170-2-iscsi devstack@n-api.service[92752]: [pid: 92752|app: 0|req: 7/12] 10.222.0.25 () {64 vars in 1335 bytes} [Sat Jun 19 20:17:14 2021] POST /compute/v2.1/flavors/d2/os-extra_specs => generated 43 bytes in 87 msecs (HTTP/1.1 200) 9 headers in 358 bytes (1 switches on core 0)
Jun 19 20:17:16.617055 dv-cinder-797170-2-iscsi devstack@n-api.service[92751]: DEBUG nova.api.openstack.wsgi [None req-c8e73dd3-51f9-41ff-bf14-ab7de4063417 admin admin] Calling method '>' {{(pid=92751) _process_stack /opt/stack/nova/nova/api/openstack/wsgi.py:513}}
Jun 19 20:17:16.618062 dv-cinder-797170-2-iscsi devstack@n-api.service[92751]: INFO nova.api.openstack.requestlog [None req-c8e73dd3-51f9-41ff-bf14-ab7de4063417 admin admin] 10.222.0.25 "GET /compute/v2.1" status: 200 len: 388 microversion: 2.1 time: 0.001447
Jun 19 20:17:16.618467 dv-cinder-797170-2-iscsi devstack@n-api.service[92751]: [pid: 92751|app: 0|req: 6/13] 10.222.0.25 () {54 vars in 930 bytes} [Sat Jun 19 20:17:16 2021] GET /compute/v2.1 => generated 388 bytes in 2 msecs (HTTP/1.1 200) 9 headers in 357 bytes (1 switches on core 0)
Jun 19 20:17:16.676029 dv-cinder-797170-2-iscsi devstack@n-api.service[92752]: DEBUG nova.api.openstack.wsgi [None req-a377e1b8-482d-49c0-a4ac-2058bef8541f admin admin] Action: 'create', calling method: >, body: {"flavor": {"disk": 10, "os-flavor-access:is_public": true, "swap": 0, "rxtx_factor": 1.0, "name": "ds2G", "id": "d3", "OS-FLV-EXT-DATA:ephemeral": 0, "ram": 2048, "vcpus": 2}} {{(pid=92752) _process_stack /opt/stack/nova/nova/api/openstack/wsgi.py:511}}
Jun 19 20:17:16.756232 dv-cinder-797170-2-iscsi devstack@n-api.service[92752]: INFO nova.api.openstack.requestlog [None req-a377e1b8-482d-49c0-a4ac-2058bef8541f admin admin] 10.222.0.25 "POST /compute/v2.1/flavors" status: 200 len: 404 microversion: 2.61 time: 0.131455
Jun 19 20:17:16.756975 dv-cinder-797170-2-iscsi devstack@n-api.service[92752]: [pid: 92752|app: 0|req: 8/14] 10.222.0.25 () {64 vars in 1282 bytes} [Sat Jun 19 20:17:16 2021] POST /compute/v2.1/flavors => generated 404 bytes in 133 msecs (HTTP/1.1 200) 9 headers in 359 bytes (1 switches on core 0)
Jun 19 20:17:16.768612 dv-cinder-797170-2-iscsi devstack@n-api.service[92751]: DEBUG nova.api.openstack.wsgi [None req-30a4c59e-08ee-440c-8e2f-03e84de6b345 admin admin] Action: 'create', calling method: >, body: {"extra_specs": {"hw_rng:allowed": "True"}} {{(pid=92751) _process_stack /opt/stack/nova/nova/api/openstack/wsgi.py:511}}
Jun 19 20:17:16.873738 dv-cinder-797170-2-iscsi devstack@n-api.service[92751]: INFO nova.api.openstack.requestlog [None req-30a4c59e-08ee-440c-8e2f-03e84de6b345 admin admin] 10.222.0.25 "POST /compute/v2.1/flavors/d3/os-extra_specs" status: 200 len: 43 microversion: 2.61 time: 0.108734
Jun 19 20:17:16.874380 dv-cinder-797170-2-iscsi devstack@n-api.service[92751]: [pid: 92751|app: 0|req: 7/15] 10.222.0.25 () {64 vars in 1335 bytes} [Sat Jun 19 20:17:16 2021] POST /compute/v2.1/flavors/d3/os-extra_specs => generated 43 bytes in 110 msecs (HTTP/1.1 200) 9 headers in 358 bytes (1 switches on core 0)
Jun 19 20:17:19.158967 dv-cinder-797170-2-iscsi devstack@n-api.service[92752]: DEBUG nova.api.openstack.wsgi [None req-a377e1b8-482d-49c0-a4ac-2058bef8541f admin admin] Calling method '>' {{(pid=92752) _process_stack /opt/stack/nova/nova/api/openstack/wsgi.py:513}}
Jun 19 20:17:19.160668 dv-cinder-797170-2-iscsi devstack@n-api.service[92752]: INFO nova.api.openstack.requestlog [None req-a377e1b8-482d-49c0-a4ac-2058bef8541f admin admin] 10.222.0.25 "GET /compute/v2.1" status: 200 len: 388 microversion: 2.1 time: 0.002122
Jun 19 20:17:19.162576 dv-cinder-797170-2-iscsi devstack@n-api.service[92752]: [pid: 92752|app: 0|req: 9/16] 10.222.0.25 () {54 vars in 930 bytes} [Sat Jun 19 20:17:19 2021] GET /compute/v2.1 => generated 388 bytes in 4 msecs (HTTP/1.1 200) 9 headers in 357 bytes (1 switches on core 0)
Jun 19 20:17:19.224737 dv-cinder-797170-2-iscsi devstack@n-api.service[92751]: DEBUG nova.api.openstack.wsgi [None req-270a08b1-caf0-4f65-a958-43e832ec8720 admin admin] Action: 'create', calling method: >, body: {"flavor": {"OS-FLV-EXT-DATA:ephemeral": 0, "os-flavor-access:is_public": true, "id": "d4", "disk": 20, "swap": 0, "ram": 4096, "rxtx_factor": 1.0, "vcpus": 4, "name": "ds4G"}} {{(pid=92751) _process_stack /opt/stack/nova/nova/api/openstack/wsgi.py:511}}
Jun 19 20:17:19.287622 dv-cinder-797170-2-iscsi devstack@n-api.service[92751]: INFO nova.api.openstack.requestlog [None req-270a08b1-caf0-4f65-a958-43e832ec8720 admin admin] 10.222.0.25 "POST /compute/v2.1/flavors" status: 200 len: 404 microversion: 2.61 time: 0.119620
Jun 19 20:17:19.294621 dv-cinder-797170-2-iscsi devstack@n-api.service[92751]: [pid: 92751|app: 0|req: 8/17] 10.222.0.25 () {64 vars in 1282 bytes} [Sat Jun 19 20:17:19 2021] POST /compute/v2.1/flavors => generated 404 bytes in 127 msecs (HTTP/1.1 200) 9 headers in 359 bytes (1 switches on core 0)
Jun 19 20:17:19.300348 dv-cinder-797170-2-iscsi devstack@n-api.service[92752]: DEBUG nova.api.openstack.wsgi [None req-20be95b5-344a-4fbf-9208-82baf97d9bff admin admin] Action: 'create', calling method: >, body: {"extra_specs": {"hw_rng:allowed": "True"}} {{(pid=92752) _process_stack /opt/stack/nova/nova/api/openstack/wsgi.py:511}}
Jun 19 20:17:19.383877 dv-cinder-797170-2-iscsi devstack@n-api.service[92752]: INFO nova.api.openstack.requestlog [None req-20be95b5-344a-4fbf-9208-82baf97d9bff admin admin] 10.222.0.25 "POST /compute/v2.1/flavors/d4/os-extra_specs" status: 200 len: 43 microversion: 2.61 time: 0.087263
Jun 19 20:17:19.384721 dv-cinder-797170-2-iscsi devstack@n-api.service[92752]: [pid: 92752|app: 0|req: 10/18] 10.222.0.25 () {64 vars in 1335 bytes} [Sat Jun 19 20:17:19 2021] POST /compute/v2.1/flavors/d4/os-extra_specs => generated 43 bytes in 89 msecs (HTTP/1.1 200) 9 headers in 358 bytes (2 switches on core 0)
Jun 19 20:17:21.526460 dv-cinder-797170-2-iscsi devstack@n-api.service[92751]: DEBUG nova.api.openstack.wsgi [None req-270a08b1-caf0-4f65-a958-43e832ec8720 admin admin] Calling method '>' {{(pid=92751) _process_stack /opt/stack/nova/nova/api/openstack/wsgi.py:513}}
Jun 19 20:17:21.528049 dv-cinder-797170-2-iscsi devstack@n-api.service[92751]: INFO nova.api.openstack.requestlog [None req-270a08b1-caf0-4f65-a958-43e832ec8720 admin admin] 10.222.0.25 "GET /compute/v2.1" status: 200 len: 388 microversion: 2.1 time: 0.001936
Jun 19 20:17:21.528449 dv-cinder-797170-2-iscsi devstack@n-api.service[92751]: [pid: 92751|app: 0|req: 9/19] 10.222.0.25 () {54 vars in 930 bytes} [Sat Jun 19 20:17:21 2021] GET /compute/v2.1 => generated 388 bytes in 3 msecs (HTTP/1.1 200) 9 headers in 357 bytes (1 switches on core 0)
Jun 19 20:17:21.585131 dv-cinder-797170-2-iscsi devstack@n-api.service[92752]: DEBUG nova.api.openstack.wsgi [None req-c2fe6620-9d7d-48b0-aaa5-adeb9aaf9a47 admin admin] Calling method '>' {{(pid=92752) _process_stack /opt/stack/nova/nova/api/openstack/wsgi.py:513}}
Jun 19 20:17:21.608040 dv-cinder-797170-2-iscsi devstack@n-api.service[92752]: INFO nova.api.openstack.requestlog [None req-c2fe6620-9d7d-48b0-aaa5-adeb9aaf9a47 admin admin] 10.222.0.25 "GET /compute/v2.1/flavors/detail?is_public=True" status: 200 len: 2106 microversion: 2.61 time: 0.073907
Jun 19 20:17:21.608586 dv-cinder-797170-2-iscsi devstack@n-api.service[92752]: [pid: 92752|app: 0|req: 11/20] 10.222.0.25 () {60 vars in 1291 bytes} [Sat Jun 19 20:17:21 2021] GET /compute/v2.1/flavors/detail?is_public=True => generated 2106 bytes in 75 msecs (HTTP/1.1 200) 9 headers in 360 bytes (1 switches on core 0)
Jun 19 20:17:23.752422 dv-cinder-797170-2-iscsi devstack@n-api.service[92751]: DEBUG nova.api.openstack.wsgi [None req-270a08b1-caf0-4f65-a958-43e832ec8720 admin admin] Calling method '>' {{(pid=92751) _process_stack /opt/stack/nova/nova/api/openstack/wsgi.py:513}}
Jun 19 20:17:23.753733 dv-cinder-797170-2-iscsi devstack@n-api.service[92751]: INFO nova.api.openstack.requestlog [None req-270a08b1-caf0-4f65-a958-43e832ec8720 admin admin] 10.222.0.25 "GET /compute/v2.1" status: 200 len: 388 microversion: 2.1 time: 0.001920
Jun 19 20:17:23.754274 dv-cinder-797170-2-iscsi devstack@n-api.service[92751]: [pid: 92751|app: 0|req: 10/21] 10.222.0.25 () {54 vars in 930 bytes} [Sat Jun 19 20:17:23 2021] GET /compute/v2.1 => generated 388 bytes in 3 msecs (HTTP/1.1 200) 9 headers in 357 bytes (1 switches on core 0)
Jun 19 20:17:23.820930 dv-cinder-797170-2-iscsi devstack@n-api.service[92752]: DEBUG nova.api.openstack.wsgi [None req-ba4add6d-96a0-4905-86d8-60a28162d26a admin admin] Action: 'create', calling method: >, body: {"flavor": {"swap": 0, "disk": 1, "name": "m1.tiny", "OS-FLV-EXT-DATA:ephemeral": 0, "id": "1", "os-flavor-access:is_public": true, "ram": 512, "vcpus": 1, "rxtx_factor": 1.0}} {{(pid=92752) _process_stack /opt/stack/nova/nova/api/openstack/wsgi.py:511}}
Jun 19 20:17:23.924078 dv-cinder-797170-2-iscsi devstack@n-api.service[92752]: INFO nova.api.openstack.requestlog [None req-ba4add6d-96a0-4905-86d8-60a28162d26a admin admin] 10.222.0.25 "POST /compute/v2.1/flavors" status: 200 len: 402 microversion: 2.61 time: 0.162447
Jun 19 20:17:23.924920 dv-cinder-797170-2-iscsi devstack@n-api.service[92752]: [pid: 92752|app: 0|req: 12/22] 10.222.0.25 () {64 vars in 1282 bytes} [Sat Jun 19 20:17:23 2021] POST /compute/v2.1/flavors => generated 402 bytes in 164 msecs (HTTP/1.1 200) 9 headers in 359 bytes (2 switches on core 0)
Jun 19 20:17:23.941558 dv-cinder-797170-2-iscsi devstack@n-api.service[92751]: DEBUG nova.api.openstack.wsgi [None req-b3d7c40c-a162-41f3-a3b6-76e2f358449a admin admin] Action: 'create', calling method: >, body: {"extra_specs": {"hw_rng:allowed": "True"}} {{(pid=92751) _process_stack /opt/stack/nova/nova/api/openstack/wsgi.py:511}}
Jun 19 20:17:24.057316 dv-cinder-797170-2-iscsi devstack@n-api.service[92751]: INFO nova.api.openstack.requestlog [None req-b3d7c40c-a162-41f3-a3b6-76e2f358449a admin admin] 10.222.0.25 "POST /compute/v2.1/flavors/1/os-extra_specs" status: 200 len: 43 microversion: 2.61 time: 0.122255
Jun 19 20:17:24.057904 dv-cinder-797170-2-iscsi devstack@n-api.service[92751]: [pid: 92751|app: 0|req: 11/23] 10.222.0.25 () {64 vars in 1332 bytes} [Sat Jun 19 20:17:23 2021] POST /compute/v2.1/flavors/1/os-extra_specs => generated 43 bytes in 124 msecs (HTTP/1.1 200) 9 headers in 358 bytes (1 switches on core 0)
Jun 19 20:17:26.253375 dv-cinder-797170-2-iscsi devstack@n-api.service[92752]: DEBUG nova.api.openstack.wsgi [None req-ba4add6d-96a0-4905-86d8-60a28162d26a admin admin] Calling method '>' {{(pid=92752) _process_stack /opt/stack/nova/nova/api/openstack/wsgi.py:513}}
Jun 19 20:17:26.254390 dv-cinder-797170-2-iscsi devstack@n-api.service[92752]: INFO nova.api.openstack.requestlog [None req-ba4add6d-96a0-4905-86d8-60a28162d26a admin admin] 10.222.0.25 "GET /compute/v2.1" status: 200 len: 388 microversion: 2.1 time: 0.001459
Jun 19 20:17:26.254793 dv-cinder-797170-2-iscsi devstack@n-api.service[92752]: [pid: 92752|app: 0|req: 13/24] 10.222.0.25 () {54 vars in 930 bytes} [Sat Jun 19 20:17:26 2021] GET /compute/v2.1 => generated 388 bytes in 2 msecs (HTTP/1.1 200) 9 headers in 357 bytes (1 switches on core 0)
Jun 19 20:17:26.314315 dv-cinder-797170-2-iscsi devstack@n-api.service[92751]: DEBUG nova.api.openstack.wsgi [None req-5ccdf745-d5f0-4e0d-8062-96bf154fb091 admin admin] Action: 'create', calling method: >, body: {"flavor": {"swap": 0, "vcpus": 1, "disk": 20, "rxtx_factor": 1.0, "name": "m1.small", "os-flavor-access:is_public": true, "id": "2", "ram": 2048, "OS-FLV-EXT-DATA:ephemeral": 0}} {{(pid=92751) _process_stack /opt/stack/nova/nova/api/openstack/wsgi.py:511}}
Jun 19 20:17:26.414839 dv-cinder-797170-2-iscsi devstack@n-api.service[92751]: INFO nova.api.openstack.requestlog [None req-5ccdf745-d5f0-4e0d-8062-96bf154fb091 admin admin] 10.222.0.25 "POST /compute/v2.1/flavors" status: 200 len: 405 microversion: 2.61 time: 0.153077
Jun 19 20:17:26.415545 dv-cinder-797170-2-iscsi devstack@n-api.service[92751]: [pid: 92751|app: 0|req: 12/25] 10.222.0.25 () {64 vars in 1282 bytes} [Sat Jun 19 20:17:26 2021] POST /compute/v2.1/flavors => generated 405 bytes in 155 msecs (HTTP/1.1 200) 9 headers in 359 bytes (1 switches on core 0)
Jun 19 20:17:26.431693 dv-cinder-797170-2-iscsi devstack@n-api.service[92752]: DEBUG nova.api.openstack.wsgi [None req-67dfbba1-783a-49b3-843a-958261621e02 admin admin] Action: 'create', calling method: >, body: {"extra_specs": {"hw_rng:allowed": "True"}} {{(pid=92752) _process_stack /opt/stack/nova/nova/api/openstack/wsgi.py:511}}
Jun 19 20:17:26.513132 dv-cinder-797170-2-iscsi devstack@n-api.service[92752]: INFO nova.api.openstack.requestlog [None req-67dfbba1-783a-49b3-843a-958261621e02 admin admin] 10.222.0.25 "POST /compute/v2.1/flavors/2/os-extra_specs" status: 200 len: 43 microversion: 2.61 time: 0.087900
Jun 19 20:17:26.517687 dv-cinder-797170-2-iscsi devstack@n-api.service[92752]: [pid: 92752|app: 0|req: 14/26] 10.222.0.25 () {64 vars in 1332 bytes} [Sat Jun 19 20:17:26 2021] POST /compute/v2.1/flavors/2/os-extra_specs => generated 43 bytes in 89 msecs (HTTP/1.1 200) 9 headers in 358 bytes (1 switches on core 0)
Jun 19 20:17:28.767651 dv-cinder-797170-2-iscsi devstack@n-api.service[92751]: DEBUG nova.api.openstack.wsgi [None req-5ccdf745-d5f0-4e0d-8062-96bf154fb091 admin admin] Calling method '>' {{(pid=92751) _process_stack /opt/stack/nova/nova/api/openstack/wsgi.py:513}}
Jun 19 20:17:28.768696 dv-cinder-797170-2-iscsi devstack@n-api.service[92751]: INFO nova.api.openstack.requestlog [None req-5ccdf745-d5f0-4e0d-8062-96bf154fb091 admin admin] 10.222.0.25 "GET /compute/v2.1" status: 200 len: 388 microversion: 2.1 time: 0.001498
Jun 19 20:17:28.769101 dv-cinder-797170-2-iscsi devstack@n-api.service[92751]: [pid: 92751|app: 0|req: 13/27] 10.222.0.25 () {54 vars in 930 bytes} [Sat Jun 19 20:17:28 2021] GET /compute/v2.1 => generated 388 bytes in 2 msecs (HTTP/1.1 200) 9 headers in 357 bytes (1 switches on core 0)
Jun 19 20:17:28.823606 dv-cinder-797170-2-iscsi devstack@n-api.service[92752]: DEBUG nova.api.openstack.wsgi [None req-17899bdf-2723-4049-95f4-6e730e76608b admin admin] Action: 'create', calling method: >, body: {"flavor": {"vcpus": 2, "ram": 4096, "swap": 0, "OS-FLV-EXT-DATA:ephemeral": 0, "disk": 40, "rxtx_factor": 1.0, "name": "m1.medium", "id": "3", "os-flavor-access:is_public": true}} {{(pid=92752) _process_stack /opt/stack/nova/nova/api/openstack/wsgi.py:511}}
Jun 19 20:17:28.897836 dv-cinder-797170-2-iscsi devstack@n-api.service[92752]: INFO nova.api.openstack.requestlog [None req-17899bdf-2723-4049-95f4-6e730e76608b admin admin] 10.222.0.25 "POST /compute/v2.1/flavors" status: 200 len: 406 microversion: 2.61 time: 0.122337
Jun 19 20:17:28.898390 dv-cinder-797170-2-iscsi devstack@n-api.service[92752]: [pid: 92752|app: 0|req: 15/28] 10.222.0.25 () {64 vars in 1282 bytes} [Sat Jun 19 20:17:28 2021] POST /compute/v2.1/flavors => generated 406 bytes in 123 msecs (HTTP/1.1 200) 9 headers in 359 bytes (1 switches on core 0)
Jun 19 20:17:28.910014 dv-cinder-797170-2-iscsi devstack@n-api.service[92751]: DEBUG nova.api.openstack.wsgi [None req-0cd7928d-34bf-432f-9e6a-0640ed8517c6 admin admin] Action: 'create', calling method: >, body: {"extra_specs": {"hw_rng:allowed": "True"}} {{(pid=92751) _process_stack /opt/stack/nova/nova/api/openstack/wsgi.py:511}}
Jun 19 20:17:29.004466 dv-cinder-797170-2-iscsi devstack@n-api.service[92751]: INFO nova.api.openstack.requestlog [None req-0cd7928d-34bf-432f-9e6a-0640ed8517c6 admin admin] 10.222.0.25 "POST /compute/v2.1/flavors/3/os-extra_specs" status: 200 len: 43 microversion: 2.61 time: 0.098060
Jun 19 20:17:29.005559 dv-cinder-797170-2-iscsi devstack@n-api.service[92751]: [pid: 92751|app: 0|req: 14/29] 10.222.0.25 () {64 vars in 1332 bytes} [Sat Jun 19 20:17:28 2021] POST /compute/v2.1/flavors/3/os-extra_specs => generated 43 bytes in 100 msecs (HTTP/1.1 200) 9 headers in 358 bytes (1 switches on core 0)
Jun 19 20:17:31.134498 dv-cinder-797170-2-iscsi devstack@n-api.service[92752]: DEBUG nova.api.openstack.wsgi [None req-17899bdf-2723-4049-95f4-6e730e76608b admin admin] Calling method '>' {{(pid=92752) _process_stack /opt/stack/nova/nova/api/openstack/wsgi.py:513}}
Jun 19 20:17:31.135532 dv-cinder-797170-2-iscsi devstack@n-api.service[92752]: INFO nova.api.openstack.requestlog [None req-17899bdf-2723-4049-95f4-6e730e76608b admin admin] 10.222.0.25 "GET /compute/v2.1" status: 200 len: 388 microversion: 2.1 time: 0.001451
Jun 19 20:17:31.135932 dv-cinder-797170-2-iscsi devstack@n-api.service[92752]: [pid: 92752|app: 0|req: 16/30] 10.222.0.25 () {54 vars in 930 bytes} [Sat Jun 19 20:17:31 2021] GET /compute/v2.1 => generated 388 bytes in 2 msecs (HTTP/1.1 200) 9 headers in 357 bytes (1 switches on core 0)
Jun 19 20:17:31.195027 dv-cinder-797170-2-iscsi devstack@n-api.service[92751]: DEBUG nova.api.openstack.wsgi [None req-ac7a5ed6-af15-4148-8ea2-4f8f635cfe87 admin admin] Action: 'create', calling method: >, body: {"flavor": {"ram": 8192, "swap": 0, "vcpus": 4, "OS-FLV-EXT-DATA:ephemeral": 0, "id": "4", "rxtx_factor": 1.0, "disk": 80, "name": "m1.large", "os-flavor-access:is_public": true}} {{(pid=92751) _process_stack /opt/stack/nova/nova/api/openstack/wsgi.py:511}}
Jun 19 20:17:31.294658 dv-cinder-797170-2-iscsi devstack@n-api.service[92751]: INFO nova.api.openstack.requestlog [None req-ac7a5ed6-af15-4148-8ea2-4f8f635cfe87 admin admin] 10.222.0.25 "POST /compute/v2.1/flavors" status: 200 len: 405 microversion: 2.61 time: 0.150749
Jun 19 20:17:31.294658 dv-cinder-797170-2-iscsi devstack@n-api.service[92751]: [pid: 92751|app: 0|req: 15/31] 10.222.0.25 () {64 vars in 1282 bytes} [Sat Jun 19 20:17:31 2021] POST /compute/v2.1/flavors => generated 405 bytes in 152 msecs (HTTP/1.1 200) 9 headers in 359 bytes (2 switches on core 0)
Jun 19 20:17:31.306108 dv-cinder-797170-2-iscsi devstack@n-api.service[92752]: DEBUG nova.api.openstack.wsgi [None req-12058256-24a2-4d53-a2bb-61b8f3b5a975 admin admin] Action: 'create', calling method: >, body: {"extra_specs": {"hw_rng:allowed": "True"}} {{(pid=92752) _process_stack /opt/stack/nova/nova/api/openstack/wsgi.py:511}}
Jun 19 20:17:31.399277 dv-cinder-797170-2-iscsi devstack@n-api.service[92752]: INFO nova.api.openstack.requestlog [None req-12058256-24a2-4d53-a2bb-61b8f3b5a975 admin admin] 10.222.0.25 "POST /compute/v2.1/flavors/4/os-extra_specs" status: 200 len: 43 microversion: 2.61 time: 0.097799
Jun 19 20:17:31.399888 dv-cinder-797170-2-iscsi devstack@n-api.service[92752]: [pid: 92752|app: 0|req: 17/32] 10.222.0.25 () {64 vars in 1332 bytes} [Sat Jun 19 20:17:31 2021] POST /compute/v2.1/flavors/4/os-extra_specs => generated 43 bytes in 99 msecs (HTTP/1.1 200) 9 headers in 358 bytes (1 switches on core 0)
Jun 19 20:17:33.575259 dv-cinder-797170-2-iscsi devstack@n-api.service[92751]: DEBUG nova.api.openstack.wsgi [None req-ac7a5ed6-af15-4148-8ea2-4f8f635cfe87 admin admin] Calling method '>' {{(pid=92751) _process_stack /opt/stack/nova/nova/api/openstack/wsgi.py:513}}
Jun 19 20:17:33.576311 dv-cinder-797170-2-iscsi devstack@n-api.service[92751]: INFO nova.api.openstack.requestlog [None req-ac7a5ed6-af15-4148-8ea2-4f8f635cfe87 admin admin] 10.222.0.25 "GET /compute/v2.1" status: 200 len: 388 microversion: 2.1 time: 0.001455
Jun 19 20:17:33.576714 dv-cinder-797170-2-iscsi devstack@n-api.service[92751]: [pid: 92751|app: 0|req: 16/33] 10.222.0.25 () {54 vars in 930 bytes} [Sat Jun 19 20:17:33 2021] GET /compute/v2.1 => generated 388 bytes in 2 msecs (HTTP/1.1 200) 9 headers in 357 bytes (1 switches on core 0)
Jun 19 20:17:33.636468 dv-cinder-797170-2-iscsi devstack@n-api.service[92752]: DEBUG nova.api.openstack.wsgi [None req-8edbb491-040c-41e0-bf5f-fb4dc677efb2 admin admin] Action: 'create', calling method: >, body: {"flavor": {"swap": 0, "name": "m1.xlarge", "OS-FLV-EXT-DATA:ephemeral": 0, "ram": 16384, "id": "5", "rxtx_factor": 1.0, "disk": 160, "os-flavor-access:is_public": true, "vcpus": 8}} {{(pid=92752) _process_stack /opt/stack/nova/nova/api/openstack/wsgi.py:511}}
Jun 19 20:17:33.721969 dv-cinder-797170-2-iscsi devstack@n-api.service[92752]: INFO nova.api.openstack.requestlog [None req-8edbb491-040c-41e0-bf5f-fb4dc677efb2 admin admin] 10.222.0.25 "POST /compute/v2.1/flavors" status: 200 len: 408 microversion: 2.61 time: 0.139413
Jun 19 20:17:33.727171 dv-cinder-797170-2-iscsi devstack@n-api.service[92752]: [pid: 92752|app: 0|req: 18/34] 10.222.0.25 () {64 vars in 1282 bytes} [Sat Jun 19 20:17:33 2021] POST /compute/v2.1/flavors => generated 408 bytes in 141 msecs (HTTP/1.1 200) 9 headers in 359 bytes (1 switches on core 0)
Jun 19 20:17:33.736066 dv-cinder-797170-2-iscsi devstack@n-api.service[92751]: DEBUG nova.api.openstack.wsgi [None req-d3d90aa3-01d0-44d9-a86e-47f4e2817206 admin admin] Action: 'create', calling method: >, body: {"extra_specs": {"hw_rng:allowed": "True"}} {{(pid=92751) _process_stack /opt/stack/nova/nova/api/openstack/wsgi.py:511}}
Jun 19 20:17:33.822678 dv-cinder-797170-2-iscsi devstack@n-api.service[92751]: INFO nova.api.openstack.requestlog [None req-d3d90aa3-01d0-44d9-a86e-47f4e2817206 admin admin] 10.222.0.25 "POST /compute/v2.1/flavors/5/os-extra_specs" status: 200 len: 43 microversion: 2.61 time: 0.090168
Jun 19 20:17:33.823783 dv-cinder-797170-2-iscsi devstack@n-api.service[92751]: [pid: 92751|app: 0|req: 17/35] 10.222.0.25 () {64 vars in 1332 bytes} [Sat Jun 19 20:17:33 2021] POST /compute/v2.1/flavors/5/os-extra_specs => generated 43 bytes in 92 msecs (HTTP/1.1 200) 9 headers in 358 bytes (2 switches on core 0)
Jun 19 20:18:12.556130 dv-cinder-797170-2-iscsi devstack@n-api.service[92752]: DEBUG nova.api.openstack.wsgi [None req-8edbb491-040c-41e0-bf5f-fb4dc677efb2 admin admin] Calling method '>' {{(pid=92752) _process_stack /opt/stack/nova/nova/api/openstack/wsgi.py:513}}
Jun 19 20:18:12.557140 dv-cinder-797170-2-iscsi devstack@n-api.service[92752]: INFO nova.api.openstack.requestlog [None req-8edbb491-040c-41e0-bf5f-fb4dc677efb2 admin admin] 10.222.0.25 "GET /compute/v2.1" status: 200 len: 388 microversion: 2.1 time: 0.001497
Jun 19 20:18:12.557540 dv-cinder-797170-2-iscsi devstack@n-api.service[92752]: [pid: 92752|app: 0|req: 19/36] 10.222.0.25 () {54 vars in 930 bytes} [Sat Jun 19 20:18:12 2021] GET /compute/v2.1 => generated 388 bytes in 2 msecs (HTTP/1.1 200) 9 headers in 357 bytes (1 switches on core 0)
Jun 19 20:18:12.612078 dv-cinder-797170-2-iscsi devstack@n-api.service[92751]: DEBUG nova.api.openstack.wsgi [None req-a6150b7a-5e95-4152-99e4-ab27819a4a5f admin admin] Calling method '>' {{(pid=92751) _process_stack /opt/stack/nova/nova/api/openstack/wsgi.py:513}}
Jun 19 20:18:12.629699 dv-cinder-797170-2-iscsi devstack@n-api.service[92751]: INFO nova.api.openstack.requestlog [None req-a6150b7a-5e95-4152-99e4-ab27819a4a5f admin admin] 10.222.0.25 "GET /compute/v2.1/flavors/detail?is_public=True" status: 200 len: 4202 microversion: 2.61 time: 0.066469
Jun 19 20:18:12.630244 dv-cinder-797170-2-iscsi devstack@n-api.service[92751]: [pid: 92751|app: 0|req: 18/37] 10.222.0.25 () {60 vars in 1291 bytes} [Sat Jun 19 20:18:12 2021] GET /compute/v2.1/flavors/detail?is_public=True => generated 4202 bytes in 68 msecs (HTTP/1.1 200) 9 headers in 360 bytes (1 switches on core 0)
Jun 19 20:18:14.017531 dv-cinder-797170-2-iscsi devstack@n-api.service[92752]: DEBUG nova.api.openstack.wsgi [None req-8edbb491-040c-41e0-bf5f-fb4dc677efb2 admin admin] Calling method '>' {{(pid=92752) _process_stack /opt/stack/nova/nova/api/openstack/wsgi.py:513}}
Jun 19 20:18:14.019147 dv-cinder-797170-2-iscsi devstack@n-api.service[92752]: INFO nova.api.openstack.requestlog [None req-8edbb491-040c-41e0-bf5f-fb4dc677efb2 admin admin] 10.222.0.25 "GET /compute/v2.1" status: 200 len: 388 microversion: 2.1 time: 0.001448
Jun 19 20:18:14.019553 dv-cinder-797170-2-iscsi devstack@n-api.service[92752]: [pid: 92752|app: 0|req: 20/38] 10.222.0.25 () {56 vars in 1075 bytes} [Sat Jun 19 20:18:14 2021] GET /compute/v2.1 => generated 388 bytes in 3 msecs (HTTP/1.1 200) 9 headers in 357 bytes (1 switches on core 0)
Jun 19 20:18:14.221659 dv-cinder-797170-2-iscsi devstack@n-api.service[92751]: DEBUG nova.api.openstack.wsgi [None req-1cd04f64-bad2-475a-9592-3c06ab035969 admin admin] Calling method '>' {{(pid=92751) _process_stack /opt/stack/nova/nova/api/openstack/wsgi.py:513}}
Jun 19 20:18:14.226945 dv-cinder-797170-2-iscsi devstack@n-api.service[92751]: INFO nova.api.openstack.wsgi [None req-1cd04f64-bad2-475a-9592-3c06ab035969 admin admin] HTTP exception thrown: Flavor 42 could not be found.
Jun 19 20:18:14.227514 dv-cinder-797170-2-iscsi devstack@n-api.service[92751]: DEBUG nova.api.openstack.wsgi [None req-1cd04f64-bad2-475a-9592-3c06ab035969 admin admin] Returning 404 to user: Flavor 42 could not be found. {{(pid=92751) __call__ /opt/stack/nova/nova/api/openstack/wsgi.py:927}}
Jun 19 20:18:14.228400 dv-cinder-797170-2-iscsi devstack@n-api.service[92751]: INFO nova.api.openstack.requestlog [None req-1cd04f64-bad2-475a-9592-3c06ab035969 admin admin] 10.222.0.25 "GET /compute/v2.1/flavors/42" status: 404 len: 75 microversion: 2.88 time: 0.057765
Jun 19 20:18:14.228856 dv-cinder-797170-2-iscsi devstack@n-api.service[92751]: [pid: 92751|app: 0|req: 19/39] 10.222.0.25 () {60 vars in 1191 bytes} [Sat Jun 19 20:18:14 2021] GET /compute/v2.1/flavors/42 => generated 75 bytes in 59 msecs (HTTP/1.1 404) 9 headers in 380 bytes (1 switches on core 0)
Jun 19 20:18:14.237895 dv-cinder-797170-2-iscsi devstack@n-api.service[92752]: DEBUG nova.api.openstack.wsgi [None req-53a53d9f-d03e-4564-a2a5-87cd9bf8f978 admin admin] Calling method '>' {{(pid=92752) _process_stack /opt/stack/nova/nova/api/openstack/wsgi.py:513}}
Jun 19 20:18:14.258272 dv-cinder-797170-2-iscsi devstack@n-api.service[92752]: INFO nova.api.openstack.requestlog [None req-53a53d9f-d03e-4564-a2a5-87cd9bf8f978 admin admin] 10.222.0.25 "GET /compute/v2.1/flavors?is_public=None" status: 200 len: 2056 microversion: 2.88 time: 0.023854
Jun 19 20:18:14.258820 dv-cinder-797170-2-iscsi devstack@n-api.service[92752]: [pid: 92752|app: 0|req: 21/40] 10.222.0.25 () {60 vars in 1211 bytes} [Sat Jun 19 20:18:14 2021] GET /compute/v2.1/flavors?is_public=None => generated 2056 bytes in 25 msecs (HTTP/1.1 200) 9 headers in 360 bytes (1 switches on core 0)
Jun 19 20:18:14.268005 dv-cinder-797170-2-iscsi devstack@n-api.service[92751]: DEBUG nova.api.openstack.wsgi [None req-a9d770f2-96fc-4c84-9eb3-0f4a625dc99b admin admin] Calling method '>' {{(pid=92751) _process_stack /opt/stack/nova/nova/api/openstack/wsgi.py:513}}
Jun 19 20:18:14.288978 dv-cinder-797170-2-iscsi devstack@n-api.service[92751]: INFO nova.api.openstack.requestlog [None req-a9d770f2-96fc-4c84-9eb3-0f4a625dc99b admin admin] 10.222.0.25 "GET /compute/v2.1/flavors?is_public=None" status: 200 len: 2056 microversion: 2.88 time: 0.024368
Jun 19 20:18:14.289509 dv-cinder-797170-2-iscsi devstack@n-api.service[92751]: [pid: 92751|app: 0|req: 20/41] 10.222.0.25 () {60 vars in 1211 bytes} [Sat Jun 19 20:18:14 2021] GET /compute/v2.1/flavors?is_public=None => generated 2056 bytes in 25 msecs (HTTP/1.1 200) 9 headers in 360 bytes (1 switches on core 0)
Jun 19 20:18:14.298372 dv-cinder-797170-2-iscsi devstack@n-api.service[92752]: DEBUG nova.api.openstack.wsgi [None req-c15ac603-9ffd-4aea-9eda-730a05b38ba1 admin admin] Calling method '>' {{(pid=92752) _process_stack /opt/stack/nova/nova/api/openstack/wsgi.py:513}}
Jun 19 20:18:14.304096 dv-cinder-797170-2-iscsi devstack@n-api.service[92752]: INFO nova.api.openstack.wsgi [None req-c15ac603-9ffd-4aea-9eda-730a05b38ba1 admin admin] HTTP exception thrown: Flavor 42 could not be found.
Jun 19 20:18:14.304668 dv-cinder-797170-2-iscsi devstack@n-api.service[92752]: DEBUG nova.api.openstack.wsgi [None req-c15ac603-9ffd-4aea-9eda-730a05b38ba1 admin admin] Returning 404 to user: Flavor 42 could not be found. {{(pid=92752) __call__ /opt/stack/nova/nova/api/openstack/wsgi.py:927}}
Jun 19 20:18:14.305444 dv-cinder-797170-2-iscsi devstack@n-api.service[92752]: INFO nova.api.openstack.requestlog [None req-c15ac603-9ffd-4aea-9eda-730a05b38ba1 admin admin] 10.222.0.25 "GET /compute/v2.1/flavors/42" status: 404 len: 75 microversion: 2.88 time: 0.010561
Jun 19 20:18:14.305927 dv-cinder-797170-2-iscsi devstack@n-api.service[92752]: [pid: 92752|app: 0|req: 22/42] 10.222.0.25 () {60 vars in 1191 bytes} [Sat Jun 19 20:18:14 2021] GET /compute/v2.1/flavors/42 => generated 75 bytes in 12 msecs (HTTP/1.1 404) 9 headers in 380 bytes (1 switches on core 0)
Jun 19 20:18:15.606223 dv-cinder-797170-2-iscsi devstack@n-api.service[92751]: DEBUG nova.api.openstack.wsgi [None req-a9d770f2-96fc-4c84-9eb3-0f4a625dc99b admin admin] Calling method '>' {{(pid=92751) _process_stack /opt/stack/nova/nova/api/openstack/wsgi.py:513}}
Jun 19 20:18:15.607225 dv-cinder-797170-2-iscsi devstack@n-api.service[92751]: INFO nova.api.openstack.requestlog [None req-a9d770f2-96fc-4c84-9eb3-0f4a625dc99b admin admin] 10.222.0.25 "GET /compute/v2.1" status: 200 len: 388 microversion: 2.1 time: 0.001424
Jun 19 20:18:15.607858 dv-cinder-797170-2-iscsi devstack@n-api.service[92751]: [pid: 92751|app: 0|req: 21/43] 10.222.0.25 () {56 vars in 1075 bytes} [Sat Jun 19 20:18:15 2021] GET /compute/v2.1 => generated 388 bytes in 2 msecs (HTTP/1.1 200) 9 headers in 357 bytes (1 switches on core 0)
Jun 19 20:18:15.796781 dv-cinder-797170-2-iscsi devstack@n-api.service[92752]: DEBUG nova.api.openstack.wsgi [None req-fde3a1b4-6671-493a-913c-0915e5c4d7d6 admin admin] Calling method '>' {{(pid=92752) _process_stack /opt/stack/nova/nova/api/openstack/wsgi.py:513}}
Jun 19 20:18:15.802921 dv-cinder-797170-2-iscsi devstack@n-api.service[92752]: INFO nova.api.openstack.wsgi [None req-fde3a1b4-6671-493a-913c-0915e5c4d7d6 admin admin] HTTP exception thrown: Flavor 84 could not be found.
Jun 19 20:18:15.803485 dv-cinder-797170-2-iscsi devstack@n-api.service[92752]: DEBUG nova.api.openstack.wsgi [None req-fde3a1b4-6671-493a-913c-0915e5c4d7d6 admin admin] Returning 404 to user: Flavor 84 could not be found. {{(pid=92752) __call__ /opt/stack/nova/nova/api/openstack/wsgi.py:927}}
Jun 19 20:18:15.804308 dv-cinder-797170-2-iscsi devstack@n-api.service[92752]: INFO nova.api.openstack.requestlog [None req-fde3a1b4-6671-493a-913c-0915e5c4d7d6 admin admin] 10.222.0.25 "GET /compute/v2.1/flavors/84" status: 404 len: 75 microversion: 2.88 time: 0.055668
Jun 19 20:18:15.804814 dv-cinder-797170-2-iscsi devstack@n-api.service[92752]: [pid: 92752|app: 0|req: 23/44] 10.222.0.25 () {60 vars in 1191 bytes} [Sat Jun 19 20:18:15 2021] GET /compute/v2.1/flavors/84 => generated 75 bytes in 57 msecs (HTTP/1.1 404) 9 headers in 380 bytes (1 switches on core 0)
Jun 19 20:18:15.814078 dv-cinder-797170-2-iscsi devstack@n-api.service[92751]: DEBUG nova.api.openstack.wsgi [None req-3f53cb88-59dd-41ec-a050-42972e9de6e7 admin admin] Calling method '>' {{(pid=92751) _process_stack /opt/stack/nova/nova/api/openstack/wsgi.py:513}}
Jun 19 20:18:15.828179 dv-cinder-797170-2-iscsi devstack@n-api.service[92751]: INFO nova.api.openstack.requestlog [None req-3f53cb88-59dd-41ec-a050-42972e9de6e7 admin admin] 10.222.0.25 "GET /compute/v2.1/flavors?is_public=None" status: 200 len: 2056 microversion: 2.88 time: 0.017838
Jun 19 20:18:15.828651 dv-cinder-797170-2-iscsi devstack@n-api.service[92751]: [pid: 92751|app: 0|req: 22/45] 10.222.0.25 () {60 vars in 1211 bytes} [Sat Jun 19 20:18:15 2021] GET /compute/v2.1/flavors?is_public=None => generated 2056 bytes in 19 msecs (HTTP/1.1 200) 9 headers in 360 bytes (1 switches on core 0)
Jun 19 20:18:15.837522 dv-cinder-797170-2-iscsi devstack@n-api.service[92752]: DEBUG nova.api.openstack.wsgi [None req-0557f0b9-4885-4256-9bbb-fa9149aca1d2 admin admin] Calling method '>' {{(pid=92752) _process_stack /opt/stack/nova/nova/api/openstack/wsgi.py:513}}
Jun 19 20:18:15.850429 dv-cinder-797170-2-iscsi devstack@n-api.service[92752]: INFO nova.api.openstack.requestlog [None req-0557f0b9-4885-4256-9bbb-fa9149aca1d2 admin admin] 10.222.0.25 "GET /compute/v2.1/flavors?is_public=None" status: 200 len: 2056 microversion: 2.88 time: 0.016244
Jun 19 20:18:15.850943 dv-cinder-797170-2-iscsi devstack@n-api.service[92752]: [pid: 92752|app: 0|req: 24/46] 10.222.0.25 () {60 vars in 1211 bytes} [Sat Jun 19 20:18:15 2021] GET /compute/v2.1/flavors?is_public=None => generated 2056 bytes in 17 msecs (HTTP/1.1 200) 9 headers in 360 bytes (1 switches on core 0)
Jun 19 20:18:15.859531 dv-cinder-797170-2-iscsi devstack@n-api.service[92751]: DEBUG nova.api.openstack.wsgi [None req-85a67513-35b5-4228-906a-bf149fc08120 admin admin] Calling method '>' {{(pid=92751) _process_stack /opt/stack/nova/nova/api/openstack/wsgi.py:513}}
Jun 19 20:18:15.865001 dv-cinder-797170-2-iscsi devstack@n-api.service[92751]: INFO nova.api.openstack.wsgi [None req-85a67513-35b5-4228-906a-bf149fc08120 admin admin] HTTP exception thrown: Flavor 84 could not be found.
Jun 19 20:18:15.865567 dv-cinder-797170-2-iscsi devstack@n-api.service[92751]: DEBUG nova.api.openstack.wsgi [None req-85a67513-35b5-4228-906a-bf149fc08120 admin admin] Returning 404 to user: Flavor 84 could not be found. {{(pid=92751) __call__ /opt/stack/nova/nova/api/openstack/wsgi.py:927}}
Jun 19 20:18:15.866341 dv-cinder-797170-2-iscsi devstack@n-api.service[92751]: INFO nova.api.openstack.requestlog [None req-85a67513-35b5-4228-906a-bf149fc08120 admin admin] 10.222.0.25 "GET /compute/v2.1/flavors/84" status: 404 len: 75 microversion: 2.88 time: 0.010240
Jun 19 20:18:15.866832 dv-cinder-797170-2-iscsi devstack@n-api.service[92751]: [pid: 92751|app: 0|req: 23/47] 10.222.0.25 () {60 vars in 1191 bytes} [Sat Jun 19 20:18:15 2021] GET /compute/v2.1/flavors/84 => generated 75 bytes in 11 msecs (HTTP/1.1 404) 9 headers in 380 bytes (2 switches on core 0)
Jun 19 20:18:17.204584 dv-cinder-797170-2-iscsi devstack@n-api.service[92752]: DEBUG nova.api.openstack.wsgi [None req-0557f0b9-4885-4256-9bbb-fa9149aca1d2 admin admin] Calling method '>' {{(pid=92752) _process_stack /opt/stack/nova/nova/api/openstack/wsgi.py:513}}
Jun 19 20:18:17.205574 dv-cinder-797170-2-iscsi devstack@n-api.service[92752]: INFO nova.api.openstack.requestlog [None req-0557f0b9-4885-4256-9bbb-fa9149aca1d2 admin admin] 10.222.0.25 "GET /compute/v2.1" status: 200 len: 388 microversion: 2.1 time: 0.001490
Jun 19 20:18:17.206622 dv-cinder-797170-2-iscsi devstack@n-api.service[92752]: [pid: 92752|app: 0|req: 25/48] 10.222.0.25 () {56 vars in 1075 bytes} [Sat Jun 19 20:18:17 2021] GET /compute/v2.1 => generated 388 bytes in 3 msecs (HTTP/1.1 200) 9 headers in 357 bytes (1 switches on core 0)
Jun 19 20:18:17.390724 dv-cinder-797170-2-iscsi devstack@n-api.service[92751]: DEBUG nova.api.openstack.wsgi [None req-815a275f-a012-4634-8cf7-c9ac1f435d3e admin admin] Calling method '>' {{(pid=92751) _process_stack /opt/stack/nova/nova/api/openstack/wsgi.py:513}}
Jun 19 20:18:17.395936 dv-cinder-797170-2-iscsi devstack@n-api.service[92751]: INFO nova.api.openstack.wsgi [None req-815a275f-a012-4634-8cf7-c9ac1f435d3e admin admin] HTTP exception thrown: Flavor 451 could not be found.
Jun 19 20:18:17.396521 dv-cinder-797170-2-iscsi devstack@n-api.service[92751]: DEBUG nova.api.openstack.wsgi [None req-815a275f-a012-4634-8cf7-c9ac1f435d3e admin admin] Returning 404 to user: Flavor 451 could not be found. {{(pid=92751) __call__ /opt/stack/nova/nova/api/openstack/wsgi.py:927}}
Jun 19 20:18:17.397295 dv-cinder-797170-2-iscsi devstack@n-api.service[92751]: INFO nova.api.openstack.requestlog [None req-815a275f-a012-4634-8cf7-c9ac1f435d3e admin admin] 10.222.0.25 "GET /compute/v2.1/flavors/451" status: 404 len: 76 microversion: 2.88 time: 0.054276
Jun 19 20:18:17.397791 dv-cinder-797170-2-iscsi devstack@n-api.service[92751]: [pid: 92751|app: 0|req: 24/49] 10.222.0.25 () {60 vars in 1194 bytes} [Sat Jun 19 20:18:17 2021] GET /compute/v2.1/flavors/451 => generated 76 bytes in 55 msecs (HTTP/1.1 404) 9 headers in 380 bytes (1 switches on core 0)
Jun 19 20:18:17.406756 dv-cinder-797170-2-iscsi devstack@n-api.service[92752]: DEBUG nova.api.openstack.wsgi [None req-67b0d9b3-f3a9-49a4-9df9-17a855848dbd admin admin] Calling method '>' {{(pid=92752) _process_stack /opt/stack/nova/nova/api/openstack/wsgi.py:513}}
Jun 19 20:18:17.419778 dv-cinder-797170-2-iscsi devstack@n-api.service[92752]: INFO nova.api.openstack.requestlog [None req-67b0d9b3-f3a9-49a4-9df9-17a855848dbd admin admin] 10.222.0.25 "GET /compute/v2.1/flavors?is_public=None" status: 200 len: 2056 microversion: 2.88 time: 0.016553
Jun 19 20:18:17.420309 dv-cinder-797170-2-iscsi devstack@n-api.service[92752]: [pid: 92752|app: 0|req: 26/50] 10.222.0.25 () {60 vars in 1211 bytes} [Sat Jun 19 20:18:17 2021] GET /compute/v2.1/flavors?is_public=None => generated 2056 bytes in 18 msecs (HTTP/1.1 200) 9 headers in 360 bytes (2 switches on core 0)
Jun 19 20:18:17.430002 dv-cinder-797170-2-iscsi devstack@n-api.service[92751]: DEBUG nova.api.openstack.wsgi [None req-47ac12ca-560c-4696-9b93-7214e205096d admin admin] Calling method '>' {{(pid=92751) _process_stack /opt/stack/nova/nova/api/openstack/wsgi.py:513}}
Jun 19 20:18:17.443253 dv-cinder-797170-2-iscsi devstack@n-api.service[92751]: INFO nova.api.openstack.requestlog [None req-47ac12ca-560c-4696-9b93-7214e205096d admin admin] 10.222.0.25 "GET /compute/v2.1/flavors?is_public=None" status: 200 len: 2056 microversion: 2.88 time: 0.016998
Jun 19 20:18:17.443762 dv-cinder-797170-2-iscsi devstack@n-api.service[92751]: [pid: 92751|app: 0|req: 25/51] 10.222.0.25 () {60 vars in 1211 bytes} [Sat Jun 19 20:18:17 2021] GET /compute/v2.1/flavors?is_public=None => generated 2056 bytes in 18 msecs (HTTP/1.1 200) 9 headers in 360 bytes (1 switches on core 0)
Jun 19 20:18:17.452592 dv-cinder-797170-2-iscsi devstack@n-api.service[92752]: DEBUG nova.api.openstack.wsgi [None req-39c95fa5-fd3f-4d1d-a619-0524bdae1671 admin admin] Calling method '>' {{(pid=92752) _process_stack /opt/stack/nova/nova/api/openstack/wsgi.py:513}}
Jun 19 20:18:17.457597 dv-cinder-797170-2-iscsi devstack@n-api.service[92752]: INFO nova.api.openstack.wsgi [None req-39c95fa5-fd3f-4d1d-a619-0524bdae1671 admin admin] HTTP exception thrown: Flavor 451 could not be found.
Jun 19 20:18:17.458111 dv-cinder-797170-2-iscsi devstack@n-api.service[92752]: DEBUG nova.api.openstack.wsgi [None req-39c95fa5-fd3f-4d1d-a619-0524bdae1671 admin admin] Returning 404 to user: Flavor 451 could not be found. {{(pid=92752) __call__ /opt/stack/nova/nova/api/openstack/wsgi.py:927}}
Jun 19 20:18:17.458882 dv-cinder-797170-2-iscsi devstack@n-api.service[92752]: INFO nova.api.openstack.requestlog [None req-39c95fa5-fd3f-4d1d-a619-0524bdae1671 admin admin] 10.222.0.25 "GET /compute/v2.1/flavors/451" status: 404 len: 76 microversion: 2.88 time: 0.009722
Jun 19 20:18:17.459376 dv-cinder-797170-2-iscsi devstack@n-api.service[92752]: [pid: 92752|app: 0|req: 27/52] 10.222.0.25 () {60 vars in 1194 bytes} [Sat Jun 19 20:18:17 2021] GET /compute/v2.1/flavors/451 => generated 76 bytes in 11 msecs (HTTP/1.1 404) 9 headers in 380 bytes (1 switches on core 0)
Jun 19 20:18:18.782275 dv-cinder-797170-2-iscsi devstack@n-api.service[92751]: DEBUG nova.api.openstack.wsgi [None req-47ac12ca-560c-4696-9b93-7214e205096d admin admin] Calling method '>' {{(pid=92751) _process_stack /opt/stack/nova/nova/api/openstack/wsgi.py:513}}
Jun 19 20:18:18.783274 dv-cinder-797170-2-iscsi devstack@n-api.service[92751]: INFO nova.api.openstack.requestlog [None req-47ac12ca-560c-4696-9b93-7214e205096d admin admin] 10.222.0.25 "GET /compute/v2.1" status: 200 len: 388 microversion: 2.1 time: 0.001418
Jun 19 20:18:18.783671 dv-cinder-797170-2-iscsi devstack@n-api.service[92751]: [pid: 92751|app: 0|req: 26/53] 10.222.0.25 () {56 vars in 1075 bytes} [Sat Jun 19 20:18:18 2021] GET /compute/v2.1 => generated 388 bytes in 2 msecs (HTTP/1.1 200) 9 headers in 357 bytes (2 switches on core 0)
Jun 19 20:18:18.967295 dv-cinder-797170-2-iscsi devstack@n-api.service[92752]: DEBUG nova.api.openstack.wsgi [None req-2cc28072-6ae6-4941-8de9-7be1d84932bd admin admin] Action: 'create', calling method: >, body: {"flavor": {"name": "m1.nano", "ram": 256, "vcpus": 1, "disk": 1, "id": "42", "swap": 0, "OS-FLV-EXT-DATA:ephemeral": 0, "rxtx_factor": 1.0, "os-flavor-access:is_public": true}} {{(pid=92752) _process_stack /opt/stack/nova/nova/api/openstack/wsgi.py:511}}
Jun 19 20:18:19.078774 dv-cinder-797170-2-iscsi devstack@n-api.service[92752]: INFO nova.api.openstack.requestlog [None req-2cc28072-6ae6-4941-8de9-7be1d84932bd admin admin] 10.222.0.25 "POST /compute/v2.1/flavors" status: 200 len: 404 microversion: 2.88 time: 0.159903
Jun 19 20:18:19.079319 dv-cinder-797170-2-iscsi devstack@n-api.service[92752]: [pid: 92752|app: 0|req: 28/54] 10.222.0.25 () {64 vars in 1236 bytes} [Sat Jun 19 20:18:18 2021] POST /compute/v2.1/flavors => generated 404 bytes in 161 msecs (HTTP/1.1 200) 9 headers in 359 bytes (2 switches on core 0)
Jun 19 20:18:20.376483 dv-cinder-797170-2-iscsi devstack@n-api.service[92751]: DEBUG nova.api.openstack.wsgi [None req-47ac12ca-560c-4696-9b93-7214e205096d admin admin] Calling method '>' {{(pid=92751) _process_stack /opt/stack/nova/nova/api/openstack/wsgi.py:513}}
Jun 19 20:18:20.377509 dv-cinder-797170-2-iscsi devstack@n-api.service[92751]: INFO nova.api.openstack.requestlog [None req-47ac12ca-560c-4696-9b93-7214e205096d admin admin] 10.222.0.25 "GET /compute/v2.1" status: 200 len: 388 microversion: 2.1 time: 0.001465
Jun 19 20:18:20.377923 dv-cinder-797170-2-iscsi devstack@n-api.service[92751]: [pid: 92751|app: 0|req: 27/55] 10.222.0.25 () {56 vars in 1075 bytes} [Sat Jun 19 20:18:20 2021] GET /compute/v2.1 => generated 388 bytes in 2 msecs (HTTP/1.1 200) 9 headers in 357 bytes (1 switches on core 0)
Jun 19 20:18:20.560683 dv-cinder-797170-2-iscsi devstack@n-api.service[92752]: DEBUG nova.api.openstack.wsgi [None req-46a0b24d-ddbf-48d1-b236-7d9faa672567 admin admin] Action: 'create', calling method: >, body: {"flavor": {"name": "m1.micro", "ram": 256, "vcpus": 1, "disk": 2, "id": "84", "swap": 0, "OS-FLV-EXT-DATA:ephemeral": 0, "rxtx_factor": 1.0, "os-flavor-access:is_public": true}} {{(pid=92752) _process_stack /opt/stack/nova/nova/api/openstack/wsgi.py:511}}
Jun 19 20:18:20.638721 dv-cinder-797170-2-iscsi devstack@n-api.service[92752]: INFO nova.api.openstack.requestlog [None req-46a0b24d-ddbf-48d1-b236-7d9faa672567 admin admin] 10.222.0.25 "POST /compute/v2.1/flavors" status: 200 len: 405 microversion: 2.88 time: 0.126010
Jun 19 20:18:20.639195 dv-cinder-797170-2-iscsi devstack@n-api.service[92752]: [pid: 92752|app: 0|req: 29/56] 10.222.0.25 () {64 vars in 1236 bytes} [Sat Jun 19 20:18:20 2021] POST /compute/v2.1/flavors => generated 405 bytes in 127 msecs (HTTP/1.1 200) 9 headers in 359 bytes (2 switches on core 0)
Jun 19 20:18:21.970285 dv-cinder-797170-2-iscsi devstack@n-api.service[92751]: DEBUG nova.api.openstack.wsgi [None req-47ac12ca-560c-4696-9b93-7214e205096d admin admin] Calling method '>' {{(pid=92751) _process_stack /opt/stack/nova/nova/api/openstack/wsgi.py:513}}
Jun 19 20:18:21.970285 dv-cinder-797170-2-iscsi devstack@n-api.service[92751]: INFO nova.api.openstack.requestlog [None req-47ac12ca-560c-4696-9b93-7214e205096d admin admin] 10.222.0.25 "GET /compute/v2.1" status: 200 len: 388 microversion: 2.1 time: 0.001436
Jun 19 20:18:21.970285 dv-cinder-797170-2-iscsi devstack@n-api.service[92751]: [pid: 92751|app: 0|req: 28/57] 10.222.0.25 () {56 vars in 1075 bytes} [Sat Jun 19 20:18:21 2021] GET /compute/v2.1 => generated 388 bytes in 2 msecs (HTTP/1.1 200) 9 headers in 357 bytes (1 switches on core 0)
Jun 19 20:18:22.163695 dv-cinder-797170-2-iscsi devstack@n-api.service[92752]: DEBUG nova.api.openstack.wsgi [None req-0655f0ca-288c-4489-b43c-01be356c45c8 admin admin] Action: 'create', calling method: >, body: {"flavor": {"name": "m1.heat", "ram": 512, "vcpus": 1, "disk": 1, "id": "451", "swap": 0, "OS-FLV-EXT-DATA:ephemeral": 0, "rxtx_factor": 1.0, "os-flavor-access:is_public": true}} {{(pid=92752) _process_stack /opt/stack/nova/nova/api/openstack/wsgi.py:511}}
Jun 19 20:18:22.268177 dv-cinder-797170-2-iscsi devstack@n-api.service[92752]: INFO nova.api.openstack.requestlog [None req-0655f0ca-288c-4489-b43c-01be356c45c8 admin admin] 10.222.0.25 "POST /compute/v2.1/flavors" status: 200 len: 407 microversion: 2.88 time: 0.154861
Jun 19 20:18:22.268758 dv-cinder-797170-2-iscsi devstack@n-api.service[92752]: [pid: 92752|app: 0|req: 30/58] 10.222.0.25 () {64 vars in 1236 bytes} [Sat Jun 19 20:18:22 2021] POST /compute/v2.1/flavors => generated 407 bytes in 157 msecs (HTTP/1.1 200) 9 headers in 359 bytes (1 switches on core 0)
