Jun 19 01:56:24.313712 dv-cinder-797170-1-iscsi neutron-server[105237]: DEBUG oslo_concurrency.lockutils [-] Lock "event-dispatch" acquired by "neutron.plugins.ml2.ovo_rpc._ObjectChangeHandler.dispatch_events" :: waited 0.000s {{(pid=105237) inner /usr/local/lib/python3.8/dist-packages/oslo_concurrency/lockutils.py:355}}
Jun 19 01:56:24.331266 dv-cinder-797170-1-iscsi neutron-server[105239]: DEBUG neutron.plugins.ml2.db [None req-82642c6d-f41b-4f5b-a054-ffabec16a513 None None] get_ports_and_sgs() called for port_ids ['6b8d0683-ce17-4c1b-99c7-3e848491d26d', '46f35468-06d8-48ad-af66-1966653b7e43'] {{(pid=105239) get_ports_and_sgs /opt/stack/neutron/neutron/plugins/ml2/db.py:163}}
Jun 19 01:56:24.400011 dv-cinder-797170-1-iscsi neutron-server[105237]: DEBUG neutron.scheduler.dhcp_agent_scheduler [req-0e847799-9198-4706-be6a-674beea38e46 req-0eb9de87-4e3f-4a2c-bf1d-1800e9fd5333 tempest-AttachVolumeNegativeTest-2089031450 tempest-AttachVolumeNegativeTest-2089031450-project] Network 854627a6-c015-4dc6-b4ea-ee7d4a74b2e3 is already hosted by enough agents. {{(pid=105237) _get_dhcp_agents_hosting_network /opt/stack/neutron/neutron/scheduler/dhcp_agent_scheduler.py:275}}
Jun 19 01:56:24.405955 dv-cinder-797170-1-iscsi neutron-server[105237]: DEBUG neutron.scheduler.base_scheduler [req-0e847799-9198-4706-be6a-674beea38e46 req-0eb9de87-4e3f-4a2c-bf1d-1800e9fd5333 tempest-AttachVolumeNegativeTest-2089031450 tempest-AttachVolumeNegativeTest-2089031450-project] Resources bound (agent type, host, resource id): {{(pid=105237) schedule /opt/stack/neutron/neutron/scheduler/base_scheduler.py:57}}
Jun 19 01:56:24.410489 dv-cinder-797170-1-iscsi neutron-server[105237]: DEBUG neutron.db.l3_dvrscheduler_db [req-0e847799-9198-4706-be6a-674beea38e46 req-0eb9de87-4e3f-4a2c-bf1d-1800e9fd5333 tempest-AttachVolumeNegativeTest-2089031450 tempest-AttachVolumeNegativeTest-2089031450-project] Received port after_create {{(pid=105237) _notify_l3_agent_new_port /opt/stack/neutron/neutron/db/l3_dvrscheduler_db.py:535}}
Jun 19 01:56:24.443392 dv-cinder-797170-1-iscsi neutron-server[105237]: DEBUG neutron.api.rpc.handlers.resources_rpc [None req-0eb9de87-4e3f-4a2c-bf1d-1800e9fd5333 tempest-AttachVolumeNegativeTest-2089031450 tempest-AttachVolumeNegativeTest-2089031450-project] Pushing event updated for resources: {'Port': ['ID=efb8ea52-c606-46d4-b28d-7d93dc5962d7,revision_number=1']} {{(pid=105237) push /opt/stack/neutron/neutron/api/rpc/handlers/resources_rpc.py:237}}
Jun 19 01:56:24.456084 dv-cinder-797170-1-iscsi neutron-server[105237]: DEBUG oslo_concurrency.lockutils [None req-0eb9de87-4e3f-4a2c-bf1d-1800e9fd5333 tempest-AttachVolumeNegativeTest-2089031450 tempest-AttachVolumeNegativeTest-2089031450-project] Lock "event-dispatch" released by "neutron.plugins.ml2.ovo_rpc._ObjectChangeHandler.dispatch_events" :: held 0.142s {{(pid=105237) inner /usr/local/lib/python3.8/dist-packages/oslo_concurrency/lockutils.py:367}}
Jun 19 01:56:24.479486 dv-cinder-797170-1-iscsi neutron-server[105237]: DEBUG neutron.pecan_wsgi.hooks.policy_enforcement [req-0e847799-9198-4706-be6a-674beea38e46 req-0eb9de87-4e3f-4a2c-bf1d-1800e9fd5333 tempest-AttachVolumeNegativeTest-2089031450 tempest-AttachVolumeNegativeTest-2089031450-project] Attributes excluded by policy engine: ['standard_attr_id', 'binding:profile', 'binding:host_id', 'binding:vif_type', 'binding:vif_details', 'network'] {{(pid=105237) _exclude_attributes_by_policy /opt/stack/neutron/neutron/pecan_wsgi/hooks/policy_enforcement.py:255}}
Jun 19 01:56:24.480140 dv-cinder-797170-1-iscsi neutron-server[105237]: DEBUG neutron_lib.callbacks.manager [req-0e847799-9198-4706-be6a-674beea38e46 req-0eb9de87-4e3f-4a2c-bf1d-1800e9fd5333 tempest-AttachVolumeNegativeTest-2089031450 tempest-AttachVolumeNegativeTest-2089031450-project] Notify callbacks ['neutron.notifiers.nova.Notifier._send_nova_notification-151689'] for port, before_response {{(pid=105237) _notify_loop /usr/local/lib/python3.8/dist-packages/neutron_lib/callbacks/manager.py:192}}
Jun 19 01:56:24.566008 dv-cinder-797170-1-iscsi neutron-server[105237]: INFO neutron.wsgi [req-0e847799-9198-4706-be6a-674beea38e46 req-0eb9de87-4e3f-4a2c-bf1d-1800e9fd5333 tempest-AttachVolumeNegativeTest-2089031450 tempest-AttachVolumeNegativeTest-2089031450-project] 10.222.0.16 "POST /v2.0/ports HTTP/1.1" status: 201 len: 933 time: 1.0511410
Jun 19 01:56:24.580485 dv-cinder-797170-1-iscsi neutron-server[105237]: DEBUG neutron.api.v2.base [req-0e847799-9198-4706-be6a-674beea38e46 req-1e7ae032-73bf-4ba2-839d-ec793700f256 service neutron] Request body: {'port': {'device_id': '8a8aaffa-ab4f-4851-a189-bd0aeb889698', 'device_owner': 'compute:nova', 'binding:host_id': 'hv-cinder-79717'}} {{(pid=105237) prepare_request_body /opt/stack/neutron/neutron/api/v2/base.py:729}}
Jun 19 01:56:24.664863 dv-cinder-797170-1-iscsi neutron-server[105237]: DEBUG neutron_lib.callbacks.manager [req-0e847799-9198-4706-be6a-674beea38e46 req-1e7ae032-73bf-4ba2-839d-ec793700f256 service neutron] Notify callbacks ['neutron.plugins.ml2.plugin.SecurityGroupDbMixin._ensure_default_security_group_handler_port-551282'] for port, before_update {{(pid=105237) _notify_loop /usr/local/lib/python3.8/dist-packages/neutron_lib/callbacks/manager.py:192}}
Jun 19 01:56:24.915144 dv-cinder-797170-1-iscsi neutron-server[105238]: DEBUG neutron.wsgi [-] (105238) accepted ('10.222.0.24', 43184) {{(pid=105238) server /usr/local/lib/python3.8/dist-packages/eventlet/wsgi.py:992}}
Jun 19 01:56:24.994017 dv-cinder-797170-1-iscsi neutron-server[105237]: DEBUG neutron.notifiers.nova [req-0e847799-9198-4706-be6a-674beea38e46 req-1e7ae032-73bf-4ba2-839d-ec793700f256 service neutron] Ignoring state change previous_port_status: DOWN current_port_status: DOWN port_id efb8ea52-c606-46d4-b28d-7d93dc5962d7 {{(pid=105237) record_port_status_changed /opt/stack/neutron/neutron/notifiers/nova.py:224}}
Jun 19 01:56:25.004713 dv-cinder-797170-1-iscsi neutron-server[105237]: DEBUG neutron_lib.callbacks.manager [req-0e847799-9198-4706-be6a-674beea38e46 req-1e7ae032-73bf-4ba2-839d-ec793700f256 service neutron] Notify callbacks [] for port, precommit_update {{(pid=105237) _notify_loop /usr/local/lib/python3.8/dist-packages/neutron_lib/callbacks/manager.py:192}}
Jun 19 01:56:25.012329 dv-cinder-797170-1-iscsi neutron-server[105240]: DEBUG neutron.db.agents_db [None req-63e9d367-f793-482d-99f9-cf0734d56cfd None None] Agent healthcheck: found 6 active agents {{(pid=105240) agent_health_check /opt/stack/neutron/neutron/db/agents_db.py:314}}
Jun 19 01:56:25.016992 dv-cinder-797170-1-iscsi neutron-server[105237]: DEBUG neutron.db.provisioning_blocks [req-0e847799-9198-4706-be6a-674beea38e46 req-1e7ae032-73bf-4ba2-839d-ec793700f256 service neutron] Transition to ACTIVE for port object efb8ea52-c606-46d4-b28d-7d93dc5962d7 will not be triggered until provisioned by entity L2. {{(pid=105237) add_provisioning_component /opt/stack/neutron/neutron/db/provisioning_blocks.py:73}}
Jun 19 01:56:25.034989 dv-cinder-797170-1-iscsi neutron-server[105238]: DEBUG neutron_lib.callbacks.manager [None req-38dc5fbd-d466-46fc-b564-d2591d768ebf admin admin] Notify callbacks [] for security_group, before_create {{(pid=105238) _notify_loop /usr/local/lib/python3.8/dist-packages/neutron_lib/callbacks/manager.py:192}}
Jun 19 01:56:25.176406 dv-cinder-797170-1-iscsi neutron-server[105238]: DEBUG neutron_lib.callbacks.manager [None req-38dc5fbd-d466-46fc-b564-d2591d768ebf admin admin] Notify callbacks [] for security_group, precommit_create {{(pid=105238) _notify_loop /usr/local/lib/python3.8/dist-packages/neutron_lib/callbacks/manager.py:192}}
Jun 19 01:56:25.200876 dv-cinder-797170-1-iscsi neutron-server[105237]: DEBUG neutron_lib.callbacks.manager [req-0e847799-9198-4706-be6a-674beea38e46 req-1e7ae032-73bf-4ba2-839d-ec793700f256 service neutron] Notify callbacks ['neutron.plugins.ml2.plugin.SecurityGroupServerNotifierRpcMixin.notify_sg_on_port_change-551824', 'neutron.plugins.ml2.ovo_rpc._ObjectChangeHandler.handle_event-255462', 'neutron.api.rpc.agentnotifiers.dhcp_rpc_agent_api.DhcpAgentNotifyAPI._native_event_send_dhcp_notification-3576583', 'neutron.db.l3_db.L3RpcNotifierMixin._notify_gateway_port_ip_changed-8748624048339', 'neutron.db.l3_dvrscheduler_db._notify_l3_agent_port_update-8748623459184', 'neutron.db.l3_hascheduler_db._notify_l3_agent_ha_port_update-8748623459229', 'neutron.services.segments.plugin.NovaSegmentNotifier._notify_port_updated-11936581'] for port, after_update {{(pid=105237) _notify_loop /usr/local/lib/python3.8/dist-packages/neutron_lib/callbacks/manager.py:192}}
Jun 19 01:56:25.210912 dv-cinder-797170-1-iscsi neutron-server[105237]: DEBUG oslo_concurrency.lockutils [-] Lock "event-dispatch" acquired by "neutron.plugins.ml2.ovo_rpc._ObjectChangeHandler.dispatch_events" :: waited 0.000s {{(pid=105237) inner /usr/local/lib/python3.8/dist-packages/oslo_concurrency/lockutils.py:355}}
Jun 19 01:56:25.271005 dv-cinder-797170-1-iscsi neutron-server[105238]: DEBUG neutron_lib.callbacks.manager [None req-38dc5fbd-d466-46fc-b564-d2591d768ebf admin admin] Notify callbacks ['neutron.plugins.ml2.ovo_rpc._ObjectChangeHandler.handle_event-435004'] for security_group, after_create {{(pid=105238) _notify_loop /usr/local/lib/python3.8/dist-packages/neutron_lib/callbacks/manager.py:192}}
Jun 19 01:56:25.275027 dv-cinder-797170-1-iscsi neutron-server[105238]: DEBUG oslo_concurrency.lockutils [None req-f172b1a4-6ccc-4774-b444-f4c4c01ffc0d admin admin] Lock "event-dispatch" acquired by "neutron.plugins.ml2.ovo_rpc._ObjectChangeHandler.dispatch_events" :: waited 0.000s {{(pid=105238) inner /usr/local/lib/python3.8/dist-packages/oslo_concurrency/lockutils.py:355}}
Jun 19 01:56:25.307668 dv-cinder-797170-1-iscsi neutron-server[105237]: DEBUG neutron.api.rpc.handlers.resources_rpc [None req-1e7ae032-73bf-4ba2-839d-ec793700f256 service neutron] Pushing event updated for resources: {'Port': ['ID=efb8ea52-c606-46d4-b28d-7d93dc5962d7,revision_number=2']} {{(pid=105237) push /opt/stack/neutron/neutron/api/rpc/handlers/resources_rpc.py:237}}
Jun 19 01:56:25.311126 dv-cinder-797170-1-iscsi neutron-server[105237]: DEBUG oslo_concurrency.lockutils [None req-1e7ae032-73bf-4ba2-839d-ec793700f256 service neutron] Lock "event-dispatch" released by "neutron.plugins.ml2.ovo_rpc._ObjectChangeHandler.dispatch_events" :: held 0.106s {{(pid=105237) inner /usr/local/lib/python3.8/dist-packages/oslo_concurrency/lockutils.py:367}}
Jun 19 01:56:25.335619 dv-cinder-797170-1-iscsi neutron-server[105238]: INFO neutron.wsgi [None req-38dc5fbd-d466-46fc-b564-d2591d768ebf admin admin] 10.222.0.24 "GET /v2.0/security-groups?tenant_id=4f0615d25118421db62eaed18f2ca82f&name=default HTTP/1.1" status: 200 len: 2979 time: 0.4189799
Jun 19 01:56:25.338237 dv-cinder-797170-1-iscsi neutron-server[105237]: DEBUG neutron.wsgi [-] (105237) accepted ('10.222.0.24', 43204) {{(pid=105237) server /usr/local/lib/python3.8/dist-packages/eventlet/wsgi.py:992}}
Jun 19 01:56:25.345117 dv-cinder-797170-1-iscsi neutron-server[105238]: DEBUG neutron.pecan_wsgi.hooks.policy_enforcement [req-c515d5e1-e519-4ff9-a6ba-ec34b3a370d1 req-c62ce8cc-84f7-4e32-91b5-babb44a1a420 tempest-AttachVolumeNegativeTest-2089031450 tempest-AttachVolumeNegativeTest-2089031450-project] Attributes excluded by policy engine: ['standard_attr_id', 'binding:profile', 'binding:host_id', 'binding:vif_type', 'binding:vif_details'] {{(pid=105238) _exclude_attributes_by_policy /opt/stack/neutron/neutron/pecan_wsgi/hooks/policy_enforcement.py:255}}
Jun 19 01:56:25.347952 dv-cinder-797170-1-iscsi neutron-server[105238]: INFO neutron.wsgi [req-c515d5e1-e519-4ff9-a6ba-ec34b3a370d1 req-c62ce8cc-84f7-4e32-91b5-babb44a1a420 tempest-AttachVolumeNegativeTest-2089031450 tempest-AttachVolumeNegativeTest-2089031450-project] 10.222.0.24 "GET /v2.0/ports?device_id=8a8aaffa-ab4f-4851-a189-bd0aeb889698 HTTP/1.1" status: 200 len: 943 time: 0.1358922
Jun 19 01:56:25.349937 dv-cinder-797170-1-iscsi neutron-server[105238]: DEBUG neutron.api.rpc.handlers.resources_rpc [None req-38dc5fbd-d466-46fc-b564-d2591d768ebf admin admin] Pushing event updated for resources: {'SecurityGroup': ['ID=e84f599e-2f40-47a8-bad6-a5f125acc49c,revision_number=1']} {{(pid=105238) push /opt/stack/neutron/neutron/api/rpc/handlers/resources_rpc.py:237}}
Jun 19 01:56:25.357962 dv-cinder-797170-1-iscsi neutron-server[105238]: DEBUG oslo_concurrency.lockutils [None req-38dc5fbd-d466-46fc-b564-d2591d768ebf admin admin] Lock "event-dispatch" released by "neutron.plugins.ml2.ovo_rpc._ObjectChangeHandler.dispatch_events" :: held 0.083s {{(pid=105238) inner /usr/local/lib/python3.8/dist-packages/oslo_concurrency/lockutils.py:367}}
Jun 19 01:56:25.398903 dv-cinder-797170-1-iscsi neutron-server[105238]: INFO neutron.wsgi [req-c515d5e1-e519-4ff9-a6ba-ec34b3a370d1 req-4a98e817-c3ba-4343-a871-51ed4f768300 tempest-AttachVolumeNegativeTest-2089031450 tempest-AttachVolumeNegativeTest-2089031450-project] 10.222.0.24 "GET /v2.0/security-groups?id=b2817db9-227f-414d-8742-a16b529e39ea&fields=id&fields=name HTTP/1.1" status: 200 len: 286 time: 0.0431452
Jun 19 01:56:25.445946 dv-cinder-797170-1-iscsi neutron-server[105237]: DEBUG neutron.plugins.ml2.managers [req-0e847799-9198-4706-be6a-674beea38e46 req-1e7ae032-73bf-4ba2-839d-ec793700f256 service neutron] Attempting to bind port efb8ea52-c606-46d4-b28d-7d93dc5962d7 on host hv-cinder-79717 for vnic_type normal with profile {{(pid=105237) bind_port /opt/stack/neutron/neutron/plugins/ml2/managers.py:790}}
Jun 19 01:56:25.446303 dv-cinder-797170-1-iscsi neutron-server[105237]: DEBUG neutron.plugins.ml2.managers [req-0e847799-9198-4706-be6a-674beea38e46 req-1e7ae032-73bf-4ba2-839d-ec793700f256 service neutron] Attempting to bind port efb8ea52-c606-46d4-b28d-7d93dc5962d7 by drivers openvswitch,hyperv on host hv-cinder-79717 at level 0 using segments [{'id': 'e00afec5-e33c-4394-92d8-2c0847ecc795', 'network_type': 'vlan', 'physical_network': 'physnet1', 'segmentation_id': 406, 'network_id': '854627a6-c015-4dc6-b4ea-ee7d4a74b2e3'}] {{(pid=105237) _bind_port_level /opt/stack/neutron/neutron/plugins/ml2/managers.py:815}}
Jun 19 01:56:25.446657 dv-cinder-797170-1-iscsi neutron-server[105237]: DEBUG neutron.plugins.ml2.drivers.mech_agent [req-0e847799-9198-4706-be6a-674beea38e46 req-1e7ae032-73bf-4ba2-839d-ec793700f256 service neutron] Attempting to bind port efb8ea52-c606-46d4-b28d-7d93dc5962d7 on network 854627a6-c015-4dc6-b4ea-ee7d4a74b2e3 {{(pid=105237) bind_port /opt/stack/neutron/neutron/plugins/ml2/drivers/mech_agent.py:86}}
Jun 19 01:56:25.456217 dv-cinder-797170-1-iscsi neutron-server[105237]: DEBUG neutron_lib.callbacks.manager [None req-94950d44-bb4a-48a0-b138-4467ad5a211a admin admin] Notify callbacks [] for security_group, before_delete {{(pid=105237) _notify_loop /usr/local/lib/python3.8/dist-packages/neutron_lib/callbacks/manager.py:192}}
Jun 19 01:56:25.457673 dv-cinder-797170-1-iscsi neutron-server[105237]: DEBUG neutron.plugins.ml2.drivers.mech_agent [req-0e847799-9198-4706-be6a-674beea38e46 req-1e7ae032-73bf-4ba2-839d-ec793700f256 service neutron] Port efb8ea52-c606-46d4-b28d-7d93dc5962d7 on network 854627a6-c015-4dc6-b4ea-ee7d4a74b2e3 not bound, no agent of type Open vSwitch agent registered on host hv-cinder-79717 {{(pid=105237) bind_port /opt/stack/neutron/neutron/plugins/ml2/drivers/mech_agent.py:98}}
Jun 19 01:56:25.458237 dv-cinder-797170-1-iscsi neutron-server[105237]: DEBUG neutron.plugins.ml2.drivers.mech_agent [req-0e847799-9198-4706-be6a-674beea38e46 req-1e7ae032-73bf-4ba2-839d-ec793700f256 service neutron] Attempting to bind port efb8ea52-c606-46d4-b28d-7d93dc5962d7 on network 854627a6-c015-4dc6-b4ea-ee7d4a74b2e3 {{(pid=105237) bind_port /opt/stack/neutron/neutron/plugins/ml2/drivers/mech_agent.py:86}}
Jun 19 01:56:25.469738 dv-cinder-797170-1-iscsi neutron-server[105237]: DEBUG neutron.plugins.ml2.drivers.mech_agent [req-0e847799-9198-4706-be6a-674beea38e46 req-1e7ae032-73bf-4ba2-839d-ec793700f256 service neutron] Checking agent: {'id': 'f3964236-e6c9-48dc-82ba-11113dbb01cb', 'agent_type': 'HyperV agent', 'binary': 'neutron-hyperv-agent', 'topic': 'N/A', 'host': 'hv-cinder-79717', 'admin_state_up': True, 'created_at': datetime.datetime(2021, 6, 19, 1, 52, 51), 'started_at': datetime.datetime(2021, 6, 19, 1, 52, 51), 'heartbeat_timestamp': datetime.datetime(2021, 6, 19, 1, 56, 22), 'description': None, 'resources_synced': None, 'availability_zone': None, 'alive': True, 'configurations': {'vswitch_mappings': {'physnet1$': 'br-data'}}, 'resource_versions': {}} {{(pid=105237) bind_port /opt/stack/neutron/neutron/plugins/ml2/drivers/mech_agent.py:105}}
Jun 19 01:56:25.470081 dv-cinder-797170-1-iscsi neutron-server[105237]: DEBUG neutron.plugins.ml2.drivers.mech_agent [req-0e847799-9198-4706-be6a-674beea38e46 req-1e7ae032-73bf-4ba2-839d-ec793700f256 service neutron] Checking segment: {'id': 'e00afec5-e33c-4394-92d8-2c0847ecc795', 'network_type': 'vlan', 'physical_network': 'physnet1', 'segmentation_id': 406, 'network_id': '854627a6-c015-4dc6-b4ea-ee7d4a74b2e3'} for mappings: {'physnet1$': 'br-data'} with network types: ['local', 'flat', 'vlan'] {{(pid=105237) check_segment_for_agent /opt/stack/neutron/neutron/plugins/ml2/drivers/mech_agent.py:341}}
Jun 19 01:56:25.470466 dv-cinder-797170-1-iscsi neutron-server[105237]: DEBUG neutron.plugins.ml2.drivers.mech_agent [req-0e847799-9198-4706-be6a-674beea38e46 req-1e7ae032-73bf-4ba2-839d-ec793700f256 service neutron] Bound using segment: {'id': 'e00afec5-e33c-4394-92d8-2c0847ecc795', 'network_type': 'vlan', 'physical_network': 'physnet1', 'segmentation_id': 406, 'network_id': '854627a6-c015-4dc6-b4ea-ee7d4a74b2e3'} {{(pid=105237) bind_port /opt/stack/neutron/neutron/plugins/ml2/drivers/mech_agent.py:115}}
Jun 19 01:56:25.470918 dv-cinder-797170-1-iscsi neutron-server[105237]: DEBUG neutron.plugins.ml2.managers [req-0e847799-9198-4706-be6a-674beea38e46 req-1e7ae032-73bf-4ba2-839d-ec793700f256 service neutron] Bound port: efb8ea52-c606-46d4-b28d-7d93dc5962d7, host: hv-cinder-79717, vif_type: hyperv, vif_details: {"connectivity": "legacy", "port_filter": false}, binding_levels: [{'bound_driver': 'hyperv', 'bound_segment': {'id': 'e00afec5-e33c-4394-92d8-2c0847ecc795', 'network_type': 'vlan', 'physical_network': 'physnet1', 'segmentation_id': 406, 'network_id': '854627a6-c015-4dc6-b4ea-ee7d4a74b2e3'}}] {{(pid=105237) _bind_port_level /opt/stack/neutron/neutron/plugins/ml2/managers.py:928}}
Jun 19 01:56:25.471271 dv-cinder-797170-1-iscsi neutron-server[105237]: DEBUG neutron_lib.callbacks.manager [req-0e847799-9198-4706-be6a-674beea38e46 req-1e7ae032-73bf-4ba2-839d-ec793700f256 service neutron] Notify callbacks ['neutron.plugins.ml2.plugin.SecurityGroupDbMixin._ensure_default_security_group_handler_port-551282'] for port, before_update {{(pid=105237) _notify_loop /usr/local/lib/python3.8/dist-packages/neutron_lib/callbacks/manager.py:192}}
Jun 19 01:56:25.542443 dv-cinder-797170-1-iscsi neutron-server[105237]: DEBUG neutron_lib.callbacks.manager [None req-94950d44-bb4a-48a0-b138-4467ad5a211a admin admin] Notify callbacks [] for security_group, precommit_delete {{(pid=105237) _notify_loop /usr/local/lib/python3.8/dist-packages/neutron_lib/callbacks/manager.py:192}}
Jun 19 01:56:25.615282 dv-cinder-797170-1-iscsi neutron-server[105237]: DEBUG neutron.plugins.ml2.db [req-0e847799-9198-4706-be6a-674beea38e46 req-1e7ae032-73bf-4ba2-839d-ec793700f256 service neutron] For port efb8ea52-c606-46d4-b28d-7d93dc5962d7, host hv-cinder-79717, cleared binding levels {{(pid=105237) clear_binding_levels /opt/stack/neutron/neutron/plugins/ml2/db.py:87}}
Jun 19 01:56:25.619333 dv-cinder-797170-1-iscsi neutron-server[105237]: DEBUG neutron.plugins.ml2.db [req-0e847799-9198-4706-be6a-674beea38e46 req-1e7ae032-73bf-4ba2-839d-ec793700f256 service neutron] For port efb8ea52-c606-46d4-b28d-7d93dc5962d7, host hv-cinder-79717, set binding levels [PortBindingLevel(driver='hyperv',host='hv-cinder-79717',level=0,port_id=efb8ea52-c606-46d4-b28d-7d93dc5962d7,segment=NetworkSegment(e00afec5-e33c-4394-92d8-2c0847ecc795),segment_id=e00afec5-e33c-4394-92d8-2c0847ecc795)] {{(pid=105237) set_binding_levels /opt/stack/neutron/neutron/plugins/ml2/db.py:59}}
Jun 19 01:56:25.736662 dv-cinder-797170-1-iscsi neutron-server[105237]: DEBUG neutron_lib.callbacks.manager [req-0e847799-9198-4706-be6a-674beea38e46 req-1e7ae032-73bf-4ba2-839d-ec793700f256 service neutron] Notify callbacks ['neutron.plugins.ml2.plugin.SecurityGroupServerNotifierRpcMixin.notify_sg_on_port_change-551824', 'neutron.plugins.ml2.ovo_rpc._ObjectChangeHandler.handle_event-255462', 'neutron.api.rpc.agentnotifiers.dhcp_rpc_agent_api.DhcpAgentNotifyAPI._native_event_send_dhcp_notification-3576583', 'neutron.db.l3_db.L3RpcNotifierMixin._notify_gateway_port_ip_changed-8748624048339', 'neutron.db.l3_dvrscheduler_db._notify_l3_agent_port_update-8748623459184', 'neutron.db.l3_hascheduler_db._notify_l3_agent_ha_port_update-8748623459229', 'neutron.services.segments.plugin.NovaSegmentNotifier._notify_port_updated-11936581'] for port, after_update {{(pid=105237) _notify_loop /usr/local/lib/python3.8/dist-packages/neutron_lib/callbacks/manager.py:192}}
Jun 19 01:56:25.739100 dv-cinder-797170-1-iscsi neutron-server[105237]: DEBUG oslo_concurrency.lockutils [None req-1e7ae032-73bf-4ba2-839d-ec793700f256 service neutron] Lock "event-dispatch" acquired by "neutron.plugins.ml2.ovo_rpc._ObjectChangeHandler.dispatch_events" :: waited 0.000s {{(pid=105237) inner /usr/local/lib/python3.8/dist-packages/oslo_concurrency/lockutils.py:355}}
Jun 19 01:56:25.780175 dv-cinder-797170-1-iscsi neutron-server[105237]: DEBUG neutron.pecan_wsgi.hooks.policy_enforcement [req-0e847799-9198-4706-be6a-674beea38e46 req-1e7ae032-73bf-4ba2-839d-ec793700f256 service neutron] Attributes excluded by policy engine: ['standard_attr_id'] {{(pid=105237) _exclude_attributes_by_policy /opt/stack/neutron/neutron/pecan_wsgi/hooks/policy_enforcement.py:255}}
Jun 19 01:56:25.780809 dv-cinder-797170-1-iscsi neutron-server[105237]: DEBUG neutron_lib.callbacks.manager [req-0e847799-9198-4706-be6a-674beea38e46 req-1e7ae032-73bf-4ba2-839d-ec793700f256 service neutron] Notify callbacks ['neutron.notifiers.nova.Notifier._send_nova_notification-151689'] for port, before_response {{(pid=105237) _notify_loop /usr/local/lib/python3.8/dist-packages/neutron_lib/callbacks/manager.py:192}}
Jun 19 01:56:25.782171 dv-cinder-797170-1-iscsi neutron-server[105237]: INFO neutron.wsgi [req-0e847799-9198-4706-be6a-674beea38e46 req-1e7ae032-73bf-4ba2-839d-ec793700f256 service neutron] 10.222.0.16 "PUT /v2.0/ports/efb8ea52-c606-46d4-b28d-7d93dc5962d7 HTTP/1.1" status: 200 len: 1093 time: 1.2081060
Jun 19 01:56:25.782670 dv-cinder-797170-1-iscsi neutron-server[105237]: DEBUG neutron.notifiers.nova [-] Sending events: [{'name': 'network-changed', 'server_uuid': '8a8aaffa-ab4f-4851-a189-bd0aeb889698', 'tag': 'efb8ea52-c606-46d4-b28d-7d93dc5962d7'}] {{(pid=105237) send_events /opt/stack/neutron/neutron/notifiers/nova.py:262}}
Jun 19 01:56:25.785020 dv-cinder-797170-1-iscsi neutron-server[105237]: DEBUG novaclient.v2.client [-] REQ: curl -g -i --cacert "/opt/stack/data/ca-bundle.pem" -X POST http://10.222.0.24/compute/v2.1/os-server-external-events -H "Accept: application/json" -H "Content-Type: application/json" -H "User-Agent: python-novaclient" -H "X-Auth-Token: {SHA256}a3ebe362453aaa2131ffcfe6e42d772597e9f7127457528a6545848bb1dc9cb9" -H "X-OpenStack-Nova-API-Version: 2.1" -H "X-OpenStack-Request-ID: req-9ed650d2-e975-4b63-be74-fe2d23461a9e" -d '{"events": [{"name": "network-changed", "server_uuid": "8a8aaffa-ab4f-4851-a189-bd0aeb889698", "tag": "efb8ea52-c606-46d4-b28d-7d93dc5962d7"}]}' {{(pid=105237) _http_log_request /usr/local/lib/python3.8/dist-packages/keystoneauth1/session.py:519}}
Jun 19 01:56:25.789866 dv-cinder-797170-1-iscsi neutron-server[105237]: DEBUG neutron_lib.callbacks.manager [None req-94950d44-bb4a-48a0-b138-4467ad5a211a admin admin] Notify callbacks ['neutron.plugins.ml2.ovo_rpc._ObjectChangeHandler.handle_event-435004'] for security_group, after_delete {{(pid=105237) _notify_loop /usr/local/lib/python3.8/dist-packages/neutron_lib/callbacks/manager.py:192}}
Jun 19 01:56:25.792382 dv-cinder-797170-1-iscsi neutron-server[105237]: DEBUG neutron_lib.callbacks.manager [None req-94950d44-bb4a-48a0-b138-4467ad5a211a admin admin] Notify callbacks [] for security_group, before_response {{(pid=105237) _notify_loop /usr/local/lib/python3.8/dist-packages/neutron_lib/callbacks/manager.py:192}}
Jun 19 01:56:25.793501 dv-cinder-797170-1-iscsi neutron-server[105237]: INFO neutron.wsgi [None req-94950d44-bb4a-48a0-b138-4467ad5a211a admin admin] 10.222.0.24 "DELETE /v2.0/security-groups/e84f599e-2f40-47a8-bad6-a5f125acc49c HTTP/1.1" status: 204 len: 168 time: 0.4541826
Jun 19 01:56:25.819126 dv-cinder-797170-1-iscsi neutron-server[105237]: DEBUG neutron.api.rpc.handlers.resources_rpc [None req-1e7ae032-73bf-4ba2-839d-ec793700f256 service neutron] Pushing event updated for resources: {'Port': ['ID=efb8ea52-c606-46d4-b28d-7d93dc5962d7,revision_number=3']} {{(pid=105237) push /opt/stack/neutron/neutron/api/rpc/handlers/resources_rpc.py:237}}
Jun 19 01:56:25.824986 dv-cinder-797170-1-iscsi neutron-server[105237]: DEBUG oslo_concurrency.lockutils [None req-1e7ae032-73bf-4ba2-839d-ec793700f256 service neutron] Lock "event-dispatch" released by "neutron.plugins.ml2.ovo_rpc._ObjectChangeHandler.dispatch_events" :: held 0.084s {{(pid=105237) inner /usr/local/lib/python3.8/dist-packages/oslo_concurrency/lockutils.py:367}}
Jun 19 01:56:25.824986 dv-cinder-797170-1-iscsi neutron-server[105237]: DEBUG oslo_concurrency.lockutils [None req-47d21874-9c10-4655-ae31-3015d77d6cd0 admin admin] Lock "event-dispatch" acquired by "neutron.plugins.ml2.ovo_rpc._ObjectChangeHandler.dispatch_events" :: waited 0.027s {{(pid=105237) inner /usr/local/lib/python3.8/dist-packages/oslo_concurrency/lockutils.py:355}}
Jun 19 01:56:25.834864 dv-cinder-797170-1-iscsi neutron-server[105237]: DEBUG novaclient.v2.client [-] RESP: [200] Connection: close Content-Length: 179 Content-Type: application/json Date: Sat, 19 Jun 2021 01:56:25 GMT OpenStack-API-Version: compute 2.1 Server: Apache/2.4.41 (Ubuntu) Vary: OpenStack-API-Version,X-OpenStack-Nova-API-Version X-OpenStack-Nova-API-Version: 2.1 x-compute-request-id: req-ce56f8ce-009d-47a6-baa5-291ecef6d272 x-openstack-request-id: req-ce56f8ce-009d-47a6-baa5-291ecef6d272 {{(pid=105237) _http_log_response /usr/local/lib/python3.8/dist-packages/keystoneauth1/session.py:550}}
Jun 19 01:56:25.834991 dv-cinder-797170-1-iscsi neutron-server[105237]: DEBUG novaclient.v2.client [-] RESP BODY: {"events": [{"name": "network-changed", "server_uuid": "8a8aaffa-ab4f-4851-a189-bd0aeb889698", "tag": "efb8ea52-c606-46d4-b28d-7d93dc5962d7", "status": "completed", "code": 200}]} {{(pid=105237) _http_log_response /usr/local/lib/python3.8/dist-packages/keystoneauth1/session.py:582}}
Jun 19 01:56:25.835188 dv-cinder-797170-1-iscsi neutron-server[105237]: DEBUG novaclient.v2.client [-] POST call to compute for http://10.222.0.24/compute/v2.1/os-server-external-events used request id req-ce56f8ce-009d-47a6-baa5-291ecef6d272 {{(pid=105237) request /usr/local/lib/python3.8/dist-packages/keystoneauth1/session.py:954}}
Jun 19 01:56:25.835613 dv-cinder-797170-1-iscsi neutron-server[105237]: INFO neutron.notifiers.nova [-] Nova event response: {'name': 'network-changed', 'server_uuid': '8a8aaffa-ab4f-4851-a189-bd0aeb889698', 'tag': 'efb8ea52-c606-46d4-b28d-7d93dc5962d7', 'status': 'completed', 'code': 200}
Jun 19 01:56:25.836656 dv-cinder-797170-1-iscsi neutron-server[105237]: DEBUG neutron.api.rpc.handlers.resources_rpc [None req-94950d44-bb4a-48a0-b138-4467ad5a211a admin admin] Pushing event deleted for resources: {'SecurityGroup': ['ID=e84f599e-2f40-47a8-bad6-a5f125acc49c,revision_number=None']} {{(pid=105237) push /opt/stack/neutron/neutron/api/rpc/handlers/resources_rpc.py:237}}
Jun 19 01:56:25.839275 dv-cinder-797170-1-iscsi neutron-server[105237]: DEBUG oslo_concurrency.lockutils [None req-94950d44-bb4a-48a0-b138-4467ad5a211a admin admin] Lock "event-dispatch" released by "neutron.plugins.ml2.ovo_rpc._ObjectChangeHandler.dispatch_events" :: held 0.015s {{(pid=105237) inner /usr/local/lib/python3.8/dist-packages/oslo_concurrency/lockutils.py:367}}
Jun 19 01:56:25.956096 dv-cinder-797170-1-iscsi neutron-server[105237]: DEBUG neutron.pecan_wsgi.hooks.policy_enforcement [req-9ed650d2-e975-4b63-be74-fe2d23461a9e req-98e93307-1e55-4adf-9661-3e81d920ed7a service neutron] Attributes excluded by policy engine: ['standard_attr_id'] {{(pid=105237) _exclude_attributes_by_policy /opt/stack/neutron/neutron/pecan_wsgi/hooks/policy_enforcement.py:255}}
Jun 19 01:56:25.958767 dv-cinder-797170-1-iscsi neutron-server[105237]: INFO neutron.wsgi [req-9ed650d2-e975-4b63-be74-fe2d23461a9e req-98e93307-1e55-4adf-9661-3e81d920ed7a service neutron] 10.222.0.16 "GET /v2.0/ports?tenant_id=f5d05c94c4484df2943d530cef2077f6&device_id=8a8aaffa-ab4f-4851-a189-bd0aeb889698 HTTP/1.1" status: 200 len: 1096 time: 0.0916214
Jun 19 01:56:26.090932 dv-cinder-797170-1-iscsi neutron-server[105237]: DEBUG neutron.pecan_wsgi.hooks.policy_enforcement [req-9ed650d2-e975-4b63-be74-fe2d23461a9e req-7614a942-7709-418a-a192-479851523cdd service neutron] Attributes excluded by policy engine: ['standard_attr_id', 'vlan_transparent'] {{(pid=105237) _exclude_attributes_by_policy /opt/stack/neutron/neutron/pecan_wsgi/hooks/policy_enforcement.py:255}}
Jun 19 01:56:26.096664 dv-cinder-797170-1-iscsi neutron-server[105237]: INFO neutron.wsgi [req-9ed650d2-e975-4b63-be74-fe2d23461a9e req-7614a942-7709-418a-a192-479851523cdd service neutron] 10.222.0.16 "GET /v2.0/networks?tenant_id=f5d05c94c4484df2943d530cef2077f6&shared=False HTTP/1.1" status: 200 len: 916 time: 0.1192734
Jun 19 01:56:26.222038 dv-cinder-797170-1-iscsi neutron-server[105237]: DEBUG neutron.pecan_wsgi.hooks.policy_enforcement [req-9ed650d2-e975-4b63-be74-fe2d23461a9e req-45a3e345-3666-496e-98f8-587dc5325e5a service neutron] Attributes excluded by policy engine: ['standard_attr_id', 'vlan_transparent'] {{(pid=105237) _exclude_attributes_by_policy /opt/stack/neutron/neutron/pecan_wsgi/hooks/policy_enforcement.py:255}}
Jun 19 01:56:26.224576 dv-cinder-797170-1-iscsi neutron-server[105237]: INFO neutron.wsgi [req-9ed650d2-e975-4b63-be74-fe2d23461a9e req-45a3e345-3666-496e-98f8-587dc5325e5a service neutron] 10.222.0.16 "GET /v2.0/networks?shared=True HTTP/1.1" status: 200 len: 870 time: 0.1185811
Jun 19 01:56:26.353781 dv-cinder-797170-1-iscsi neutron-server[105237]: DEBUG neutron.pecan_wsgi.hooks.policy_enforcement [req-0e847799-9198-4706-be6a-674beea38e46 req-0dfab109-21d4-4154-b2f3-32a01026da24 service neutron] Attributes excluded by policy engine: ['standard_attr_id'] {{(pid=105237) _exclude_attributes_by_policy /opt/stack/neutron/neutron/pecan_wsgi/hooks/policy_enforcement.py:255}}
Jun 19 01:56:26.355376 dv-cinder-797170-1-iscsi neutron-server[105237]: INFO neutron.wsgi [req-0e847799-9198-4706-be6a-674beea38e46 req-0dfab109-21d4-4154-b2f3-32a01026da24 service neutron] 10.222.0.16 "GET /v2.0/ports?tenant_id=f5d05c94c4484df2943d530cef2077f6&device_id=8a8aaffa-ab4f-4851-a189-bd0aeb889698 HTTP/1.1" status: 200 len: 1096 time: 0.0758607
Jun 19 01:56:26.430650 dv-cinder-797170-1-iscsi neutron-server[105237]: INFO neutron.wsgi [req-0e847799-9198-4706-be6a-674beea38e46 req-40080771-7905-4534-ac63-7a425d08c87a service neutron] 10.222.0.16 "GET /v2.0/floatingips?fixed_ip_address=172.20.0.2&port_id=efb8ea52-c606-46d4-b28d-7d93dc5962d7 HTTP/1.1" status: 200 len: 217 time: 0.0631807
Jun 19 01:56:26.484031 dv-cinder-797170-1-iscsi neutron-server[105238]: DEBUG neutron.pecan_wsgi.hooks.policy_enforcement [req-430c82fe-9050-4872-b953-a7ff486c259b req-96697512-b49c-4b8e-ae6c-9ee724992156 service neutron] Attributes excluded by policy engine: ['standard_attr_id'] {{(pid=105238) _exclude_attributes_by_policy /opt/stack/neutron/neutron/pecan_wsgi/hooks/policy_enforcement.py:255}}
Jun 19 01:56:26.486235 dv-cinder-797170-1-iscsi neutron-server[105238]: INFO neutron.wsgi [req-430c82fe-9050-4872-b953-a7ff486c259b req-96697512-b49c-4b8e-ae6c-9ee724992156 service neutron] 10.222.0.16 "GET /v2.0/ports?tenant_id=554a7123c4024415a6cbbcce288f2c8d&device_id=b929dc40-8542-446b-83aa-66a5928678b2 HTTP/1.1" status: 200 len: 1099 time: 0.0740793
Jun 19 01:56:26.494236 dv-cinder-797170-1-iscsi neutron-server[105237]: DEBUG neutron.pecan_wsgi.hooks.policy_enforcement [req-0e847799-9198-4706-be6a-674beea38e46 req-8daf0c21-e339-4065-9d67-c732149bde63 service neutron] Attributes excluded by policy engine: ['standard_attr_id', 'shared', 'segment_id'] {{(pid=105237) _exclude_attributes_by_policy /opt/stack/neutron/neutron/pecan_wsgi/hooks/policy_enforcement.py:255}}
Jun 19 01:56:26.495851 dv-cinder-797170-1-iscsi neutron-server[105237]: INFO neutron.wsgi [req-0e847799-9198-4706-be6a-674beea38e46 req-8daf0c21-e339-4065-9d67-c732149bde63 service neutron] 10.222.0.16 "GET /v2.0/subnets?id=ced49df1-5b93-4226-8fcc-0b65fa199918 HTTP/1.1" status: 200 len: 855 time: 0.0566521
Jun 19 01:56:26.500540 dv-cinder-797170-1-iscsi neutron-server[105238]: DEBUG neutron.pecan_wsgi.hooks.policy_enforcement [req-9342a46b-1c0f-4ae1-9f3e-8ff683f9c196 req-e00e3c71-d31e-444d-8a3b-d5292d6faf06 tempest-ServerRescueNegativeTestJSON-802667654 tempest-ServerRescueNegativeTestJSON-802667654-project] Attributes excluded by policy engine: ['standard_attr_id', 'binding:profile', 'binding:host_id', 'binding:vif_type', 'binding:vif_details'] {{(pid=105238) _exclude_attributes_by_policy /opt/stack/neutron/neutron/pecan_wsgi/hooks/policy_enforcement.py:255}}
Jun 19 01:56:26.503728 dv-cinder-797170-1-iscsi neutron-server[105238]: INFO neutron.wsgi [req-9342a46b-1c0f-4ae1-9f3e-8ff683f9c196 req-e00e3c71-d31e-444d-8a3b-d5292d6faf06 tempest-ServerRescueNegativeTestJSON-802667654 tempest-ServerRescueNegativeTestJSON-802667654-project] 10.222.0.24 "GET /v2.0/ports?device_id=b929dc40-8542-446b-83aa-66a5928678b2 HTTP/1.1" status: 200 len: 946 time: 0.1347013
Jun 19 01:56:26.542692 dv-cinder-797170-1-iscsi neutron-server[105237]: INFO neutron.wsgi [req-0e847799-9198-4706-be6a-674beea38e46 req-4d22c697-26c4-4f99-b8c5-9fd8df26d69a service neutron] 10.222.0.16 "GET /v2.0/ports?network_id=854627a6-c015-4dc6-b4ea-ee7d4a74b2e3&device_owner=network%3Adhcp HTTP/1.1" status: 200 len: 210 time: 0.0345216
Jun 19 01:56:26.665574 dv-cinder-797170-1-iscsi neutron-server[105237]: INFO neutron.wsgi [req-0e847799-9198-4706-be6a-674beea38e46 req-be399572-f9c6-4bdc-a552-633f0f3e888c service neutron] 10.222.0.16 "GET /v2.0/networks/854627a6-c015-4dc6-b4ea-ee7d4a74b2e3?fields=segments HTTP/1.1" status: 200 len: 212 time: 0.1128900
Jun 19 01:56:26.667297 dv-cinder-797170-1-iscsi neutron-server[105238]: INFO neutron.wsgi [req-9342a46b-1c0f-4ae1-9f3e-8ff683f9c196 req-31085de0-9ed8-43a9-b558-2dcc122044ac tempest-ServerRescueNegativeTestJSON-802667654 tempest-ServerRescueNegativeTestJSON-802667654-project] 10.222.0.24 "GET /v2.0/security-groups?id=48f12365-44fd-4df9-ba94-106db9d8a8d5&fields=id&fields=name HTTP/1.1" status: 200 len: 286 time: 0.1462460
Jun 19 01:56:26.798615 dv-cinder-797170-1-iscsi neutron-server[105238]: DEBUG neutron.pecan_wsgi.hooks.policy_enforcement [req-430c82fe-9050-4872-b953-a7ff486c259b req-41b7f032-cd95-49f1-a340-9f2df99ba1e5 service neutron] Attributes excluded by policy engine: ['standard_attr_id', 'vlan_transparent'] {{(pid=105238) _exclude_attributes_by_policy /opt/stack/neutron/neutron/pecan_wsgi/hooks/policy_enforcement.py:255}}
Jun 19 01:56:26.811444 dv-cinder-797170-1-iscsi neutron-server[105238]: INFO neutron.wsgi [req-430c82fe-9050-4872-b953-a7ff486c259b req-41b7f032-cd95-49f1-a340-9f2df99ba1e5 service neutron] 10.222.0.16 "GET /v2.0/networks?id=581838e8-008f-4a58-8d27-32e2b66cd028 HTTP/1.1" status: 200 len: 919 time: 0.3042846
Jun 19 01:56:26.825150 dv-cinder-797170-1-iscsi neutron-server[105238]: DEBUG neutron.pecan_wsgi.hooks.policy_enforcement [req-38579846-131f-4935-bb6e-744d68120adb req-cb092f80-2def-4feb-8bc0-b7969e0304b3 tempest-AttachVolumeNegativeTest-2089031450 tempest-AttachVolumeNegativeTest-2089031450-project] Attributes excluded by policy engine: ['standard_attr_id', 'binding:profile', 'binding:host_id', 'binding:vif_type', 'binding:vif_details'] {{(pid=105238) _exclude_attributes_by_policy /opt/stack/neutron/neutron/pecan_wsgi/hooks/policy_enforcement.py:255}}
Jun 19 01:56:26.827417 dv-cinder-797170-1-iscsi neutron-server[105238]: INFO neutron.wsgi [req-38579846-131f-4935-bb6e-744d68120adb req-cb092f80-2def-4feb-8bc0-b7969e0304b3 tempest-AttachVolumeNegativeTest-2089031450 tempest-AttachVolumeNegativeTest-2089031450-project] 10.222.0.24 "GET /v2.0/ports?device_id=8a8aaffa-ab4f-4851-a189-bd0aeb889698 HTTP/1.1" status: 200 len: 943 time: 0.2632234
Jun 19 01:56:26.846824 dv-cinder-797170-1-iscsi neutron-server[105237]: INFO neutron.wsgi [req-0e847799-9198-4706-be6a-674beea38e46 req-dc277a16-bb65-47db-9d16-bbfadcabbe13 service neutron] 10.222.0.16 "GET /v2.0/networks/854627a6-c015-4dc6-b4ea-ee7d4a74b2e3?fields=provider%3Aphysical_network&fields=provider%3Anetwork_type HTTP/1.1" status: 200 len: 281 time: 0.1726301
Jun 19 01:56:26.896803 dv-cinder-797170-1-iscsi neutron-server[105238]: INFO neutron.wsgi [req-430c82fe-9050-4872-b953-a7ff486c259b req-3a0bd220-81ea-4ce5-abb5-ead6f900f532 service neutron] 10.222.0.16 "GET /v2.0/floatingips?fixed_ip_address=172.20.0.10&port_id=7b0a59f6-e792-46f8-a916-2cbae833e43b HTTP/1.1" status: 200 len: 217 time: 0.0680661
Jun 19 01:56:26.970896 dv-cinder-797170-1-iscsi neutron-server[105238]: INFO neutron.wsgi [req-38579846-131f-4935-bb6e-744d68120adb req-0fdd20de-ffca-4929-92da-3ba73cdca8ce tempest-AttachVolumeNegativeTest-2089031450 tempest-AttachVolumeNegativeTest-2089031450-project] 10.222.0.24 "GET /v2.0/security-groups?id=b2817db9-227f-414d-8742-a16b529e39ea&fields=id&fields=name HTTP/1.1" status: 200 len: 286 time: 0.1360285
Jun 19 01:56:26.976832 dv-cinder-797170-1-iscsi neutron-server[105238]: DEBUG neutron.pecan_wsgi.hooks.policy_enforcement [req-430c82fe-9050-4872-b953-a7ff486c259b req-7ce6ba88-f667-4cf6-b96a-d4275b2d5d92 service neutron] Attributes excluded by policy engine: ['standard_attr_id', 'shared', 'segment_id'] {{(pid=105238) _exclude_attributes_by_policy /opt/stack/neutron/neutron/pecan_wsgi/hooks/policy_enforcement.py:255}}
Jun 19 01:56:26.978279 dv-cinder-797170-1-iscsi neutron-server[105238]: INFO neutron.wsgi [req-430c82fe-9050-4872-b953-a7ff486c259b req-7ce6ba88-f667-4cf6-b96a-d4275b2d5d92 service neutron] 10.222.0.16 "GET /v2.0/subnets?id=82fb5339-5dd3-415b-927c-90a29771c88f HTTP/1.1" status: 200 len: 858 time: 0.0747859
Jun 19 01:56:27.015678 dv-cinder-797170-1-iscsi neutron-server[105238]: INFO neutron.wsgi [req-430c82fe-9050-4872-b953-a7ff486c259b req-4c5529f8-7da4-454e-af32-7fe83ae04ccd service neutron] 10.222.0.16 "GET /v2.0/ports?network_id=581838e8-008f-4a58-8d27-32e2b66cd028&device_owner=network%3Adhcp HTTP/1.1" status: 200 len: 210 time: 0.0288432
Jun 19 01:56:27.265162 dv-cinder-797170-1-iscsi neutron-server[105238]: INFO neutron.wsgi [req-430c82fe-9050-4872-b953-a7ff486c259b req-12281797-84f4-496c-83d4-78d112fec1da service neutron] 10.222.0.16 "GET /v2.0/networks/581838e8-008f-4a58-8d27-32e2b66cd028?fields=segments HTTP/1.1" status: 200 len: 212 time: 0.0987473
Jun 19 01:56:27.386979 dv-cinder-797170-1-iscsi neutron-server[105238]: INFO neutron.wsgi [req-430c82fe-9050-4872-b953-a7ff486c259b req-dea47c7d-15c7-4dd7-89aa-516aa9876c31 service neutron] 10.222.0.16 "GET /v2.0/networks/581838e8-008f-4a58-8d27-32e2b66cd028?fields=provider%3Aphysical_network&fields=provider%3Anetwork_type HTTP/1.1" status: 200 len: 281 time: 0.1145158
Jun 19 01:56:27.915416 dv-cinder-797170-1-iscsi neutron-server[105238]: DEBUG neutron.pecan_wsgi.hooks.policy_enforcement [req-4aef5339-dd78-4fbc-9b31-a205d5f2952a req-b4ef3004-0b60-41dc-a8eb-3ac74f036464 tempest-ServerRescueNegativeTestJSON-802667654 tempest-ServerRescueNegativeTestJSON-802667654-project] Attributes excluded by policy engine: ['standard_attr_id', 'binding:profile', 'binding:host_id', 'binding:vif_type', 'binding:vif_details'] {{(pid=105238) _exclude_attributes_by_policy /opt/stack/neutron/neutron/pecan_wsgi/hooks/policy_enforcement.py:255}}
Jun 19 01:56:27.917628 dv-cinder-797170-1-iscsi neutron-server[105238]: INFO neutron.wsgi [req-4aef5339-dd78-4fbc-9b31-a205d5f2952a req-b4ef3004-0b60-41dc-a8eb-3ac74f036464 tempest-ServerRescueNegativeTestJSON-802667654 tempest-ServerRescueNegativeTestJSON-802667654-project] 10.222.0.24 "GET /v2.0/ports?device_id=b929dc40-8542-446b-83aa-66a5928678b2 HTTP/1.1" status: 200 len: 946 time: 0.1149673
Jun 19 01:56:27.996484 dv-cinder-797170-1-iscsi neutron-server[105238]: INFO neutron.wsgi [req-4aef5339-dd78-4fbc-9b31-a205d5f2952a req-03941b2e-3b01-417f-bb7d-34477fcbecfb tempest-ServerRescueNegativeTestJSON-802667654 tempest-ServerRescueNegativeTestJSON-802667654-project] 10.222.0.24 "GET /v2.0/security-groups?id=48f12365-44fd-4df9-ba94-106db9d8a8d5&fields=id&fields=name HTTP/1.1" status: 200 len: 286 time: 0.0630274
Jun 19 01:56:28.193833 dv-cinder-797170-1-iscsi neutron-server[105238]: DEBUG neutron.pecan_wsgi.hooks.policy_enforcement [req-ee390592-5e2a-477f-ac12-3455759453c1 req-f5656b6f-4ec3-4506-8ea9-06fb12aa8eef tempest-AttachVolumeNegativeTest-2089031450 tempest-AttachVolumeNegativeTest-2089031450-project] Attributes excluded by policy engine: ['standard_attr_id', 'binding:profile', 'binding:host_id', 'binding:vif_type', 'binding:vif_details'] {{(pid=105238) _exclude_attributes_by_policy /opt/stack/neutron/neutron/pecan_wsgi/hooks/policy_enforcement.py:255}}
Jun 19 01:56:28.195438 dv-cinder-797170-1-iscsi neutron-server[105238]: INFO neutron.wsgi [req-ee390592-5e2a-477f-ac12-3455759453c1 req-f5656b6f-4ec3-4506-8ea9-06fb12aa8eef tempest-AttachVolumeNegativeTest-2089031450 tempest-AttachVolumeNegativeTest-2089031450-project] 10.222.0.24 "GET /v2.0/ports?device_id=8a8aaffa-ab4f-4851-a189-bd0aeb889698 HTTP/1.1" status: 200 len: 943 time: 0.0690393
Jun 19 01:56:28.241382 dv-cinder-797170-1-iscsi neutron-server[105238]: INFO neutron.wsgi [req-ee390592-5e2a-477f-ac12-3455759453c1 req-e5f6e535-249d-4802-83e2-1c2883189594 tempest-AttachVolumeNegativeTest-2089031450 tempest-AttachVolumeNegativeTest-2089031450-project] 10.222.0.24 "GET /v2.0/security-groups?id=b2817db9-227f-414d-8742-a16b529e39ea&fields=id&fields=name HTTP/1.1" status: 200 len: 286 time: 0.0389235
Jun 19 01:56:29.192526 dv-cinder-797170-1-iscsi neutron-server[105238]: DEBUG neutron.pecan_wsgi.hooks.policy_enforcement [req-8cb9cc76-19c2-471a-93ad-f81f818ca6e0 req-7a67e219-3a3e-4d1c-975d-2fa57988bf27 tempest-ServerRescueNegativeTestJSON-802667654 tempest-ServerRescueNegativeTestJSON-802667654-project] Attributes excluded by policy engine: ['standard_attr_id', 'binding:profile', 'binding:host_id', 'binding:vif_type', 'binding:vif_details'] {{(pid=105238) _exclude_attributes_by_policy /opt/stack/neutron/neutron/pecan_wsgi/hooks/policy_enforcement.py:255}}
Jun 19 01:56:29.194326 dv-cinder-797170-1-iscsi neutron-server[105238]: INFO neutron.wsgi [req-8cb9cc76-19c2-471a-93ad-f81f818ca6e0 req-7a67e219-3a3e-4d1c-975d-2fa57988bf27 tempest-ServerRescueNegativeTestJSON-802667654 tempest-ServerRescueNegativeTestJSON-802667654-project] 10.222.0.24 "GET /v2.0/ports?device_id=b929dc40-8542-446b-83aa-66a5928678b2 HTTP/1.1" status: 200 len: 946 time: 0.0731993
Jun 19 01:56:29.253355 dv-cinder-797170-1-iscsi neutron-server[105238]: INFO neutron.wsgi [req-8cb9cc76-19c2-471a-93ad-f81f818ca6e0 req-997aab55-566a-40d4-a6db-a8666aab6209 tempest-ServerRescueNegativeTestJSON-802667654 tempest-ServerRescueNegativeTestJSON-802667654-project] 10.222.0.24 "GET /v2.0/security-groups?id=48f12365-44fd-4df9-ba94-106db9d8a8d5&fields=id&fields=name HTTP/1.1" status: 200 len: 286 time: 0.0534916
Jun 19 01:56:29.407844 dv-cinder-797170-1-iscsi neutron-server[105237]: DEBUG neutron.wsgi [-] (105237) accepted ('10.222.0.24', 43372) {{(pid=105237) server /usr/local/lib/python3.8/dist-packages/eventlet/wsgi.py:992}}
Jun 19 01:56:29.440849 dv-cinder-797170-1-iscsi neutron-server[105238]: DEBUG neutron.pecan_wsgi.hooks.policy_enforcement [req-d083e618-bddb-4a1a-be39-4f5496d35cd5 req-c10b7c9f-f705-4974-907d-0e71eae4d0e0 tempest-AttachVolumeNegativeTest-2089031450 tempest-AttachVolumeNegativeTest-2089031450-project] Attributes excluded by policy engine: ['standard_attr_id', 'binding:profile', 'binding:host_id', 'binding:vif_type', 'binding:vif_details'] {{(pid=105238) _exclude_attributes_by_policy /opt/stack/neutron/neutron/pecan_wsgi/hooks/policy_enforcement.py:255}}
Jun 19 01:56:29.442420 dv-cinder-797170-1-iscsi neutron-server[105238]: INFO neutron.wsgi [req-d083e618-bddb-4a1a-be39-4f5496d35cd5 req-c10b7c9f-f705-4974-907d-0e71eae4d0e0 tempest-AttachVolumeNegativeTest-2089031450 tempest-AttachVolumeNegativeTest-2089031450-project] 10.222.0.24 "GET /v2.0/ports?device_id=8a8aaffa-ab4f-4851-a189-bd0aeb889698 HTTP/1.1" status: 200 len: 943 time: 0.0709765
Jun 19 01:56:29.488625 dv-cinder-797170-1-iscsi neutron-server[105238]: INFO neutron.wsgi [req-d083e618-bddb-4a1a-be39-4f5496d35cd5 req-1c194cdc-7c93-42fc-9262-c12c6f2d9c97 tempest-AttachVolumeNegativeTest-2089031450 tempest-AttachVolumeNegativeTest-2089031450-project] 10.222.0.24 "GET /v2.0/security-groups?id=b2817db9-227f-414d-8742-a16b529e39ea&fields=id&fields=name HTTP/1.1" status: 200 len: 286 time: 0.0396724
Jun 19 01:56:29.552496 dv-cinder-797170-1-iscsi neutron-server[105237]: DEBUG neutron_lib.callbacks.manager [None req-3966a49e-621d-45a4-a8f9-827a2e13156b admin admin] Notify callbacks [] for security_group, before_create {{(pid=105237) _notify_loop /usr/local/lib/python3.8/dist-packages/neutron_lib/callbacks/manager.py:192}}
Jun 19 01:56:29.691718 dv-cinder-797170-1-iscsi neutron-server[105237]: DEBUG neutron_lib.callbacks.manager [None req-3966a49e-621d-45a4-a8f9-827a2e13156b admin admin] Notify callbacks [] for security_group, precommit_create {{(pid=105237) _notify_loop /usr/local/lib/python3.8/dist-packages/neutron_lib/callbacks/manager.py:192}}
Jun 19 01:56:29.780044 dv-cinder-797170-1-iscsi neutron-server[105237]: DEBUG neutron_lib.callbacks.manager [None req-3966a49e-621d-45a4-a8f9-827a2e13156b admin admin] Notify callbacks ['neutron.plugins.ml2.ovo_rpc._ObjectChangeHandler.handle_event-435004'] for security_group, after_create {{(pid=105237) _notify_loop /usr/local/lib/python3.8/dist-packages/neutron_lib/callbacks/manager.py:192}}
Jun 19 01:56:29.782651 dv-cinder-797170-1-iscsi neutron-server[105237]: DEBUG oslo_concurrency.lockutils [None req-0072de2e-c163-433d-9843-c5b92d524f99 admin admin] Lock "event-dispatch" acquired by "neutron.plugins.ml2.ovo_rpc._ObjectChangeHandler.dispatch_events" :: waited 0.000s {{(pid=105237) inner /usr/local/lib/python3.8/dist-packages/oslo_concurrency/lockutils.py:355}}
Jun 19 01:56:29.791825 dv-cinder-797170-1-iscsi neutron-server[105239]: DEBUG neutron.plugins.ml2.rpc [None req-82642c6d-f41b-4f5b-a054-ffabec16a513 None None] Device efb8ea52-c606-46d4-b28d-7d93dc5962d7 details requested by agent hyperv_hv-cinder-79717 with host hv-cinder-79717 {{(pid=105239) get_device_details /opt/stack/neutron/neutron/plugins/ml2/rpc.py:88}}
Jun 19 01:56:29.823672 dv-cinder-797170-1-iscsi neutron-server[105237]: INFO neutron.wsgi [None req-3966a49e-621d-45a4-a8f9-827a2e13156b admin admin] 10.222.0.24 "GET /v2.0/security-groups?tenant_id=0907c04e6c644e9b840ed082397e6f13&name=default HTTP/1.1" status: 200 len: 2979 time: 0.4147007
Jun 19 01:56:29.826126 dv-cinder-797170-1-iscsi neutron-server[105237]: DEBUG neutron.api.rpc.handlers.resources_rpc [None req-3966a49e-621d-45a4-a8f9-827a2e13156b admin admin] Pushing event updated for resources: {'SecurityGroup': ['ID=3539873f-e859-4979-b653-bbb7108b9e22,revision_number=1']} {{(pid=105237) push /opt/stack/neutron/neutron/api/rpc/handlers/resources_rpc.py:237}}
Jun 19 01:56:29.827271 dv-cinder-797170-1-iscsi neutron-server[105238]: DEBUG neutron.wsgi [-] (105238) accepted ('10.222.0.24', 43398) {{(pid=105238) server /usr/local/lib/python3.8/dist-packages/eventlet/wsgi.py:992}}
Jun 19 01:56:29.838743 dv-cinder-797170-1-iscsi neutron-server[105237]: DEBUG neutron.api.rpc.callbacks.version_manager [None req-3966a49e-621d-45a4-a8f9-827a2e13156b admin admin] Version for resource type AddressGroup changed None to 1.2 on consumer Open vSwitch agent@dv-cinder-797170-1-iscsi {{(pid=105237) _set_version /opt/stack/neutron/neutron/api/rpc/callbacks/version_manager.py:113}}
Jun 19 01:56:29.839159 dv-cinder-797170-1-iscsi neutron-server[105237]: DEBUG neutron.api.rpc.callbacks.version_manager [None req-3966a49e-621d-45a4-a8f9-827a2e13156b admin admin] Version for resource type ConntrackHelper changed None to 1.0 on consumer Open vSwitch agent@dv-cinder-797170-1-iscsi {{(pid=105237) _set_version /opt/stack/neutron/neutron/api/rpc/callbacks/version_manager.py:113}}
Jun 19 01:56:29.839528 dv-cinder-797170-1-iscsi neutron-server[105237]: DEBUG neutron.api.rpc.callbacks.version_manager [None req-3966a49e-621d-45a4-a8f9-827a2e13156b admin admin] Version for resource type Log changed None to 1.0 on consumer Open vSwitch agent@dv-cinder-797170-1-iscsi {{(pid=105237) _set_version /opt/stack/neutron/neutron/api/rpc/callbacks/version_manager.py:113}}
Jun 19 01:56:29.839883 dv-cinder-797170-1-iscsi neutron-server[105237]: DEBUG neutron.api.rpc.callbacks.version_manager [None req-3966a49e-621d-45a4-a8f9-827a2e13156b admin admin] Version for resource type Network changed None to 1.1 on consumer Open vSwitch agent@dv-cinder-797170-1-iscsi {{(pid=105237) _set_version /opt/stack/neutron/neutron/api/rpc/callbacks/version_manager.py:113}}
