Jun 21 16:34:52.050859 dv-cinder-797161-1-iscsi devstack@c-api.service[85316]: INFO cinder.api.openstack.wsgi [None req-10cad201-09a1-4076-adba-ca56188b3b46 tempest-VolumeRetypeWithoutMigrationTest-1876517521 tempest-VolumeRetypeWithoutMigrationTest-1876517521-project-admin] GET http://10.222.0.24/volume/v3/43f0b191c4b9405682a857421fc9c8bc/volumes/48574327-ced3-4d60-a6bb-3d276543cc47
Jun 21 16:34:52.055335 dv-cinder-797161-1-iscsi devstack@c-api.service[85316]: DEBUG cinder.api.openstack.wsgi [None req-10cad201-09a1-4076-adba-ca56188b3b46 tempest-VolumeRetypeWithoutMigrationTest-1876517521 tempest-VolumeRetypeWithoutMigrationTest-1876517521-project-admin] Empty body provided in request {{(pid=85316) get_body /opt/stack/cinder/cinder/api/openstack/wsgi.py:713}}
Jun 21 16:34:52.055561 dv-cinder-797161-1-iscsi devstack@c-api.service[85316]: /usr/local/lib/python3.8/dist-packages/webob/acceptparse.py:1047: DeprecationWarning: The behavior of AcceptValidHeader.best_match is currently being maintained for backward compatibility, but it will be deprecated in the future, as it does not conform to the RFC.
Jun 21 16:34:52.055561 dv-cinder-797161-1-iscsi devstack@c-api.service[85316]: warnings.warn(
Jun 21 16:34:52.056072 dv-cinder-797161-1-iscsi devstack@c-api.service[85316]: DEBUG cinder.api.openstack.wsgi [None req-10cad201-09a1-4076-adba-ca56188b3b46 tempest-VolumeRetypeWithoutMigrationTest-1876517521 tempest-VolumeRetypeWithoutMigrationTest-1876517521-project-admin] Calling method 'show' {{(pid=85316) _process_stack /opt/stack/cinder/cinder/api/openstack/wsgi.py:866}}
Jun 21 16:34:52.284345 dv-cinder-797161-1-iscsi devstack@c-api.service[85317]: INFO cinder.api.openstack.wsgi [None req-89533915-75a9-4c00-86a9-b787518f57f0 tempest-UserMessagesTest-1926353649 tempest-UserMessagesTest-1926353649-project-admin] POST http://10.222.0.24/volume/v3/6b59c908e21940ff9968840948685798/types
Jun 21 16:34:52.284915 dv-cinder-797161-1-iscsi devstack@c-api.service[85317]: /usr/local/lib/python3.8/dist-packages/webob/acceptparse.py:1047: DeprecationWarning: The behavior of AcceptValidHeader.best_match is currently being maintained for backward compatibility, but it will be deprecated in the future, as it does not conform to the RFC.
Jun 21 16:34:52.284915 dv-cinder-797161-1-iscsi devstack@c-api.service[85317]: warnings.warn(
Jun 21 16:34:52.285128 dv-cinder-797161-1-iscsi devstack@c-api.service[85317]: DEBUG cinder.api.openstack.wsgi [None req-89533915-75a9-4c00-86a9-b787518f57f0 tempest-UserMessagesTest-1926353649 tempest-UserMessagesTest-1926353649-project-admin] Action: 'create', calling method: _create, body: {"volume_type": {"name": "tempest-UserMessagesTest-volume-type-1268553464", "extra_specs": {"storage_protocol": "tempest-storage_protocol-1464923807", "vendor_name": "tempest-vendor_name-252738873"}}} {{(pid=85317) _process_stack /opt/stack/cinder/cinder/api/openstack/wsgi.py:864}}
Jun 21 16:34:52.286949 dv-cinder-797161-1-iscsi devstack@c-api.service[85316]: /usr/local/lib/python3.8/dist-packages/oslo_context/context.py:105: DeprecationWarning: Policy enforcement is depending on the value of is_admin. This key is deprecated. Please update your policy file to use the standard policy values.
Jun 21 16:34:52.286949 dv-cinder-797161-1-iscsi devstack@c-api.service[85316]: warnings.warn('Policy enforcement is depending on the value of '
Jun 21 16:34:52.298276 dv-cinder-797161-1-iscsi devstack@c-api.service[85316]: INFO cinder.volume.api [None req-10cad201-09a1-4076-adba-ca56188b3b46 tempest-VolumeRetypeWithoutMigrationTest-1876517521 tempest-VolumeRetypeWithoutMigrationTest-1876517521-project-admin] Volume info retrieved successfully.
Jun 21 16:34:52.324189 dv-cinder-797161-1-iscsi devstack@c-api.service[85316]: INFO cinder.api.openstack.wsgi [None req-10cad201-09a1-4076-adba-ca56188b3b46 tempest-VolumeRetypeWithoutMigrationTest-1876517521 tempest-VolumeRetypeWithoutMigrationTest-1876517521-project-admin] http://10.222.0.24/volume/v3/43f0b191c4b9405682a857421fc9c8bc/volumes/48574327-ced3-4d60-a6bb-3d276543cc47 returned with HTTP 200
Jun 21 16:34:52.325686 dv-cinder-797161-1-iscsi devstack@c-api.service[85316]: [pid: 85316|app: 0|req: 72/144] 10.222.0.24 () {58 vars in 1325 bytes} [Mon Jun 21 16:34:52 2021] GET /volume/v3/43f0b191c4b9405682a857421fc9c8bc/volumes/48574327-ced3-4d60-a6bb-3d276543cc47 => generated 1103 bytes in 287 msecs (HTTP/1.1 200) 7 headers in 286 bytes (1 switches on core 0)
Jun 21 16:34:52.341075 dv-cinder-797161-1-iscsi devstack@c-api.service[85316]: INFO cinder.api.openstack.wsgi [None req-98b2643b-dba4-4e30-b431-e9f169ca91ab tempest-VolumeRetypeWithoutMigrationTest-1876517521 tempest-VolumeRetypeWithoutMigrationTest-1876517521-project-admin] GET http://10.222.0.24/volume/v3/43f0b191c4b9405682a857421fc9c8bc/volumes?all_tenants=True&name=tempest-VolumeRetypeWithoutMigrationTest-Volume-1972031871
Jun 21 16:34:52.342261 dv-cinder-797161-1-iscsi devstack@c-api.service[85316]: DEBUG cinder.api.openstack.wsgi [None req-98b2643b-dba4-4e30-b431-e9f169ca91ab tempest-VolumeRetypeWithoutMigrationTest-1876517521 tempest-VolumeRetypeWithoutMigrationTest-1876517521-project-admin] Empty body provided in request {{(pid=85316) get_body /opt/stack/cinder/cinder/api/openstack/wsgi.py:713}}
Jun 21 16:34:52.342640 dv-cinder-797161-1-iscsi devstack@c-api.service[85316]: /usr/local/lib/python3.8/dist-packages/webob/acceptparse.py:1047: DeprecationWarning: The behavior of AcceptValidHeader.best_match is currently being maintained for backward compatibility, but it will be deprecated in the future, as it does not conform to the RFC.
Jun 21 16:34:52.342640 dv-cinder-797161-1-iscsi devstack@c-api.service[85316]: warnings.warn(
Jun 21 16:34:52.343265 dv-cinder-797161-1-iscsi devstack@c-api.service[85316]: DEBUG cinder.api.openstack.wsgi [None req-98b2643b-dba4-4e30-b431-e9f169ca91ab tempest-VolumeRetypeWithoutMigrationTest-1876517521 tempest-VolumeRetypeWithoutMigrationTest-1876517521-project-admin] Calling method 'index' {{(pid=85316) _process_stack /opt/stack/cinder/cinder/api/openstack/wsgi.py:866}}
Jun 21 16:34:52.349420 dv-cinder-797161-1-iscsi devstack@c-api.service[85316]: DEBUG cinder.volume.api [None req-98b2643b-dba4-4e30-b431-e9f169ca91ab tempest-VolumeRetypeWithoutMigrationTest-1876517521 tempest-VolumeRetypeWithoutMigrationTest-1876517521-project-admin] Searching by: MultiDict([('display_name', 'tempest-VolumeRetypeWithoutMigrationTest-Volume-1972031871'), ('all_tenants', True)]). {{(pid=85316) get_all /opt/stack/cinder/cinder/volume/api.py:617}}
Jun 21 16:34:52.373341 dv-cinder-797161-1-iscsi devstack@c-api.service[85317]: INFO cinder.api.openstack.wsgi [None req-89533915-75a9-4c00-86a9-b787518f57f0 tempest-UserMessagesTest-1926353649 tempest-UserMessagesTest-1926353649-project-admin] http://10.222.0.24/volume/v3/6b59c908e21940ff9968840948685798/types returned with HTTP 200
Jun 21 16:34:52.376710 dv-cinder-797161-1-iscsi devstack@c-api.service[85317]: [pid: 85317|app: 0|req: 73/145] 10.222.0.24 () {60 vars in 1230 bytes} [Mon Jun 21 16:34:51 2021] POST /volume/v3/6b59c908e21940ff9968840948685798/types => generated 327 bytes in 492 msecs (HTTP/1.1 200) 7 headers in 285 bytes (2 switches on core 0)
Jun 21 16:34:52.464855 dv-cinder-797161-1-iscsi devstack@c-api.service[85316]: INFO cinder.volume.api [None req-98b2643b-dba4-4e30-b431-e9f169ca91ab tempest-VolumeRetypeWithoutMigrationTest-1876517521 tempest-VolumeRetypeWithoutMigrationTest-1876517521-project-admin] Get all volumes completed successfully.
Jun 21 16:34:52.466332 dv-cinder-797161-1-iscsi devstack@c-api.service[85316]: INFO cinder.api.openstack.wsgi [None req-98b2643b-dba4-4e30-b431-e9f169ca91ab tempest-VolumeRetypeWithoutMigrationTest-1876517521 tempest-VolumeRetypeWithoutMigrationTest-1876517521-project-admin] http://10.222.0.24/volume/v3/43f0b191c4b9405682a857421fc9c8bc/volumes?all_tenants=True&name=tempest-VolumeRetypeWithoutMigrationTest-Volume-1972031871 returned with HTTP 200
Jun 21 16:34:52.471774 dv-cinder-797161-1-iscsi devstack@c-api.service[85316]: [pid: 85316|app: 0|req: 73/146] 10.222.0.24 () {58 vars in 1375 bytes} [Mon Jun 21 16:34:52 2021] GET /volume/v3/43f0b191c4b9405682a857421fc9c8bc/volumes?all_tenants=True&name=tempest-VolumeRetypeWithoutMigrationTest-Volume-1972031871 => generated 413 bytes in 135 msecs (HTTP/1.1 200) 7 headers in 285 bytes (2 switches on core 0)
Jun 21 16:34:52.486009 dv-cinder-797161-1-iscsi devstack@c-api.service[85316]: INFO cinder.api.openstack.wsgi [None req-f286ccdb-93cb-4577-aa09-c219b1017338 tempest-VolumeRetypeWithoutMigrationTest-439625575 tempest-VolumeRetypeWithoutMigrationTest-439625575-project] DELETE http://10.222.0.24/volume/v3/64475a0b1ce64b1b877a989cb0f6c4af/volumes/48574327-ced3-4d60-a6bb-3d276543cc47
Jun 21 16:34:52.486636 dv-cinder-797161-1-iscsi devstack@c-api.service[85316]: DEBUG cinder.api.openstack.wsgi [None req-f286ccdb-93cb-4577-aa09-c219b1017338 tempest-VolumeRetypeWithoutMigrationTest-439625575 tempest-VolumeRetypeWithoutMigrationTest-439625575-project] Empty body provided in request {{(pid=85316) get_body /opt/stack/cinder/cinder/api/openstack/wsgi.py:713}}
Jun 21 16:34:52.489527 dv-cinder-797161-1-iscsi devstack@c-api.service[85316]: /usr/local/lib/python3.8/dist-packages/webob/acceptparse.py:1047: DeprecationWarning: The behavior of AcceptValidHeader.best_match is currently being maintained for backward compatibility, but it will be deprecated in the future, as it does not conform to the RFC.
Jun 21 16:34:52.489527 dv-cinder-797161-1-iscsi devstack@c-api.service[85316]: warnings.warn(
Jun 21 16:34:52.490567 dv-cinder-797161-1-iscsi devstack@c-api.service[85316]: DEBUG cinder.api.openstack.wsgi [None req-f286ccdb-93cb-4577-aa09-c219b1017338 tempest-VolumeRetypeWithoutMigrationTest-439625575 tempest-VolumeRetypeWithoutMigrationTest-439625575-project] Calling method 'delete' {{(pid=85316) _process_stack /opt/stack/cinder/cinder/api/openstack/wsgi.py:866}}
Jun 21 16:34:52.490825 dv-cinder-797161-1-iscsi devstack@c-api.service[85316]: INFO cinder.api.v3.volumes [None req-f286ccdb-93cb-4577-aa09-c219b1017338 tempest-VolumeRetypeWithoutMigrationTest-439625575 tempest-VolumeRetypeWithoutMigrationTest-439625575-project] Delete volume with id: 48574327-ced3-4d60-a6bb-3d276543cc47
Jun 21 16:34:52.633565 dv-cinder-797161-1-iscsi devstack@c-api.service[85316]: /usr/local/lib/python3.8/dist-packages/oslo_context/context.py:105: DeprecationWarning: Policy enforcement is depending on the value of is_admin. This key is deprecated. Please update your policy file to use the standard policy values.
Jun 21 16:34:52.633565 dv-cinder-797161-1-iscsi devstack@c-api.service[85316]: warnings.warn('Policy enforcement is depending on the value of '
Jun 21 16:34:52.635988 dv-cinder-797161-1-iscsi devstack@c-api.service[85316]: INFO cinder.volume.api [None req-f286ccdb-93cb-4577-aa09-c219b1017338 tempest-VolumeRetypeWithoutMigrationTest-439625575 tempest-VolumeRetypeWithoutMigrationTest-439625575-project] Volume info retrieved successfully.
Jun 21 16:34:52.740550 dv-cinder-797161-1-iscsi devstack@c-api.service[85316]: INFO cinder.volume.api [None req-f286ccdb-93cb-4577-aa09-c219b1017338 tempest-VolumeRetypeWithoutMigrationTest-439625575 tempest-VolumeRetypeWithoutMigrationTest-439625575-project] Delete volume request issued successfully.
Jun 21 16:34:52.741118 dv-cinder-797161-1-iscsi devstack@c-api.service[85316]: INFO cinder.api.openstack.wsgi [None req-f286ccdb-93cb-4577-aa09-c219b1017338 tempest-VolumeRetypeWithoutMigrationTest-439625575 tempest-VolumeRetypeWithoutMigrationTest-439625575-project] http://10.222.0.24/volume/v3/64475a0b1ce64b1b877a989cb0f6c4af/volumes/48574327-ced3-4d60-a6bb-3d276543cc47 returned with HTTP 202
Jun 21 16:34:52.746269 dv-cinder-797161-1-iscsi devstack@c-api.service[85316]: [pid: 85316|app: 0|req: 74/147] 10.222.0.24 () {58 vars in 1328 bytes} [Mon Jun 21 16:34:52 2021] DELETE /volume/v3/64475a0b1ce64b1b877a989cb0f6c4af/volumes/48574327-ced3-4d60-a6bb-3d276543cc47 => generated 0 bytes in 270 msecs (HTTP/1.1 202) 6 headers in 233 bytes (2 switches on core 0)
Jun 21 16:34:52.994709 dv-cinder-797161-1-iscsi devstack@c-api.service[85317]: INFO cinder.api.openstack.wsgi [None req-53dc087e-0044-475c-931e-be28df254684 tempest-UserMessagesTest-669843001 tempest-UserMessagesTest-669843001-project] POST http://10.222.0.24/volume/v3/695b386865664bdfb68b0392a4fb87f2/volumes
Jun 21 16:34:52.995804 dv-cinder-797161-1-iscsi devstack@c-api.service[85317]: DEBUG cinder.api.openstack.wsgi [None req-53dc087e-0044-475c-931e-be28df254684 tempest-UserMessagesTest-669843001 tempest-UserMessagesTest-669843001-project] Action: 'create', calling method: create, body: {"volume": {"volume_type": "17fe5749-991f-46de-8fa0-17e20614b5af", "size": 1, "name": "tempest-UserMessagesTest-Volume-663795813"}} {{(pid=85317) _process_stack /opt/stack/cinder/cinder/api/openstack/wsgi.py:864}}
Jun 21 16:34:52.997063 dv-cinder-797161-1-iscsi devstack@c-api.service[85317]: DEBUG cinder.api.v3.volumes [None req-53dc087e-0044-475c-931e-be28df254684 tempest-UserMessagesTest-669843001 tempest-UserMessagesTest-669843001-project] Create volume request body: {'volume': {'volume_type': '17fe5749-991f-46de-8fa0-17e20614b5af', 'size': 1, 'name': 'tempest-UserMessagesTest-Volume-663795813'}} {{(pid=85317) create /opt/stack/cinder/cinder/api/v3/volumes.py:289}}
Jun 21 16:34:53.018346 dv-cinder-797161-1-iscsi devstack@c-api.service[85317]: INFO cinder.api.v3.volumes [None req-53dc087e-0044-475c-931e-be28df254684 tempest-UserMessagesTest-669843001 tempest-UserMessagesTest-669843001-project] Create volume of 1 GB
Jun 21 16:34:53.024454 dv-cinder-797161-1-iscsi devstack@c-api.service[85317]: /usr/local/lib/python3.8/dist-packages/oslo_context/context.py:105: DeprecationWarning: Policy enforcement is depending on the value of is_admin. This key is deprecated. Please update your policy file to use the standard policy values.
Jun 21 16:34:53.024454 dv-cinder-797161-1-iscsi devstack@c-api.service[85317]: warnings.warn('Policy enforcement is depending on the value of '
Jun 21 16:34:53.040703 dv-cinder-797161-1-iscsi devstack@c-api.service[85316]: INFO cinder.api.openstack.wsgi [None req-8c0cc371-731c-43af-947c-71029b821e8c tempest-GroupsTest-299339189 tempest-GroupsTest-299339189-project-admin] POST http://10.222.0.24/volume/v3/c5b8bed47b254eb79622f2e47e2148a0/types
Jun 21 16:34:53.041198 dv-cinder-797161-1-iscsi devstack@c-api.service[85316]: /usr/local/lib/python3.8/dist-packages/webob/acceptparse.py:1047: DeprecationWarning: The behavior of AcceptValidHeader.best_match is currently being maintained for backward compatibility, but it will be deprecated in the future, as it does not conform to the RFC.
Jun 21 16:34:53.041198 dv-cinder-797161-1-iscsi devstack@c-api.service[85316]: warnings.warn(
Jun 21 16:34:53.042032 dv-cinder-797161-1-iscsi devstack@c-api.service[85316]: DEBUG cinder.api.openstack.wsgi [None req-8c0cc371-731c-43af-947c-71029b821e8c tempest-GroupsTest-299339189 tempest-GroupsTest-299339189-project-admin] Action: 'create', calling method: _create, body: {"volume_type": {"name": "tempest-GroupsTest-volume-type-105017805"}} {{(pid=85316) _process_stack /opt/stack/cinder/cinder/api/openstack/wsgi.py:864}}
Jun 21 16:34:53.055169 dv-cinder-797161-1-iscsi devstack@c-api.service[85317]: DEBUG cinder.volume.api [None req-53dc087e-0044-475c-931e-be28df254684 tempest-UserMessagesTest-669843001 tempest-UserMessagesTest-669843001-project] Availability zone cache updated, next update will occur around 2021-06-21 17:34:53.054350. {{(pid=85317) list_availability_zones /opt/stack/cinder/cinder/volume/api.py:148}}
Jun 21 16:34:53.056721 dv-cinder-797161-1-iscsi devstack@c-api.service[85317]: INFO cinder.volume.api [None req-53dc087e-0044-475c-931e-be28df254684 tempest-UserMessagesTest-669843001 tempest-UserMessagesTest-669843001-project] Availability Zones retrieved successfully.
Jun 21 16:34:53.184135 dv-cinder-797161-1-iscsi devstack@c-api.service[85316]: INFO cinder.api.openstack.wsgi [None req-8c0cc371-731c-43af-947c-71029b821e8c tempest-GroupsTest-299339189 tempest-GroupsTest-299339189-project-admin] http://10.222.0.24/volume/v3/c5b8bed47b254eb79622f2e47e2148a0/types returned with HTTP 200
Jun 21 16:34:53.185789 dv-cinder-797161-1-iscsi devstack@c-api.service[85316]: [pid: 85316|app: 0|req: 75/148] 10.222.0.24 () {60 vars in 1229 bytes} [Mon Jun 21 16:34:52 2021] POST /volume/v3/c5b8bed47b254eb79622f2e47e2148a0/types => generated 215 bytes in 438 msecs (HTTP/1.1 200) 7 headers in 285 bytes (1 switches on core 0)
Jun 21 16:34:53.197680 dv-cinder-797161-1-iscsi devstack@c-api.service[85316]: INFO cinder.api.openstack.wsgi [None req-73799089-38df-4927-be56-c7e9bccd253c tempest-VolumeRetypeWithoutMigrationTest-439625575 tempest-VolumeRetypeWithoutMigrationTest-439625575-project] GET http://10.222.0.24/volume/v3/64475a0b1ce64b1b877a989cb0f6c4af/volumes/48574327-ced3-4d60-a6bb-3d276543cc47
Jun 21 16:34:53.200125 dv-cinder-797161-1-iscsi devstack@c-api.service[85316]: DEBUG cinder.api.openstack.wsgi [None req-73799089-38df-4927-be56-c7e9bccd253c tempest-VolumeRetypeWithoutMigrationTest-439625575 tempest-VolumeRetypeWithoutMigrationTest-439625575-project] Empty body provided in request {{(pid=85316) get_body /opt/stack/cinder/cinder/api/openstack/wsgi.py:713}}
Jun 21 16:34:53.200865 dv-cinder-797161-1-iscsi devstack@c-api.service[85316]: DEBUG cinder.api.openstack.wsgi [None req-73799089-38df-4927-be56-c7e9bccd253c tempest-VolumeRetypeWithoutMigrationTest-439625575 tempest-VolumeRetypeWithoutMigrationTest-439625575-project] Calling method 'show' {{(pid=85316) _process_stack /opt/stack/cinder/cinder/api/openstack/wsgi.py:866}}
Jun 21 16:34:53.228810 dv-cinder-797161-1-iscsi devstack@c-api.service[85317]: DEBUG cinder.volume.api [None req-53dc087e-0044-475c-931e-be28df254684 tempest-UserMessagesTest-669843001 tempest-UserMessagesTest-669843001-project] Flow 'volume_create_api' (70298d4c-f354-4654-8b62-8075b9f687f1) transitioned into state 'RUNNING' from state 'PENDING' {{(pid=85317) _flow_receiver /usr/local/lib/python3.8/dist-packages/taskflow/listeners/logging.py:141}}
Jun 21 16:34:53.236755 dv-cinder-797161-1-iscsi devstack@c-api.service[85317]: DEBUG cinder.volume.api [None req-53dc087e-0044-475c-931e-be28df254684 tempest-UserMessagesTest-669843001 tempest-UserMessagesTest-669843001-project] Task 'cinder.volume.flows.api.create_volume.ExtractVolumeRequestTask;volume:create' (365ae064-e684-49de-92e3-3a843bf63874) transitioned into state 'RUNNING' from state 'PENDING' {{(pid=85317) _task_receiver /usr/local/lib/python3.8/dist-packages/taskflow/listeners/logging.py:190}}
Jun 21 16:34:53.243492 dv-cinder-797161-1-iscsi devstack@c-api.service[85317]: DEBUG cinder.volume.flows.api.create_volume [None req-53dc087e-0044-475c-931e-be28df254684 tempest-UserMessagesTest-669843001 tempest-UserMessagesTest-669843001-project] Validating volume size '1' using validate_int {{(pid=85317) _extract_size /opt/stack/cinder/cinder/volume/flows/api/create_volume.py:201}}
Jun 21 16:34:53.309961 dv-cinder-797161-1-iscsi devstack@c-api.service[85316]: INFO cinder.api.openstack.wsgi [None req-73799089-38df-4927-be56-c7e9bccd253c tempest-VolumeRetypeWithoutMigrationTest-439625575 tempest-VolumeRetypeWithoutMigrationTest-439625575-project] http://10.222.0.24/volume/v3/64475a0b1ce64b1b877a989cb0f6c4af/volumes/48574327-ced3-4d60-a6bb-3d276543cc47 returned with HTTP 404
Jun 21 16:34:53.316806 dv-cinder-797161-1-iscsi devstack@c-api.service[85316]: [pid: 85316|app: 0|req: 76/149] 10.222.0.24 () {58 vars in 1325 bytes} [Mon Jun 21 16:34:53 2021] GET /volume/v3/64475a0b1ce64b1b877a989cb0f6c4af/volumes/48574327-ced3-4d60-a6bb-3d276543cc47 => generated 109 bytes in 129 msecs (HTTP/1.1 404) 7 headers in 292 bytes (1 switches on core 0)
Jun 21 16:34:53.325247 dv-cinder-797161-1-iscsi devstack@c-api.service[85316]: INFO cinder.api.openstack.wsgi [None req-036cf01d-a99e-4b26-9198-c5603b4c1f90 tempest-GroupsTest-299339189 tempest-GroupsTest-299339189-project-admin] POST http://10.222.0.24/volume/v3/c5b8bed47b254eb79622f2e47e2148a0/group_types
Jun 21 16:34:53.325966 dv-cinder-797161-1-iscsi devstack@c-api.service[85316]: DEBUG cinder.api.openstack.wsgi [None req-036cf01d-a99e-4b26-9198-c5603b4c1f90 tempest-GroupsTest-299339189 tempest-GroupsTest-299339189-project-admin] Action: 'create', calling method: version_select, body: {"group_type": {"name": "tempest-GroupsTest-group-type-1822702327"}} {{(pid=85316) _process_stack /opt/stack/cinder/cinder/api/openstack/wsgi.py:864}}
Jun 21 16:34:53.358814 dv-cinder-797161-1-iscsi devstack@c-api.service[85317]: DEBUG cinder.volume.api [None req-53dc087e-0044-475c-931e-be28df254684 tempest-UserMessagesTest-669843001 tempest-UserMessagesTest-669843001-project] Task 'cinder.volume.flows.api.create_volume.ExtractVolumeRequestTask;volume:create' (365ae064-e684-49de-92e3-3a843bf63874) transitioned into state 'SUCCESS' from state 'RUNNING' with result '{'size': 1, 'snapshot_id': None, 'source_volid': None, 'volume_type': VolumeType(created_at=2021-06-21T16:34:52Z,deleted=False,deleted_at=None,description=None,extra_specs={storage_protocol='tempest-storage_protocol-1464923807',vendor_name='tempest-vendor_name-252738873'},id=17fe5749-991f-46de-8fa0-17e20614b5af,is_public=True,name='tempest-UserMessagesTest-volume-type-1268553464',projects=[],qos_specs=,qos_specs_id=None,updated_at=None), 'volume_type_id': '17fe5749-991f-46de-8fa0-17e20614b5af', 'encryption_key_id': None, 'qos_specs': None, 'consistencygroup_id': None, 'cgsnapshot_id': None, 'group_id': None, 'replication_status': 'disabled', 'refresh_az': False, 'backup_id': None, 'multiattach': False, 'availability_zones': ['nova']}' {{(pid=85317) _task_receiver /usr/local/lib/python3.8/dist-packages/taskflow/listeners/logging.py:178}}
Jun 21 16:34:53.362364 dv-cinder-797161-1-iscsi devstack@c-api.service[85317]: DEBUG cinder.volume.api [None req-53dc087e-0044-475c-931e-be28df254684 tempest-UserMessagesTest-669843001 tempest-UserMessagesTest-669843001-project] Task 'cinder.volume.flows.api.create_volume.QuotaReserveTask;volume:create' (22c9a9fa-470f-4ca9-a158-4f7ad7c2cc3a) transitioned into state 'RUNNING' from state 'PENDING' {{(pid=85317) _task_receiver /usr/local/lib/python3.8/dist-packages/taskflow/listeners/logging.py:190}}
Jun 21 16:34:53.411039 dv-cinder-797161-1-iscsi devstack@c-api.service[85316]: INFO cinder.api.openstack.wsgi [None req-036cf01d-a99e-4b26-9198-c5603b4c1f90 tempest-GroupsTest-299339189 tempest-GroupsTest-299339189-project-admin] http://10.222.0.24/volume/v3/c5b8bed47b254eb79622f2e47e2148a0/group_types returned with HTTP 202
Jun 21 16:34:53.413241 dv-cinder-797161-1-iscsi devstack@c-api.service[85316]: [pid: 85316|app: 0|req: 77/150] 10.222.0.24 () {62 vars in 1288 bytes} [Mon Jun 21 16:34:53 2021] POST /volume/v3/c5b8bed47b254eb79622f2e47e2148a0/group_types => generated 173 bytes in 95 msecs (HTTP/1.1 202) 7 headers in 292 bytes (1 switches on core 0)
Jun 21 16:34:53.418097 dv-cinder-797161-1-iscsi devstack@c-api.service[85316]: INFO cinder.api.openstack.wsgi [None req-eab466c5-9114-43f3-a572-a2ce13b28691 tempest-VolumeRetypeWithoutMigrationTest-1876517521 tempest-VolumeRetypeWithoutMigrationTest-1876517521-project-admin] DELETE http://10.222.0.24/volume/v3/43f0b191c4b9405682a857421fc9c8bc/types/1264f1a4-f64d-4cb3-a8a7-731f25a7e8ff
Jun 21 16:34:53.418779 dv-cinder-797161-1-iscsi devstack@c-api.service[85316]: DEBUG cinder.api.openstack.wsgi [None req-eab466c5-9114-43f3-a572-a2ce13b28691 tempest-VolumeRetypeWithoutMigrationTest-1876517521 tempest-VolumeRetypeWithoutMigrationTest-1876517521-project-admin] Empty body provided in request {{(pid=85316) get_body /opt/stack/cinder/cinder/api/openstack/wsgi.py:713}}
Jun 21 16:34:53.419358 dv-cinder-797161-1-iscsi devstack@c-api.service[85316]: DEBUG cinder.api.openstack.wsgi [None req-eab466c5-9114-43f3-a572-a2ce13b28691 tempest-VolumeRetypeWithoutMigrationTest-1876517521 tempest-VolumeRetypeWithoutMigrationTest-1876517521-project-admin] Calling method '_delete' {{(pid=85316) _process_stack /opt/stack/cinder/cinder/api/openstack/wsgi.py:866}}
Jun 21 16:34:53.465020 dv-cinder-797161-1-iscsi devstack@c-api.service[85317]: WARNING cinder.quota [None req-53dc087e-0044-475c-931e-be28df254684 tempest-UserMessagesTest-669843001 tempest-UserMessagesTest-669843001-project] Deprecated: Default quota for resource: volumes_tempest-UserMessagesTest-volume-type-1268553464 is set by the default quota flag: quota_volumes_tempest-UserMessagesTest-volume-type-1268553464, it is now deprecated. Please use the default quota class for default quota.
Jun 21 16:34:53.467173 dv-cinder-797161-1-iscsi devstack@c-api.service[85317]: WARNING cinder.quota [None req-53dc087e-0044-475c-931e-be28df254684 tempest-UserMessagesTest-669843001 tempest-UserMessagesTest-669843001-project] Deprecated: Default quota for resource: gigabytes_tempest-UserMessagesTest-volume-type-1268553464 is set by the default quota flag: quota_gigabytes_tempest-UserMessagesTest-volume-type-1268553464, it is now deprecated. Please use the default quota class for default quota.
Jun 21 16:34:53.566504 dv-cinder-797161-1-iscsi devstack@c-api.service[85316]: INFO cinder.api.openstack.wsgi [None req-eab466c5-9114-43f3-a572-a2ce13b28691 tempest-VolumeRetypeWithoutMigrationTest-1876517521 tempest-VolumeRetypeWithoutMigrationTest-1876517521-project-admin] http://10.222.0.24/volume/v3/43f0b191c4b9405682a857421fc9c8bc/types/1264f1a4-f64d-4cb3-a8a7-731f25a7e8ff returned with HTTP 202
Jun 21 16:34:53.567464 dv-cinder-797161-1-iscsi devstack@c-api.service[85317]: DEBUG cinder.quota [None req-53dc087e-0044-475c-931e-be28df254684 tempest-UserMessagesTest-669843001 tempest-UserMessagesTest-669843001-project] Created reservations ['0145ddcd-26fb-4090-ac43-6817e630f08f', 'ff093365-ea29-40f5-a994-95d97e2dff42', '8243c9bc-bbdd-44a3-b1ee-7dffbee7be5f', '3de6451b-607e-45bd-aef8-383d78af9bc5'] {{(pid=85317) reserve /opt/stack/cinder/cinder/quota.py:756}}
Jun 21 16:34:53.570275 dv-cinder-797161-1-iscsi devstack@c-api.service[85317]: DEBUG cinder.volume.api [None req-53dc087e-0044-475c-931e-be28df254684 tempest-UserMessagesTest-669843001 tempest-UserMessagesTest-669843001-project] Task 'cinder.volume.flows.api.create_volume.QuotaReserveTask;volume:create' (22c9a9fa-470f-4ca9-a158-4f7ad7c2cc3a) transitioned into state 'SUCCESS' from state 'RUNNING' with result '{'reservations': ['0145ddcd-26fb-4090-ac43-6817e630f08f', 'ff093365-ea29-40f5-a994-95d97e2dff42', '8243c9bc-bbdd-44a3-b1ee-7dffbee7be5f', '3de6451b-607e-45bd-aef8-383d78af9bc5']}' {{(pid=85317) _task_receiver /usr/local/lib/python3.8/dist-packages/taskflow/listeners/logging.py:178}}
Jun 21 16:34:53.573689 dv-cinder-797161-1-iscsi devstack@c-api.service[85316]: [pid: 85316|app: 0|req: 78/151] 10.222.0.24 () {58 vars in 1322 bytes} [Mon Jun 21 16:34:53 2021] DELETE /volume/v3/43f0b191c4b9405682a857421fc9c8bc/types/1264f1a4-f64d-4cb3-a8a7-731f25a7e8ff => generated 0 bytes in 157 msecs (HTTP/1.1 202) 6 headers in 233 bytes (1 switches on core 0)
Jun 21 16:34:53.576420 dv-cinder-797161-1-iscsi devstack@c-api.service[85317]: DEBUG cinder.volume.api [None req-53dc087e-0044-475c-931e-be28df254684 tempest-UserMessagesTest-669843001 tempest-UserMessagesTest-669843001-project] Task 'cinder.volume.flows.api.create_volume.EntryCreateTask;volume:create' (d3a8f6cf-f878-4ce7-adf7-3d7f7392114c) transitioned into state 'RUNNING' from state 'PENDING' {{(pid=85317) _task_receiver /usr/local/lib/python3.8/dist-packages/taskflow/listeners/logging.py:190}}
Jun 21 16:34:53.846047 dv-cinder-797161-1-iscsi devstack@c-api.service[85317]: DEBUG cinder.volume.api [None req-53dc087e-0044-475c-931e-be28df254684 tempest-UserMessagesTest-669843001 tempest-UserMessagesTest-669843001-project] Task 'cinder.volume.flows.api.create_volume.EntryCreateTask;volume:create' (d3a8f6cf-f878-4ce7-adf7-3d7f7392114c) transitioned into state 'SUCCESS' from state 'RUNNING' with result '{'volume_id': 'cf4b3519-c26d-47a5-91d0-59393eedbc6a', 'volume_properties': VolumeProperties(attach_status='detached',availability_zone='nova',cgsnapshot_id=None,consistencygroup_id=None,display_description=None,display_name='tempest-UserMessagesTest-Volume-663795813',encryption_key_id=None,group_id=None,group_type_id=,metadata={},multiattach=False,project_id='695b386865664bdfb68b0392a4fb87f2',qos_specs=None,replication_status=,reservations=['0145ddcd-26fb-4090-ac43-6817e630f08f','ff093365-ea29-40f5-a994-95d97e2dff42','8243c9bc-bbdd-44a3-b1ee-7dffbee7be5f','3de6451b-607e-45bd-aef8-383d78af9bc5'],size=1,snapshot_id=None,source_replicaid=,source_volid=None,status='creating',user_id='2858a196d1fb4de3931316b0e36334dc',volume_type_id=17fe5749-991f-46de-8fa0-17e20614b5af), 'volume': Volume(_name_id=None,admin_metadata=,attach_status='detached',availability_zone='nova',bootable=False,cluster=,cluster_name=None,consistencygroup=,consistencygroup_id=None,created_at=2021-06-21T16:34:53Z,deleted=False,deleted_at=None,display_description=None,display_name='tempest-UserMessagesTest-Volume-663795813',ec2_id=None,encryption_key_id=None,glance_metadata=,group=,group_id=None,host=None,id=cf4b3519-c26d-47a5-91d0-59393eedbc6a,launched_at=None,metadata={},migration_status=None,multiattach=False,previous_status=None,project_id='695b386865664bdfb68b0392a4fb87f2',provider_auth=None,provider_geometry=None,provider_id=None,provider_location=None,replication_driver_data=None,replication_extended_status=None,replication_status=None,scheduled_at=None,service_uuid=None,shared_targets=True,size=1,snapshot_id=None,snapshots=,source_volid=None,status='creating',terminated_at=None,updated_at=None,user_id='2858a196d1fb4de3931316b0e36334dc',volume_attachment=,volume_type=VolumeType(17fe5749-991f-46de-8fa0-17e20614b5af),volume_type_id=17fe5749-991f-46de-8fa0-17e20614b5af)}' {{(pid=85317) _task_receiver /usr/local/lib/python3.8/dist-packages/taskflow/listeners/logging.py:178}}
Jun 21 16:34:53.848594 dv-cinder-797161-1-iscsi devstack@c-api.service[85317]: DEBUG cinder.volume.api [None req-53dc087e-0044-475c-931e-be28df254684 tempest-UserMessagesTest-669843001 tempest-UserMessagesTest-669843001-project] Task 'cinder.volume.flows.api.create_volume.QuotaCommitTask;volume:create' (2725f47a-d8e7-4b40-b68b-9b920e820d4f) transitioned into state 'RUNNING' from state 'PENDING' {{(pid=85317) _task_receiver /usr/local/lib/python3.8/dist-packages/taskflow/listeners/logging.py:190}}
Jun 21 16:34:53.885286 dv-cinder-797161-1-iscsi devstack@c-api.service[85316]: INFO cinder.api.openstack.wsgi [None req-1925395f-d243-4fd1-9dc2-d77f9af114f6 tempest-GroupsTest-36889338 tempest-GroupsTest-36889338-project] POST http://10.222.0.24/volume/v3/c173b3e903994be799784536ae5dd243/groups
Jun 21 16:34:53.886279 dv-cinder-797161-1-iscsi devstack@c-api.service[85316]: DEBUG cinder.api.openstack.wsgi [None req-1925395f-d243-4fd1-9dc2-d77f9af114f6 tempest-GroupsTest-36889338 tempest-GroupsTest-36889338-project] Action: 'create', calling method: version_select, body: {"group": {"group_type": "f551570d-09f1-41ee-8218-74408fa3b91a", "volume_types": ["44a99f74-c1cb-4498-a3c3-4c7ddcd4b62f"], "name": "tempest-Group1-985018424"}} {{(pid=85316) _process_stack /opt/stack/cinder/cinder/api/openstack/wsgi.py:864}}
Jun 21 16:34:53.887022 dv-cinder-797161-1-iscsi devstack@c-api.service[85316]: DEBUG cinder.api.v3.groups [None req-1925395f-d243-4fd1-9dc2-d77f9af114f6 tempest-GroupsTest-36889338 tempest-GroupsTest-36889338-project] Creating new group {'group': {'group_type': 'f551570d-09f1-41ee-8218-74408fa3b91a', 'volume_types': ['44a99f74-c1cb-4498-a3c3-4c7ddcd4b62f'], 'name': 'tempest-Group1-985018424'}} {{(pid=85316) create /opt/stack/cinder/cinder/api/v3/groups.py:190}}
Jun 21 16:34:53.901949 dv-cinder-797161-1-iscsi devstack@c-api.service[85317]: DEBUG cinder.volume.api [None req-53dc087e-0044-475c-931e-be28df254684 tempest-UserMessagesTest-669843001 tempest-UserMessagesTest-669843001-project] Task 'cinder.volume.flows.api.create_volume.QuotaCommitTask;volume:create' (2725f47a-d8e7-4b40-b68b-9b920e820d4f) transitioned into state 'SUCCESS' from state 'RUNNING' with result '{'volume_properties': VolumeProperties(attach_status='detached',availability_zone='nova',cgsnapshot_id=None,consistencygroup_id=None,display_description=None,display_name='tempest-UserMessagesTest-Volume-663795813',encryption_key_id=None,group_id=None,group_type_id=,metadata={},multiattach=False,project_id='695b386865664bdfb68b0392a4fb87f2',qos_specs=None,replication_status=,reservations=['0145ddcd-26fb-4090-ac43-6817e630f08f','ff093365-ea29-40f5-a994-95d97e2dff42','8243c9bc-bbdd-44a3-b1ee-7dffbee7be5f','3de6451b-607e-45bd-aef8-383d78af9bc5'],size=1,snapshot_id=None,source_replicaid=,source_volid=None,status='creating',user_id='2858a196d1fb4de3931316b0e36334dc',volume_type_id=17fe5749-991f-46de-8fa0-17e20614b5af)}' {{(pid=85317) _task_receiver /usr/local/lib/python3.8/dist-packages/taskflow/listeners/logging.py:178}}
Jun 21 16:34:53.903867 dv-cinder-797161-1-iscsi devstack@c-api.service[85317]: DEBUG cinder.volume.api [None req-53dc087e-0044-475c-931e-be28df254684 tempest-UserMessagesTest-669843001 tempest-UserMessagesTest-669843001-project] Task 'cinder.volume.flows.api.create_volume.VolumeCastTask;volume:create' (0a6def8f-d00b-4f0a-9edc-a893b8b0fab3) transitioned into state 'RUNNING' from state 'PENDING' {{(pid=85317) _task_receiver /usr/local/lib/python3.8/dist-packages/taskflow/listeners/logging.py:190}}
Jun 21 16:34:53.908641 dv-cinder-797161-1-iscsi devstack@c-api.service[85316]: INFO cinder.api.v3.groups [None req-1925395f-d243-4fd1-9dc2-d77f9af114f6 tempest-GroupsTest-36889338 tempest-GroupsTest-36889338-project] Creating group tempest-Group1-985018424.
Jun 21 16:34:53.958842 dv-cinder-797161-1-iscsi devstack@c-api.service[85317]: DEBUG cinder.volume.api [None req-53dc087e-0044-475c-931e-be28df254684 tempest-UserMessagesTest-669843001 tempest-UserMessagesTest-669843001-project] Task 'cinder.volume.flows.api.create_volume.VolumeCastTask;volume:create' (0a6def8f-d00b-4f0a-9edc-a893b8b0fab3) transitioned into state 'SUCCESS' from state 'RUNNING' with result 'None' {{(pid=85317) _task_receiver /usr/local/lib/python3.8/dist-packages/taskflow/listeners/logging.py:178}}
Jun 21 16:34:53.963028 dv-cinder-797161-1-iscsi devstack@c-api.service[85317]: DEBUG cinder.volume.api [None req-53dc087e-0044-475c-931e-be28df254684 tempest-UserMessagesTest-669843001 tempest-UserMessagesTest-669843001-project] Flow 'volume_create_api' (70298d4c-f354-4654-8b62-8075b9f687f1) transitioned into state 'SUCCESS' from state 'RUNNING' {{(pid=85317) _flow_receiver /usr/local/lib/python3.8/dist-packages/taskflow/listeners/logging.py:141}}
Jun 21 16:34:53.964224 dv-cinder-797161-1-iscsi devstack@c-api.service[85317]: INFO cinder.volume.api [None req-53dc087e-0044-475c-931e-be28df254684 tempest-UserMessagesTest-669843001 tempest-UserMessagesTest-669843001-project] Create volume request issued successfully.
Jun 21 16:34:53.981502 dv-cinder-797161-1-iscsi devstack@c-api.service[85316]: DEBUG cinder.volume.api [None req-1925395f-d243-4fd1-9dc2-d77f9af114f6 tempest-GroupsTest-36889338 tempest-GroupsTest-36889338-project] Availability zone cache updated, next update will occur around 2021-06-21 17:34:53.980888. {{(pid=85316) list_availability_zones /opt/stack/cinder/cinder/volume/api.py:148}}
Jun 21 16:34:53.981964 dv-cinder-797161-1-iscsi devstack@c-api.service[85316]: INFO cinder.volume.api [None req-1925395f-d243-4fd1-9dc2-d77f9af114f6 tempest-GroupsTest-36889338 tempest-GroupsTest-36889338-project] Availability Zones retrieved successfully.
Jun 21 16:34:54.017968 dv-cinder-797161-1-iscsi devstack@c-api.service[85317]: INFO cinder.api.openstack.wsgi [None req-53dc087e-0044-475c-931e-be28df254684 tempest-UserMessagesTest-669843001 tempest-UserMessagesTest-669843001-project] http://10.222.0.24/volume/v3/695b386865664bdfb68b0392a4fb87f2/volumes returned with HTTP 202
Jun 21 16:34:54.031170 dv-cinder-797161-1-iscsi devstack@c-api.service[85317]: [pid: 85317|app: 0|req: 74/152] 10.222.0.24 () {62 vars in 1276 bytes} [Mon Jun 21 16:34:52 2021] POST /volume/v3/695b386865664bdfb68b0392a4fb87f2/volumes => generated 851 bytes in 1649 msecs (HTTP/1.1 202) 7 headers in 291 bytes (2 switches on core 0)
Jun 21 16:34:54.037104 dv-cinder-797161-1-iscsi devstack@c-api.service[85316]: DEBUG cinder.quota [None req-1925395f-d243-4fd1-9dc2-d77f9af114f6 tempest-GroupsTest-36889338 tempest-GroupsTest-36889338-project] Created reservations ['0ff9313e-89ad-4f6d-a9bf-e7c1e5c28985'] {{(pid=85316) reserve /opt/stack/cinder/cinder/quota.py:756}}
Jun 21 16:34:54.043958 dv-cinder-797161-1-iscsi devstack@c-api.service[85317]: INFO cinder.api.openstack.wsgi [None req-8dd9fc7a-35fe-42e7-af37-840d5dd1a0da tempest-VolumeRetypeWithoutMigrationTest-1876517521 tempest-VolumeRetypeWithoutMigrationTest-1876517521-project-admin] GET http://10.222.0.24/volume/v3/43f0b191c4b9405682a857421fc9c8bc/types/1264f1a4-f64d-4cb3-a8a7-731f25a7e8ff
Jun 21 16:34:54.045227 dv-cinder-797161-1-iscsi devstack@c-api.service[85317]: DEBUG cinder.api.openstack.wsgi [None req-8dd9fc7a-35fe-42e7-af37-840d5dd1a0da tempest-VolumeRetypeWithoutMigrationTest-1876517521 tempest-VolumeRetypeWithoutMigrationTest-1876517521-project-admin] Empty body provided in request {{(pid=85317) get_body /opt/stack/cinder/cinder/api/openstack/wsgi.py:713}}
Jun 21 16:34:54.046312 dv-cinder-797161-1-iscsi devstack@c-api.service[85317]: /usr/local/lib/python3.8/dist-packages/webob/acceptparse.py:1047: DeprecationWarning: The behavior of AcceptValidHeader.best_match is currently being maintained for backward compatibility, but it will be deprecated in the future, as it does not conform to the RFC.
Jun 21 16:34:54.046312 dv-cinder-797161-1-iscsi devstack@c-api.service[85317]: warnings.warn(
Jun 21 16:34:54.051959 dv-cinder-797161-1-iscsi devstack@c-api.service[85317]: DEBUG cinder.api.openstack.wsgi [None req-8dd9fc7a-35fe-42e7-af37-840d5dd1a0da tempest-VolumeRetypeWithoutMigrationTest-1876517521 tempest-VolumeRetypeWithoutMigrationTest-1876517521-project-admin] Calling method 'show' {{(pid=85317) _process_stack /opt/stack/cinder/cinder/api/openstack/wsgi.py:866}}
Jun 21 16:34:54.096128 dv-cinder-797161-1-iscsi devstack@c-api.service[85317]: INFO cinder.api.openstack.wsgi [None req-8dd9fc7a-35fe-42e7-af37-840d5dd1a0da tempest-VolumeRetypeWithoutMigrationTest-1876517521 tempest-VolumeRetypeWithoutMigrationTest-1876517521-project-admin] http://10.222.0.24/volume/v3/43f0b191c4b9405682a857421fc9c8bc/types/1264f1a4-f64d-4cb3-a8a7-731f25a7e8ff returned with HTTP 404
Jun 21 16:34:54.101466 dv-cinder-797161-1-iscsi devstack@c-api.service[85317]: [pid: 85317|app: 0|req: 75/153] 10.222.0.24 () {58 vars in 1319 bytes} [Mon Jun 21 16:34:54 2021] GET /volume/v3/43f0b191c4b9405682a857421fc9c8bc/types/1264f1a4-f64d-4cb3-a8a7-731f25a7e8ff => generated 114 bytes in 68 msecs (HTTP/1.1 404) 7 headers in 292 bytes (1 switches on core 0)
Jun 21 16:34:54.123334 dv-cinder-797161-1-iscsi devstack@c-api.service[85317]: INFO cinder.api.openstack.wsgi [None req-c4246d38-028c-42b1-a565-7ecb97f78309 tempest-UserMessagesTest-669843001 tempest-UserMessagesTest-669843001-project] GET http://10.222.0.24/volume/v3/695b386865664bdfb68b0392a4fb87f2/volumes/cf4b3519-c26d-47a5-91d0-59393eedbc6a
Jun 21 16:34:54.123972 dv-cinder-797161-1-iscsi devstack@c-api.service[85317]: DEBUG cinder.api.openstack.wsgi [None req-c4246d38-028c-42b1-a565-7ecb97f78309 tempest-UserMessagesTest-669843001 tempest-UserMessagesTest-669843001-project] Empty body provided in request {{(pid=85317) get_body /opt/stack/cinder/cinder/api/openstack/wsgi.py:713}}
Jun 21 16:34:54.125963 dv-cinder-797161-1-iscsi devstack@c-api.service[85317]: DEBUG cinder.api.openstack.wsgi [None req-c4246d38-028c-42b1-a565-7ecb97f78309 tempest-UserMessagesTest-669843001 tempest-UserMessagesTest-669843001-project] Calling method 'show' {{(pid=85317) _process_stack /opt/stack/cinder/cinder/api/openstack/wsgi.py:866}}
Jun 21 16:34:54.148018 dv-cinder-797161-1-iscsi devstack@c-api.service[85316]: INFO cinder.api.openstack.wsgi [None req-1925395f-d243-4fd1-9dc2-d77f9af114f6 tempest-GroupsTest-36889338 tempest-GroupsTest-36889338-project] http://10.222.0.24/volume/v3/c173b3e903994be799784536ae5dd243/groups returned with HTTP 202
Jun 21 16:34:54.150246 dv-cinder-797161-1-iscsi devstack@c-api.service[85316]: [pid: 85316|app: 0|req: 79/154] 10.222.0.24 () {62 vars in 1274 bytes} [Mon Jun 21 16:34:53 2021] POST /volume/v3/c173b3e903994be799784536ae5dd243/groups => generated 93 bytes in 578 msecs (HTTP/1.1 202) 7 headers in 291 bytes (1 switches on core 0)
Jun 21 16:34:54.156354 dv-cinder-797161-1-iscsi devstack@c-api.service[85316]: INFO cinder.api.openstack.wsgi [None req-b77ec65f-4c61-4ca0-afa1-17f864275f31 tempest-VolumeRetypeWithoutMigrationTest-1876517521 tempest-VolumeRetypeWithoutMigrationTest-1876517521-project-admin] DELETE http://10.222.0.24/volume/v3/43f0b191c4b9405682a857421fc9c8bc/types/6b6275b3-ecd6-4cc3-bcf3-178580c879b3
Jun 21 16:34:54.158119 dv-cinder-797161-1-iscsi devstack@c-api.service[85316]: DEBUG cinder.api.openstack.wsgi [None req-b77ec65f-4c61-4ca0-afa1-17f864275f31 tempest-VolumeRetypeWithoutMigrationTest-1876517521 tempest-VolumeRetypeWithoutMigrationTest-1876517521-project-admin] Empty body provided in request {{(pid=85316) get_body /opt/stack/cinder/cinder/api/openstack/wsgi.py:713}}
Jun 21 16:34:54.158453 dv-cinder-797161-1-iscsi devstack@c-api.service[85316]: /usr/local/lib/python3.8/dist-packages/webob/acceptparse.py:1047: DeprecationWarning: The behavior of AcceptValidHeader.best_match is currently being maintained for backward compatibility, but it will be deprecated in the future, as it does not conform to the RFC.
Jun 21 16:34:54.158453 dv-cinder-797161-1-iscsi devstack@c-api.service[85316]: warnings.warn(
Jun 21 16:34:54.159108 dv-cinder-797161-1-iscsi devstack@c-api.service[85316]: DEBUG cinder.api.openstack.wsgi [None req-b77ec65f-4c61-4ca0-afa1-17f864275f31 tempest-VolumeRetypeWithoutMigrationTest-1876517521 tempest-VolumeRetypeWithoutMigrationTest-1876517521-project-admin] Calling method '_delete' {{(pid=85316) _process_stack /opt/stack/cinder/cinder/api/openstack/wsgi.py:866}}
Jun 21 16:34:54.160011 dv-cinder-797161-1-iscsi devstack@c-api.service[85316]: /usr/local/lib/python3.8/dist-packages/oslo_context/context.py:105: DeprecationWarning: Policy enforcement is depending on the value of is_admin. This key is deprecated. Please update your policy file to use the standard policy values.
Jun 21 16:34:54.160011 dv-cinder-797161-1-iscsi devstack@c-api.service[85316]: warnings.warn('Policy enforcement is depending on the value of '
Jun 21 16:34:54.282087 dv-cinder-797161-1-iscsi devstack@c-api.service[85317]: /usr/local/lib/python3.8/dist-packages/oslo_context/context.py:105: DeprecationWarning: Policy enforcement is depending on the value of is_admin. This key is deprecated. Please update your policy file to use the standard policy values.
Jun 21 16:34:54.282087 dv-cinder-797161-1-iscsi devstack@c-api.service[85317]: warnings.warn('Policy enforcement is depending on the value of '
Jun 21 16:34:54.300906 dv-cinder-797161-1-iscsi devstack@c-api.service[85317]: INFO cinder.volume.api [None req-c4246d38-028c-42b1-a565-7ecb97f78309 tempest-UserMessagesTest-669843001 tempest-UserMessagesTest-669843001-project] Volume info retrieved successfully.
Jun 21 16:34:54.315030 dv-cinder-797161-1-iscsi devstack@c-api.service[85316]: INFO cinder.api.openstack.wsgi [None req-b77ec65f-4c61-4ca0-afa1-17f864275f31 tempest-VolumeRetypeWithoutMigrationTest-1876517521 tempest-VolumeRetypeWithoutMigrationTest-1876517521-project-admin] http://10.222.0.24/volume/v3/43f0b191c4b9405682a857421fc9c8bc/types/6b6275b3-ecd6-4cc3-bcf3-178580c879b3 returned with HTTP 202
Jun 21 16:34:54.316372 dv-cinder-797161-1-iscsi devstack@c-api.service[85316]: [pid: 85316|app: 0|req: 80/155] 10.222.0.24 () {58 vars in 1322 bytes} [Mon Jun 21 16:34:54 2021] DELETE /volume/v3/43f0b191c4b9405682a857421fc9c8bc/types/6b6275b3-ecd6-4cc3-bcf3-178580c879b3 => generated 0 bytes in 165 msecs (HTTP/1.1 202) 6 headers in 233 bytes (1 switches on core 0)
Jun 21 16:34:54.323463 dv-cinder-797161-1-iscsi devstack@c-api.service[85316]: INFO cinder.api.openstack.wsgi [None req-06cb7db8-b4b4-4e5b-ae5e-7772d4435123 tempest-GroupsTest-36889338 tempest-GroupsTest-36889338-project] GET http://10.222.0.24/volume/v3/c173b3e903994be799784536ae5dd243/groups/0e1e7f21-9246-413d-8740-4cc373c10758
Jun 21 16:34:54.324002 dv-cinder-797161-1-iscsi devstack@c-api.service[85316]: DEBUG cinder.api.openstack.wsgi [None req-06cb7db8-b4b4-4e5b-ae5e-7772d4435123 tempest-GroupsTest-36889338 tempest-GroupsTest-36889338-project] Empty body provided in request {{(pid=85316) get_body /opt/stack/cinder/cinder/api/openstack/wsgi.py:713}}
Jun 21 16:34:54.324472 dv-cinder-797161-1-iscsi devstack@c-api.service[85316]: DEBUG cinder.api.openstack.wsgi [None req-06cb7db8-b4b4-4e5b-ae5e-7772d4435123 tempest-GroupsTest-36889338 tempest-GroupsTest-36889338-project] Calling method 'version_select' {{(pid=85316) _process_stack /opt/stack/cinder/cinder/api/openstack/wsgi.py:866}}
Jun 21 16:34:54.324899 dv-cinder-797161-1-iscsi devstack@c-api.service[85316]: DEBUG cinder.api.v3.groups [None req-06cb7db8-b4b4-4e5b-ae5e-7772d4435123 tempest-GroupsTest-36889338 tempest-GroupsTest-36889338-project] show called for member 0e1e7f21-9246-413d-8740-4cc373c10758 {{(pid=85316) show /opt/stack/cinder/cinder/api/v3/groups.py:58}}
Jun 21 16:34:54.328671 dv-cinder-797161-1-iscsi devstack@c-api.service[85317]: INFO cinder.api.openstack.wsgi [None req-c4246d38-028c-42b1-a565-7ecb97f78309 tempest-UserMessagesTest-669843001 tempest-UserMessagesTest-669843001-project] http://10.222.0.24/volume/v3/695b386865664bdfb68b0392a4fb87f2/volumes/cf4b3519-c26d-47a5-91d0-59393eedbc6a returned with HTTP 200
Jun 21 16:34:54.340184 dv-cinder-797161-1-iscsi devstack@c-api.service[85316]: /usr/local/lib/python3.8/dist-packages/oslo_context/context.py:105: DeprecationWarning: Policy enforcement is depending on the value of is_admin. This key is deprecated. Please update your policy file to use the standard policy values.
Jun 21 16:34:54.340184 dv-cinder-797161-1-iscsi devstack@c-api.service[85316]: warnings.warn('Policy enforcement is depending on the value of '
Jun 21 16:34:54.341443 dv-cinder-797161-1-iscsi devstack@c-api.service[85317]: [pid: 85317|app: 0|req: 76/156] 10.222.0.24 () {60 vars in 1365 bytes} [Mon Jun 21 16:34:54 2021] GET /volume/v3/695b386865664bdfb68b0392a4fb87f2/volumes/cf4b3519-c26d-47a5-91d0-59393eedbc6a => generated 919 bytes in 241 msecs (HTTP/1.1 200) 7 headers in 285 bytes (1 switches on core 0)
Jun 21 16:34:54.346336 dv-cinder-797161-1-iscsi devstack@c-api.service[85317]: INFO cinder.api.openstack.wsgi [None req-15c05d86-5dea-4214-84a2-5f8d9ec4aba0 tempest-VolumeRetypeWithoutMigrationTest-1876517521 tempest-VolumeRetypeWithoutMigrationTest-1876517521-project-admin] GET http://10.222.0.24/volume/v3/43f0b191c4b9405682a857421fc9c8bc/types/6b6275b3-ecd6-4cc3-bcf3-178580c879b3
Jun 21 16:34:54.347033 dv-cinder-797161-1-iscsi devstack@c-api.service[85317]: DEBUG cinder.api.openstack.wsgi [None req-15c05d86-5dea-4214-84a2-5f8d9ec4aba0 tempest-VolumeRetypeWithoutMigrationTest-1876517521 tempest-VolumeRetypeWithoutMigrationTest-1876517521-project-admin] Empty body provided in request {{(pid=85317) get_body /opt/stack/cinder/cinder/api/openstack/wsgi.py:713}}
Jun 21 16:34:54.347407 dv-cinder-797161-1-iscsi devstack@c-api.service[85317]: /usr/local/lib/python3.8/dist-packages/webob/acceptparse.py:1047: DeprecationWarning: The behavior of AcceptValidHeader.best_match is currently being maintained for backward compatibility, but it will be deprecated in the future, as it does not conform to the RFC.
Jun 21 16:34:54.347407 dv-cinder-797161-1-iscsi devstack@c-api.service[85317]: warnings.warn(
Jun 21 16:34:54.348061 dv-cinder-797161-1-iscsi devstack@c-api.service[85317]: DEBUG cinder.api.openstack.wsgi [None req-15c05d86-5dea-4214-84a2-5f8d9ec4aba0 tempest-VolumeRetypeWithoutMigrationTest-1876517521 tempest-VolumeRetypeWithoutMigrationTest-1876517521-project-admin] Calling method 'show' {{(pid=85317) _process_stack /opt/stack/cinder/cinder/api/openstack/wsgi.py:866}}
Jun 21 16:34:54.360307 dv-cinder-797161-1-iscsi devstack@c-api.service[85317]: INFO cinder.api.openstack.wsgi [None req-15c05d86-5dea-4214-84a2-5f8d9ec4aba0 tempest-VolumeRetypeWithoutMigrationTest-1876517521 tempest-VolumeRetypeWithoutMigrationTest-1876517521-project-admin] http://10.222.0.24/volume/v3/43f0b191c4b9405682a857421fc9c8bc/types/6b6275b3-ecd6-4cc3-bcf3-178580c879b3 returned with HTTP 404
Jun 21 16:34:54.363218 dv-cinder-797161-1-iscsi devstack@c-api.service[85317]: [pid: 85317|app: 0|req: 77/157] 10.222.0.24 () {58 vars in 1319 bytes} [Mon Jun 21 16:34:54 2021] GET /volume/v3/43f0b191c4b9405682a857421fc9c8bc/types/6b6275b3-ecd6-4cc3-bcf3-178580c879b3 => generated 114 bytes in 21 msecs (HTTP/1.1 404) 7 headers in 292 bytes (1 switches on core 0)
Jun 21 16:34:54.364994 dv-cinder-797161-1-iscsi devstack@c-api.service[85316]: INFO cinder.api.openstack.wsgi [None req-06cb7db8-b4b4-4e5b-ae5e-7772d4435123 tempest-GroupsTest-36889338 tempest-GroupsTest-36889338-project] http://10.222.0.24/volume/v3/c173b3e903994be799784536ae5dd243/groups/0e1e7f21-9246-413d-8740-4cc373c10758 returned with HTTP 200
Jun 21 16:34:54.367028 dv-cinder-797161-1-iscsi devstack@c-api.service[85316]: [pid: 85316|app: 0|req: 81/158] 10.222.0.24 () {60 vars in 1363 bytes} [Mon Jun 21 16:34:54 2021] GET /volume/v3/c173b3e903994be799784536ae5dd243/groups/0e1e7f21-9246-413d-8740-4cc373c10758 => generated 321 bytes in 49 msecs (HTTP/1.1 200) 7 headers in 286 bytes (1 switches on core 0)
