Jun 24 21:29:43.831614 dv-cinder-796950-8-iscsi neutron-server[92943]: DEBUG neutron_lib.callbacks.manager [None req-065bc664-84b6-46a6-8b13-54c64c79006b admin admin] Notify callbacks [] for security_group, before_delete {{(pid=92943) _notify_loop /usr/local/lib/python3.8/dist-packages/neutron_lib/callbacks/manager.py:192}}
Jun 24 21:29:43.881959 dv-cinder-796950-8-iscsi neutron-server[92943]: DEBUG neutron_lib.callbacks.manager [None req-065bc664-84b6-46a6-8b13-54c64c79006b admin admin] Notify callbacks [] for security_group, precommit_delete {{(pid=92943) _notify_loop /usr/local/lib/python3.8/dist-packages/neutron_lib/callbacks/manager.py:192}}
Jun 24 21:29:43.939639 dv-cinder-796950-8-iscsi neutron-server[92943]: DEBUG neutron.pecan_wsgi.hooks.policy_enforcement [req-55274698-16e1-44b3-b79d-aa8379f62d92 req-b8cc0c8c-2d29-4f25-8511-ff162f2929f0 tempest-DeleteServersTestJSON-889635517 tempest-DeleteServersTestJSON-889635517-project] Attributes excluded by policy engine: ['standard_attr_id', 'binding:profile', 'binding:host_id', 'binding:vif_type', 'binding:vif_details'] {{(pid=92943) _exclude_attributes_by_policy /opt/stack/neutron/neutron/pecan_wsgi/hooks/policy_enforcement.py:255}}
Jun 24 21:29:43.941370 dv-cinder-796950-8-iscsi neutron-server[92943]: INFO neutron.wsgi [req-55274698-16e1-44b3-b79d-aa8379f62d92 req-b8cc0c8c-2d29-4f25-8511-ff162f2929f0 tempest-DeleteServersTestJSON-889635517 tempest-DeleteServersTestJSON-889635517-project] 10.222.0.35 "GET /v2.0/ports?device_id=307b4642-ecbd-49ae-8e1d-b8c242e25582 HTTP/1.1" status: 200 len: 944 time: 0.0994554
Jun 24 21:29:43.958173 dv-cinder-796950-8-iscsi neutron-server[92943]: DEBUG neutron_lib.callbacks.manager [None req-065bc664-84b6-46a6-8b13-54c64c79006b admin admin] Notify callbacks ['neutron.plugins.ml2.ovo_rpc._ObjectChangeHandler.handle_event-532755'] for security_group, after_delete {{(pid=92943) _notify_loop /usr/local/lib/python3.8/dist-packages/neutron_lib/callbacks/manager.py:192}}
Jun 24 21:29:43.960732 dv-cinder-796950-8-iscsi neutron-server[92943]: DEBUG neutron_lib.callbacks.manager [None req-065bc664-84b6-46a6-8b13-54c64c79006b admin admin] Notify callbacks [] for security_group, before_response {{(pid=92943) _notify_loop /usr/local/lib/python3.8/dist-packages/neutron_lib/callbacks/manager.py:192}}
Jun 24 21:29:43.962488 dv-cinder-796950-8-iscsi neutron-server[92943]: INFO neutron.wsgi [None req-065bc664-84b6-46a6-8b13-54c64c79006b admin admin] 10.222.0.35 "DELETE /v2.0/security-groups/8d6644c3-c089-43a2-b2fc-3468d6960542 HTTP/1.1" status: 204 len: 168 time: 0.1886294
Jun 24 21:29:43.971643 dv-cinder-796950-8-iscsi neutron-server[92943]: DEBUG oslo_concurrency.lockutils [None req-e941fe4a-097f-45dc-97ae-54014405ba55 admin admin] Lock "event-dispatch" acquired by "neutron.plugins.ml2.ovo_rpc._ObjectChangeHandler.dispatch_events" :: waited 0.000s {{(pid=92943) inner /usr/local/lib/python3.8/dist-packages/oslo_concurrency/lockutils.py:355}}
Jun 24 21:29:43.981386 dv-cinder-796950-8-iscsi neutron-server[92943]: DEBUG neutron.api.rpc.handlers.resources_rpc [None req-065bc664-84b6-46a6-8b13-54c64c79006b admin admin] Pushing event deleted for resources: {'SecurityGroup': ['ID=8d6644c3-c089-43a2-b2fc-3468d6960542,revision_number=None']} {{(pid=92943) push /opt/stack/neutron/neutron/api/rpc/handlers/resources_rpc.py:237}}
Jun 24 21:29:43.986306 dv-cinder-796950-8-iscsi neutron-server[92943]: DEBUG oslo_concurrency.lockutils [None req-065bc664-84b6-46a6-8b13-54c64c79006b admin admin] Lock "event-dispatch" released by "neutron.plugins.ml2.ovo_rpc._ObjectChangeHandler.dispatch_events" :: held 0.015s {{(pid=92943) inner /usr/local/lib/python3.8/dist-packages/oslo_concurrency/lockutils.py:367}}
Jun 24 21:29:44.004350 dv-cinder-796950-8-iscsi neutron-server[92943]: INFO neutron.wsgi [req-55274698-16e1-44b3-b79d-aa8379f62d92 req-7d9363ae-7eff-4558-9d14-f2217d95bdc1 tempest-DeleteServersTestJSON-889635517 tempest-DeleteServersTestJSON-889635517-project] 10.222.0.35 "GET /v2.0/security-groups?id=0eb7cb1a-3a56-48df-8daa-03d72f6d899e&fields=id&fields=name HTTP/1.1" status: 200 len: 286 time: 0.0563316
Jun 24 21:29:44.042941 dv-cinder-796950-8-iscsi neutron-server[92943]: DEBUG neutron.wsgi [-] (92943) accepted ('10.222.0.35', 55920) {{(pid=92943) server /usr/local/lib/python3.8/dist-packages/eventlet/wsgi.py:992}}
Jun 24 21:29:44.061952 dv-cinder-796950-8-iscsi neutron-server[92943]: DEBUG neutron_lib.callbacks.manager [None req-0e955b46-7f34-43cd-a406-1ba41c0edf19 admin admin] Notify callbacks [] for security_group, before_create {{(pid=92943) _notify_loop /usr/local/lib/python3.8/dist-packages/neutron_lib/callbacks/manager.py:192}}
Jun 24 21:29:44.146720 dv-cinder-796950-8-iscsi neutron-server[92945]: DEBUG neutron.plugins.ml2.rpc [None req-e4518079-856b-4e38-be59-3b0de4d3df99 None None] Device 8131fc83-8977-4735-8d7c-63a474fa676a up at agent hyperv_hv-cinder-79695 {{(pid=92945) update_device_up /opt/stack/neutron/neutron/plugins/ml2/rpc.py:296}}
Jun 24 21:29:44.174679 dv-cinder-796950-8-iscsi neutron-server[92944]: DEBUG neutron.pecan_wsgi.hooks.policy_enforcement [req-645241f8-931f-477c-8d96-8464d90f2dea req-b2d60af2-19c1-49e9-aeef-7140a3a106ae tempest-AttachVolumeNegativeTest-1138794439 tempest-AttachVolumeNegativeTest-1138794439-project] Attributes excluded by policy engine: ['standard_attr_id', 'binding:profile', 'binding:host_id', 'binding:vif_type', 'binding:vif_details'] {{(pid=92944) _exclude_attributes_by_policy /opt/stack/neutron/neutron/pecan_wsgi/hooks/policy_enforcement.py:255}}
Jun 24 21:29:44.184284 dv-cinder-796950-8-iscsi neutron-server[92943]: DEBUG neutron_lib.callbacks.manager [None req-0e955b46-7f34-43cd-a406-1ba41c0edf19 admin admin] Notify callbacks [] for security_group, precommit_create {{(pid=92943) _notify_loop /usr/local/lib/python3.8/dist-packages/neutron_lib/callbacks/manager.py:192}}
Jun 24 21:29:44.185139 dv-cinder-796950-8-iscsi neutron-server[92944]: INFO neutron.wsgi [req-645241f8-931f-477c-8d96-8464d90f2dea req-b2d60af2-19c1-49e9-aeef-7140a3a106ae tempest-AttachVolumeNegativeTest-1138794439 tempest-AttachVolumeNegativeTest-1138794439-project] 10.222.0.35 "GET /v2.0/ports?device_id=f567c4d4-92e7-480b-a2f4-906de03209fc HTTP/1.1" status: 200 len: 945 time: 0.1008937
Jun 24 21:29:44.192169 dv-cinder-796950-8-iscsi neutron-server[92943]: DEBUG neutron_lib.callbacks.manager [None req-0e955b46-7f34-43cd-a406-1ba41c0edf19 admin admin] Notify callbacks ['neutron.plugins.ml2.ovo_rpc._ObjectChangeHandler.handle_event-532755'] for security_group, after_create {{(pid=92943) _notify_loop /usr/local/lib/python3.8/dist-packages/neutron_lib/callbacks/manager.py:192}}
Jun 24 21:29:44.208701 dv-cinder-796950-8-iscsi neutron-server[92943]: DEBUG oslo_concurrency.lockutils [None req-87477d83-a412-47df-bf0a-b1d222fecf8f admin admin] Lock "event-dispatch" acquired by "neutron.plugins.ml2.ovo_rpc._ObjectChangeHandler.dispatch_events" :: waited 0.000s {{(pid=92943) inner /usr/local/lib/python3.8/dist-packages/oslo_concurrency/lockutils.py:355}}
Jun 24 21:29:44.215147 dv-cinder-796950-8-iscsi neutron-server[92945]: DEBUG neutron.db.provisioning_blocks [None req-e4518079-856b-4e38-be59-3b0de4d3df99 None None] Provisioning for port 8131fc83-8977-4735-8d7c-63a474fa676a completed by entity L2. {{(pid=92945) provisioning_complete /opt/stack/neutron/neutron/db/provisioning_blocks.py:133}}
Jun 24 21:29:44.227278 dv-cinder-796950-8-iscsi neutron-server[92945]: DEBUG neutron.db.provisioning_blocks [None req-e4518079-856b-4e38-be59-3b0de4d3df99 None None] Provisioning complete for port 8131fc83-8977-4735-8d7c-63a474fa676a triggered by entity L2. {{(pid=92945) provisioning_complete /opt/stack/neutron/neutron/db/provisioning_blocks.py:139}}
Jun 24 21:29:44.227657 dv-cinder-796950-8-iscsi neutron-server[92945]: DEBUG neutron_lib.callbacks.manager [None req-e4518079-856b-4e38-be59-3b0de4d3df99 None None] Notify callbacks ['neutron.plugins.ml2.plugin.Ml2Plugin._port_provisioned-2026755'] for port, provisioning_complete {{(pid=92945) _notify_loop /usr/local/lib/python3.8/dist-packages/neutron_lib/callbacks/manager.py:192}}
Jun 24 21:29:44.243923 dv-cinder-796950-8-iscsi neutron-server[92943]: INFO neutron.wsgi [None req-0e955b46-7f34-43cd-a406-1ba41c0edf19 admin admin] 10.222.0.35 "GET /v2.0/security-groups?tenant_id=73131b368b5b4ebb829e6a20ff3dea82&name=default HTTP/1.1" status: 200 len: 2979 time: 0.1999207
Jun 24 21:29:44.246262 dv-cinder-796950-8-iscsi neutron-server[92943]: DEBUG neutron.api.rpc.handlers.resources_rpc [None req-0e955b46-7f34-43cd-a406-1ba41c0edf19 admin admin] Pushing event updated for resources: {'SecurityGroup': ['ID=577247f8-fe4a-42e2-b8db-5edce0e2ddd0,revision_number=1']} {{(pid=92943) push /opt/stack/neutron/neutron/api/rpc/handlers/resources_rpc.py:237}}
Jun 24 21:29:44.249225 dv-cinder-796950-8-iscsi neutron-server[92944]: INFO neutron.wsgi [req-645241f8-931f-477c-8d96-8464d90f2dea req-fff804fe-a883-49e7-81d2-b99b8b3401c2 tempest-AttachVolumeNegativeTest-1138794439 tempest-AttachVolumeNegativeTest-1138794439-project] 10.222.0.35 "GET /v2.0/security-groups?id=746f2a54-cbaf-45e0-8e2a-0d59a1931239&fields=id&fields=name HTTP/1.1" status: 200 len: 286 time: 0.0574644
Jun 24 21:29:44.251223 dv-cinder-796950-8-iscsi neutron-server[92944]: DEBUG neutron.wsgi [-] (92944) accepted ('10.222.0.35', 55924) {{(pid=92944) server /usr/local/lib/python3.8/dist-packages/eventlet/wsgi.py:992}}
Jun 24 21:29:44.265101 dv-cinder-796950-8-iscsi neutron-server[92943]: DEBUG oslo_concurrency.lockutils [None req-0e955b46-7f34-43cd-a406-1ba41c0edf19 admin admin] Lock "event-dispatch" released by "neutron.plugins.ml2.ovo_rpc._ObjectChangeHandler.dispatch_events" :: held 0.057s {{(pid=92943) inner /usr/local/lib/python3.8/dist-packages/oslo_concurrency/lockutils.py:367}}
Jun 24 21:29:44.338337 dv-cinder-796950-8-iscsi neutron-server[92944]: DEBUG neutron_lib.callbacks.manager [None req-33cdd168-57c2-423d-afff-f3b7a8bf829b admin admin] Notify callbacks [] for security_group, before_delete {{(pid=92944) _notify_loop /usr/local/lib/python3.8/dist-packages/neutron_lib/callbacks/manager.py:192}}
Jun 24 21:29:44.356975 dv-cinder-796950-8-iscsi neutron-server[92945]: DEBUG neutron_lib.callbacks.manager [None req-e4518079-856b-4e38-be59-3b0de4d3df99 None None] Notify callbacks ['neutron.plugins.ml2.plugin.SecurityGroupDbMixin._ensure_default_security_group_handler-1989369'] for port, before_update {{(pid=92945) _notify_loop /usr/local/lib/python3.8/dist-packages/neutron_lib/callbacks/manager.py:192}}
Jun 24 21:29:44.368795 dv-cinder-796950-8-iscsi neutron-server[92944]: DEBUG neutron_lib.callbacks.manager [None req-33cdd168-57c2-423d-afff-f3b7a8bf829b admin admin] Notify callbacks [] for security_group, precommit_delete {{(pid=92944) _notify_loop /usr/local/lib/python3.8/dist-packages/neutron_lib/callbacks/manager.py:192}}
Jun 24 21:29:44.393890 dv-cinder-796950-8-iscsi neutron-server[92945]: DEBUG neutron.notifiers.nova [-] Sending events: [{'server_uuid': '307b4642-ecbd-49ae-8e1d-b8c242e25582', 'name': 'network-vif-plugged', 'status': 'completed', 'tag': '8131fc83-8977-4735-8d7c-63a474fa676a'}] {{(pid=92945) send_events /opt/stack/neutron/neutron/notifiers/nova.py:262}}
Jun 24 21:29:44.424235 dv-cinder-796950-8-iscsi neutron-server[92944]: DEBUG neutron_lib.callbacks.manager [None req-33cdd168-57c2-423d-afff-f3b7a8bf829b admin admin] Notify callbacks ['neutron.plugins.ml2.ovo_rpc._ObjectChangeHandler.handle_event-532755'] for security_group, after_delete {{(pid=92944) _notify_loop /usr/local/lib/python3.8/dist-packages/neutron_lib/callbacks/manager.py:192}}
Jun 24 21:29:44.427863 dv-cinder-796950-8-iscsi neutron-server[92944]: DEBUG neutron_lib.callbacks.manager [None req-33cdd168-57c2-423d-afff-f3b7a8bf829b admin admin] Notify callbacks [] for security_group, before_response {{(pid=92944) _notify_loop /usr/local/lib/python3.8/dist-packages/neutron_lib/callbacks/manager.py:192}}
Jun 24 21:29:44.429399 dv-cinder-796950-8-iscsi neutron-server[92944]: INFO neutron.wsgi [None req-33cdd168-57c2-423d-afff-f3b7a8bf829b admin admin] 10.222.0.35 "DELETE /v2.0/security-groups/577247f8-fe4a-42e2-b8db-5edce0e2ddd0 HTTP/1.1" status: 204 len: 168 time: 0.1768661
Jun 24 21:29:44.430375 dv-cinder-796950-8-iscsi neutron-server[92944]: DEBUG oslo_concurrency.lockutils [-] Lock "event-dispatch" acquired by "neutron.plugins.ml2.ovo_rpc._ObjectChangeHandler.dispatch_events" :: waited 0.000s {{(pid=92944) inner /usr/local/lib/python3.8/dist-packages/oslo_concurrency/lockutils.py:355}}
Jun 24 21:29:44.442368 dv-cinder-796950-8-iscsi neutron-server[92944]: DEBUG neutron.api.rpc.handlers.resources_rpc [None req-33cdd168-57c2-423d-afff-f3b7a8bf829b admin admin] Pushing event deleted for resources: {'SecurityGroup': ['ID=577247f8-fe4a-42e2-b8db-5edce0e2ddd0,revision_number=None']} {{(pid=92944) push /opt/stack/neutron/neutron/api/rpc/handlers/resources_rpc.py:237}}
Jun 24 21:29:44.447235 dv-cinder-796950-8-iscsi neutron-server[92944]: DEBUG oslo_concurrency.lockutils [None req-33cdd168-57c2-423d-afff-f3b7a8bf829b admin admin] Lock "event-dispatch" released by "neutron.plugins.ml2.ovo_rpc._ObjectChangeHandler.dispatch_events" :: held 0.016s {{(pid=92944) inner /usr/local/lib/python3.8/dist-packages/oslo_concurrency/lockutils.py:367}}
Jun 24 21:29:44.499272 dv-cinder-796950-8-iscsi neutron-server[92943]: DEBUG neutron.pecan_wsgi.hooks.policy_enforcement [req-8c0674da-61dc-436b-96f3-a81e90191330 req-3e8a2e21-f4c5-4461-91a0-c018396a1a28 tempest-AttachVolumeTestJSON-1297174871 tempest-AttachVolumeTestJSON-1297174871-project] Attributes excluded by policy engine: ['standard_attr_id', 'binding:profile', 'binding:host_id', 'binding:vif_type', 'binding:vif_details'] {{(pid=92943) _exclude_attributes_by_policy /opt/stack/neutron/neutron/pecan_wsgi/hooks/policy_enforcement.py:255}}
Jun 24 21:29:44.500877 dv-cinder-796950-8-iscsi neutron-server[92943]: INFO neutron.wsgi [req-8c0674da-61dc-436b-96f3-a81e90191330 req-3e8a2e21-f4c5-4461-91a0-c018396a1a28 tempest-AttachVolumeTestJSON-1297174871 tempest-AttachVolumeTestJSON-1297174871-project] 10.222.0.35 "GET /v2.0/ports?device_id=5776ec88-6cea-40f1-93f6-e7fb4d769715 HTTP/1.1" status: 200 len: 943 time: 0.1191990
Jun 24 21:29:44.528947 dv-cinder-796950-8-iscsi neutron-server[92945]: DEBUG neutron.plugins.ml2.db [None req-e4518079-856b-4e38-be59-3b0de4d3df99 None None] For port 8131fc83-8977-4735-8d7c-63a474fa676a, host hv-cinder-79695, got binding levels [PortBindingLevel(driver='hyperv',host='hv-cinder-79695',level=0,port_id=8131fc83-8977-4735-8d7c-63a474fa676a,segment=NetworkSegment(381d9458-6dd3-4311-8df7-fe830075a7c7),segment_id=381d9458-6dd3-4311-8df7-fe830075a7c7)] {{(pid=92945) get_binding_level_objs /opt/stack/neutron/neutron/plugins/ml2/db.py:74}}
Jun 24 21:29:44.538904 dv-cinder-796950-8-iscsi neutron-server[92945]: DEBUG neutron_lib.callbacks.manager [None req-e4518079-856b-4e38-be59-3b0de4d3df99 None None] Notify callbacks ['neutron.plugins.ml2.plugin.SecurityGroupServerNotifierRpcMixin.notify_sg_on_port_change-1989249', 'neutron.plugins.ml2.ovo_rpc._ObjectChangeHandler.handle_event-507048', 'neutron.api.rpc.agentnotifiers.dhcp_rpc_agent_api.DhcpAgentNotifyAPI._native_event_send_dhcp_notification-528440', 'neutron.db.l3_db.L3RpcNotifierMixin._notify_gateway_port_ip_changed-8794160178104', 'neutron.db.l3_dvrscheduler_db._notify_l3_agent_port_update-8794159784452', 'neutron.db.l3_hascheduler_db._notify_l3_agent_ha_port_update-8794159784497'] for port, after_update {{(pid=92945) _notify_loop /usr/local/lib/python3.8/dist-packages/neutron_lib/callbacks/manager.py:192}}
Jun 24 21:29:44.542732 dv-cinder-796950-8-iscsi neutron-server[92945]: DEBUG neutron.plugins.ml2.rpc [None req-e4518079-856b-4e38-be59-3b0de4d3df99 None None] Device 1de26453-9d34-49c4-91df-b4001794d36b up at agent hyperv_hv-cinder-79695 {{(pid=92945) update_device_up /opt/stack/neutron/neutron/plugins/ml2/rpc.py:296}}
Jun 24 21:29:44.547204 dv-cinder-796950-8-iscsi neutron-server[92945]: DEBUG oslo_concurrency.lockutils [-] Lock "event-dispatch" acquired by "neutron.plugins.ml2.ovo_rpc._ObjectChangeHandler.dispatch_events" :: waited 0.000s {{(pid=92945) inner /usr/local/lib/python3.8/dist-packages/oslo_concurrency/lockutils.py:355}}
Jun 24 21:29:44.583391 dv-cinder-796950-8-iscsi neutron-server[92943]: INFO neutron.wsgi [req-8c0674da-61dc-436b-96f3-a81e90191330 req-ef9e80ea-c7ad-448a-b83c-33fc6fba25ab tempest-AttachVolumeTestJSON-1297174871 tempest-AttachVolumeTestJSON-1297174871-project] 10.222.0.35 "GET /v2.0/security-groups?id=7851f1c2-ed57-472d-91b4-56caf7f71f1d&fields=id&fields=name HTTP/1.1" status: 200 len: 313 time: 0.0770733
Jun 24 21:29:44.586998 dv-cinder-796950-8-iscsi neutron-server[92944]: DEBUG neutron.pecan_wsgi.hooks.policy_enforcement [req-8a3ce9f0-0d66-423e-b0ee-a3a7bf3adc0b req-227fca2d-a570-41b7-8b90-88ab5f5ea529 tempest-AttachVolumeShelveTestJSON-55995685 tempest-AttachVolumeShelveTestJSON-55995685-project] Attributes excluded by policy engine: ['standard_attr_id', 'binding:profile', 'binding:host_id', 'binding:vif_type', 'binding:vif_details'] {{(pid=92944) _exclude_attributes_by_policy /opt/stack/neutron/neutron/pecan_wsgi/hooks/policy_enforcement.py:255}}
Jun 24 21:29:44.594583 dv-cinder-796950-8-iscsi neutron-server[92944]: INFO neutron.wsgi [req-8a3ce9f0-0d66-423e-b0ee-a3a7bf3adc0b req-227fca2d-a570-41b7-8b90-88ab5f5ea529 tempest-AttachVolumeShelveTestJSON-55995685 tempest-AttachVolumeShelveTestJSON-55995685-project] 10.222.0.35 "GET /v2.0/ports?device_id=325ab023-5af8-46a6-aa7b-d313ed1c65b4 HTTP/1.1" status: 200 len: 943 time: 0.0857823
Jun 24 21:29:44.638143 dv-cinder-796950-8-iscsi neutron-server[92944]: INFO neutron.wsgi [req-8a3ce9f0-0d66-423e-b0ee-a3a7bf3adc0b req-d1b6ca1c-2dee-4881-a2b9-9c4fa14e3dac tempest-AttachVolumeShelveTestJSON-55995685 tempest-AttachVolumeShelveTestJSON-55995685-project] 10.222.0.35 "GET /v2.0/security-groups?id=40b905d1-6a60-4123-80d7-5d36f55d834f&fields=id&fields=name HTTP/1.1" status: 200 len: 313 time: 0.0426364
Jun 24 21:29:44.648010 dv-cinder-796950-8-iscsi neutron-server[92945]: DEBUG neutron.api.rpc.handlers.resources_rpc [None req-e4518079-856b-4e38-be59-3b0de4d3df99 None None] Pushing event updated for resources: {'Port': ['ID=8131fc83-8977-4735-8d7c-63a474fa676a,revision_number=5']} {{(pid=92945) push /opt/stack/neutron/neutron/api/rpc/handlers/resources_rpc.py:237}}
Jun 24 21:29:44.651624 dv-cinder-796950-8-iscsi neutron-server[92945]: DEBUG oslo_concurrency.lockutils [None req-e4518079-856b-4e38-be59-3b0de4d3df99 None None] Lock "event-dispatch" released by "neutron.plugins.ml2.ovo_rpc._ObjectChangeHandler.dispatch_events" :: held 0.104s {{(pid=92945) inner /usr/local/lib/python3.8/dist-packages/oslo_concurrency/lockutils.py:367}}
Jun 24 21:29:44.661137 dv-cinder-796950-8-iscsi neutron-server[92945]: DEBUG neutron.db.provisioning_blocks [None req-e4518079-856b-4e38-be59-3b0de4d3df99 None None] Provisioning for port 1de26453-9d34-49c4-91df-b4001794d36b completed by entity L2. {{(pid=92945) provisioning_complete /opt/stack/neutron/neutron/db/provisioning_blocks.py:133}}
Jun 24 21:29:44.666288 dv-cinder-796950-8-iscsi neutron-server[92945]: DEBUG neutron.db.provisioning_blocks [None req-e4518079-856b-4e38-be59-3b0de4d3df99 None None] Provisioning complete for port 1de26453-9d34-49c4-91df-b4001794d36b triggered by entity L2. {{(pid=92945) provisioning_complete /opt/stack/neutron/neutron/db/provisioning_blocks.py:139}}
Jun 24 21:29:44.666690 dv-cinder-796950-8-iscsi neutron-server[92945]: DEBUG neutron_lib.callbacks.manager [None req-e4518079-856b-4e38-be59-3b0de4d3df99 None None] Notify callbacks ['neutron.plugins.ml2.plugin.Ml2Plugin._port_provisioned-2026755'] for port, provisioning_complete {{(pid=92945) _notify_loop /usr/local/lib/python3.8/dist-packages/neutron_lib/callbacks/manager.py:192}}
Jun 24 21:29:44.753928 dv-cinder-796950-8-iscsi neutron-server[92945]: DEBUG neutron_lib.callbacks.manager [None req-e4518079-856b-4e38-be59-3b0de4d3df99 None None] Notify callbacks ['neutron.plugins.ml2.plugin.SecurityGroupDbMixin._ensure_default_security_group_handler-1989369'] for port, before_update {{(pid=92945) _notify_loop /usr/local/lib/python3.8/dist-packages/neutron_lib/callbacks/manager.py:192}}
Jun 24 21:29:44.792136 dv-cinder-796950-8-iscsi neutron-server[92945]: DEBUG neutron.plugins.ml2.db [None req-e4518079-856b-4e38-be59-3b0de4d3df99 None None] For port 1de26453-9d34-49c4-91df-b4001794d36b, host hv-cinder-79695, got binding levels [PortBindingLevel(driver='hyperv',host='hv-cinder-79695',level=0,port_id=1de26453-9d34-49c4-91df-b4001794d36b,segment=NetworkSegment(e0c43c2d-b1ee-4869-a1ad-18263ddd356c),segment_id=e0c43c2d-b1ee-4869-a1ad-18263ddd356c)] {{(pid=92945) get_binding_level_objs /opt/stack/neutron/neutron/plugins/ml2/db.py:74}}
Jun 24 21:29:44.801761 dv-cinder-796950-8-iscsi neutron-server[92945]: DEBUG neutron_lib.callbacks.manager [None req-e4518079-856b-4e38-be59-3b0de4d3df99 None None] Notify callbacks ['neutron.plugins.ml2.plugin.SecurityGroupServerNotifierRpcMixin.notify_sg_on_port_change-1989249', 'neutron.plugins.ml2.ovo_rpc._ObjectChangeHandler.handle_event-507048', 'neutron.api.rpc.agentnotifiers.dhcp_rpc_agent_api.DhcpAgentNotifyAPI._native_event_send_dhcp_notification-528440', 'neutron.db.l3_db.L3RpcNotifierMixin._notify_gateway_port_ip_changed-8794160178104', 'neutron.db.l3_dvrscheduler_db._notify_l3_agent_port_update-8794159784452', 'neutron.db.l3_hascheduler_db._notify_l3_agent_ha_port_update-8794159784497'] for port, after_update {{(pid=92945) _notify_loop /usr/local/lib/python3.8/dist-packages/neutron_lib/callbacks/manager.py:192}}
Jun 24 21:29:44.803697 dv-cinder-796950-8-iscsi neutron-server[92945]: DEBUG oslo_concurrency.lockutils [None req-8b121443-3553-4b56-994d-58f9ce8fd888 None None] Lock "event-dispatch" acquired by "neutron.plugins.ml2.ovo_rpc._ObjectChangeHandler.dispatch_events" :: waited 0.000s {{(pid=92945) inner /usr/local/lib/python3.8/dist-packages/oslo_concurrency/lockutils.py:355}}
Jun 24 21:29:44.850208 dv-cinder-796950-8-iscsi neutron-server[92945]: DEBUG neutron.api.rpc.handlers.resources_rpc [None req-e4518079-856b-4e38-be59-3b0de4d3df99 None None] Pushing event updated for resources: {'Port': ['ID=1de26453-9d34-49c4-91df-b4001794d36b,revision_number=5']} {{(pid=92945) push /opt/stack/neutron/neutron/api/rpc/handlers/resources_rpc.py:237}}
Jun 24 21:29:44.853232 dv-cinder-796950-8-iscsi neutron-server[92945]: DEBUG oslo_concurrency.lockutils [None req-e4518079-856b-4e38-be59-3b0de4d3df99 None None] Lock "event-dispatch" released by "neutron.plugins.ml2.ovo_rpc._ObjectChangeHandler.dispatch_events" :: held 0.050s {{(pid=92945) inner /usr/local/lib/python3.8/dist-packages/oslo_concurrency/lockutils.py:367}}
Jun 24 21:29:44.892581 dv-cinder-796950-8-iscsi neutron-server[92945]: DEBUG novaclient.v2.client [-] REQ: curl -g -i --cacert "/opt/stack/data/ca-bundle.pem" -X POST http://10.222.0.35/compute/v2.1/os-server-external-events -H "Accept: application/json" -H "Content-Type: application/json" -H "User-Agent: python-novaclient" -H "X-Auth-Token: {SHA256}97d1f9282101dafa45e374a72d1745765b1d063a87d01e643167c77bff3939b5" -H "X-OpenStack-Nova-API-Version: 2.1" -H "X-OpenStack-Request-ID: req-39c7f52c-22d8-486e-974f-5e1e20ea1606" -d '{"events": [{"server_uuid": "307b4642-ecbd-49ae-8e1d-b8c242e25582", "name": "network-vif-plugged", "status": "completed", "tag": "8131fc83-8977-4735-8d7c-63a474fa676a"}]}' {{(pid=92945) _http_log_request /usr/local/lib/python3.8/dist-packages/keystoneauth1/session.py:519}}
Jun 24 21:29:45.037573 dv-cinder-796950-8-iscsi neutron-server[92945]: DEBUG novaclient.v2.client [-] RESP: [200] Connection: close Content-Length: 183 Content-Type: application/json Date: Thu, 24 Jun 2021 21:29:44 GMT OpenStack-API-Version: compute 2.1 Server: Apache/2.4.41 (Ubuntu) Vary: OpenStack-API-Version,X-OpenStack-Nova-API-Version X-OpenStack-Nova-API-Version: 2.1 x-compute-request-id: req-da3dba3c-9bb2-449d-9425-3632881fefb9 x-openstack-request-id: req-da3dba3c-9bb2-449d-9425-3632881fefb9 {{(pid=92945) _http_log_response /usr/local/lib/python3.8/dist-packages/keystoneauth1/session.py:550}}
Jun 24 21:29:45.037887 dv-cinder-796950-8-iscsi neutron-server[92945]: DEBUG novaclient.v2.client [-] RESP BODY: {"events": [{"server_uuid": "307b4642-ecbd-49ae-8e1d-b8c242e25582", "name": "network-vif-plugged", "status": "completed", "tag": "8131fc83-8977-4735-8d7c-63a474fa676a", "code": 200}]} {{(pid=92945) _http_log_response /usr/local/lib/python3.8/dist-packages/keystoneauth1/session.py:582}}
Jun 24 21:29:45.038151 dv-cinder-796950-8-iscsi neutron-server[92945]: DEBUG novaclient.v2.client [-] POST call to compute for http://10.222.0.35/compute/v2.1/os-server-external-events used request id req-da3dba3c-9bb2-449d-9425-3632881fefb9 {{(pid=92945) request /usr/local/lib/python3.8/dist-packages/keystoneauth1/session.py:954}}
Jun 24 21:29:45.038675 dv-cinder-796950-8-iscsi neutron-server[92945]: INFO neutron.notifiers.nova [-] Nova event response: {'server_uuid': '307b4642-ecbd-49ae-8e1d-b8c242e25582', 'name': 'network-vif-plugged', 'status': 'completed', 'tag': '8131fc83-8977-4735-8d7c-63a474fa676a', 'code': 200}
Jun 24 21:29:45.203658 dv-cinder-796950-8-iscsi neutron-server[92944]: DEBUG neutron.pecan_wsgi.hooks.policy_enforcement [req-cdf8f9a8-a877-4a75-a3c8-cf51203d9eda req-24bc19b5-e559-460b-9c6b-60b0ecc4ed6b tempest-DeleteServersTestJSON-889635517 tempest-DeleteServersTestJSON-889635517-project] Attributes excluded by policy engine: ['standard_attr_id', 'binding:profile', 'binding:host_id', 'binding:vif_type', 'binding:vif_details'] {{(pid=92944) _exclude_attributes_by_policy /opt/stack/neutron/neutron/pecan_wsgi/hooks/policy_enforcement.py:255}}
Jun 24 21:29:45.205248 dv-cinder-796950-8-iscsi neutron-server[92944]: INFO neutron.wsgi [req-cdf8f9a8-a877-4a75-a3c8-cf51203d9eda req-24bc19b5-e559-460b-9c6b-60b0ecc4ed6b tempest-DeleteServersTestJSON-889635517 tempest-DeleteServersTestJSON-889635517-project] 10.222.0.35 "GET /v2.0/ports?device_id=307b4642-ecbd-49ae-8e1d-b8c242e25582 HTTP/1.1" status: 200 len: 945 time: 0.0675642
Jun 24 21:29:45.257837 dv-cinder-796950-8-iscsi neutron-server[92944]: INFO neutron.wsgi [req-cdf8f9a8-a877-4a75-a3c8-cf51203d9eda req-9ba667f8-a6b6-4ccc-8eff-a57a84d09d01 tempest-DeleteServersTestJSON-889635517 tempest-DeleteServersTestJSON-889635517-project] 10.222.0.35 "GET /v2.0/security-groups?id=0eb7cb1a-3a56-48df-8daa-03d72f6d899e&fields=id&fields=name HTTP/1.1" status: 200 len: 286 time: 0.0435956
Jun 24 21:29:45.437497 dv-cinder-796950-8-iscsi neutron-server[92943]: DEBUG neutron.pecan_wsgi.hooks.policy_enforcement [req-e727d6b2-fed9-4764-b5a2-2ba50e29807f req-dad873cd-dc73-4400-a67d-73d5dd33f2b0 tempest-AttachVolumeNegativeTest-1138794439 tempest-AttachVolumeNegativeTest-1138794439-project] Attributes excluded by policy engine: ['standard_attr_id', 'binding:profile', 'binding:host_id', 'binding:vif_type', 'binding:vif_details'] {{(pid=92943) _exclude_attributes_by_policy /opt/stack/neutron/neutron/pecan_wsgi/hooks/policy_enforcement.py:255}}
Jun 24 21:29:45.439551 dv-cinder-796950-8-iscsi neutron-server[92943]: INFO neutron.wsgi [req-e727d6b2-fed9-4764-b5a2-2ba50e29807f req-dad873cd-dc73-4400-a67d-73d5dd33f2b0 tempest-AttachVolumeNegativeTest-1138794439 tempest-AttachVolumeNegativeTest-1138794439-project] 10.222.0.35 "GET /v2.0/ports?device_id=f567c4d4-92e7-480b-a2f4-906de03209fc HTTP/1.1" status: 200 len: 946 time: 0.0767438
Jun 24 21:29:45.491540 dv-cinder-796950-8-iscsi neutron-server[92943]: INFO neutron.wsgi [req-e727d6b2-fed9-4764-b5a2-2ba50e29807f req-2f1b0bde-bc3e-4789-acd7-49ca41ddc2fd tempest-AttachVolumeNegativeTest-1138794439 tempest-AttachVolumeNegativeTest-1138794439-project] 10.222.0.35 "GET /v2.0/security-groups?id=746f2a54-cbaf-45e0-8e2a-0d59a1931239&fields=id&fields=name HTTP/1.1" status: 200 len: 286 time: 0.0457578
Jun 24 21:29:45.837152 dv-cinder-796950-8-iscsi neutron-server[92944]: DEBUG neutron.pecan_wsgi.hooks.policy_enforcement [req-1dde47fe-e8b8-4aef-ab19-6ea0a2174dfa req-4d9bb599-f781-4a25-8e04-7b04e1a08c7e tempest-AttachVolumeTestJSON-1297174871 tempest-AttachVolumeTestJSON-1297174871-project] Attributes excluded by policy engine: ['standard_attr_id', 'binding:profile', 'binding:host_id', 'binding:vif_type', 'binding:vif_details'] {{(pid=92944) _exclude_attributes_by_policy /opt/stack/neutron/neutron/pecan_wsgi/hooks/policy_enforcement.py:255}}
Jun 24 21:29:45.838656 dv-cinder-796950-8-iscsi neutron-server[92944]: INFO neutron.wsgi [req-1dde47fe-e8b8-4aef-ab19-6ea0a2174dfa req-4d9bb599-f781-4a25-8e04-7b04e1a08c7e tempest-AttachVolumeTestJSON-1297174871 tempest-AttachVolumeTestJSON-1297174871-project] 10.222.0.35 "GET /v2.0/ports?device_id=5776ec88-6cea-40f1-93f6-e7fb4d769715 HTTP/1.1" status: 200 len: 943 time: 0.0836308
Jun 24 21:29:45.843996 dv-cinder-796950-8-iscsi neutron-server[92943]: DEBUG neutron.pecan_wsgi.hooks.policy_enforcement [req-5ea8b5c4-9d26-4b5e-bc26-466600afc377 req-69c0fb60-6fe6-448a-a6a6-1d7581ae7033 tempest-AttachVolumeShelveTestJSON-55995685 tempest-AttachVolumeShelveTestJSON-55995685-project] Attributes excluded by policy engine: ['standard_attr_id', 'binding:profile', 'binding:host_id', 'binding:vif_type', 'binding:vif_details'] {{(pid=92943) _exclude_attributes_by_policy /opt/stack/neutron/neutron/pecan_wsgi/hooks/policy_enforcement.py:255}}
Jun 24 21:29:45.845554 dv-cinder-796950-8-iscsi neutron-server[92943]: INFO neutron.wsgi [req-5ea8b5c4-9d26-4b5e-bc26-466600afc377 req-69c0fb60-6fe6-448a-a6a6-1d7581ae7033 tempest-AttachVolumeShelveTestJSON-55995685 tempest-AttachVolumeShelveTestJSON-55995685-project] 10.222.0.35 "GET /v2.0/ports?device_id=325ab023-5af8-46a6-aa7b-d313ed1c65b4 HTTP/1.1" status: 200 len: 943 time: 0.0834377
Jun 24 21:29:45.899699 dv-cinder-796950-8-iscsi neutron-server[92943]: INFO neutron.wsgi [req-5ea8b5c4-9d26-4b5e-bc26-466600afc377 req-53e031f9-8a20-416e-832f-3fd0d3013861 tempest-AttachVolumeShelveTestJSON-55995685 tempest-AttachVolumeShelveTestJSON-55995685-project] 10.222.0.35 "GET /v2.0/security-groups?id=40b905d1-6a60-4123-80d7-5d36f55d834f&fields=id&fields=name HTTP/1.1" status: 200 len: 313 time: 0.0473948
Jun 24 21:29:45.900293 dv-cinder-796950-8-iscsi neutron-server[92944]: INFO neutron.wsgi [req-1dde47fe-e8b8-4aef-ab19-6ea0a2174dfa req-b5013a9a-617e-4e8c-9e50-223683185a52 tempest-AttachVolumeTestJSON-1297174871 tempest-AttachVolumeTestJSON-1297174871-project] 10.222.0.35 "GET /v2.0/security-groups?id=7851f1c2-ed57-472d-91b4-56caf7f71f1d&fields=id&fields=name HTTP/1.1" status: 200 len: 313 time: 0.0507250
Jun 24 21:29:46.136357 dv-cinder-796950-8-iscsi neutron-server[92943]: DEBUG neutron.pecan_wsgi.hooks.policy_enforcement [req-eb162dba-9691-4d6b-b7bd-8cce80765d58 req-b7ef79a7-b9fb-4dbc-9dee-39bf03f18a8b service neutron] Attributes excluded by policy engine: ['standard_attr_id'] {{(pid=92943) _exclude_attributes_by_policy /opt/stack/neutron/neutron/pecan_wsgi/hooks/policy_enforcement.py:255}}
Jun 24 21:29:46.136357 dv-cinder-796950-8-iscsi neutron-server[92943]: INFO neutron.wsgi [req-eb162dba-9691-4d6b-b7bd-8cce80765d58 req-b7ef79a7-b9fb-4dbc-9dee-39bf03f18a8b service neutron] 10.222.0.36 "GET /v2.0/ports?device_id=307b4642-ecbd-49ae-8e1d-b8c242e25582 HTTP/1.1" status: 200 len: 1098 time: 0.0963588
Jun 24 21:29:46.153784 dv-cinder-796950-8-iscsi neutron-server[92943]: DEBUG neutron_lib.callbacks.manager [req-eb162dba-9691-4d6b-b7bd-8cce80765d58 req-3eb8cd5d-8b1d-481d-9def-13b8199a8f6a service neutron] Notify callbacks [] for security_group, before_create {{(pid=92943) _notify_loop /usr/local/lib/python3.8/dist-packages/neutron_lib/callbacks/manager.py:192}}
Jun 24 21:29:46.244474 dv-cinder-796950-8-iscsi neutron-server[92943]: DEBUG neutron_lib.callbacks.manager [req-eb162dba-9691-4d6b-b7bd-8cce80765d58 req-3eb8cd5d-8b1d-481d-9def-13b8199a8f6a service neutron] Notify callbacks [] for security_group, precommit_create {{(pid=92943) _notify_loop /usr/local/lib/python3.8/dist-packages/neutron_lib/callbacks/manager.py:192}}
Jun 24 21:29:46.253769 dv-cinder-796950-8-iscsi neutron-server[92943]: DEBUG neutron_lib.callbacks.manager [req-eb162dba-9691-4d6b-b7bd-8cce80765d58 req-3eb8cd5d-8b1d-481d-9def-13b8199a8f6a service neutron] Notify callbacks ['neutron.plugins.ml2.ovo_rpc._ObjectChangeHandler.handle_event-532755'] for security_group, after_create {{(pid=92943) _notify_loop /usr/local/lib/python3.8/dist-packages/neutron_lib/callbacks/manager.py:192}}
Jun 24 21:29:46.256313 dv-cinder-796950-8-iscsi neutron-server[92943]: DEBUG oslo_concurrency.lockutils [None req-e43d7b43-a9de-44a9-b47b-7e153fbd5805 admin admin] Lock "event-dispatch" acquired by "neutron.plugins.ml2.ovo_rpc._ObjectChangeHandler.dispatch_events" :: waited 0.000s {{(pid=92943) inner /usr/local/lib/python3.8/dist-packages/oslo_concurrency/lockutils.py:355}}
Jun 24 21:29:46.289022 dv-cinder-796950-8-iscsi neutron-server[92943]: INFO neutron.wsgi [req-eb162dba-9691-4d6b-b7bd-8cce80765d58 req-3eb8cd5d-8b1d-481d-9def-13b8199a8f6a service neutron] 10.222.0.36 "GET /v2.0/security-groups?id=0eb7cb1a-3a56-48df-8daa-03d72f6d899e&fields=id&fields=name HTTP/1.1" status: 200 len: 286 time: 0.1476088
Jun 24 21:29:46.293861 dv-cinder-796950-8-iscsi neutron-server[92943]: DEBUG neutron.api.rpc.handlers.resources_rpc [None req-3eb8cd5d-8b1d-481d-9def-13b8199a8f6a service neutron] Pushing event updated for resources: {'SecurityGroup': ['ID=f1043256-bdc1-4b62-88f2-6864df738879,revision_number=1']} {{(pid=92943) push /opt/stack/neutron/neutron/api/rpc/handlers/resources_rpc.py:237}}
Jun 24 21:29:46.297465 dv-cinder-796950-8-iscsi neutron-server[92943]: DEBUG oslo_concurrency.lockutils [None req-3eb8cd5d-8b1d-481d-9def-13b8199a8f6a service neutron] Lock "event-dispatch" released by "neutron.plugins.ml2.ovo_rpc._ObjectChangeHandler.dispatch_events" :: held 0.041s {{(pid=92943) inner /usr/local/lib/python3.8/dist-packages/oslo_concurrency/lockutils.py:367}}
Jun 24 21:29:46.443106 dv-cinder-796950-8-iscsi neutron-server[92944]: DEBUG neutron.pecan_wsgi.hooks.policy_enforcement [req-7f622b1a-61fa-4541-bc99-7b9ab9cced6d req-25659294-25f8-439c-95dd-1e2a4130214f tempest-DeleteServersTestJSON-889635517 tempest-DeleteServersTestJSON-889635517-project] Attributes excluded by policy engine: ['standard_attr_id', 'binding:profile', 'binding:host_id', 'binding:vif_type', 'binding:vif_details'] {{(pid=92944) _exclude_attributes_by_policy /opt/stack/neutron/neutron/pecan_wsgi/hooks/policy_enforcement.py:255}}
Jun 24 21:29:46.444788 dv-cinder-796950-8-iscsi neutron-server[92944]: INFO neutron.wsgi [req-7f622b1a-61fa-4541-bc99-7b9ab9cced6d req-25659294-25f8-439c-95dd-1e2a4130214f tempest-DeleteServersTestJSON-889635517 tempest-DeleteServersTestJSON-889635517-project] 10.222.0.35 "GET /v2.0/ports?device_id=307b4642-ecbd-49ae-8e1d-b8c242e25582 HTTP/1.1" status: 200 len: 945 time: 0.0644529
Jun 24 21:29:46.484022 dv-cinder-796950-8-iscsi neutron-server[92944]: INFO neutron.wsgi [req-7f622b1a-61fa-4541-bc99-7b9ab9cced6d req-e9f4d1e0-c798-4caf-88d5-734d33cfc760 tempest-DeleteServersTestJSON-889635517 tempest-DeleteServersTestJSON-889635517-project] 10.222.0.35 "GET /v2.0/security-groups?id=0eb7cb1a-3a56-48df-8daa-03d72f6d899e&fields=id&fields=name HTTP/1.1" status: 200 len: 286 time: 0.0335176
Jun 24 21:29:46.656807 dv-cinder-796950-8-iscsi neutron-server[92945]: DEBUG neutron_lib.callbacks.manager [None req-e4518079-856b-4e38-be59-3b0de4d3df99 None None] Notify callbacks ['neutron.services.segments.db._update_segment_host_mapping_for_agent-8794160245270', 'neutron.plugins.ml2.plugin.Ml2Plugin._retry_binding_revived_agents-2026972'] for agent, after_update {{(pid=92945) _notify_loop /usr/local/lib/python3.8/dist-packages/neutron_lib/callbacks/manager.py:192}}
Jun 24 21:29:46.692785 dv-cinder-796950-8-iscsi neutron-server[92943]: DEBUG neutron.pecan_wsgi.hooks.policy_enforcement [req-c3d0ecc1-fada-4b7b-9c21-1c6b101604b8 req-fabf2952-8130-4ea7-9b9b-d5d69e562fbf tempest-AttachVolumeNegativeTest-1138794439 tempest-AttachVolumeNegativeTest-1138794439-project] Attributes excluded by policy engine: ['standard_attr_id', 'binding:profile', 'binding:host_id', 'binding:vif_type', 'binding:vif_details'] {{(pid=92943) _exclude_attributes_by_policy /opt/stack/neutron/neutron/pecan_wsgi/hooks/policy_enforcement.py:255}}
Jun 24 21:29:46.694760 dv-cinder-796950-8-iscsi neutron-server[92943]: INFO neutron.wsgi [req-c3d0ecc1-fada-4b7b-9c21-1c6b101604b8 req-fabf2952-8130-4ea7-9b9b-d5d69e562fbf tempest-AttachVolumeNegativeTest-1138794439 tempest-AttachVolumeNegativeTest-1138794439-project] 10.222.0.35 "GET /v2.0/ports?device_id=f567c4d4-92e7-480b-a2f4-906de03209fc HTTP/1.1" status: 200 len: 946 time: 0.0951054
Jun 24 21:29:46.766331 dv-cinder-796950-8-iscsi neutron-server[92943]: INFO neutron.wsgi [req-c3d0ecc1-fada-4b7b-9c21-1c6b101604b8 req-57d595fc-d4f8-4c17-8400-590f1a751ff4 tempest-AttachVolumeNegativeTest-1138794439 tempest-AttachVolumeNegativeTest-1138794439-project] 10.222.0.35 "GET /v2.0/security-groups?id=746f2a54-cbaf-45e0-8e2a-0d59a1931239&fields=id&fields=name HTTP/1.1" status: 200 len: 286 time: 0.0655761
Jun 24 21:29:47.040207 dv-cinder-796950-8-iscsi neutron-server[92945]: DEBUG neutron.notifiers.nova [-] Sending events: [{'server_uuid': 'f567c4d4-92e7-480b-a2f4-906de03209fc', 'name': 'network-vif-plugged', 'status': 'completed', 'tag': '1de26453-9d34-49c4-91df-b4001794d36b'}] {{(pid=92945) send_events /opt/stack/neutron/neutron/notifiers/nova.py:262}}
Jun 24 21:29:47.042857 dv-cinder-796950-8-iscsi neutron-server[92945]: DEBUG novaclient.v2.client [-] REQ: curl -g -i --cacert "/opt/stack/data/ca-bundle.pem" -X POST http://10.222.0.35/compute/v2.1/os-server-external-events -H "Accept: application/json" -H "Content-Type: application/json" -H "User-Agent: python-novaclient" -H "X-Auth-Token: {SHA256}97d1f9282101dafa45e374a72d1745765b1d063a87d01e643167c77bff3939b5" -H "X-OpenStack-Nova-API-Version: 2.1" -H "X-OpenStack-Request-ID: req-52c9fd8b-aeba-4658-a34a-72857db305a3" -d '{"events": [{"server_uuid": "f567c4d4-92e7-480b-a2f4-906de03209fc", "name": "network-vif-plugged", "status": "completed", "tag": "1de26453-9d34-49c4-91df-b4001794d36b"}]}' {{(pid=92945) _http_log_request /usr/local/lib/python3.8/dist-packages/keystoneauth1/session.py:519}}
Jun 24 21:29:47.096269 dv-cinder-796950-8-iscsi neutron-server[92944]: DEBUG neutron.pecan_wsgi.hooks.policy_enforcement [req-8a108519-4a5c-44d4-a14d-a6cb97fe538e req-11a3353c-8192-40ae-b6fa-7cb032810adb tempest-AttachVolumeTestJSON-1297174871 tempest-AttachVolumeTestJSON-1297174871-project] Attributes excluded by policy engine: ['standard_attr_id', 'binding:profile', 'binding:host_id', 'binding:vif_type', 'binding:vif_details'] {{(pid=92944) _exclude_attributes_by_policy /opt/stack/neutron/neutron/pecan_wsgi/hooks/policy_enforcement.py:255}}
Jun 24 21:29:47.096793 dv-cinder-796950-8-iscsi neutron-server[92944]: INFO neutron.wsgi [req-8a108519-4a5c-44d4-a14d-a6cb97fe538e req-11a3353c-8192-40ae-b6fa-7cb032810adb tempest-AttachVolumeTestJSON-1297174871 tempest-AttachVolumeTestJSON-1297174871-project] 10.222.0.35 "GET /v2.0/ports?device_id=5776ec88-6cea-40f1-93f6-e7fb4d769715 HTTP/1.1" status: 200 len: 943 time: 0.0858376
Jun 24 21:29:47.125878 dv-cinder-796950-8-iscsi neutron-server[92943]: DEBUG neutron.pecan_wsgi.hooks.policy_enforcement [req-873d4910-9b2d-4631-91f5-edf6e39a943c req-f42ef463-d55e-4b37-8c31-7cf7fb8c0d0a tempest-AttachVolumeShelveTestJSON-55995685 tempest-AttachVolumeShelveTestJSON-55995685-project] Attributes excluded by policy engine: ['standard_attr_id', 'binding:profile', 'binding:host_id', 'binding:vif_type', 'binding:vif_details'] {{(pid=92943) _exclude_attributes_by_policy /opt/stack/neutron/neutron/pecan_wsgi/hooks/policy_enforcement.py:255}}
Jun 24 21:29:47.133522 dv-cinder-796950-8-iscsi neutron-server[92943]: INFO neutron.wsgi [req-873d4910-9b2d-4631-91f5-edf6e39a943c req-f42ef463-d55e-4b37-8c31-7cf7fb8c0d0a tempest-AttachVolumeShelveTestJSON-55995685 tempest-AttachVolumeShelveTestJSON-55995685-project] 10.222.0.35 "GET /v2.0/ports?device_id=325ab023-5af8-46a6-aa7b-d313ed1c65b4 HTTP/1.1" status: 200 len: 943 time: 0.0865674
Jun 24 21:29:47.149362 dv-cinder-796950-8-iscsi neutron-server[92944]: INFO neutron.wsgi [req-8a108519-4a5c-44d4-a14d-a6cb97fe538e req-f5adc857-a66d-439e-ae19-ecff032b1a5d tempest-AttachVolumeTestJSON-1297174871 tempest-AttachVolumeTestJSON-1297174871-project] 10.222.0.35 "GET /v2.0/security-groups?id=7851f1c2-ed57-472d-91b4-56caf7f71f1d&fields=id&fields=name HTTP/1.1" status: 200 len: 313 time: 0.0473053
Jun 24 21:29:47.207826 dv-cinder-796950-8-iscsi neutron-server[92943]: INFO neutron.wsgi [req-873d4910-9b2d-4631-91f5-edf6e39a943c req-d755d833-dbed-40a6-92f1-a5564a1a7144 tempest-AttachVolumeShelveTestJSON-55995685 tempest-AttachVolumeShelveTestJSON-55995685-project] 10.222.0.35 "GET /v2.0/security-groups?id=40b905d1-6a60-4123-80d7-5d36f55d834f&fields=id&fields=name HTTP/1.1" status: 200 len: 313 time: 0.0733593
Jun 24 21:29:47.215503 dv-cinder-796950-8-iscsi neutron-server[92945]: DEBUG novaclient.v2.client [-] RESP: [200] Connection: close Content-Length: 183 Content-Type: application/json Date: Thu, 24 Jun 2021 21:29:47 GMT OpenStack-API-Version: compute 2.1 Server: Apache/2.4.41 (Ubuntu) Vary: OpenStack-API-Version,X-OpenStack-Nova-API-Version X-OpenStack-Nova-API-Version: 2.1 x-compute-request-id: req-1e233dda-3556-45b2-bd9f-16c2ce3333d8 x-openstack-request-id: req-1e233dda-3556-45b2-bd9f-16c2ce3333d8 {{(pid=92945) _http_log_response /usr/local/lib/python3.8/dist-packages/keystoneauth1/session.py:550}}
Jun 24 21:29:47.215804 dv-cinder-796950-8-iscsi neutron-server[92945]: DEBUG novaclient.v2.client [-] RESP BODY: {"events": [{"server_uuid": "f567c4d4-92e7-480b-a2f4-906de03209fc", "name": "network-vif-plugged", "status": "completed", "tag": "1de26453-9d34-49c4-91df-b4001794d36b", "code": 200}]} {{(pid=92945) _http_log_response /usr/local/lib/python3.8/dist-packages/keystoneauth1/session.py:582}}
Jun 24 21:29:47.216238 dv-cinder-796950-8-iscsi neutron-server[92945]: DEBUG novaclient.v2.client [-] POST call to compute for http://10.222.0.35/compute/v2.1/os-server-external-events used request id req-1e233dda-3556-45b2-bd9f-16c2ce3333d8 {{(pid=92945) request /usr/local/lib/python3.8/dist-packages/keystoneauth1/session.py:954}}
Jun 24 21:29:47.220623 dv-cinder-796950-8-iscsi neutron-server[92945]: INFO neutron.notifiers.nova [-] Nova event response: {'server_uuid': 'f567c4d4-92e7-480b-a2f4-906de03209fc', 'name': 'network-vif-plugged', 'status': 'completed', 'tag': '1de26453-9d34-49c4-91df-b4001794d36b', 'code': 200}
Jun 24 21:29:47.518306 dv-cinder-796950-8-iscsi neutron-server[92943]: DEBUG neutron.pecan_wsgi.hooks.policy_enforcement [req-b24c683f-264e-42f5-94a6-fbec2d7a8911 req-bbcb7e8c-21da-4a5e-a27f-bbdf2d508cf6 service neutron] Attributes excluded by policy engine: ['standard_attr_id'] {{(pid=92943) _exclude_attributes_by_policy /opt/stack/neutron/neutron/pecan_wsgi/hooks/policy_enforcement.py:255}}
Jun 24 21:29:47.519756 dv-cinder-796950-8-iscsi neutron-server[92943]: INFO neutron.wsgi [req-b24c683f-264e-42f5-94a6-fbec2d7a8911 req-bbcb7e8c-21da-4a5e-a27f-bbdf2d508cf6 service neutron] 10.222.0.36 "GET /v2.0/ports?device_id=f567c4d4-92e7-480b-a2f4-906de03209fc HTTP/1.1" status: 200 len: 1099 time: 0.0553365
Jun 24 21:29:47.559183 dv-cinder-796950-8-iscsi neutron-server[92943]: INFO neutron.wsgi [req-b24c683f-264e-42f5-94a6-fbec2d7a8911 req-51ec6f26-4478-41ab-843f-22e2176d4fae service neutron] 10.222.0.36 "GET /v2.0/security-groups?id=746f2a54-cbaf-45e0-8e2a-0d59a1931239&fields=id&fields=name HTTP/1.1" status: 200 len: 286 time: 0.0305047
Jun 24 21:29:47.580638 dv-cinder-796950-8-iscsi neutron-server[92944]: DEBUG neutron.wsgi [-] (92944) accepted ('10.222.0.35', 56116) {{(pid=92944) server /usr/local/lib/python3.8/dist-packages/eventlet/wsgi.py:992}}
Jun 24 21:29:47.677665 dv-cinder-796950-8-iscsi neutron-server[92944]: DEBUG neutron.pecan_wsgi.hooks.policy_enforcement [req-9e736392-c1cd-473d-9ba1-7ab71f894607 req-09aa2e8d-ee2a-4217-884d-6d758ae07a3d tempest-DeleteServersTestJSON-889635517 tempest-DeleteServersTestJSON-889635517-project] Attributes excluded by policy engine: ['standard_attr_id', 'binding:profile', 'binding:host_id', 'binding:vif_type', 'binding:vif_details'] {{(pid=92944) _exclude_attributes_by_policy /opt/stack/neutron/neutron/pecan_wsgi/hooks/policy_enforcement.py:255}}
Jun 24 21:29:47.679156 dv-cinder-796950-8-iscsi neutron-server[92944]: INFO neutron.wsgi [req-9e736392-c1cd-473d-9ba1-7ab71f894607 req-09aa2e8d-ee2a-4217-884d-6d758ae07a3d tempest-DeleteServersTestJSON-889635517 tempest-DeleteServersTestJSON-889635517-project] 10.222.0.35 "GET /v2.0/ports?device_id=307b4642-ecbd-49ae-8e1d-b8c242e25582 HTTP/1.1" status: 200 len: 945 time: 0.0659873
Jun 24 21:29:47.704079 dv-cinder-796950-8-iscsi neutron-server[92944]: DEBUG neutron_lib.callbacks.manager [None req-4b83c39c-ccee-48ff-82e4-cc9a66c8fb2c admin admin] Notify callbacks [] for security_group, before_create {{(pid=92944) _notify_loop /usr/local/lib/python3.8/dist-packages/neutron_lib/callbacks/manager.py:192}}
Jun 24 21:29:47.738940 dv-cinder-796950-8-iscsi neutron-server[92944]: INFO neutron.wsgi [req-9e736392-c1cd-473d-9ba1-7ab71f894607 req-72670777-1dd7-4dbf-a25a-0439ed3ffe95 tempest-DeleteServersTestJSON-889635517 tempest-DeleteServersTestJSON-889635517-project] 10.222.0.35 "GET /v2.0/security-groups?id=0eb7cb1a-3a56-48df-8daa-03d72f6d899e&fields=id&fields=name HTTP/1.1" status: 200 len: 286 time: 0.0523767
Jun 24 21:29:47.819285 dv-cinder-796950-8-iscsi neutron-server[92944]: DEBUG neutron_lib.callbacks.manager [None req-4b83c39c-ccee-48ff-82e4-cc9a66c8fb2c admin admin] Notify callbacks [] for security_group, precommit_create {{(pid=92944) _notify_loop /usr/local/lib/python3.8/dist-packages/neutron_lib/callbacks/manager.py:192}}
Jun 24 21:29:47.823965 dv-cinder-796950-8-iscsi neutron-server[92944]: DEBUG neutron_lib.callbacks.manager [None req-4b83c39c-ccee-48ff-82e4-cc9a66c8fb2c admin admin] Notify callbacks ['neutron.plugins.ml2.ovo_rpc._ObjectChangeHandler.handle_event-532755'] for security_group, after_create {{(pid=92944) _notify_loop /usr/local/lib/python3.8/dist-packages/neutron_lib/callbacks/manager.py:192}}
Jun 24 21:29:47.828133 dv-cinder-796950-8-iscsi neutron-server[92944]: DEBUG oslo_concurrency.lockutils [-] Lock "event-dispatch" acquired by "neutron.plugins.ml2.ovo_rpc._ObjectChangeHandler.dispatch_events" :: waited 0.000s {{(pid=92944) inner /usr/local/lib/python3.8/dist-packages/oslo_concurrency/lockutils.py:355}}
Jun 24 21:29:47.874011 dv-cinder-796950-8-iscsi neutron-server[92944]: INFO neutron.wsgi [None req-4b83c39c-ccee-48ff-82e4-cc9a66c8fb2c admin admin] 10.222.0.35 "GET /v2.0/security-groups?tenant_id=8820a8009c114ab9b30d4c6c9d81b62d&name=default HTTP/1.1" status: 200 len: 2979 time: 0.2891936
Jun 24 21:29:47.874011 dv-cinder-796950-8-iscsi neutron-server[92944]: DEBUG neutron.api.rpc.handlers.resources_rpc [None req-4b83c39c-ccee-48ff-82e4-cc9a66c8fb2c admin admin] Pushing event updated for resources: {'SecurityGroup': ['ID=fe4756a9-f003-4a8d-a31e-b2e27d8d5b99,revision_number=1']} {{(pid=92944) push /opt/stack/neutron/neutron/api/rpc/handlers/resources_rpc.py:237}}
Jun 24 21:29:47.874465 dv-cinder-796950-8-iscsi neutron-server[92943]: DEBUG neutron.wsgi [-] (92943) accepted ('10.222.0.35', 56128) {{(pid=92943) server /usr/local/lib/python3.8/dist-packages/eventlet/wsgi.py:992}}
Jun 24 21:29:47.886039 dv-cinder-796950-8-iscsi neutron-server[92944]: DEBUG oslo_concurrency.lockutils [None req-4b83c39c-ccee-48ff-82e4-cc9a66c8fb2c admin admin] Lock "event-dispatch" released by "neutron.plugins.ml2.ovo_rpc._ObjectChangeHandler.dispatch_events" :: held 0.058s {{(pid=92944) inner /usr/local/lib/python3.8/dist-packages/oslo_concurrency/lockutils.py:367}}
Jun 24 21:29:47.966461 dv-cinder-796950-8-iscsi neutron-server[92943]: DEBUG neutron_lib.callbacks.manager [None req-0770e643-c12c-4d2b-8b77-17478c042ff0 admin admin] Notify callbacks [] for security_group, before_delete {{(pid=92943) _notify_loop /usr/local/lib/python3.8/dist-packages/neutron_lib/callbacks/manager.py:192}}
Jun 24 21:29:47.998474 dv-cinder-796950-8-iscsi neutron-server[92943]: DEBUG neutron.pecan_wsgi.hooks.policy_enforcement [req-1258acff-5c42-4edc-8e7d-e164dac99546 req-f4c88325-0682-4c2c-bf1b-94f7feec3777 tempest-AttachVolumeNegativeTest-1138794439 tempest-AttachVolumeNegativeTest-1138794439-project] Attributes excluded by policy engine: ['standard_attr_id', 'binding:profile', 'binding:host_id', 'binding:vif_type', 'binding:vif_details'] {{(pid=92943) _exclude_attributes_by_policy /opt/stack/neutron/neutron/pecan_wsgi/hooks/policy_enforcement.py:255}}
Jun 24 21:29:48.000049 dv-cinder-796950-8-iscsi neutron-server[92943]: INFO neutron.wsgi [req-1258acff-5c42-4edc-8e7d-e164dac99546 req-f4c88325-0682-4c2c-bf1b-94f7feec3777 tempest-AttachVolumeNegativeTest-1138794439 tempest-AttachVolumeNegativeTest-1138794439-project] 10.222.0.35 "GET /v2.0/ports?device_id=f567c4d4-92e7-480b-a2f4-906de03209fc HTTP/1.1" status: 200 len: 946 time: 0.1118021
Jun 24 21:29:48.004984 dv-cinder-796950-8-iscsi neutron-server[92943]: DEBUG neutron_lib.callbacks.manager [None req-0770e643-c12c-4d2b-8b77-17478c042ff0 admin admin] Notify callbacks [] for security_group, precommit_delete {{(pid=92943) _notify_loop /usr/local/lib/python3.8/dist-packages/neutron_lib/callbacks/manager.py:192}}
Jun 24 21:29:48.070313 dv-cinder-796950-8-iscsi neutron-server[92943]: INFO neutron.wsgi [req-1258acff-5c42-4edc-8e7d-e164dac99546 req-aba21853-39db-4c7c-bdcc-654d8fb7df57 tempest-AttachVolumeNegativeTest-1138794439 tempest-AttachVolumeNegativeTest-1138794439-project] 10.222.0.35 "GET /v2.0/security-groups?id=746f2a54-cbaf-45e0-8e2a-0d59a1931239&fields=id&fields=name HTTP/1.1" status: 200 len: 286 time: 0.0632858
